000
CDUS41 KGYX 180814
CLIPWM


CLIMATE REPORT
NATIONAL WEATHER SERVICE GRAY ME
414 AM EDT SAT OCT 18 2014


...................................

...THE PORTLAND ME CLIMATE SUMMARY FOR OCTOBER 17 2014...

CLIMATE NORMAL PERIOD 1981 TO 2010
CLIMATE RECORD PERIOD 1941 TO 2014


WEATHER ITEM   OBSERVED TIME   RECORD YEAR NORMAL DEPARTURE LAST
                VALUE   (LST)  VALUE       VALUE  FROM      YEAR
                                                  NORMAL
..................................................................
TEMPERATURE (F)
 YESTERDAY
  MAXIMUM         73    257 PM  84    1947  58     15       73
  MINIMUM         59    738 PM  26    1978  38     21       51
  AVERAGE         66                        48     18       62

PRECIPITATION (IN)
  YESTERDAY        0.17          2.32 1890   0.15   0.02      T
  MONTH TO DATE    2.08                      2.61  -0.53     0.51
  SINCE SEP 1      2.95                      6.30  -3.35     7.23
  SINCE JAN 1     41.15                     36.04   5.11    35.45

SNOWFALL (IN)
  YESTERDAY        0.0           T    1929   0.0    0.0      0.0
                                      1970
  MONTH TO DATE    0.0                       0.0    0.0      0.0
  SINCE SEP 1      0.0                       0.0    0.0      0.0
  SINCE JUL 1      0.0                       0.0    0.0      0.0
  SNOW DEPTH       0

DEGREE DAYS
 HEATING
  YESTERDAY        0                        17    -17        3
  MONTH TO DATE  132                       237   -105      163
  SINCE SEP 1    318                       413    -95      349
  SINCE JUL 1    342                       458   -116      367

 COOLING
  YESTERDAY        1                         0      1        0
  MONTH TO DATE    8                         0      8        0
  SINCE SEP 1     53                        30     23       37
  SINCE JAN 1    351                       358     -7      454
..................................................................


WIND (MPH)
  RESULTANT WIND SPEED   8   RESULTANT WIND DIRECTION  SW (220)
  HIGHEST WIND SPEED    18   HIGHEST WIND DIRECTION    SW (240)
  HIGHEST GUST SPEED    25   HIGHEST GUST DIRECTION     W (260)
  AVERAGE WIND SPEED     8.1


SKY COVER
  AVERAGE SKY COVER 0.5


WEATHER CONDITIONS
 THE FOLLOWING WEATHER WAS RECORDED YESTERDAY.
  RAIN
  LIGHT RAIN
  FOG


RELATIVE HUMIDITY (PERCENT)
 HIGHEST   100           300 AM
 LOWEST     44           300 PM
 AVERAGE    72

..........................................................


THE PORTLAND ME CLIMATE NORMALS FOR TODAY
                         NORMAL    RECORD    YEAR
 MAXIMUM TEMPERATURE (F)   58        82      1947
 MINIMUM TEMPERATURE (F)   38        23      1978


SUNRISE AND SUNSET
OCTOBER 18 2014.......SUNRISE   659 AM EDT   SUNSET   553 PM EDT
OCTOBER 19 2014.......SUNRISE   700 AM EDT   SUNSET   551 PM EDT


-  INDICATES NEGATIVE NUMBERS.
R  INDICATES RECORD WAS SET OR TIED.
MM INDICATES DATA IS MISSING.
T  INDICATES TRACE AMOUNT.




$$
