000
CDUS41 KGYX 192044
CLIPWM


CLIMATE REPORT
NATIONAL WEATHER SERVICE GRAY ME
444 PM EDT SAT JUL 19 2014


...................................

...THE PORTLAND ME CLIMATE SUMMARY FOR JULY 19 2014...
VALID TODAY AS OF 0400 PM LOCAL TIME.

CLIMATE NORMAL PERIOD 1981 TO 2010
CLIMATE RECORD PERIOD 1941 TO 2014


WEATHER ITEM   OBSERVED TIME   RECORD YEAR NORMAL DEPARTURE LAST
                VALUE   (LST)  VALUE       VALUE  FROM      YEAR
                                                  NORMAL
..................................................................
TEMPERATURE (F)
 TODAY
  MAXIMUM         77   1124 AM  95    2013  79     -2       95
  MINIMUM         56    416 AM  47    1956  60     -4       69
  AVERAGE         67                        70     -3       82

PRECIPITATION (IN)
  TODAY            0.00          1.87 1951   0.12  -0.12     0.00
                                      2000
  MONTH TO DATE    4.14                      2.21   1.93     1.96
  SINCE JUN 1      8.44                      6.00   2.44     9.28
  SINCE JAN 1     27.66                     25.20   2.46    25.08

SNOWFALL (IN)
  TODAY            0.0           0.0  2002   0.0    0.0      0.0
                                      2001
                                      2000
  MONTH TO DATE    0.0                       0.0    0.0      0.0
  SINCE JUN 1      0.0                       0.0    0.0      0.0
  SINCE JUL 1      0.0                       0.0    0.0      0.0
  SNOW DEPTH       0

DEGREE DAYS
 HEATING
  TODAY            0                         0      0        0
  MONTH TO DATE    0                        12    -12        5
  SINCE JUN 1     77                       118    -41       86
  SINCE JUL 1      0                        12    -12        5

 COOLING
  TODAY            2                         5     -3       17
  MONTH TO DATE  119                        85     34      165
  SINCE JUN 1    175                       142     33      248
  SINCE JAN 1    175                       149     26      263
..................................................................


WIND (MPH)
  HIGHEST WIND SPEED     9   HIGHEST WIND DIRECTION     E (90)
  HIGHEST GUST SPEED    12   HIGHEST GUST DIRECTION    SE (120)
  AVERAGE WIND SPEED     4.3


SKY COVER
  POSSIBLE SUNSHINE  MM
  AVERAGE SKY COVER 0.5


WEATHER CONDITIONS
 THE FOLLOWING WEATHER WAS RECORDED TODAY.
  NO SIGNIFICANT WEATHER WAS OBSERVED.


RELATIVE HUMIDITY (PERCENT)
 HIGHEST    93           200 AM
 LOWEST     50          1000 AM
 AVERAGE    72

..........................................................


THE PORTLAND ME CLIMATE NORMALS FOR TOMORROW
                         NORMAL    RECORD    YEAR
 MAXIMUM TEMPERATURE (F)   79        96      1949
 MINIMUM TEMPERATURE (F)   60        45      1943


SUNRISE AND SUNSET
JULY 19 2014..........SUNRISE   517 AM EDT   SUNSET   817 PM EDT
JULY 20 2014..........SUNRISE   518 AM EDT   SUNSET   817 PM EDT


-  INDICATES NEGATIVE NUMBERS.
R  INDICATES RECORD WAS SET OR TIED.
MM INDICATES DATA IS MISSING.
T  INDICATES TRACE AMOUNT.




$$
