000
CDUS41 KGYX 180901
CLIPWM


CLIMATE REPORT
NATIONAL WEATHER SERVICE GRAY ME
401 AM EST SAT FEB 18 2017


...................................

...THE PORTLAND ME CLIMATE SUMMARY FOR FEBRUARY 17 2017...

CLIMATE NORMAL PERIOD 1981 TO 2010
CLIMATE RECORD PERIOD 1941 TO 2017


WEATHER ITEM   OBSERVED TIME   RECORD YEAR NORMAL DEPARTURE LAST
                VALUE   (LST)  VALUE       VALUE  FROM      YEAR
                                                  NORMAL
..................................................................
TEMPERATURE (F)
 YESTERDAY
  MAXIMUM         38    333 PM  58    1981  35      3       47
  MINIMUM         12    433 AM -19    1943  17     -5       30
  AVERAGE         25                        26     -1       39

PRECIPITATION (IN)
  YESTERDAY        0.00          1.25 1954   0.12  -0.12     0.00
  MONTH TO DATE    4.13                      1.91   2.22     2.70
  SINCE DEC 1     13.09                      9.31   3.78    11.41
  SINCE JAN 1      7.78                      5.29   2.49     6.07

SNOWFALL (IN)
  YESTERDAY        0.0          10.6  1952   0.4   -0.4      0.0
  MONTH TO DATE   39.9                       7.5   32.4     19.3
  SINCE DEC 1     65.9                      39.9   26.0     39.8
  SINCE JUL 1     66.4                      41.8   24.6     39.8
  SNOW DEPTH      15

DEGREE DAYS
 HEATING
  YESTERDAY       40                        39      1       26
  MONTH TO DATE  703                       693     10      666
  SINCE DEC 1   2921                      3138   -217     2667
  SINCE JUL 1   4173                      4629   -456     3913

 COOLING
  YESTERDAY        0                         0      0        0
  MONTH TO DATE    0                         0      0        0
  SINCE DEC 1      0                         0      0        0
  SINCE JAN 1      0                         0      0        0
..................................................................


WIND (MPH)
  RESULTANT WIND SPEED   7   RESULTANT WIND DIRECTION   W (280)
  HIGHEST WIND SPEED    17   HIGHEST WIND DIRECTION    NW (310)
  HIGHEST GUST SPEED    23   HIGHEST GUST DIRECTION    NW (330)
  AVERAGE WIND SPEED     7.6


SKY COVER
  AVERAGE SKY COVER 0.1


WEATHER CONDITIONS
 THE FOLLOWING WEATHER WAS RECORDED YESTERDAY.
  NO SIGNIFICANT WEATHER WAS OBSERVED.


RELATIVE HUMIDITY (PERCENT)
 HIGHEST    84           100 AM
 LOWEST     35           400 PM
 AVERAGE    60

..........................................................


THE PORTLAND ME CLIMATE NORMALS FOR TODAY
                         NORMAL    RECORD    YEAR
 MAXIMUM TEMPERATURE (F)   35        60      1981
 MINIMUM TEMPERATURE (F)   17       -16      1958


SUNRISE AND SUNSET
FEBRUARY 18 2017......SUNRISE   635 AM EST   SUNSET   516 PM EST
FEBRUARY 19 2017......SUNRISE   633 AM EST   SUNSET   517 PM EST


-  INDICATES NEGATIVE NUMBERS.
R  INDICATES RECORD WAS SET OR TIED.
MM INDICATES DATA IS MISSING.
T  INDICATES TRACE AMOUNT.




$$
