000
CDUS41 KGYX 102042
CLIPWM


CLIMATE REPORT
NATIONAL WEATHER SERVICE GRAY ME
442 PM EDT THU APR 10 2014


...................................

...THE PORTLAND ME CLIMATE SUMMARY FOR APRIL 10 2014...
VALID TODAY AS OF 0400 PM LOCAL TIME.

CLIMATE NORMAL PERIOD 1981 TO 2010
CLIMATE RECORD PERIOD 1941 TO 2014


WEATHER ITEM   OBSERVED TIME   RECORD YEAR NORMAL DEPARTURE LAST
                VALUE   (LST)  VALUE       VALUE  FROM      YEAR
                                                  NORMAL
..................................................................
TEMPERATURE (F)
 TODAY
  MAXIMUM         50    159 PM  73    1955  51     -1       55
  MINIMUM         26    503 AM  17    1977  33     -7       42
  AVERAGE         38                        42     -4       49

PRECIPITATION (IN)
  TODAY            0.00          2.88 1980   0.15  -0.15     0.47
  MONTH TO DATE    1.49                      1.47   0.02     1.28
  SINCE MAR 1      5.80                      5.71   0.09     2.97
  SINCE JAN 1     14.12                     12.34   1.78    10.40

SNOWFALL (IN)
  TODAY            0.0          15.0  1906   0.1   -0.1      0.0
  MONTH TO DATE    T                         1.6   -1.6       T
  SINCE MAR 1      3.7                      14.3  -10.6     13.2
  SINCE JUL 1     82.2                      60.7   21.5     97.8
  SNOW DEPTH       0

DEGREE DAYS
 HEATING
  TODAY           27                        23      4       16
  MONTH TO DATE  249                       245      4      236
  SINCE MAR 1   1419                      1221    198     1164
  SINCE JUL 1   6658                      6263    395     5763

 COOLING
  TODAY            0                         0      0        0
  MONTH TO DATE    0                         0      0        0
  SINCE MAR 1      0                         0      0        0
  SINCE JAN 1      0                         0      0        0
..................................................................


WIND (MPH)
  HIGHEST WIND SPEED    23   HIGHEST WIND DIRECTION     S (190)
  HIGHEST GUST SPEED    30   HIGHEST GUST DIRECTION     S (190)
  AVERAGE WIND SPEED     8.1


SKY COVER
  POSSIBLE SUNSHINE  MM
  AVERAGE SKY COVER 0.2


WEATHER CONDITIONS
 THE FOLLOWING WEATHER WAS RECORDED TODAY.
  NO SIGNIFICANT WEATHER WAS OBSERVED.


RELATIVE HUMIDITY (PERCENT)
 HIGHEST    63           500 AM
 LOWEST     33           900 AM
 AVERAGE    48

..........................................................


THE PORTLAND ME CLIMATE NORMALS FOR TOMORROW
                         NORMAL    RECORD    YEAR
 MAXIMUM TEMPERATURE (F)   52        77      1947
 MINIMUM TEMPERATURE (F)   33        17      1948


SUNRISE AND SUNSET
APRIL 10 2014.........SUNRISE   607 AM EDT   SUNSET   719 PM EDT
APRIL 11 2014.........SUNRISE   605 AM EDT   SUNSET   720 PM EDT


-  INDICATES NEGATIVE NUMBERS.
R  INDICATES RECORD WAS SET OR TIED.
MM INDICATES DATA IS MISSING.
T  INDICATES TRACE AMOUNT.




$$
