000
CDUS41 KGYX 270809
CLIPWM


CLIMATE REPORT
NATIONAL WEATHER SERVICE GRAY ME
409 AM EDT SUN JUL 27 2014


...................................

...THE PORTLAND ME CLIMATE SUMMARY FOR JULY 26 2014...

CLIMATE NORMAL PERIOD 1981 TO 2010
CLIMATE RECORD PERIOD 1941 TO 2014


WEATHER ITEM   OBSERVED TIME   RECORD YEAR NORMAL DEPARTURE LAST
                VALUE   (LST)  VALUE       VALUE  FROM      YEAR
                                                  NORMAL
..................................................................
TEMPERATURE (F)
 YESTERDAY
  MAXIMUM         80   1118 AM  95    1989  79      1       72
  MINIMUM         57    429 AM  45    1976  60     -3       62
  AVERAGE         69                        70     -1       67

PRECIPITATION (IN)
  YESTERDAY        T             2.41 1881   0.12  -0.12     0.17
  MONTH TO DATE    4.89                      3.04   1.85     3.07
  SINCE JUN 1      9.19                      6.83   2.36    10.39
  SINCE JAN 1     28.41                     26.03   2.38    26.19

SNOWFALL (IN)
  YESTERDAY        0.0           0.0  2002   0.0    0.0      0.0
                                      2001
                                      2000
  MONTH TO DATE    0.0                       0.0    0.0      0.0
  SINCE JUN 1      0.0                       0.0    0.0      0.0
  SINCE JUL 1      0.0                       0.0    0.0      0.0
  SNOW DEPTH       0

DEGREE DAYS
 HEATING
  YESTERDAY        0                         0      0        0
  MONTH TO DATE    0                        12    -12        6
  SINCE JUN 1     77                       118    -41       87
  SINCE JUL 1      0                        12    -12        6

 COOLING
  YESTERDAY        4                         5     -1        2
  MONTH TO DATE  148                       120     28      199
  SINCE JUN 1    204                       177     27      282
  SINCE JAN 1    204                       184     20      297
..................................................................


WIND (MPH)
  RESULTANT WIND SPEED   6   RESULTANT WIND DIRECTION   S (200)
  HIGHEST WIND SPEED    16   HIGHEST WIND DIRECTION     S (180)
  HIGHEST GUST SPEED    25   HIGHEST GUST DIRECTION    SW (240)
  AVERAGE WIND SPEED     6.2


SKY COVER
  AVERAGE SKY COVER 0.3


WEATHER CONDITIONS
 THE FOLLOWING WEATHER WAS RECORDED YESTERDAY.
  FOG
  HAZE


RELATIVE HUMIDITY (PERCENT)
 HIGHEST    87           500 AM
 LOWEST     54          1100 AM
 AVERAGE    71

..........................................................


THE PORTLAND ME CLIMATE NORMALS FOR TODAY
                         NORMAL    RECORD    YEAR
 MAXIMUM TEMPERATURE (F)   79        96      1949
 MINIMUM TEMPERATURE (F)   60        44      1977


SUNRISE AND SUNSET
JULY 27 2014..........SUNRISE   525 AM EDT   SUNSET   810 PM EDT
JULY 28 2014..........SUNRISE   526 AM EDT   SUNSET   809 PM EDT


-  INDICATES NEGATIVE NUMBERS.
R  INDICATES RECORD WAS SET OR TIED.
MM INDICATES DATA IS MISSING.
T  INDICATES TRACE AMOUNT.




$$
