577
CDUS41 KGYX 240801
CLIPWM


CLIMATE REPORT
NATIONAL WEATHER SERVICE GRAY ME
401 AM EDT MON JUL 24 2017


...................................

...THE PORTLAND ME CLIMATE SUMMARY FOR JULY 23 2017...

CLIMATE NORMAL PERIOD 1981 TO 2010
CLIMATE RECORD PERIOD 1941 TO 2017


WEATHER ITEM   OBSERVED TIME   RECORD YEAR NORMAL DEPARTURE LAST
                VALUE   (LST)  VALUE       VALUE  FROM      YEAR
                                                  NORMAL
..................................................................
TEMPERATURE (F)
 YESTERDAY
  MAXIMUM         72   1114 AM  96    1978  79     -7       89
  MINIMUM         59   1017 PM  45    1976  60     -1       67
  AVERAGE         66                        70     -4       78

PRECIPITATION (IN)
  YESTERDAY        0.00          1.11 1876   0.12  -0.12     0.01
  MONTH TO DATE    0.81                      2.69  -1.88     1.29
  SINCE JUN 1      3.43                      6.48  -3.05     5.71
  SINCE JAN 1     27.47                     25.68   1.79    21.22

SNOWFALL (IN)
  YESTERDAY        0.0           0.0  2002   0.0    0.0      0.0
                                      2001
                                      2000
  MONTH TO DATE    0.0                       0.0    0.0      0.0
  SINCE JUN 1      0.0                       0.0    0.0      0.0
  SINCE JUL 1      0.0                       0.0    0.0      0.0
  SNOW DEPTH       0

DEGREE DAYS
 HEATING
  YESTERDAY        0                         0      0        0
  MONTH TO DATE    5                        12     -7       13
  SINCE JUN 1     90                       118    -28       79
  SINCE JUL 1      5                        12     -7       13

 COOLING
  YESTERDAY        1                         5     -4       13
  MONTH TO DATE  128                       105     23      144
  SINCE JUN 1    220                       162     58      176
  SINCE JAN 1    237                       169     68      192
..................................................................


WIND (MPH)
  RESULTANT WIND SPEED   3   RESULTANT WIND DIRECTION   E (90)
  HIGHEST WIND SPEED    14   HIGHEST WIND DIRECTION    NE (40)
  HIGHEST GUST SPEED    19   HIGHEST GUST DIRECTION     S (170)
  AVERAGE WIND SPEED     7.7


SKY COVER
  AVERAGE SKY COVER 0.6


WEATHER CONDITIONS
 THE FOLLOWING WEATHER WAS RECORDED YESTERDAY.
  NO SIGNIFICANT WEATHER WAS OBSERVED.


RELATIVE HUMIDITY (PERCENT)
 HIGHEST    78          1100 PM
 LOWEST     35          1100 AM
 AVERAGE    57

..........................................................


THE PORTLAND ME CLIMATE NORMALS FOR TODAY
                         NORMAL    RECORD    YEAR
 MAXIMUM TEMPERATURE (F)   79        95      1987
 MINIMUM TEMPERATURE (F)   60        49      1997


SUNRISE AND SUNSET
JULY 24 2017..........SUNRISE   522 AM EDT   SUNSET   813 PM EDT
JULY 25 2017..........SUNRISE   523 AM EDT   SUNSET   812 PM EDT


-  INDICATES NEGATIVE NUMBERS.
R  INDICATES RECORD WAS SET OR TIED.
MM INDICATES DATA IS MISSING.
T  INDICATES TRACE AMOUNT.




$$
