000
CDUS41 KGYX 280908
CLIPWM


CLIMATE REPORT
NATIONAL WEATHER SERVICE GRAY ME
408 AM EST MON NOV 28 2016


...................................

...THE PORTLAND ME CLIMATE SUMMARY FOR NOVEMBER 27 2016...

CLIMATE NORMAL PERIOD 1981 TO 2010
CLIMATE RECORD PERIOD 1941 TO 2016


WEATHER ITEM   OBSERVED TIME   RECORD YEAR NORMAL DEPARTURE LAST
                VALUE   (LST)  VALUE       VALUE  FROM      YEAR
                                                  NORMAL
..................................................................
TEMPERATURE (F)
 YESTERDAY
  MAXIMUM         41   1258 PM  61    2015  44     -3       61
                                      1976
  MINIMUM         28   1159 PM   6    1957  28      0       47
  AVERAGE         35                        36     -1       54

PRECIPITATION (IN)
  YESTERDAY        T             2.48 2013   0.15  -0.15     0.00
  MONTH TO DATE    2.66                      4.48  -1.82     2.09
  SINCE SEP 1     11.88                     13.04  -1.16    11.51
  SINCE JAN 1     35.41                     42.78  -7.37    38.27

SNOWFALL (IN)
  YESTERDAY       MM            11.2  1898   0.1   MM        0.0
  MONTH TO DATE    0.5                       1.5   -1.0       T
  SINCE SEP 1      0.5                       1.5   -1.0       T
  SINCE JUL 1      0.5                       1.5   -1.0       T
  SNOW DEPTH       0

DEGREE DAYS
 HEATING
  YESTERDAY       30                        29      1       11
  MONTH TO DATE  610                       677    -67      575
  SINCE SEP 1   1152                      1356   -204     1144
  SINCE JUL 1   1166                      1401   -235     1154

 COOLING
  YESTERDAY        0                         0      0        0
  MONTH TO DATE    0                         0      0        0
  SINCE SEP 1     68                        31     37       97
  SINCE JAN 1    553                       359    194      492
..................................................................


WIND (MPH)
  RESULTANT WIND SPEED   8   RESULTANT WIND DIRECTION  NW (320)
  HIGHEST WIND SPEED    16   HIGHEST WIND DIRECTION    NW (330)
  HIGHEST GUST SPEED    21   HIGHEST GUST DIRECTION    NW (320)
  AVERAGE WIND SPEED     8.5


SKY COVER
  AVERAGE SKY COVER 0.9


WEATHER CONDITIONS
 THE FOLLOWING WEATHER WAS RECORDED YESTERDAY.
  LIGHT RAIN


RELATIVE HUMIDITY (PERCENT)
 HIGHEST    92          1200 AM
 LOWEST     59           500 PM
 AVERAGE    76

..........................................................


THE PORTLAND ME CLIMATE NORMALS FOR TODAY
                         NORMAL    RECORD    YEAR
 MAXIMUM TEMPERATURE (F)   44        64      1990
 MINIMUM TEMPERATURE (F)   27         6      1940


SUNRISE AND SUNSET
NOVEMBER 28 2016......SUNRISE   652 AM EST   SUNSET   407 PM EST
NOVEMBER 29 2016......SUNRISE   653 AM EST   SUNSET   406 PM EST


-  INDICATES NEGATIVE NUMBERS.
R  INDICATES RECORD WAS SET OR TIED.
MM INDICATES DATA IS MISSING.
T  INDICATES TRACE AMOUNT.




$$
