000
CDUS41 KGYX 242041
CLIPWM


CLIMATE REPORT
NATIONAL WEATHER SERVICE GRAY ME
441 PM EDT FRI JUL 24 2015


...................................

...THE PORTLAND ME CLIMATE SUMMARY FOR JULY 24 2015...
VALID TODAY AS OF 0400 PM LOCAL TIME.

CLIMATE NORMAL PERIOD 1981 TO 2010
CLIMATE RECORD PERIOD 1941 TO 2015


WEATHER ITEM   OBSERVED TIME   RECORD YEAR NORMAL DEPARTURE LAST
                VALUE   (LST)  VALUE       VALUE  FROM      YEAR
                                                  NORMAL
..................................................................
TEMPERATURE (F)
 TODAY
  MAXIMUM         76   1247 PM  95    1987  79     -3       75
  MINIMUM         55    339 AM  49    1997  60     -5       59
  AVERAGE         66                        70     -4       67

PRECIPITATION (IN)
  TODAY            T             2.10 2009   0.12  -0.12     0.45
  MONTH TO DATE    1.05                      2.81  -1.76     4.89
  SINCE JUN 1      7.45                      6.60   0.85     9.19
  SINCE JAN 1     24.06                     25.80  -1.74    28.41

SNOWFALL (IN)
  TODAY            0.0           0.0  2002   0.0    0.0      0.0
                                      2001
                                      2000
  MONTH TO DATE    0.0                       0.0    0.0      0.0
  SINCE JUN 1      0.0                       0.0    0.0      0.0
  SINCE JUL 1      0.0                       0.0    0.0      0.0
  SNOW DEPTH       0

DEGREE DAYS
 HEATING
  TODAY            0                         0      0        0
  MONTH TO DATE    6                        12     -6        0
  SINCE JUN 1    150                       118     32       77
  SINCE JUL 1      6                        12     -6        0

 COOLING
  TODAY            1                         5     -4        2
  MONTH TO DATE   96                       110    -14      141
  SINCE JUN 1    139                       167    -28      197
  SINCE JAN 1    179                       174      5      197
..................................................................


WIND (MPH)
  HIGHEST WIND SPEED    15   HIGHEST WIND DIRECTION     W (280)
  HIGHEST GUST SPEED    19   HIGHEST GUST DIRECTION     W (280)
  AVERAGE WIND SPEED     7.4


SKY COVER
  POSSIBLE SUNSHINE  MM
  AVERAGE SKY COVER 0.4


WEATHER CONDITIONS
 THE FOLLOWING WEATHER WAS RECORDED TODAY.
  LIGHT RAIN


RELATIVE HUMIDITY (PERCENT)
 HIGHEST    90          1200 AM
 LOWEST     53          1100 AM
 AVERAGE    72

..........................................................


THE PORTLAND ME CLIMATE NORMALS FOR TOMORROW
                         NORMAL    RECORD    YEAR
 MAXIMUM TEMPERATURE (F)   79        91      1989
 MINIMUM TEMPERATURE (F)   60        45      1957


SUNRISE AND SUNSET
JULY 24 2015..........SUNRISE   522 AM EDT   SUNSET   813 PM EDT
JULY 25 2015..........SUNRISE   523 AM EDT   SUNSET   812 PM EDT


-  INDICATES NEGATIVE NUMBERS.
R  INDICATES RECORD WAS SET OR TIED.
MM INDICATES DATA IS MISSING.
T  INDICATES TRACE AMOUNT.




$$
