000
CDUS41 KGYX 240802
CLIPWM


CLIMATE REPORT
NATIONAL WEATHER SERVICE GRAY ME
402 AM EDT SUN AUG 24 2014


...................................

...THE PORTLAND ME CLIMATE SUMMARY FOR AUGUST 23 2014...

CLIMATE NORMAL PERIOD 1981 TO 2010
CLIMATE RECORD PERIOD 1941 TO 2014


WEATHER ITEM   OBSERVED TIME   RECORD YEAR NORMAL DEPARTURE LAST
                VALUE   (LST)  VALUE       VALUE  FROM      YEAR
                                                  NORMAL
..................................................................
TEMPERATURE (F)
 YESTERDAY
  MAXIMUM         71   1147 AM  94    1947  77     -6       80
  MINIMUM         55   1148 PM  39    1957  57     -2       58
  AVERAGE         63                        67     -4       69

PRECIPITATION (IN)
  YESTERDAY        T             2.97 2009   0.10  -0.10     0.00
  MONTH TO DATE    7.13                      2.35   4.78     1.46
  SINCE JUN 1     17.55                      9.75   7.80    12.14
  SINCE JAN 1     36.77                     28.95   7.82    27.94

SNOWFALL (IN)
  YESTERDAY        0.0           0.0  2002   0.0    0.0      0.0
                                      2001
                                      2000
  MONTH TO DATE    0.0                       0.0    0.0      0.0
  SINCE JUN 1      0.0                       0.0    0.0      0.0
  SINCE JUL 1      0.0                       0.0    0.0      0.0
  SNOW DEPTH       0

DEGREE DAYS
 HEATING
  YESTERDAY        2                         1      1        0
  MONTH TO DATE   16                        14      2       10
  SINCE JUN 1     93                       137    -44       98
  SINCE JUL 1     16                        31    -15       17

 COOLING
  YESTERDAY        0                         3     -3        4
  MONTH TO DATE   44                        98    -54       65
  SINCE JUN 1    259                       299    -40      365
  SINCE JAN 1    259                       306    -47      380
..................................................................


WIND (MPH)
  RESULTANT WIND SPEED   2   RESULTANT WIND DIRECTION   E (80)
  HIGHEST WIND SPEED    10   HIGHEST WIND DIRECTION    SE (120)
  HIGHEST GUST SPEED    15   HIGHEST GUST DIRECTION    NE (50)
  AVERAGE WIND SPEED     4.6


SKY COVER
  AVERAGE SKY COVER 0.6


WEATHER CONDITIONS
 THE FOLLOWING WEATHER WAS RECORDED YESTERDAY.
  NO SIGNIFICANT WEATHER WAS OBSERVED.


RELATIVE HUMIDITY (PERCENT)
 HIGHEST    93          1200 AM
 LOWEST     53          1100 AM
 AVERAGE    73

..........................................................


THE PORTLAND ME CLIMATE NORMALS FOR TODAY
                         NORMAL    RECORD    YEAR
 MAXIMUM TEMPERATURE (F)   77        93      1947
 MINIMUM TEMPERATURE (F)   57        42      1962


SUNRISE AND SUNSET
AUGUST 24 2014........SUNRISE   556 AM EDT   SUNSET   731 PM EDT
AUGUST 25 2014........SUNRISE   557 AM EDT   SUNSET   729 PM EDT


-  INDICATES NEGATIVE NUMBERS.
R  INDICATES RECORD WAS SET OR TIED.
MM INDICATES DATA IS MISSING.
T  INDICATES TRACE AMOUNT.




$$
