000
CDUS41 KGYX 152043
CLIPWM


CLIMATE REPORT
NATIONAL WEATHER SERVICE GRAY ME
443 PM EDT TUE AUG 15 2017


...................................

...THE PORTLAND ME CLIMATE SUMMARY FOR AUGUST 15 2017...
VALID TODAY AS OF 0400 PM LOCAL TIME.

CLIMATE NORMAL PERIOD 1981 TO 2010
CLIMATE RECORD PERIOD 1941 TO 2017


WEATHER ITEM   OBSERVED TIME   RECORD YEAR NORMAL DEPARTURE LAST
                VALUE   (LST)  VALUE       VALUE  FROM      YEAR
                                                  NORMAL
..................................................................
TEMPERATURE (F)
 TODAY
  MAXIMUM         79   1110 AM  98    1947  78      1       86
  MINIMUM         59    401 AM  44    1950  59      0       65
  AVERAGE         69                        68      1       76

PRECIPITATION (IN)
  TODAY            0.00          1.47 1929   0.10  -0.10     0.00
                                      1929
                                      2011
  MONTH TO DATE    0.30                      1.56  -1.26     0.70
  SINCE JUN 1      3.97                      8.96  -4.99     6.82
  SINCE JAN 1     28.01                     28.16  -0.15    22.33

SNOWFALL (IN)
  TODAY            0.0           0.0  2002   0.0    0.0      0.0
                                      2001
                                      2000
  MONTH TO DATE    0.0                       0.0    0.0      0.0
  SINCE JUN 1      0.0                       0.0    0.0      0.0
  SINCE JUL 1      0.0                       0.0    0.0      0.0
  SNOW DEPTH       0

DEGREE DAYS
 HEATING
  TODAY            0                         1     -1        0
  MONTH TO DATE    0                         6     -6        1
  SINCE JUN 1     98                       129    -31       80
  SINCE JUL 1     13                        23    -10       14

 COOLING
  TODAY            4                         4      0       11
  MONTH TO DATE   71                        68      3      115
  SINCE JUN 1    307                       269     38      363
  SINCE JAN 1    324                       276     48      379
..................................................................


WIND (MPH)
  HIGHEST WIND SPEED    15   HIGHEST WIND DIRECTION     S (200)
  HIGHEST GUST SPEED    20   HIGHEST GUST DIRECTION     S (180)
  AVERAGE WIND SPEED     5.4


SKY COVER
  POSSIBLE SUNSHINE  MM
  AVERAGE SKY COVER 0.6


WEATHER CONDITIONS
 THE FOLLOWING WEATHER WAS RECORDED TODAY.
  FOG


RELATIVE HUMIDITY (PERCENT)
 HIGHEST   100           500 AM
 LOWEST     52          1100 AM
 AVERAGE    76

..........................................................


THE PORTLAND ME CLIMATE NORMALS FOR TOMORROW
                         NORMAL    RECORD    YEAR
 MAXIMUM TEMPERATURE (F)   78        95      1959
 MINIMUM TEMPERATURE (F)   59        43      1964


SUNRISE AND SUNSET
AUGUST 15 2017........SUNRISE   546 AM EDT   SUNSET   744 PM EDT
AUGUST 16 2017........SUNRISE   547 AM EDT   SUNSET   743 PM EDT


-  INDICATES NEGATIVE NUMBERS.
R  INDICATES RECORD WAS SET OR TIED.
MM INDICATES DATA IS MISSING.
T  INDICATES TRACE AMOUNT.




$$
