000
CDUS41 KGYX 220848
CLIPWM


CLIMATE REPORT
NATIONAL WEATHER SERVICE GRAY ME
448 AM EDT SAT APR 22 2017


...................................

...THE PORTLAND ME CLIMATE SUMMARY FOR APRIL 21 2017...

CLIMATE NORMAL PERIOD 1981 TO 2010
CLIMATE RECORD PERIOD 1941 TO 2017


WEATHER ITEM   OBSERVED TIME   RECORD YEAR NORMAL DEPARTURE LAST
                VALUE   (LST)  VALUE       VALUE  FROM      YEAR
                                                  NORMAL
..................................................................
TEMPERATURE (F)
 YESTERDAY
  MAXIMUM         42        MM  85    1957  56    -14       68
  MINIMUM         39        MM  23    1962  37      2       32
  AVERAGE         41                        46     -5       50

PRECIPITATION (IN)
  YESTERDAY        0.36          4.21 1991   0.13   0.23     0.00
  MONTH TO DATE    4.06                      3.03   1.03     1.15
  SINCE MAR 1      7.56                      7.27   0.29     5.52
  SINCE JAN 1     15.76                     13.90   1.86    13.06

SNOWFALL (IN)
  YESTERDAY        0.0           1.5  1940   0.1   -0.1      0.0
  MONTH TO DATE    7.9                       2.6    5.3      1.5
  SINCE MAR 1     29.1                      15.3   13.8      8.6
  SINCE JUL 1     95.3                      61.7   33.6     49.6
  SNOW DEPTH       0

DEGREE DAYS
 HEATING
  YESTERDAY       24                        19      5       15
  MONTH TO DATE  409                       473    -64      483
  SINCE MAR 1   1523                      1449     74     1319
  SINCE JUL 1   6001                      6491   -490     5610

 COOLING
  YESTERDAY        0                         0      0        0
  MONTH TO DATE    2                         0      2        0
  SINCE MAR 1      2                         0      2        0
  SINCE JAN 1      2                         0      2        0
..................................................................


WIND (MPH)
  RESULTANT WIND SPEED  12   RESULTANT WIND DIRECTION   E (90)
  HIGHEST WIND SPEED    15   HIGHEST WIND DIRECTION     E (80)
  HIGHEST GUST SPEED    23   HIGHEST GUST DIRECTION     E (80)
  AVERAGE WIND SPEED    12.3


SKY COVER
  AVERAGE SKY COVER 1.0


WEATHER CONDITIONS
 THE FOLLOWING WEATHER WAS RECORDED YESTERDAY.
  LIGHT RAIN
  LIGHT SNOW
  FOG


RELATIVE HUMIDITY (PERCENT)
 HIGHEST    96           100 AM
 LOWEST     83          1200 AM
 AVERAGE    90

..........................................................


THE PORTLAND ME CLIMATE NORMALS FOR TODAY
                         NORMAL    RECORD    YEAR
 MAXIMUM TEMPERATURE (F)   56        82      1977
 MINIMUM TEMPERATURE (F)   37        22      1959


SUNRISE AND SUNSET
APRIL 22 2017.........SUNRISE   547 AM EDT   SUNSET   733 PM EDT
APRIL 23 2017.........SUNRISE   545 AM EDT   SUNSET   735 PM EDT


-  INDICATES NEGATIVE NUMBERS.
R  INDICATES RECORD WAS SET OR TIED.
MM INDICATES DATA IS MISSING.
T  INDICATES TRACE AMOUNT.




$$
