000
CDUS41 KGYX 240803
CLIPWM


CLIMATE REPORT
NATIONAL WEATHER SERVICE GRAY ME
403 AM EDT MON AUG 24 2015


...................................

...THE PORTLAND ME CLIMATE SUMMARY FOR AUGUST 23 2015...

CLIMATE NORMAL PERIOD 1981 TO 2010
CLIMATE RECORD PERIOD 1941 TO 2015


WEATHER ITEM   OBSERVED TIME   RECORD YEAR NORMAL DEPARTURE LAST
                VALUE   (LST)  VALUE       VALUE  FROM      YEAR
                                                  NORMAL
..................................................................
TEMPERATURE (F)
 YESTERDAY
  MAXIMUM         70    435 PM  94    1947  77     -7       71
  MINIMUM         65    602 AM  39    1957  57      8       55
  AVERAGE         68                        67      1       63

PRECIPITATION (IN)
  YESTERDAY        0.35          2.97 2009   0.10   0.25      T
  MONTH TO DATE    2.44                      2.35   0.09     7.13
  SINCE JUN 1     10.10                      9.75   0.35    17.55
  SINCE JAN 1     26.71                     28.95  -2.24    36.77

SNOWFALL (IN)
  YESTERDAY        0.0           0.0  2002   0.0    0.0      0.0
                                      2001
                                      2000
  MONTH TO DATE    0.0                       0.0    0.0      0.0
  SINCE JUN 1      0.0                       0.0    0.0      0.0
  SINCE JUL 1      0.0                       0.0    0.0      0.0
  SNOW DEPTH       0

DEGREE DAYS
 HEATING
  YESTERDAY        0                         1     -1        2
  MONTH TO DATE    0                        14    -14       16
  SINCE JUN 1    154                       137     17       93
  SINCE JUL 1     10                        31    -21       16

 COOLING
  YESTERDAY        3                         3      0        0
  MONTH TO DATE  127                        98     29       44
  SINCE JUN 1    313                       299     14      259
  SINCE JAN 1    353                       306     47      259
..................................................................


WIND (MPH)
  RESULTANT WIND SPEED   4   RESULTANT WIND DIRECTION   N (360)
  HIGHEST WIND SPEED    10   HIGHEST WIND DIRECTION    NE (50)
  HIGHEST GUST SPEED    14   HIGHEST GUST DIRECTION    NE (30)
  AVERAGE WIND SPEED     4.5


SKY COVER
  AVERAGE SKY COVER 1.0


WEATHER CONDITIONS
 THE FOLLOWING WEATHER WAS RECORDED YESTERDAY.
  RAIN
  LIGHT RAIN
  FOG


RELATIVE HUMIDITY (PERCENT)
 HIGHEST   100          1200 AM
 LOWEST     84           800 AM
 AVERAGE    92

..........................................................


THE PORTLAND ME CLIMATE NORMALS FOR TODAY
                         NORMAL    RECORD    YEAR
 MAXIMUM TEMPERATURE (F)   77        93      1947
 MINIMUM TEMPERATURE (F)   57        42      1962


SUNRISE AND SUNSET
AUGUST 24 2015........SUNRISE   556 AM EDT   SUNSET   731 PM EDT
AUGUST 25 2015........SUNRISE   557 AM EDT   SUNSET   729 PM EDT


-  INDICATES NEGATIVE NUMBERS.
R  INDICATES RECORD WAS SET OR TIED.
MM INDICATES DATA IS MISSING.
T  INDICATES TRACE AMOUNT.




$$
