000
CDUS41 KGYX 170923
CLIPWM


CLIMATE REPORT
NATIONAL WEATHER SERVICE GRAY ME
423 AM EST FRI FEB 17 2017


...................................

...THE PORTLAND ME CLIMATE SUMMARY FOR FEBRUARY 16 2017...

CLIMATE NORMAL PERIOD 1981 TO 2010
CLIMATE RECORD PERIOD 1941 TO 2017


WEATHER ITEM   OBSERVED TIME   RECORD YEAR NORMAL DEPARTURE LAST
                VALUE   (LST)  VALUE       VALUE  FROM      YEAR
                                                  NORMAL
..................................................................
TEMPERATURE (F)
 YESTERDAY
  MAXIMUM         35    315 PM  51    1981  35      0       50
  MINIMUM         22   1121 PM -39    1943  17      5       19
  AVERAGE         29                        26      3       35

PRECIPITATION (IN)
  YESTERDAY        0.27          1.45 1993   0.12   0.15     0.83
  MONTH TO DATE    4.13                      1.79   2.34     2.70
  SINCE DEC 1     13.09                      9.19   3.90    11.41
  SINCE JAN 1      7.78                      5.17   2.61     6.07

SNOWFALL (IN)
  YESTERDAY        3.7           8.3  1980   0.4    3.3      1.7
  MONTH TO DATE   39.9                       7.1   32.8     19.3
  SINCE DEC 1     65.9                      39.5   26.4     39.8
  SINCE JUL 1     66.4                      41.4   25.0     39.8
  SNOW DEPTH      16

DEGREE DAYS
 HEATING
  YESTERDAY       36                        39     -3       30
  MONTH TO DATE  663                       654      9      640
  SINCE DEC 1   2881                      3099   -218     2641
  SINCE JUL 1   4133                      4590   -457     3887

 COOLING
  YESTERDAY        0                         0      0        0
  MONTH TO DATE    0                         0      0        0
  SINCE DEC 1      0                         0      0        0
  SINCE JAN 1      0                         0      0        0
..................................................................


WIND (MPH)
  RESULTANT WIND SPEED   8   RESULTANT WIND DIRECTION   N (340)
  HIGHEST WIND SPEED    20   HIGHEST WIND DIRECTION     N (20)
  HIGHEST GUST SPEED    32   HIGHEST GUST DIRECTION     N (20)
  AVERAGE WIND SPEED     9.5


SKY COVER
  AVERAGE SKY COVER 0.7


WEATHER CONDITIONS
 THE FOLLOWING WEATHER WAS RECORDED YESTERDAY.
  SNOW
  LIGHT SNOW
  FOG
  HAZE


RELATIVE HUMIDITY (PERCENT)
 HIGHEST    92          1200 AM
 LOWEST     61           400 PM
 AVERAGE    77

..........................................................


THE PORTLAND ME CLIMATE NORMALS FOR TODAY
                         NORMAL    RECORD    YEAR
 MAXIMUM TEMPERATURE (F)   35        58      1981
 MINIMUM TEMPERATURE (F)   17       -19      1943


SUNRISE AND SUNSET
FEBRUARY 17 2017......SUNRISE   637 AM EST   SUNSET   515 PM EST
FEBRUARY 18 2017......SUNRISE   635 AM EST   SUNSET   516 PM EST


-  INDICATES NEGATIVE NUMBERS.
R  INDICATES RECORD WAS SET OR TIED.
MM INDICATES DATA IS MISSING.
T  INDICATES TRACE AMOUNT.




$$
