000
CDUS41 KGYX 172046
CLIPWM


CLIMATE REPORT
NATIONAL WEATHER SERVICE GRAY ME
446 PM EDT FRI MAR 17 2017


...................................

...THE PORTLAND ME CLIMATE SUMMARY FOR MARCH 17 2017...
VALID TODAY AS OF 0400 PM LOCAL TIME.

CLIMATE NORMAL PERIOD 1981 TO 2010
CLIMATE RECORD PERIOD 1941 TO 2017


WEATHER ITEM   OBSERVED TIME   RECORD YEAR NORMAL DEPARTURE LAST
                VALUE   (LST)  VALUE       VALUE  FROM      YEAR
                                                  NORMAL
..................................................................
TEMPERATURE (F)
 TODAY
  MAXIMUM         36    252 PM  64    2010  42     -6       55
  MINIMUM          9    633 AM  -3    1967  25    -16       38
  AVERAGE         23                        34    -11       47

PRECIPITATION (IN)
  TODAY            0.00          1.08 1973   0.13  -0.13     0.16
  MONTH TO DATE    1.78                      2.20  -0.42     2.91
  SINCE MAR 1      1.78                      2.20  -0.42     2.91
  SINCE JAN 1      9.98                      8.83   1.15    10.45

SNOWFALL (IN)
  TODAY            0.0           4.6  1896   0.4   -0.4      0.0
  MONTH TO DATE   17.6                       8.1    9.5      0.5
  SINCE MAR 1     17.6                       8.1    9.5      0.5
  SINCE JUL 1     83.8                      54.5   29.3     41.5
  SNOW DEPTH      11

DEGREE DAYS
 HEATING
  TODAY           42                        31     11       18
  MONTH TO DATE  666                       573     93      456
  SINCE MAR 1    666                       573     93      456
  SINCE JUL 1   5144                      5615   -471     4747

 COOLING
  TODAY            0                         0      0        0
  MONTH TO DATE    0                         0      0        0
  SINCE MAR 1      0                         0      0        0
  SINCE JAN 1      0                         0      0        0
..................................................................


WIND (MPH)
  HIGHEST WIND SPEED    16   HIGHEST WIND DIRECTION     N (350)
  HIGHEST GUST SPEED    25   HIGHEST GUST DIRECTION    NW (330)
  AVERAGE WIND SPEED     3.7


SKY COVER
  POSSIBLE SUNSHINE  MM
  AVERAGE SKY COVER 0.2


WEATHER CONDITIONS
 THE FOLLOWING WEATHER WAS RECORDED TODAY.
  NO SIGNIFICANT WEATHER WAS OBSERVED.


RELATIVE HUMIDITY (PERCENT)
 HIGHEST    76           400 AM
 LOWEST     29           300 PM
 AVERAGE    53

..........................................................


THE PORTLAND ME CLIMATE NORMALS FOR TOMORROW
                         NORMAL    RECORD    YEAR
 MAXIMUM TEMPERATURE (F)   43        70      2012
 MINIMUM TEMPERATURE (F)   26        -6      1967


SUNRISE AND SUNSET
MARCH 17 2017.........SUNRISE   649 AM EDT   SUNSET   650 PM EDT
MARCH 18 2017.........SUNRISE   648 AM EDT   SUNSET   651 PM EDT


-  INDICATES NEGATIVE NUMBERS.
R  INDICATES RECORD WAS SET OR TIED.
MM INDICATES DATA IS MISSING.
T  INDICATES TRACE AMOUNT.




$$
