000
CDUS41 KGYX 152142
CLIPWM


CLIMATE REPORT
NATIONAL WEATHER SERVICE GRAY ME
442 PM EST THU FEB 15 2018


...................................

...THE PORTLAND ME CLIMATE SUMMARY FOR FEBRUARY 15 2018...
VALID TODAY AS OF 0400 PM LOCAL TIME.

CLIMATE NORMAL PERIOD 1981 TO 2010
CLIMATE RECORD PERIOD 1941 TO 2018


WEATHER ITEM   OBSERVED TIME   RECORD YEAR NORMAL DEPARTURE LAST
                VALUE   (LST)  VALUE       VALUE  FROM      YEAR
                                                  NORMAL
..................................................................
TEMPERATURE (F)
 TODAY
  MAXIMUM         44   1218 PM  51    1967  35      9       39
  MINIMUM         25    635 AM -31    1943  16      9       16
  AVERAGE         35                        26      9       28

PRECIPITATION (IN)
  TODAY            0.00          1.80 1953   0.12  -0.12     0.92
  MONTH TO DATE    2.98                      1.67   1.31     3.86
  SINCE DEC 1      9.73                      9.07   0.66    12.82
  SINCE JAN 1      6.27                      5.05   1.22     7.51

SNOWFALL (IN)
  TODAY            0.0          12.2  1950   0.4   -0.4      1.7
  MONTH TO DATE    8.3                       6.7    1.6     36.0
  SINCE DEC 1     48.5                      39.1    9.4     62.0
  SINCE JUL 1     48.6                      41.0    7.6     62.5
  SNOW DEPTH       2

DEGREE DAYS
 HEATING
  TODAY           30                        40    -10       37
  MONTH TO DATE  568                       615    -47      627
  SINCE DEC 1   3178                      3060    118     2845
  SINCE JUL 1   4343                      4551   -208     4097

 COOLING
  TODAY            0                         0      0        0
  MONTH TO DATE    0                         0      0        0
  SINCE DEC 1      0                         0      0        0
  SINCE JAN 1      0                         0      0        0
..................................................................


WIND (MPH)
  HIGHEST WIND SPEED    15   HIGHEST WIND DIRECTION     S (170)
  HIGHEST GUST SPEED    20   HIGHEST GUST DIRECTION     S (160)
  AVERAGE WIND SPEED     4.2


SKY COVER
  POSSIBLE SUNSHINE  MM
  AVERAGE SKY COVER 0.4


WEATHER CONDITIONS
 THE FOLLOWING WEATHER WAS RECORDED TODAY.
  FOG


RELATIVE HUMIDITY (PERCENT)
 HIGHEST   100           300 AM
 LOWEST     65          1200 PM
 AVERAGE    83

..........................................................


THE PORTLAND ME CLIMATE NORMALS FOR TOMORROW
                         NORMAL    RECORD    YEAR
 MAXIMUM TEMPERATURE (F)   35        51      1981
 MINIMUM TEMPERATURE (F)   17       -39      1943


SUNRISE AND SUNSET
FEBRUARY 15 2018......SUNRISE   640 AM EST   SUNSET   512 PM EST
FEBRUARY 16 2018......SUNRISE   638 AM EST   SUNSET   513 PM EST


-  INDICATES NEGATIVE NUMBERS.
R  INDICATES RECORD WAS SET OR TIED.
MM INDICATES DATA IS MISSING.
T  INDICATES TRACE AMOUNT.




$$
