594
CDUS41 KGYX 182042
CLIPWM


CLIMATE REPORT
NATIONAL WEATHER SERVICE GRAY ME
442 PM EDT TUE JUL 18 2017


...................................

...THE PORTLAND ME CLIMATE SUMMARY FOR JULY 18 2017...
VALID TODAY AS OF 0400 PM LOCAL TIME.

CLIMATE NORMAL PERIOD 1981 TO 2010
CLIMATE RECORD PERIOD 1941 TO 2017


WEATHER ITEM   OBSERVED TIME   RECORD YEAR NORMAL DEPARTURE LAST
                VALUE   (LST)  VALUE       VALUE  FROM      YEAR
                                                  NORMAL
..................................................................
TEMPERATURE (F)
 TODAY
  MAXIMUM         78   1145 AM  95    1982  79     -1       85
  MINIMUM         66    602 AM  44    1946  60      6       64
  AVERAGE         72                        70      2       75

PRECIPITATION (IN)
  TODAY            0.57          1.12 2008   0.12   0.45     0.00
  MONTH TO DATE    0.81                      2.09  -1.28     1.28
  SINCE JUN 1      3.43                      5.88  -2.45     5.70
  SINCE JAN 1     27.47                     25.08   2.39    21.21

SNOWFALL (IN)
  TODAY            0.0           0.0  2002   0.0    0.0      0.0
                                      2001
                                      2000
  MONTH TO DATE    0.0                       0.0    0.0      0.0
  SINCE JUN 1      0.0                       0.0    0.0      0.0
  SINCE JUL 1      0.0                       0.0    0.0      0.0
  SNOW DEPTH       0

DEGREE DAYS
 HEATING
  TODAY            0                         0      0        0
  MONTH TO DATE    5                        12     -7       13
  SINCE JUN 1     90                       118    -28       79
  SINCE JUL 1      5                        12     -7       13

 COOLING
  TODAY            7                         5      2       10
  MONTH TO DATE   84                        80      4      102
  SINCE JUN 1    176                       137     39      134
  SINCE JAN 1    193                       144     49      150
..................................................................


WIND (MPH)
  HIGHEST WIND SPEED    12   HIGHEST WIND DIRECTION     S (180)
  HIGHEST GUST SPEED    19   HIGHEST GUST DIRECTION     E (90)
  AVERAGE WIND SPEED     5.9


SKY COVER
  POSSIBLE SUNSHINE  MM
  AVERAGE SKY COVER 0.9


WEATHER CONDITIONS
 THE FOLLOWING WEATHER WAS RECORDED TODAY.
  HEAVY RAIN
  LIGHT RAIN
  FOG
  FOG W/VISIBILITY <= 1/4 MILE
  HAZE


RELATIVE HUMIDITY (PERCENT)
 HIGHEST   100           200 AM
 LOWEST     69          1100 AM
 AVERAGE    85

..........................................................


THE PORTLAND ME CLIMATE NORMALS FOR TOMORROW
                         NORMAL    RECORD    YEAR
 MAXIMUM TEMPERATURE (F)   79        95      2013
 MINIMUM TEMPERATURE (F)   60        47      1956


SUNRISE AND SUNSET
JULY 18 2017..........SUNRISE   516 AM EDT   SUNSET   818 PM EDT
JULY 19 2017..........SUNRISE   517 AM EDT   SUNSET   817 PM EDT


-  INDICATES NEGATIVE NUMBERS.
R  INDICATES RECORD WAS SET OR TIED.
MM INDICATES DATA IS MISSING.
T  INDICATES TRACE AMOUNT.




$$
