000
CDUS41 KGYX 250803
CLIPWM


CLIMATE REPORT
NATIONAL WEATHER SERVICE GRAY ME
403 AM EDT FRI JUL 25 2014


...................................

...THE PORTLAND ME CLIMATE SUMMARY FOR JULY 24 2014...

CLIMATE NORMAL PERIOD 1981 TO 2010
CLIMATE RECORD PERIOD 1941 TO 2014


WEATHER ITEM   OBSERVED TIME   RECORD YEAR NORMAL DEPARTURE LAST
                VALUE   (LST)  VALUE       VALUE  FROM      YEAR
                                                  NORMAL
..................................................................
TEMPERATURE (F)
 YESTERDAY
  MAXIMUM         75    200 PM  95    1987  79     -4       86
  MINIMUM         59   1159 PM  49    1997  60     -1       58
  AVERAGE         67                        70     -3       72

PRECIPITATION (IN)
  YESTERDAY        0.45          2.10 2009   0.12   0.33     0.00
  MONTH TO DATE    4.89                      2.81   2.08     2.90
  SINCE JUN 1      9.19                      6.60   2.59    10.22
  SINCE JAN 1     28.41                     25.80   2.61    26.02

SNOWFALL (IN)
  YESTERDAY        0.0           0.0  2002   0.0    0.0      0.0
                                      2001
                                      2000
  MONTH TO DATE    0.0                       0.0    0.0      0.0
  SINCE JUN 1      0.0                       0.0    0.0      0.0
  SINCE JUL 1      0.0                       0.0    0.0      0.0
  SNOW DEPTH       0

DEGREE DAYS
 HEATING
  YESTERDAY        0                         0      0        0
  MONTH TO DATE    0                        12    -12        5
  SINCE JUN 1     77                       118    -41       86
  SINCE JUL 1      0                        12    -12        5

 COOLING
  YESTERDAY        2                         5     -3        7
  MONTH TO DATE  141                       110     31      197
  SINCE JUN 1    197                       167     30      280
  SINCE JAN 1    197                       174     23      295
..................................................................


WIND (MPH)
  RESULTANT WIND SPEED   3   RESULTANT WIND DIRECTION  NE (50)
  HIGHEST WIND SPEED    17   HIGHEST WIND DIRECTION     N (10)
  HIGHEST GUST SPEED    20   HIGHEST GUST DIRECTION     N (360)
  AVERAGE WIND SPEED     6.5


SKY COVER
  AVERAGE SKY COVER 0.7


WEATHER CONDITIONS
 THE FOLLOWING WEATHER WAS RECORDED YESTERDAY.
  HEAVY RAIN
  RAIN
  LIGHT RAIN
  FOG


RELATIVE HUMIDITY (PERCENT)
 HIGHEST   100           300 AM
 LOWEST     64          1100 AM
 AVERAGE    82

..........................................................


THE PORTLAND ME CLIMATE NORMALS FOR TODAY
                         NORMAL    RECORD    YEAR
 MAXIMUM TEMPERATURE (F)   79        91      1989
 MINIMUM TEMPERATURE (F)   60        45      1957


SUNRISE AND SUNSET
JULY 25 2014..........SUNRISE   523 AM EDT   SUNSET   812 PM EDT
JULY 26 2014..........SUNRISE   524 AM EDT   SUNSET   811 PM EDT


-  INDICATES NEGATIVE NUMBERS.
R  INDICATES RECORD WAS SET OR TIED.
MM INDICATES DATA IS MISSING.
T  INDICATES TRACE AMOUNT.




$$
