000
CDUS41 KGYX 290905
CLIPWM


CLIMATE REPORT
NATIONAL WEATHER SERVICE GRAY ME
405 AM EST TUE NOV 29 2016


...................................

...THE PORTLAND ME CLIMATE SUMMARY FOR NOVEMBER 28 2016...

CLIMATE NORMAL PERIOD 1981 TO 2010
CLIMATE RECORD PERIOD 1941 TO 2016


WEATHER ITEM   OBSERVED TIME   RECORD YEAR NORMAL DEPARTURE LAST
                VALUE   (LST)  VALUE       VALUE  FROM      YEAR
                                                  NORMAL
..................................................................
TEMPERATURE (F)
 YESTERDAY
  MAXIMUM         43    253 PM  64    1990  44     -1       57
  MINIMUM         24   1159 PM   6    1940  27     -3       30
  AVERAGE         34                        35     -1       44

PRECIPITATION (IN)
  YESTERDAY        0.00          3.33 1889   0.15  -0.15     0.21
  MONTH TO DATE    2.66                      4.63  -1.97     2.30
  SINCE SEP 1     11.88                     13.19  -1.31    11.72
  SINCE JAN 1     35.41                     42.93  -7.52    38.48

SNOWFALL (IN)
  YESTERDAY        0.0           7.6  1921   0.1   -0.1      0.0
  MONTH TO DATE    0.5                       1.6   -1.1       T
  SINCE SEP 1      0.5                       1.6   -1.1       T
  SINCE JUL 1      0.5                       1.6   -1.1       T
  SNOW DEPTH       0

DEGREE DAYS
 HEATING
  YESTERDAY       31                        30      1       21
  MONTH TO DATE  641                       707    -66      596
  SINCE SEP 1   1183                      1386   -203     1165
  SINCE JUL 1   1197                      1431   -234     1175

 COOLING
  YESTERDAY        0                         0      0        0
  MONTH TO DATE    0                         0      0        0
  SINCE SEP 1     68                        31     37       97
  SINCE JAN 1    553                       359    194      492
..................................................................


WIND (MPH)
  RESULTANT WIND SPEED   6   RESULTANT WIND DIRECTION  NW (300)
  HIGHEST WIND SPEED    15   HIGHEST WIND DIRECTION    NW (300)
  HIGHEST GUST SPEED    21   HIGHEST GUST DIRECTION    NW (320)
  AVERAGE WIND SPEED     6.4


SKY COVER
  AVERAGE SKY COVER 0.0


WEATHER CONDITIONS
 THE FOLLOWING WEATHER WAS RECORDED YESTERDAY.
  NO SIGNIFICANT WEATHER WAS OBSERVED.


RELATIVE HUMIDITY (PERCENT)
 HIGHEST    81           600 AM
 LOWEST     45           300 PM
 AVERAGE    63

..........................................................


THE PORTLAND ME CLIMATE NORMALS FOR TODAY
                         NORMAL    RECORD    YEAR
 MAXIMUM TEMPERATURE (F)   43        63      1990
 MINIMUM TEMPERATURE (F)   27         5      1940


SUNRISE AND SUNSET
NOVEMBER 29 2016......SUNRISE   653 AM EST   SUNSET   406 PM EST
NOVEMBER 30 2016......SUNRISE   654 AM EST   SUNSET   406 PM EST


-  INDICATES NEGATIVE NUMBERS.
R  INDICATES RECORD WAS SET OR TIED.
MM INDICATES DATA IS MISSING.
T  INDICATES TRACE AMOUNT.




$$
