000
CDUS41 KGYX 180801
CLIPWM


CLIMATE REPORT
NATIONAL WEATHER SERVICE GRAY ME
401 AM EDT FRI APR 18 2014


...................................

...THE PORTLAND ME CLIMATE SUMMARY FOR APRIL 17 2014...

CLIMATE NORMAL PERIOD 1981 TO 2010
CLIMATE RECORD PERIOD 1941 TO 2014


WEATHER ITEM   OBSERVED TIME   RECORD YEAR NORMAL DEPARTURE LAST
                VALUE   (LST)  VALUE       VALUE  FROM      YEAR
                                                  NORMAL
..................................................................
TEMPERATURE (F)
 YESTERDAY
  MAXIMUM         40    236 PM  83    2012  54    -14       63
  MINIMUM         22R   450 AM  24    2003  35    -13       43
  AVERAGE         31                        45    -14       53

PRECIPITATION (IN)
  YESTERDAY        0.00          2.02 1954   0.14  -0.14     0.00
  MONTH TO DATE    2.32                      2.49  -0.17     1.85
  SINCE MAR 1      6.63                      6.73  -0.10     3.54
  SINCE JAN 1     14.95                     13.36   1.59    10.97

SNOWFALL (IN)
  YESTERDAY        0.0           5.5  1992   0.1   -0.1      0.0
  MONTH TO DATE    1.2                       2.3   -1.1      0.2
  SINCE MAR 1      4.9                      15.0  -10.1     13.4
  SINCE JUL 1     83.4                      61.4   22.0     98.0
  SNOW DEPTH       T

DEGREE DAYS
 HEATING
  YESTERDAY       34                        20     14       12
  MONTH TO DATE  384                       395    -11      380
  SINCE MAR 1   1554                      1371    183     1308
  SINCE JUL 1   6793                      6413    380     5907

 COOLING
  YESTERDAY        0                         0      0        0
  MONTH TO DATE    0                         0      0        0
  SINCE MAR 1      0                         0      0        0
  SINCE JAN 1      0                         0      0        0
..................................................................


WIND (MPH)
  RESULTANT WIND SPEED   4   RESULTANT WIND DIRECTION   E (70)
  HIGHEST WIND SPEED    14   HIGHEST WIND DIRECTION    SE (150)
  HIGHEST GUST SPEED    18   HIGHEST GUST DIRECTION    NE (60)
  AVERAGE WIND SPEED     6.5


SKY COVER
  AVERAGE SKY COVER 0.4


WEATHER CONDITIONS
 THE FOLLOWING WEATHER WAS RECORDED YESTERDAY.
  NO SIGNIFICANT WEATHER WAS OBSERVED.


RELATIVE HUMIDITY (PERCENT)
 HIGHEST    74           500 AM
 LOWEST     40           400 PM
 AVERAGE    57

..........................................................


THE PORTLAND ME CLIMATE NORMALS FOR TODAY
                         NORMAL    RECORD    YEAR
 MAXIMUM TEMPERATURE (F)   54        76      1964
 MINIMUM TEMPERATURE (F)   36        21      1962
                                             2003


SUNRISE AND SUNSET
APRIL 18 2014.........SUNRISE   554 AM EDT   SUNSET   728 PM EDT
APRIL 19 2014.........SUNRISE   552 AM EDT   SUNSET   729 PM EDT


-  INDICATES NEGATIVE NUMBERS.
R  INDICATES RECORD WAS SET OR TIED.
MM INDICATES DATA IS MISSING.
T  INDICATES TRACE AMOUNT.




$$
