000
CDUS41 KGYX 142144
CLIPWM


CLIMATE REPORT
NATIONAL WEATHER SERVICE GRAY ME
444 PM EST TUE NOV 14 2017


...................................

...THE PORTLAND ME CLIMATE SUMMARY FOR NOVEMBER 14 2017...
VALID TODAY AS OF 0400 PM LOCAL TIME.

CLIMATE NORMAL PERIOD 1981 TO 2010
CLIMATE RECORD PERIOD 1941 TO 2017


WEATHER ITEM   OBSERVED TIME   RECORD YEAR NORMAL DEPARTURE LAST
                VALUE   (LST)  VALUE       VALUE  FROM      YEAR
                                                  NORMAL
..................................................................
TEMPERATURE (F)
 TODAY
  MAXIMUM         43   1147 AM  69    1973  49     -6       62
  MINIMUM         31    656 AM  12    1986  32     -1       30
  AVERAGE         37                        40     -3       46

PRECIPITATION (IN)
  TODAY            0.00          5.03 2009   0.17  -0.17     0.00
  MONTH TO DATE    0.47                      2.35  -1.88     0.80
  SINCE SEP 1      7.84                     10.91  -3.07    10.02
  SINCE JAN 1     38.54                     40.65  -2.11    33.55

SNOWFALL (IN)
  TODAY            0.0           9.2  1972   0.0    0.0      0.0
  MONTH TO DATE    0.1                       0.4   -0.3      0.0
  SINCE SEP 1      0.1                       0.4   -0.3      0.0
  SINCE JUL 1      0.1                       0.4   -0.3      0.0
  SNOW DEPTH       T

DEGREE DAYS
 HEATING
  TODAY           28                        25      3       19
  MONTH TO DATE  336                       322     14      301
  SINCE SEP 1    675                      1001   -326      843
  SINCE JUL 1    708                      1046   -338      857

 COOLING
  TODAY            0                         0      0        0
  MONTH TO DATE    0                         0      0        0
  SINCE SEP 1     69                        31     38       68
  SINCE JAN 1    433                       359     74      553
..................................................................


WIND (MPH)
  HIGHEST WIND SPEED    14   HIGHEST WIND DIRECTION     N (20)
  HIGHEST GUST SPEED    17   HIGHEST GUST DIRECTION     N (20)
  AVERAGE WIND SPEED     6.8


SKY COVER
  POSSIBLE SUNSHINE  MM
  AVERAGE SKY COVER 0.8


WEATHER CONDITIONS
 THE FOLLOWING WEATHER WAS RECORDED TODAY.
  NO SIGNIFICANT WEATHER WAS OBSERVED.


RELATIVE HUMIDITY (PERCENT)
 HIGHEST    96           100 AM
 LOWEST     53          1200 PM
 AVERAGE    75

..........................................................


THE PORTLAND ME CLIMATE NORMALS FOR TOMORROW
                         NORMAL    RECORD    YEAR
 MAXIMUM TEMPERATURE (F)   48        65      1994
 MINIMUM TEMPERATURE (F)   31        16      1971


SUNRISE AND SUNSET
NOVEMBER 14 2017......SUNRISE   634 AM EST   SUNSET   417 PM EST
NOVEMBER 15 2017......SUNRISE   636 AM EST   SUNSET   416 PM EST


-  INDICATES NEGATIVE NUMBERS.
R  INDICATES RECORD WAS SET OR TIED.
MM INDICATES DATA IS MISSING.
T  INDICATES TRACE AMOUNT.




$$
