000
CDUS41 KGYX 050805
CLIPWM


CLIMATE REPORT
NATIONAL WEATHER SERVICE GRAY ME
404 AM EDT SUN JUL 5 2015


...................................

...THE PORTLAND ME CLIMATE SUMMARY FOR JULY 4 2015...

CLIMATE NORMAL PERIOD 1981 TO 2010
CLIMATE RECORD PERIOD 1941 TO 2015


WEATHER ITEM   OBSERVED TIME   RECORD YEAR NORMAL DEPARTURE LAST
                VALUE   (LST)  VALUE       VALUE  FROM      YEAR
                                                  NORMAL
..................................................................
TEMPERATURE (F)
 YESTERDAY
  MAXIMUM         71   1227 PM  90    2010  78     -7       73
                                      2002
                                      1949
  MINIMUM         53    330 AM  42    1962  58     -5       63
  AVERAGE         62                        68     -6       68

PRECIPITATION (IN)
  YESTERDAY        T             1.41 2014   0.11  -0.11     1.41
  MONTH TO DATE    0.26                      0.43  -0.17     2.41
  SINCE JUN 1      6.66                      4.22   2.44     6.71
  SINCE JAN 1     23.27                     23.42  -0.15    25.93

SNOWFALL (IN)
  YESTERDAY        0.0           0.0  2002   0.0    0.0      0.0
                                      2001
                                      2000
  MONTH TO DATE    0.0                       0.0    0.0      0.0
  SINCE JUN 1      0.0                       0.0    0.0      0.0
  SINCE JUL 1      0.0                       0.0    0.0      0.0
  SNOW DEPTH       0

DEGREE DAYS
 HEATING
  YESTERDAY        3                         1      2        0
  MONTH TO DATE    4                         4      0        0
  SINCE JUN 1    148                       110     38       77
  SINCE JUL 1      4                         4      0        0

 COOLING
  YESTERDAY        0                         4     -4        3
  MONTH TO DATE    5                        16    -11       32
  SINCE JUN 1     48                        73    -25       88
  SINCE JAN 1     88                        80      8       88
..................................................................


WIND (MPH)
  RESULTANT WIND SPEED   1   RESULTANT WIND DIRECTION   S (180)
  HIGHEST WIND SPEED     9   HIGHEST WIND DIRECTION     S (160)
  HIGHEST GUST SPEED    12   HIGHEST GUST DIRECTION     S (160)
  AVERAGE WIND SPEED     3.2


SKY COVER
  AVERAGE SKY COVER 0.7


WEATHER CONDITIONS
 THE FOLLOWING WEATHER WAS RECORDED YESTERDAY.
  LIGHT RAIN
  FOG


RELATIVE HUMIDITY (PERCENT)
 HIGHEST    97           900 PM
 LOWEST     66           100 PM
 AVERAGE    82

..........................................................


THE PORTLAND ME CLIMATE NORMALS FOR TODAY
                         NORMAL    RECORD    YEAR
 MAXIMUM TEMPERATURE (F)   78        94      1999
 MINIMUM TEMPERATURE (F)   59        44      1961


SUNRISE AND SUNSET
JULY  5 2015..........SUNRISE   506 AM EDT   SUNSET   826 PM EDT
JULY  6 2015..........SUNRISE   506 AM EDT   SUNSET   825 PM EDT


-  INDICATES NEGATIVE NUMBERS.
R  INDICATES RECORD WAS SET OR TIED.
MM INDICATES DATA IS MISSING.
T  INDICATES TRACE AMOUNT.




$$
