101
CDUS41 KGYX 152056
CLIPWM


CLIMATE REPORT
NATIONAL WEATHER SERVICE GRAY ME
456 PM EDT FRI MAY 15 2015


...................................

...THE PORTLAND ME CLIMATE SUMMARY FOR MAY 15 2015...
VALID TODAY AS OF 0400 PM LOCAL TIME.

CLIMATE NORMAL PERIOD 1981 TO 2010
CLIMATE RECORD PERIOD 1941 TO 2015


WEATHER ITEM   OBSERVED TIME   RECORD YEAR NORMAL DEPARTURE LAST
                VALUE   (LST)  VALUE       VALUE  FROM      YEAR
                                                  NORMAL
..................................................................
TEMPERATURE (F)
 TODAY
  MAXIMUM         70   1245 PM  85    2004  63      7       67
  MINIMUM         43    451 AM  27    1947  44     -1       48
  AVERAGE         57                        54      3       58

PRECIPITATION (IN)
  TODAY            0.00          1.78 1938   0.12  -0.12     0.00
  MONTH TO DATE    0.74                      1.94  -1.20     1.39
  SINCE MAR 1      7.56                     10.50  -2.94     8.42
  SINCE JAN 1     15.04                     17.13  -2.09    16.74

SNOWFALL (IN)
  TODAY            0.0           0.0  2002   0.0    0.0      0.0
                                      2001
                                      2000
  MONTH TO DATE    0.0                       0.1   -0.1       T
  SINCE MAR 1      5.3                      15.6  -10.3      4.9
  SINCE JUL 1     94.5                      62.0   32.5     83.4
  SNOW DEPTH       0

DEGREE DAYS
 HEATING
  TODAY            8                        12     -4        7
  MONTH TO DATE  131                       205    -74      160
  SINCE MAR 1   1803                      1811     -8     1972
  SINCE JUL 1   6857                      6853      4     7211

 COOLING
  TODAY            0                         0      0        0
  MONTH TO DATE    3                         0      3        0
  SINCE MAR 1      3                         0      3        0
  SINCE JAN 1      3                         0      3        0
..................................................................


WIND (MPH)
  HIGHEST WIND SPEED    16   HIGHEST WIND DIRECTION     S (190)
  HIGHEST GUST SPEED    23   HIGHEST GUST DIRECTION     S (190)
  AVERAGE WIND SPEED     6.4


SKY COVER
  POSSIBLE SUNSHINE  MM
  AVERAGE SKY COVER 0.4


WEATHER CONDITIONS
 THE FOLLOWING WEATHER WAS RECORDED TODAY.
  NO SIGNIFICANT WEATHER WAS OBSERVED.


RELATIVE HUMIDITY (PERCENT)
 HIGHEST    89           500 AM
 LOWEST     26           100 PM
 AVERAGE    58

..........................................................


THE PORTLAND ME CLIMATE NORMALS FOR TOMORROW
                         NORMAL    RECORD    YEAR
 MAXIMUM TEMPERATURE (F)   64        90      1951
 MINIMUM TEMPERATURE (F)   44        28      1947


SUNRISE AND SUNSET
MAY 15 2015...........SUNRISE   517 AM EDT   SUNSET   759 PM EDT
MAY 16 2015...........SUNRISE   515 AM EDT   SUNSET   800 PM EDT


-  INDICATES NEGATIVE NUMBERS.
R  INDICATES RECORD WAS SET OR TIED.
MM INDICATES DATA IS MISSING.
T  INDICATES TRACE AMOUNT.




$$
