000
CDUS41 KGYX 240802
CLIPWM


CLIMATE REPORT
NATIONAL WEATHER SERVICE GRAY ME
402 AM EDT SUN APR 24 2016


...................................

...THE PORTLAND ME CLIMATE SUMMARY FOR APRIL 23 2016...

CLIMATE NORMAL PERIOD 1981 TO 2010
CLIMATE RECORD PERIOD 1941 TO 2016


WEATHER ITEM   OBSERVED TIME   RECORD YEAR NORMAL DEPARTURE LAST
                VALUE   (LST)  VALUE       VALUE  FROM      YEAR
                                                  NORMAL
..................................................................
TEMPERATURE (F)
 YESTERDAY
  MAXIMUM         64    243 PM  81    2007  56      8       53
  MINIMUM         43   1155 PM  22    1947  37      6       38
  AVERAGE         54                        47      7       46

PRECIPITATION (IN)
  YESTERDAY        0.01          3.13 2012   0.14  -0.13     0.09
  MONTH TO DATE    1.16                      3.31  -2.15     4.95
  SINCE MAR 1      5.53                      7.55  -2.02     6.74
  SINCE JAN 1     13.07                     14.18  -1.11    14.22

SNOWFALL (IN)
  YESTERDAY        0.0           6.1  1956   0.0    0.0       T
  MONTH TO DATE    1.5                       2.6   -1.1      2.9
  SINCE MAR 1      8.6                      15.3   -6.7      5.3
  SINCE JUL 1     49.6                      61.7  -12.1     94.5
  SNOW DEPTH       0

DEGREE DAYS
 HEATING
  YESTERDAY       11                        18     -7       19
  MONTH TO DATE  503                       510     -7      491
  SINCE MAR 1   1339                      1486   -147     1561
  SINCE JUL 1   5630                      6528   -898     6615

 COOLING
  YESTERDAY        0                         0      0        0
  MONTH TO DATE    0                         0      0        0
  SINCE MAR 1      0                         0      0        0
  SINCE JAN 1      0                         0      0        0
..................................................................


WIND (MPH)
  RESULTANT WIND SPEED  10   RESULTANT WIND DIRECTION   N (350)
  HIGHEST WIND SPEED    25   HIGHEST WIND DIRECTION    NW (330)
  HIGHEST GUST SPEED    29   HIGHEST GUST DIRECTION    NW (330)
  AVERAGE WIND SPEED    10.8


SKY COVER
  AVERAGE SKY COVER 0.6


WEATHER CONDITIONS
 THE FOLLOWING WEATHER WAS RECORDED YESTERDAY.
  LIGHT RAIN


RELATIVE HUMIDITY (PERCENT)
 HIGHEST    83           500 AM
 LOWEST     26           600 PM
 AVERAGE    55

..........................................................


THE PORTLAND ME CLIMATE NORMALS FOR TODAY
                         NORMAL    RECORD    YEAR
 MAXIMUM TEMPERATURE (F)   57        75      2001
                                             1994
 MINIMUM TEMPERATURE (F)   37        25      1945


SUNRISE AND SUNSET
APRIL 24 2016.........SUNRISE   543 AM EDT   SUNSET   736 PM EDT
APRIL 25 2016.........SUNRISE   542 AM EDT   SUNSET   737 PM EDT


-  INDICATES NEGATIVE NUMBERS.
R  INDICATES RECORD WAS SET OR TIED.
MM INDICATES DATA IS MISSING.
T  INDICATES TRACE AMOUNT.




$$
