000
CDUS41 KGYX 010817
CLIPWM


CLIMATE REPORT
NATIONAL WEATHER SERVICE GRAY ME
417 AM EDT TUE SEP 1 2015


...................................

...THE PORTLAND ME CLIMATE SUMMARY FOR AUGUST 31 2015...

CLIMATE NORMAL PERIOD 1981 TO 2010
CLIMATE RECORD PERIOD 1941 TO 2015


WEATHER ITEM   OBSERVED TIME   RECORD YEAR NORMAL DEPARTURE LAST
                VALUE   (LST)  VALUE       VALUE  FROM      YEAR
                                                  NORMAL
..................................................................
TEMPERATURE (F)
 YESTERDAY
  MAXIMUM         86    235 PM  94    2010  75     11       85
  MINIMUM         61    513 AM  33    1965  56      5       62
  AVERAGE         74                        65      9       74

PRECIPITATION (IN)
  YESTERDAY        0.00          2.26 1954   0.10  -0.10     1.29
  MONTH TO DATE    2.49                      3.14  -0.65     8.56
  SINCE JUN 1     10.15                     10.54  -0.39    18.98
  SINCE JAN 1     26.76                     29.74  -2.98    38.20

SNOWFALL (IN)
  YESTERDAY        0.0           0.0  2002   0.0    0.0      0.0
                                      2001
                                      2000
  MONTH TO DATE    0.0                       0.0    0.0      0.0
  SINCE JUN 1      0.0                       0.0    0.0      0.0
  SINCE JUL 1      0.0                       0.0    0.0      0.0
  SNOW DEPTH       0

DEGREE DAYS
 HEATING
  YESTERDAY        0                         2     -2        0
  MONTH TO DATE    0                        27    -27       24
  SINCE JUN 1    154                       151      3      101
  SINCE JUL 1     10                        45    -35       24

 COOLING
  YESTERDAY        9                         2      7        9
  MONTH TO DATE  169                       120     49       83
  SINCE JUN 1    355                       321     34      298
  SINCE JAN 1    395                       328     67      298
..................................................................


WIND (MPH)
  RESULTANT WIND SPEED   6   RESULTANT WIND DIRECTION   W (280)
  HIGHEST WIND SPEED    20   HIGHEST WIND DIRECTION     W (270)
  HIGHEST GUST SPEED    26   HIGHEST GUST DIRECTION     W (270)
  AVERAGE WIND SPEED     7.2


SKY COVER
  AVERAGE SKY COVER 0.3


WEATHER CONDITIONS
 THE FOLLOWING WEATHER WAS RECORDED YESTERDAY.
  HAZE


RELATIVE HUMIDITY (PERCENT)
 HIGHEST    93          1200 AM
 LOWEST     45           200 PM
 AVERAGE    69

..........................................................


THE PORTLAND ME CLIMATE NORMALS FOR TODAY
                         NORMAL    RECORD    YEAR
 MAXIMUM TEMPERATURE (F)   75        93      1969
 MINIMUM TEMPERATURE (F)   55        39      2002


SUNRISE AND SUNSET
SEPTEMBER  1 2015.....SUNRISE   605 AM EDT   SUNSET   717 PM EDT
SEPTEMBER  2 2015.....SUNRISE   606 AM EDT   SUNSET   715 PM EDT


-  INDICATES NEGATIVE NUMBERS.
R  INDICATES RECORD WAS SET OR TIED.
MM INDICATES DATA IS MISSING.
T  INDICATES TRACE AMOUNT.




$$
