207
CDUS41 KGYX 132052
CLIPWM


CLIMATE REPORT
NATIONAL WEATHER SERVICE GRAY ME
452 PM EDT SUN AUG 13 2017


...................................

...THE PORTLAND ME CLIMATE SUMMARY FOR AUGUST 13 2017...
VALID TODAY AS OF 0400 PM LOCAL TIME.

CLIMATE NORMAL PERIOD 1981 TO 2010
CLIMATE RECORD PERIOD 1941 TO 2017


WEATHER ITEM   OBSERVED TIME   RECORD YEAR NORMAL DEPARTURE LAST
                VALUE   (LST)  VALUE       VALUE  FROM      YEAR
                                                  NORMAL
..................................................................
TEMPERATURE (F)
 TODAY
  MAXIMUM         86    159 PM  99    1947  78      8       68
  MINIMUM         64    523 AM  42    1941  59      5       62
  AVERAGE         75                        69      6       65

PRECIPITATION (IN)
  TODAY            0.01          6.43 2014   0.10  -0.09     0.20
  MONTH TO DATE    0.30                      1.36  -1.06     0.70
  SINCE JUN 1      3.97                      8.76  -4.79     6.82
  SINCE JAN 1     28.01                     27.96   0.05    22.33

SNOWFALL (IN)
  TODAY            0.0           0.0  2002   0.0    0.0      0.0
                                      2001
                                      2000
  MONTH TO DATE    0.0                       0.0    0.0      0.0
  SINCE JUN 1      0.0                       0.0    0.0      0.0
  SINCE JUL 1      0.0                       0.0    0.0      0.0
  SNOW DEPTH       0

DEGREE DAYS
 HEATING
  TODAY            0                         1     -1        0
  MONTH TO DATE    0                         4     -4        1
  SINCE JUN 1     98                       127    -29       80
  SINCE JUL 1     13                        21     -8       14

 COOLING
  TODAY           10                         4      6        0
  MONTH TO DATE   65                        60      5       90
  SINCE JUN 1    301                       261     40      338
  SINCE JAN 1    318                       268     50      354
..................................................................


WIND (MPH)
  HIGHEST WIND SPEED    22   HIGHEST WIND DIRECTION    NW (320)
  HIGHEST GUST SPEED    29   HIGHEST GUST DIRECTION    NW (310)
  AVERAGE WIND SPEED     9.0


SKY COVER
  POSSIBLE SUNSHINE  MM
  AVERAGE SKY COVER 0.3


WEATHER CONDITIONS
 THE FOLLOWING WEATHER WAS RECORDED TODAY.
  LIGHT RAIN


RELATIVE HUMIDITY (PERCENT)
 HIGHEST    93           300 AM
 LOWEST     34           200 PM
 AVERAGE    64

..........................................................


THE PORTLAND ME CLIMATE NORMALS FOR TOMORROW
                         NORMAL    RECORD    YEAR
 MAXIMUM TEMPERATURE (F)   78        96      1947
 MINIMUM TEMPERATURE (F)   59        40      1964


SUNRISE AND SUNSET
AUGUST 13 2017........SUNRISE   544 AM EDT   SUNSET   748 PM EDT
AUGUST 14 2017........SUNRISE   545 AM EDT   SUNSET   746 PM EDT


-  INDICATES NEGATIVE NUMBERS.
R  INDICATES RECORD WAS SET OR TIED.
MM INDICATES DATA IS MISSING.
T  INDICATES TRACE AMOUNT.




$$
