000
CDUS41 KGYX 120802
CLIPWM


CLIMATE REPORT
NATIONAL WEATHER SERVICE GRAY ME
402 AM EDT SAT APR 12 2014


...................................

...THE PORTLAND ME CLIMATE SUMMARY FOR APRIL 11 2014...

CLIMATE NORMAL PERIOD 1981 TO 2010
CLIMATE RECORD PERIOD 1941 TO 2014


WEATHER ITEM   OBSERVED TIME   RECORD YEAR NORMAL DEPARTURE LAST
                VALUE   (LST)  VALUE       VALUE  FROM      YEAR
                                                  NORMAL
..................................................................
TEMPERATURE (F)
 YESTERDAY
  MAXIMUM         69    309 PM  77    1947  52     17       53
  MINIMUM         42    324 AM  17    1948  33      9       40
  AVERAGE         56                        42     14       47

PRECIPITATION (IN)
  YESTERDAY        T             1.02 1983   0.15  -0.15     0.05
  MONTH TO DATE    1.49                      1.62  -0.13     1.33
  SINCE MAR 1      5.80                      5.86  -0.06     3.02
  SINCE JAN 1     14.12                     12.49   1.63    10.45

SNOWFALL (IN)
  YESTERDAY        0.0           2.7  1992   0.1   -0.1      0.0
  MONTH TO DATE    T                         1.7   -1.7       T
  SINCE MAR 1      3.7                      14.4  -10.7     13.2
  SINCE JUL 1     82.2                      60.8   21.4     97.8
  SNOW DEPTH       0

DEGREE DAYS
 HEATING
  YESTERDAY        9                        23    -14       18
  MONTH TO DATE  258                       268    -10      254
  SINCE MAR 1   1428                      1244    184     1182
  SINCE JUL 1   6667                      6286    381     5781

 COOLING
  YESTERDAY        0                         0      0        0
  MONTH TO DATE    0                         0      0        0
  SINCE MAR 1      0                         0      0        0
  SINCE JAN 1      0                         0      0        0
..................................................................


WIND (MPH)
  RESULTANT WIND SPEED   6   RESULTANT WIND DIRECTION  SW (230)
  HIGHEST WIND SPEED    23   HIGHEST WIND DIRECTION     W (280)
  HIGHEST GUST SPEED    31   HIGHEST GUST DIRECTION    NW (300)
  AVERAGE WIND SPEED     9.0


SKY COVER
  AVERAGE SKY COVER 0.7


WEATHER CONDITIONS
 THE FOLLOWING WEATHER WAS RECORDED YESTERDAY.
  NO SIGNIFICANT WEATHER WAS OBSERVED.


RELATIVE HUMIDITY (PERCENT)
 HIGHEST    76           300 AM
 LOWEST     20          1200 PM
 AVERAGE    48

..........................................................


THE PORTLAND ME CLIMATE NORMALS FOR TODAY
                         NORMAL    RECORD    YEAR
 MAXIMUM TEMPERATURE (F)   52        80      1945
 MINIMUM TEMPERATURE (F)   34        17      1976


SUNRISE AND SUNSET
APRIL 12 2014.........SUNRISE   604 AM EDT   SUNSET   721 PM EDT
APRIL 13 2014.........SUNRISE   602 AM EDT   SUNSET   722 PM EDT


-  INDICATES NEGATIVE NUMBERS.
R  INDICATES RECORD WAS SET OR TIED.
MM INDICATES DATA IS MISSING.
T  INDICATES TRACE AMOUNT.




$$
