000
CDUS41 KGYX 060801
CLIPWM


CLIMATE REPORT
NATIONAL WEATHER SERVICE GRAY ME
401 AM EDT SUN JUL 6 2014


...................................

...THE PORTLAND ME CLIMATE SUMMARY FOR JULY 5 2014...

CLIMATE NORMAL PERIOD 1981 TO 2010
CLIMATE RECORD PERIOD 1941 TO 2014


WEATHER ITEM   OBSERVED TIME   RECORD YEAR NORMAL DEPARTURE LAST
                VALUE   (LST)  VALUE       VALUE  FROM      YEAR
                                                  NORMAL
..................................................................
TEMPERATURE (F)
 YESTERDAY
  MAXIMUM         77    542 PM  94    1999  78     -1       93
  MINIMUM         59    740 AM  44    1961  59      0       73
  AVERAGE         68                        68      0       83

PRECIPITATION (IN)
  YESTERDAY        0.55          1.49 1984   0.11   0.44     0.00
  MONTH TO DATE    2.96                      0.54   2.42     1.33
  SINCE JUN 1      7.26                      4.33   2.93     8.65
  SINCE JAN 1     26.48                     23.53   2.95    24.45

SNOWFALL (IN)
  YESTERDAY        0.0           0.0  2002   0.0    0.0      0.0
                                      2001
                                      2000
  MONTH TO DATE    0.0                       0.0    0.0      0.0
  SINCE JUN 1      0.0                       0.0    0.0      0.0
  SINCE JUL 1      0.0                       0.0    0.0      0.0
  SNOW DEPTH       0

DEGREE DAYS
 HEATING
  YESTERDAY        0                         1     -1        0
  MONTH TO DATE    0                         5     -5        4
  SINCE JUN 1     77                       111    -34       85
  SINCE JUL 1      0                         5     -5        4

 COOLING
  YESTERDAY        3                         4     -1       18
  MONTH TO DATE   35                        20     15       36
  SINCE JUN 1     91                        77     14      119
  SINCE JAN 1     91                        84      7      134
..................................................................


WIND (MPH)
  RESULTANT WIND SPEED  12   RESULTANT WIND DIRECTION  NW (300)
  HIGHEST WIND SPEED    29   HIGHEST WIND DIRECTION    NW (310)
  HIGHEST GUST SPEED    43   HIGHEST GUST DIRECTION    NW (310)
  AVERAGE WIND SPEED    12.9


SKY COVER
  AVERAGE SKY COVER 0.8


WEATHER CONDITIONS
 THE FOLLOWING WEATHER WAS RECORDED YESTERDAY.
  RAIN
  LIGHT RAIN
  FOG


RELATIVE HUMIDITY (PERCENT)
 HIGHEST    97           300 AM
 LOWEST     35           200 PM
 AVERAGE    66

..........................................................


THE PORTLAND ME CLIMATE NORMALS FOR TODAY
                         NORMAL    RECORD    YEAR
 MAXIMUM TEMPERATURE (F)   78        95      2010
 MINIMUM TEMPERATURE (F)   59        41      1962


SUNRISE AND SUNSET
JULY  6 2014..........SUNRISE   507 AM EDT   SUNSET   825 PM EDT
JULY  7 2014..........SUNRISE   507 AM EDT   SUNSET   825 PM EDT


-  INDICATES NEGATIVE NUMBERS.
R  INDICATES RECORD WAS SET OR TIED.
MM INDICATES DATA IS MISSING.
T  INDICATES TRACE AMOUNT.




$$
