000
CDUS41 KGYX 260806
CLIPWM


CLIMATE REPORT
NATIONAL WEATHER SERVICE GRAY ME
406 AM EDT TUE AUG 26 2014


...................................

...THE PORTLAND ME CLIMATE SUMMARY FOR AUGUST 25 2014...

CLIMATE NORMAL PERIOD 1981 TO 2010
CLIMATE RECORD PERIOD 1941 TO 2014


WEATHER ITEM   OBSERVED TIME   RECORD YEAR NORMAL DEPARTURE LAST
                VALUE   (LST)  VALUE       VALUE  FROM      YEAR
                                                  NORMAL
..................................................................
TEMPERATURE (F)
 YESTERDAY
  MAXIMUM         85   1204 PM  93    1948  77      8       77
  MINIMUM         62    521 AM  41    1987  57      5       52
  AVERAGE         74                        67      7       65

PRECIPITATION (IN)
  YESTERDAY        0.00          2.64 2010   0.10  -0.10     0.00
  MONTH TO DATE    7.13                      2.55   4.58     1.46
  SINCE JUN 1     17.55                      9.95   7.60    12.14
  SINCE JAN 1     36.77                     29.15   7.62    27.94

SNOWFALL (IN)
  YESTERDAY        0.0           0.0  2002   0.0    0.0      0.0
                                      2001
                                      2000
  MONTH TO DATE    0.0                       0.0    0.0      0.0
  SINCE JUN 1      0.0                       0.0    0.0      0.0
  SINCE JUL 1      0.0                       0.0    0.0      0.0
  SNOW DEPTH       0

DEGREE DAYS
 HEATING
  YESTERDAY        0                         1     -1        0
  MONTH TO DATE   16                        16      0       11
  SINCE JUN 1     93                       139    -46       99
  SINCE JUL 1     16                        33    -17       18

 COOLING
  YESTERDAY        9                         3      6        0
  MONTH TO DATE   55                       104    -49       65
  SINCE JUN 1    270                       305    -35      365
  SINCE JAN 1    270                       312    -42      380
..................................................................


WIND (MPH)
  RESULTANT WIND SPEED   2   RESULTANT WIND DIRECTION  SW (230)
  HIGHEST WIND SPEED    13   HIGHEST WIND DIRECTION    SE (150)
  HIGHEST GUST SPEED    14   HIGHEST GUST DIRECTION    SE (150)
  AVERAGE WIND SPEED     4.9


SKY COVER
  AVERAGE SKY COVER 0.1


WEATHER CONDITIONS
 THE FOLLOWING WEATHER WAS RECORDED YESTERDAY.
  NO SIGNIFICANT WEATHER WAS OBSERVED.


RELATIVE HUMIDITY (PERCENT)
 HIGHEST    93           200 AM
 LOWEST     48          1200 PM
 AVERAGE    71

..........................................................


THE PORTLAND ME CLIMATE NORMALS FOR TODAY
                         NORMAL    RECORD    YEAR
 MAXIMUM TEMPERATURE (F)   76       100      1948
 MINIMUM TEMPERATURE (F)   57        41      1942


SUNRISE AND SUNSET
AUGUST 26 2014........SUNRISE   558 AM EDT   SUNSET   727 PM EDT
AUGUST 27 2014........SUNRISE   559 AM EDT   SUNSET   725 PM EDT


-  INDICATES NEGATIVE NUMBERS.
R  INDICATES RECORD WAS SET OR TIED.
MM INDICATES DATA IS MISSING.
T  INDICATES TRACE AMOUNT.




$$
