000
CDUS41 KGYX 162143
CLIPWM


CLIMATE REPORT
NATIONAL WEATHER SERVICE GRAY ME
443 PM EST FRI FEB 16 2018


...................................

...THE PORTLAND ME CLIMATE SUMMARY FOR FEBRUARY 16 2018...
VALID TODAY AS OF 0400 PM LOCAL TIME.

CLIMATE NORMAL PERIOD 1981 TO 2010
CLIMATE RECORD PERIOD 1941 TO 2018


WEATHER ITEM   OBSERVED TIME   RECORD YEAR NORMAL DEPARTURE LAST
                VALUE   (LST)  VALUE       VALUE  FROM      YEAR
                                                  NORMAL
..................................................................
TEMPERATURE (F)
 TODAY
  MAXIMUM         46    237 PM  51    1981  35     11       35
  MINIMUM         37    754 AM -39    1943  17     20       22
  AVERAGE         42                        26     16       29

PRECIPITATION (IN)
  TODAY            0.10          1.45 1993   0.12  -0.02     0.27
  MONTH TO DATE    3.08                      1.79   1.29     4.13
  SINCE DEC 1      9.83                      9.19   0.64    13.09
  SINCE JAN 1      6.37                      5.17   1.20     7.78

SNOWFALL (IN)
  TODAY            0.0           8.3  1980   0.4   -0.4      3.7
  MONTH TO DATE    8.3                       7.1    1.2     39.7
  SINCE DEC 1     48.5                      39.5    9.0     65.7
  SINCE JUL 1     48.6                      41.4    7.2     66.2
  SNOW DEPTH       1

DEGREE DAYS
 HEATING
  TODAY           23                        39    -16       36
  MONTH TO DATE  591                       654    -63      663
  SINCE DEC 1   3201                      3099    102     2881
  SINCE JUL 1   4366                      4590   -224     4133

 COOLING
  TODAY            0                         0      0        0
  MONTH TO DATE    0                         0      0        0
  SINCE DEC 1      0                         0      0        0
  SINCE JAN 1      0                         0      0        0
..................................................................


WIND (MPH)
  HIGHEST WIND SPEED    14   HIGHEST WIND DIRECTION     E (70)
  HIGHEST GUST SPEED    15   HIGHEST GUST DIRECTION     E (70)
  AVERAGE WIND SPEED     1.8


SKY COVER
  POSSIBLE SUNSHINE  MM
  AVERAGE SKY COVER 0.8


WEATHER CONDITIONS
 THE FOLLOWING WEATHER WAS RECORDED TODAY.
  LIGHT RAIN
  FOG
  FOG W/VISIBILITY <= 1/4 MILE


RELATIVE HUMIDITY (PERCENT)
 HIGHEST   100           100 AM
 LOWEST     83           300 PM
 AVERAGE    92

..........................................................


THE PORTLAND ME CLIMATE NORMALS FOR TOMORROW
                         NORMAL    RECORD    YEAR
 MAXIMUM TEMPERATURE (F)   35        58      1981
 MINIMUM TEMPERATURE (F)   17       -19      1943


SUNRISE AND SUNSET
FEBRUARY 16 2018......SUNRISE   638 AM EST   SUNSET   513 PM EST
FEBRUARY 17 2018......SUNRISE   637 AM EST   SUNSET   514 PM EST


-  INDICATES NEGATIVE NUMBERS.
R  INDICATES RECORD WAS SET OR TIED.
MM INDICATES DATA IS MISSING.
T  INDICATES TRACE AMOUNT.




$$
