000
CDUS41 KGYX 262050
CLIPWM


CLIMATE REPORT
NATIONAL WEATHER SERVICE GRAY ME
449 PM EDT TUE MAY 26 2015


...................................

...THE PORTLAND ME CLIMATE SUMMARY FOR MAY 26 2015...
VALID TODAY AS OF 0400 PM LOCAL TIME.

CLIMATE NORMAL PERIOD 1981 TO 2010
CLIMATE RECORD PERIOD 1941 TO 2015


WEATHER ITEM   OBSERVED TIME   RECORD YEAR NORMAL DEPARTURE LAST
                VALUE   (LST)  VALUE       VALUE  FROM      YEAR
                                                  NORMAL
..................................................................
TEMPERATURE (F)
 TODAY
  MAXIMUM         91R   259 PM  91    2010  67     24       77
  MINIMUM         58    558 AM  30    1949  47     11       51
  AVERAGE         75                        57     18       64

PRECIPITATION (IN)
  TODAY            0.03          1.74 1973   0.13  -0.10     0.03
  MONTH TO DATE    0.99                      3.37  -2.38     3.06
  SINCE MAR 1      7.81                     11.93  -4.12    10.09
  SINCE JAN 1     15.29                     18.56  -3.27    18.41

SNOWFALL (IN)
  TODAY            0.0           T    1967   0.0    0.0      0.0
  MONTH TO DATE    0.0                       0.1   -0.1       T
  SINCE MAR 1      5.3                      15.6  -10.3      4.9
  SINCE JUL 1     94.5                      62.0   32.5     83.4
  SNOW DEPTH       0

DEGREE DAYS
 HEATING
  TODAY            0                         9     -9        1
  MONTH TO DATE  203                       315   -112      243
  SINCE MAR 1   1875                      1921    -46     2055
  SINCE JUL 1   6929                      6963    -34     7294

 COOLING
  TODAY           10                         0     10        0
  MONTH TO DATE   20                         0     20        0
  SINCE MAR 1     20                         0     20        0
  SINCE JAN 1     20                         0     20        0
..................................................................


WIND (MPH)
  HIGHEST WIND SPEED    21   HIGHEST WIND DIRECTION     W (270)
  HIGHEST GUST SPEED    28   HIGHEST GUST DIRECTION     W (280)
  AVERAGE WIND SPEED     8.2


SKY COVER
  POSSIBLE SUNSHINE  MM
  AVERAGE SKY COVER 0.6


WEATHER CONDITIONS
 THE FOLLOWING WEATHER WAS RECORDED TODAY.
  LIGHT RAIN
  FOG


RELATIVE HUMIDITY (PERCENT)
 HIGHEST    90           200 AM
 LOWEST     36           300 PM
 AVERAGE    63

..........................................................


THE PORTLAND ME CLIMATE NORMALS FOR TOMORROW
                         NORMAL    RECORD    YEAR
 MAXIMUM TEMPERATURE (F)   67        85      2008
                                             1959
 MINIMUM TEMPERATURE (F)   48        32      1969


SUNRISE AND SUNSET
MAY 26 2015...........SUNRISE   507 AM EDT   SUNSET   811 PM EDT
MAY 27 2015...........SUNRISE   506 AM EDT   SUNSET   811 PM EDT


-  INDICATES NEGATIVE NUMBERS.
R  INDICATES RECORD WAS SET OR TIED.
MM INDICATES DATA IS MISSING.
T  INDICATES TRACE AMOUNT.




$$
