000
CDUS41 KGYX 290801
CLIPWM


CLIMATE REPORT
NATIONAL WEATHER SERVICE GRAY ME
401 AM EDT MON SEP 29 2014


...................................

...THE PORTLAND ME CLIMATE SUMMARY FOR SEPTEMBER 28 2014...

CLIMATE NORMAL PERIOD 1981 TO 2010
CLIMATE RECORD PERIOD 1941 TO 2014


WEATHER ITEM   OBSERVED TIME   RECORD YEAR NORMAL DEPARTURE LAST
                VALUE   (LST)  VALUE       VALUE  FROM      YEAR
                                                  NORMAL
..................................................................
TEMPERATURE (F)
 YESTERDAY
  MAXIMUM         80    105 PM  82    1948  65     15       71
  MINIMUM         52    551 AM  26    1965  45      7       46
  AVERAGE         66                        55     11       59

PRECIPITATION (IN)
  YESTERDAY        0.00          1.50 1909   0.15  -0.15     0.00
  MONTH TO DATE    0.87                      3.39  -2.52     6.72
  SINCE SEP 1      0.87                      3.39  -2.52     6.72
  SINCE JAN 1     39.07                     33.13   5.94    34.94

SNOWFALL (IN)
  YESTERDAY        0.0           T    1914   0.0    0.0      0.0
                                      1928
  MONTH TO DATE    0.0                       0.0    0.0      0.0
  SINCE SEP 1      0.0                       0.0    0.0      0.0
  SINCE JUL 1      0.0                       0.0    0.0      0.0
  SNOW DEPTH       0

DEGREE DAYS
 HEATING
  YESTERDAY        0                        10    -10        6
  MONTH TO DATE  175                       154     21      161
  SINCE SEP 1    175                       154     21      161
  SINCE JUL 1    199                       199      0      179

 COOLING
  YESTERDAY        1                         0      1        0
  MONTH TO DATE   45                        27     18       37
  SINCE SEP 1     45                        27     18       37
  SINCE JAN 1    343                       355    -12      454
..................................................................


WIND (MPH)
  RESULTANT WIND SPEED   2   RESULTANT WIND DIRECTION   S (190)
  HIGHEST WIND SPEED    12   HIGHEST WIND DIRECTION     S (180)
  HIGHEST GUST SPEED    15   HIGHEST GUST DIRECTION     S (170)
  AVERAGE WIND SPEED     2.7


SKY COVER
  AVERAGE SKY COVER 0.0


WEATHER CONDITIONS
 THE FOLLOWING WEATHER WAS RECORDED YESTERDAY.
  FOG


RELATIVE HUMIDITY (PERCENT)
 HIGHEST    97          1100 PM
 LOWEST     58          1200 PM
 AVERAGE    78

..........................................................


THE PORTLAND ME CLIMATE NORMALS FOR TODAY
                         NORMAL    RECORD    YEAR
 MAXIMUM TEMPERATURE (F)   65        85      1945
 MINIMUM TEMPERATURE (F)   45        27      1957


SUNRISE AND SUNSET
SEPTEMBER 29 2014.....SUNRISE   636 AM EDT   SUNSET   626 PM EDT
SEPTEMBER 30 2014.....SUNRISE   638 AM EDT   SUNSET   624 PM EDT


-  INDICATES NEGATIVE NUMBERS.
R  INDICATES RECORD WAS SET OR TIED.
MM INDICATES DATA IS MISSING.
T  INDICATES TRACE AMOUNT.




$$
