000
CDUS41 KGYX 230711
CLIPWM


CLIMATE REPORT
NATIONAL WEATHER SERVICE GRAY ME
310 AM EDT TUE AUG 23 2016


...................................

...THE PORTLAND ME CLIMATE SUMMARY FOR AUGUST 22 2016...

CLIMATE NORMAL PERIOD 1981 TO 2010
CLIMATE RECORD PERIOD 1941 TO 2016


WEATHER ITEM   OBSERVED TIME   RECORD YEAR NORMAL DEPARTURE LAST
                VALUE   (LST)  VALUE       VALUE  FROM      YEAR
                                                  NORMAL
..................................................................
TEMPERATURE (F)
 YESTERDAY
  MAXIMUM         78    107 PM  91    2003  77      1       78
                                      1955
  MINIMUM         57   1159 PM  40    1982  58     -1       64
  AVERAGE         68                        67      1       71

PRECIPITATION (IN)
  YESTERDAY        0.69          1.85 1885   0.10   0.59     0.00
  MONTH TO DATE    1.85                      2.25  -0.40     2.09
  SINCE JUN 1      7.97                      9.65  -1.68     9.75
  SINCE JAN 1     23.48                     28.85  -5.37    26.36

SNOWFALL (IN)
  YESTERDAY        0.0           0.0  2002   0.0    0.0      0.0
                                      2001
                                      2000
  MONTH TO DATE    0.0                       0.0    0.0      0.0
  SINCE JUN 1      0.0                       0.0    0.0      0.0
  SINCE JUL 1      0.0                       0.0    0.0      0.0
  SNOW DEPTH       0

DEGREE DAYS
 HEATING
  YESTERDAY        0                         1     -1        0
  MONTH TO DATE    1                        13    -12        0
  SINCE JUN 1     80                       136    -56      154
  SINCE JUL 1     14                        30    -16       10

 COOLING
  YESTERDAY        3                         3      0        6
  MONTH TO DATE  160                        95     65      124
  SINCE JUN 1    408                       296    112      310
  SINCE JAN 1    424                       303    121      350
..................................................................


WIND (MPH)
  RESULTANT WIND SPEED   6   RESULTANT WIND DIRECTION  NW (320)
  HIGHEST WIND SPEED    21   HIGHEST WIND DIRECTION     N (350)
  HIGHEST GUST SPEED    27   HIGHEST GUST DIRECTION     N (350)
  AVERAGE WIND SPEED     9.6


SKY COVER
  AVERAGE SKY COVER 0.5


WEATHER CONDITIONS
 THE FOLLOWING WEATHER WAS RECORDED YESTERDAY.
  HEAVY RAIN
  RAIN
  LIGHT RAIN
  FOG


RELATIVE HUMIDITY (PERCENT)
 HIGHEST   100           100 AM
 LOWEST     44           400 PM
 AVERAGE    72

..........................................................


THE PORTLAND ME CLIMATE NORMALS FOR TODAY
                         NORMAL    RECORD    YEAR
 MAXIMUM TEMPERATURE (F)   77        94      1947
 MINIMUM TEMPERATURE (F)   57        39      1957


SUNRISE AND SUNSET
AUGUST 23 2016........SUNRISE   555 AM EDT   SUNSET   731 PM EDT
AUGUST 24 2016........SUNRISE   556 AM EDT   SUNSET   730 PM EDT


-  INDICATES NEGATIVE NUMBERS.
R  INDICATES RECORD WAS SET OR TIED.
MM INDICATES DATA IS MISSING.
T  INDICATES TRACE AMOUNT.




$$
