000
CDUS41 KGYX 202042
CLIPWM


CLIMATE REPORT
NATIONAL WEATHER SERVICE GRAY ME
442 PM EDT SAT AUG 20 2016


...................................

...THE PORTLAND ME CLIMATE SUMMARY FOR AUGUST 20 2016...
VALID TODAY AS OF 0400 PM LOCAL TIME.

CLIMATE NORMAL PERIOD 1981 TO 2010
CLIMATE RECORD PERIOD 1941 TO 2016


WEATHER ITEM   OBSERVED TIME   RECORD YEAR NORMAL DEPARTURE LAST
                VALUE   (LST)  VALUE       VALUE  FROM      YEAR
                                                  NORMAL
..................................................................
TEMPERATURE (F)
 TODAY
  MAXIMUM         78    252 PM  91    1983  77      1       75
  MINIMUM         59    504 AM  41    1964  58      1       67
  AVERAGE         69                        68      1       71

PRECIPITATION (IN)
  TODAY            0.00          1.01 1904   0.09  -0.09     0.01
  MONTH TO DATE    1.15                      2.05  -0.90     1.50
  SINCE JUN 1      7.27                      9.45  -2.18     9.16
  SINCE JAN 1     22.78                     28.65  -5.87    25.77

SNOWFALL (IN)
  TODAY            0.0           0.0  2002   0.0    0.0      0.0
                                      2001
                                      2000
  MONTH TO DATE    0.0                       0.0    0.0      0.0
  SINCE JUN 1      0.0                       0.0    0.0      0.0
  SINCE JUL 1      0.0                       0.0    0.0      0.0
  SNOW DEPTH       0

DEGREE DAYS
 HEATING
  TODAY            0                         1     -1        0
  MONTH TO DATE    1                        11    -10        0
  SINCE JUN 1     80                       134    -54      154
  SINCE JUL 1     14                        28    -14       10

 COOLING
  TODAY            4                         4      0        6
  MONTH TO DATE  152                        88     64      113
  SINCE JUN 1    400                       289    111      299
  SINCE JAN 1    416                       296    120      339
..................................................................


WIND (MPH)
  HIGHEST WIND SPEED    17   HIGHEST WIND DIRECTION    SE (150)
  HIGHEST GUST SPEED    20   HIGHEST GUST DIRECTION     S (160)
  AVERAGE WIND SPEED     5.6


SKY COVER
  POSSIBLE SUNSHINE  MM
  AVERAGE SKY COVER 0.3


WEATHER CONDITIONS
 THE FOLLOWING WEATHER WAS RECORDED TODAY.
  NO SIGNIFICANT WEATHER WAS OBSERVED.


RELATIVE HUMIDITY (PERCENT)
 HIGHEST    90           400 AM
 LOWEST     52           300 PM
 AVERAGE    71

..........................................................


THE PORTLAND ME CLIMATE NORMALS FOR TOMORROW
                         NORMAL    RECORD    YEAR
 MAXIMUM TEMPERATURE (F)   77        95      1945
 MINIMUM TEMPERATURE (F)   58        42      1977


SUNRISE AND SUNSET
AUGUST 20 2016........SUNRISE   552 AM EDT   SUNSET   736 PM EDT
AUGUST 21 2016........SUNRISE   553 AM EDT   SUNSET   735 PM EDT


-  INDICATES NEGATIVE NUMBERS.
R  INDICATES RECORD WAS SET OR TIED.
MM INDICATES DATA IS MISSING.
T  INDICATES TRACE AMOUNT.




$$
