000
CDUS41 KGYX 160816
CLIPWM


CLIMATE REPORT
NATIONAL WEATHER SERVICE GRAY ME
416 AM EDT WED APR 16 2014


...................................

...THE PORTLAND ME CLIMATE SUMMARY FOR APRIL 15 2014...

CLIMATE NORMAL PERIOD 1981 TO 2010
CLIMATE RECORD PERIOD 1941 TO 2014


WEATHER ITEM   OBSERVED TIME   RECORD YEAR NORMAL DEPARTURE LAST
                VALUE   (LST)  VALUE       VALUE  FROM      YEAR
                                                  NORMAL
..................................................................
TEMPERATURE (F)
 YESTERDAY
  MAXIMUM         55   1211 PM  83    2003  53      2       51
  MINIMUM         41   1159 PM  20    1957  35      6       31
  AVERAGE         48                        44      4       41

PRECIPITATION (IN)
  YESTERDAY        0.25          1.55 1895   0.15   0.10     0.00
  MONTH TO DATE    1.92                      2.21  -0.29     1.85
  SINCE MAR 1      6.23                      6.45  -0.22     3.54
  SINCE JAN 1     14.55                     13.08   1.47    10.97

SNOWFALL (IN)
  YESTERDAY        0.0           2.5  1893   0.1   -0.1      0.0
  MONTH TO DATE    T                         2.2   -2.2      0.2
  SINCE MAR 1      3.7                      14.9  -11.2     13.4
  SINCE JUL 1     82.2                      61.3   20.9     98.0
  SNOW DEPTH       0

DEGREE DAYS
 HEATING
  YESTERDAY       17                        21     -4       24
  MONTH TO DATE  319                       354    -35      350
  SINCE MAR 1   1489                      1330    159     1278
  SINCE JUL 1   6728                      6372    356     5877

 COOLING
  YESTERDAY        0                         0      0        0
  MONTH TO DATE    0                         0      0        0
  SINCE MAR 1      0                         0      0        0
  SINCE JAN 1      0                         0      0        0
..................................................................


WIND (MPH)
  RESULTANT WIND SPEED  12   RESULTANT WIND DIRECTION   S (180)
  HIGHEST WIND SPEED    23   HIGHEST WIND DIRECTION     S (180)
  HIGHEST GUST SPEED    34   HIGHEST GUST DIRECTION     S (190)
  AVERAGE WIND SPEED    14.9


SKY COVER
  AVERAGE SKY COVER 0.9


WEATHER CONDITIONS
 THE FOLLOWING WEATHER WAS RECORDED YESTERDAY.
  RAIN
  LIGHT RAIN
  FOG


RELATIVE HUMIDITY (PERCENT)
 HIGHEST    96           500 AM
 LOWEST     83          1200 PM
 AVERAGE    90

..........................................................


THE PORTLAND ME CLIMATE NORMALS FOR TODAY
                         NORMAL    RECORD    YEAR
 MAXIMUM TEMPERATURE (F)   54        78      1976
 MINIMUM TEMPERATURE (F)   35        19      1943


SUNRISE AND SUNSET
APRIL 16 2014.........SUNRISE   557 AM EDT   SUNSET   726 PM EDT
APRIL 17 2014.........SUNRISE   555 AM EDT   SUNSET   727 PM EDT


-  INDICATES NEGATIVE NUMBERS.
R  INDICATES RECORD WAS SET OR TIED.
MM INDICATES DATA IS MISSING.
T  INDICATES TRACE AMOUNT.




$$
