000
CDUS41 KGYX 172042
CLIPWM


CLIMATE REPORT
NATIONAL WEATHER SERVICE GRAY ME
442 PM EDT SAT SEP 17 2016


...................................

...THE PORTLAND ME CLIMATE SUMMARY FOR SEPTEMBER 17 2016...
VALID TODAY AS OF 0400 PM LOCAL TIME.

CLIMATE NORMAL PERIOD 1981 TO 2010
CLIMATE RECORD PERIOD 1941 TO 2016


WEATHER ITEM   OBSERVED TIME   RECORD YEAR NORMAL DEPARTURE LAST
                VALUE   (LST)  VALUE       VALUE  FROM      YEAR
                                                  NORMAL
..................................................................
TEMPERATURE (F)
 TODAY
  MAXIMUM         70    235 PM  88    1941  70      0       82
  MINIMUM         53    607 AM  30    1948  50      3       59
  AVERAGE         62                        60      2       71

PRECIPITATION (IN)
  TODAY            0.00          1.90 1875   0.13  -0.13     0.00
  MONTH TO DATE    0.23                      1.93  -1.70     1.15
  SINCE SEP 1      0.23                      1.93  -1.70     1.15
  SINCE JAN 1     23.76                     31.67  -7.91    27.91

SNOWFALL (IN)
  TODAY            0.0           0.0  2002   0.0    0.0      0.0
                                      2001
                                      2000
  MONTH TO DATE    0.0                       0.0    0.0      0.0
  SINCE SEP 1      0.0                       0.0    0.0      0.0
  SINCE JUL 1      0.0                       0.0    0.0      0.0
  SNOW DEPTH       0

DEGREE DAYS
 HEATING
  TODAY            3                         6     -3        0
  MONTH TO DATE   27                        65    -38        9
  SINCE SEP 1     27                        65    -38        9
  SINCE JUL 1     41                       110    -69       19

 COOLING
  TODAY            0                         1     -1        6
  MONTH TO DATE   45                        24     21       86
  SINCE SEP 1     45                        24     21       86
  SINCE JAN 1    530                       352    178      481
..................................................................


WIND (MPH)
  HIGHEST WIND SPEED    18   HIGHEST WIND DIRECTION     S (170)
  HIGHEST GUST SPEED    26   HIGHEST GUST DIRECTION     S (170)
  AVERAGE WIND SPEED     8.1


SKY COVER
  POSSIBLE SUNSHINE  MM
  AVERAGE SKY COVER 0.4


WEATHER CONDITIONS
 THE FOLLOWING WEATHER WAS RECORDED TODAY.
  NO SIGNIFICANT WEATHER WAS OBSERVED.


RELATIVE HUMIDITY (PERCENT)
 HIGHEST    93           400 AM
 LOWEST     47          1200 PM
 AVERAGE    70

..........................................................


THE PORTLAND ME CLIMATE NORMALS FOR TOMORROW
                         NORMAL    RECORD    YEAR
 MAXIMUM TEMPERATURE (F)   69        90      1955
 MINIMUM TEMPERATURE (F)   50        32      1961


SUNRISE AND SUNSET
SEPTEMBER 17 2016.....SUNRISE   623 AM EDT   SUNSET   647 PM EDT
SEPTEMBER 18 2016.....SUNRISE   624 AM EDT   SUNSET   645 PM EDT


-  INDICATES NEGATIVE NUMBERS.
R  INDICATES RECORD WAS SET OR TIED.
MM INDICATES DATA IS MISSING.
T  INDICATES TRACE AMOUNT.




$$
