000
CDUS41 KGYX 130913
CLIPWM


CLIMATE REPORT
NATIONAL WEATHER SERVICE GRAY ME
413 AM EST MON NOV 13 2017


...................................

...THE PORTLAND ME CLIMATE SUMMARY FOR NOVEMBER 12 2017...

CLIMATE NORMAL PERIOD 1981 TO 2010
CLIMATE RECORD PERIOD 1941 TO 2017


WEATHER ITEM   OBSERVED TIME   RECORD YEAR NORMAL DEPARTURE LAST
                VALUE   (LST)  VALUE       VALUE  FROM      YEAR
                                                  NORMAL
..................................................................
TEMPERATURE (F)
 YESTERDAY
  MAXIMUM         42    146 PM  65    1982  49     -7       47
  MINIMUM         24   1151 PM  16    1976  32     -8       27
  AVERAGE         33                        41     -8       37

PRECIPITATION (IN)
  YESTERDAY        0.00          2.57 1947   0.16  -0.16      T
  MONTH TO DATE    0.38                      2.01  -1.63     0.80
  SINCE SEP 1      7.75                     10.57  -2.82    10.02
  SINCE JAN 1     38.45                     40.31  -1.86    33.55

SNOWFALL (IN)
  YESTERDAY        0.0           6.3  1968   0.0    0.0      0.0
  MONTH TO DATE    T                         0.3   -0.3      0.0
  SINCE SEP 1      T                         0.3   -0.3      0.0
  SINCE JUL 1      T                         0.3   -0.3      0.0
  SNOW DEPTH       0

DEGREE DAYS
 HEATING
  YESTERDAY       32                        24      8       28
  MONTH TO DATE  272                       272      0      264
  SINCE SEP 1    611                       951   -340      806
  SINCE JUL 1    644                       996   -352      820

 COOLING
  YESTERDAY        0                         0      0        0
  MONTH TO DATE    0                         0      0        0
  SINCE SEP 1     69                        31     38       68
  SINCE JAN 1    433                       359     74      553
..................................................................


WIND (MPH)
  RESULTANT WIND SPEED   3   RESULTANT WIND DIRECTION  SE (130)
  HIGHEST WIND SPEED    12   HIGHEST WIND DIRECTION    SE (150)
  HIGHEST GUST SPEED    20   HIGHEST GUST DIRECTION    SE (140)
  AVERAGE WIND SPEED     4.3


SKY COVER
  AVERAGE SKY COVER 0.4


WEATHER CONDITIONS
 THE FOLLOWING WEATHER WAS RECORDED YESTERDAY.
  NO SIGNIFICANT WEATHER WAS OBSERVED.


RELATIVE HUMIDITY (PERCENT)
 HIGHEST    85           800 PM
 LOWEST     33          1200 PM
 AVERAGE    59

..........................................................


THE PORTLAND ME CLIMATE NORMALS FOR TODAY
                         NORMAL    RECORD    YEAR
 MAXIMUM TEMPERATURE (F)   49        67      1964
 MINIMUM TEMPERATURE (F)   32        11      1941


SUNRISE AND SUNSET
NOVEMBER 13 2017......SUNRISE   633 AM EST   SUNSET   418 PM EST
NOVEMBER 14 2017......SUNRISE   634 AM EST   SUNSET   417 PM EST


-  INDICATES NEGATIVE NUMBERS.
R  INDICATES RECORD WAS SET OR TIED.
MM INDICATES DATA IS MISSING.
T  INDICATES TRACE AMOUNT.




$$
