000
CDUS41 KGYX 152147
CLIPWM


CLIMATE REPORT
NATIONAL WEATHER SERVICE GRAY ME
446 PM EST WED FEB 15 2017


...................................

...THE PORTLAND ME CLIMATE SUMMARY FOR FEBRUARY 15 2017...
VALID TODAY AS OF 0400 PM LOCAL TIME.

CLIMATE NORMAL PERIOD 1981 TO 2010
CLIMATE RECORD PERIOD 1941 TO 2017


WEATHER ITEM   OBSERVED TIME   RECORD YEAR NORMAL DEPARTURE LAST
                VALUE   (LST)  VALUE       VALUE  FROM      YEAR
                                                  NORMAL
..................................................................
TEMPERATURE (F)
 TODAY
  MAXIMUM         39    232 PM  51    1967  35      4       22
  MINIMUM         16    647 AM -31    1943  16      0      -10
  AVERAGE         28                        26      2        6

PRECIPITATION (IN)
  TODAY            0.11          1.80 1953   0.12  -0.01     0.14
  MONTH TO DATE    3.05                      1.67   1.38     1.87
  SINCE DEC 1     12.01                      9.07   2.94    10.58
  SINCE JAN 1      6.70                      5.05   1.65     5.24

SNOWFALL (IN)
  TODAY            T            12.2  1950   0.4   -0.4      1.9
  MONTH TO DATE   34.5                       6.7   27.8     17.6
  SINCE DEC 1     60.5                      39.1   21.4     38.1
  SINCE JUL 1     61.0                      41.0   20.0     38.1
  SNOW DEPTH      16

DEGREE DAYS
 HEATING
  TODAY           37                        40     -3       59
  MONTH TO DATE  627                       615     12      610
  SINCE DEC 1   2845                      3060   -215     2611
  SINCE JUL 1   4097                      4551   -454     3857

 COOLING
  TODAY            0                         0      0        0
  MONTH TO DATE    0                         0      0        0
  SINCE DEC 1      0                         0      0        0
  SINCE JAN 1      0                         0      0        0
..................................................................


WIND (MPH)
  HIGHEST WIND SPEED    16   HIGHEST WIND DIRECTION    SE (150)
  HIGHEST GUST SPEED    21   HIGHEST GUST DIRECTION    SE (120)
  AVERAGE WIND SPEED     4.0


SKY COVER
  POSSIBLE SUNSHINE  MM
  AVERAGE SKY COVER 0.9


WEATHER CONDITIONS
 THE FOLLOWING WEATHER WAS RECORDED TODAY.
  LIGHT RAIN
  FOG


RELATIVE HUMIDITY (PERCENT)
 HIGHEST    92           200 PM
 LOWEST     72          1200 PM
 AVERAGE    82

..........................................................


THE PORTLAND ME CLIMATE NORMALS FOR TOMORROW
                         NORMAL    RECORD    YEAR
 MAXIMUM TEMPERATURE (F)   35        51      1981
 MINIMUM TEMPERATURE (F)   17       -39      1943


SUNRISE AND SUNSET
FEBRUARY 15 2017......SUNRISE   639 AM EST   SUNSET   512 PM EST
FEBRUARY 16 2017......SUNRISE   638 AM EST   SUNSET   513 PM EST


-  INDICATES NEGATIVE NUMBERS.
R  INDICATES RECORD WAS SET OR TIED.
MM INDICATES DATA IS MISSING.
T  INDICATES TRACE AMOUNT.




$$
