000
CDUS41 KGYX 260914
CLIPWM


CLIMATE REPORT
NATIONAL WEATHER SERVICE GRAY ME
414 AM EST MON JAN 26 2015


...................................

...THE PORTLAND ME CLIMATE SUMMARY FOR JANUARY 25 2015...

CLIMATE NORMAL PERIOD 1981 TO 2010
CLIMATE RECORD PERIOD 1941 TO 2015


WEATHER ITEM   OBSERVED TIME   RECORD YEAR NORMAL DEPARTURE LAST
                VALUE   (LST)  VALUE       VALUE  FROM      YEAR
                                                  NORMAL
..................................................................
TEMPERATURE (F)
 YESTERDAY
  MAXIMUM         37    957 AM  51    1947  31      6       35
  MINIMUM         11   1159 PM -14    1945  13     -2       13
  AVERAGE         24                        22      2       24

PRECIPITATION (IN)
  YESTERDAY        T             1.82 1915   0.10  -0.10     0.02
  MONTH TO DATE    1.53                      2.75  -1.22     4.02
  SINCE DEC 1      7.80                      6.77   1.03     8.46
  SINCE JAN 1      1.53                      2.75  -1.22     4.02

SNOWFALL (IN)
  YESTERDAY        T             8.2  1915   0.6   -0.6      0.2
  MONTH TO DATE    7.8                      15.8   -8.0     17.6
  SINCE DEC 1     11.4                      29.0  -17.6     43.8
  SINCE JUL 1     21.7                      30.9   -9.2     44.3
  SNOW DEPTH       5

DEGREE DAYS
 HEATING
  YESTERDAY       41                        43     -2       41
  MONTH TO DATE 1064                      1065     -1     1077
  SINCE DEC 1   2025                      2186   -161     2328
  SINCE JUL 1   3336                      3677   -341     3779

 COOLING
  YESTERDAY        0                         0      0        0
  MONTH TO DATE    0                         0      0        0
  SINCE DEC 1      0                         0      0        0
  SINCE JAN 1      0                         0      0        0
..................................................................


WIND (MPH)
  RESULTANT WIND SPEED  11   RESULTANT WIND DIRECTION   W (290)
  HIGHEST WIND SPEED    23   HIGHEST WIND DIRECTION     W (290)
  HIGHEST GUST SPEED    29   HIGHEST GUST DIRECTION    NW (330)
  AVERAGE WIND SPEED    12.3


SKY COVER
  AVERAGE SKY COVER 0.3


WEATHER CONDITIONS
 THE FOLLOWING WEATHER WAS RECORDED YESTERDAY.
  NO SIGNIFICANT WEATHER WAS OBSERVED.


RELATIVE HUMIDITY (PERCENT)
 HIGHEST    78          1200 AM
 LOWEST     34           400 PM
 AVERAGE    56

..........................................................


THE PORTLAND ME CLIMATE NORMALS FOR TODAY
                         NORMAL    RECORD    YEAR
 MAXIMUM TEMPERATURE (F)   31        64      1950
 MINIMUM TEMPERATURE (F)   13       -18      1945


SUNRISE AND SUNSET
JANUARY 26 2015.......SUNRISE   704 AM EST   SUNSET   444 PM EST
JANUARY 27 2015.......SUNRISE   703 AM EST   SUNSET   445 PM EST


-  INDICATES NEGATIVE NUMBERS.
R  INDICATES RECORD WAS SET OR TIED.
MM INDICATES DATA IS MISSING.
T  INDICATES TRACE AMOUNT.




$$
