000
CDUS41 KGYX 240903
CLIPWM


CLIMATE REPORT
NATIONAL WEATHER SERVICE GRAY ME
403 AM EST MON NOV 24 2014


...................................

...THE PORTLAND ME CLIMATE SUMMARY FOR NOVEMBER 23 2014...

CLIMATE NORMAL PERIOD 1981 TO 2010
CLIMATE RECORD PERIOD 1941 TO 2014


WEATHER ITEM   OBSERVED TIME   RECORD YEAR NORMAL DEPARTURE LAST
                VALUE   (LST)  VALUE       VALUE  FROM      YEAR
                                                  NORMAL
..................................................................
TEMPERATURE (F)
 YESTERDAY
  MAXIMUM         59    200 PM  70    1999  45     14       43
  MINIMUM         39    741 AM   7    1978  29     10       27
  AVERAGE         49                        37     12       35

PRECIPITATION (IN)
  YESTERDAY        0.00          2.08 1874   0.16  -0.16      T
  MONTH TO DATE    1.85                      3.85  -2.00     0.82
  SINCE SEP 1      9.29                     12.41  -3.12     8.62
  SINCE JAN 1     47.49                     42.15   5.34    36.84

SNOWFALL (IN)
  YESTERDAY        0.0           8.2  1943   0.1   -0.1       T
  MONTH TO DATE    1.7                       1.0    0.7       T
  SINCE SEP 1      1.7                       1.0    0.7       T
  SINCE JUL 1      1.7                       1.0    0.7       T
  SNOW DEPTH       0

DEGREE DAYS
 HEATING
  YESTERDAY       16                        28    -12       30
  MONTH TO DATE  585                       562     23      561
  SINCE SEP 1   1095                      1241   -146     1175
  SINCE JUL 1   1119                      1286   -167     1193

 COOLING
  YESTERDAY        0                         0      0        0
  MONTH TO DATE    0                         0      0        0
  SINCE SEP 1     53                        31     22       37
  SINCE JAN 1    351                       359     -8      454
..................................................................


WIND (MPH)
  RESULTANT WIND SPEED   6   RESULTANT WIND DIRECTION  SW (230)
  HIGHEST WIND SPEED    16   HIGHEST WIND DIRECTION    SW (220)
  HIGHEST GUST SPEED    22   HIGHEST GUST DIRECTION    SW (210)
  AVERAGE WIND SPEED     6.2


SKY COVER
  AVERAGE SKY COVER 0.6


WEATHER CONDITIONS
 THE FOLLOWING WEATHER WAS RECORDED YESTERDAY.
  NO SIGNIFICANT WEATHER WAS OBSERVED.


RELATIVE HUMIDITY (PERCENT)
 HIGHEST    89           800 PM
 LOWEST     34          1200 AM
 AVERAGE    62

..........................................................


THE PORTLAND ME CLIMATE NORMALS FOR TODAY
                         NORMAL    RECORD    YEAR
 MAXIMUM TEMPERATURE (F)   45        60      1999
 MINIMUM TEMPERATURE (F)   29         3      1989


SUNRISE AND SUNSET
NOVEMBER 24 2014......SUNRISE   647 AM EST   SUNSET   409 PM EST
NOVEMBER 25 2014......SUNRISE   648 AM EST   SUNSET   408 PM EST


-  INDICATES NEGATIVE NUMBERS.
R  INDICATES RECORD WAS SET OR TIED.
MM INDICATES DATA IS MISSING.
T  INDICATES TRACE AMOUNT.




$$
