000
CDUS41 KGYX 140803
CLIPWM


CLIMATE REPORT
NATIONAL WEATHER SERVICE GRAY ME
403 AM EDT SUN SEP 14 2014


...................................

...THE PORTLAND ME CLIMATE SUMMARY FOR SEPTEMBER 13 2014...

CLIMATE NORMAL PERIOD 1981 TO 2010
CLIMATE RECORD PERIOD 1941 TO 2014


WEATHER ITEM   OBSERVED TIME   RECORD YEAR NORMAL DEPARTURE LAST
                VALUE   (LST)  VALUE       VALUE  FROM      YEAR
                                                  NORMAL
..................................................................
TEMPERATURE (F)
 YESTERDAY
  MAXIMUM         61   1142 AM  86    1957  71    -10       72
  MINIMUM         43    418 AM  34    1954  52     -9       57
  AVERAGE         52                        61     -9       65

PRECIPITATION (IN)
  YESTERDAY        0.09          2.82 1920   0.12  -0.03     1.68
  MONTH TO DATE    0.44                      1.42  -0.98     6.37
  SINCE SEP 1      0.44                      1.42  -0.98     6.37
  SINCE JAN 1     38.64                     31.16   7.48    34.59

SNOWFALL (IN)
  YESTERDAY        0.0           0.0  2002   0.0    0.0      0.0
                                      2001
                                      2000
  MONTH TO DATE    0.0                       0.0    0.0      0.0
  SINCE SEP 1      0.0                       0.0    0.0      0.0
  SINCE JUL 1      0.0                       0.0    0.0      0.0
  SNOW DEPTH       0

DEGREE DAYS
 HEATING
  YESTERDAY       13                         5      8        0
  MONTH TO DATE   40                        43     -3       40
  SINCE SEP 1     40                        43     -3       40
  SINCE JUL 1     64                        88    -24       58

 COOLING
  YESTERDAY        0                         1     -1        0
  MONTH TO DATE   42                        20     22       37
  SINCE SEP 1     42                        20     22       37
  SINCE JAN 1    340                       348     -8      454
..................................................................


WIND (MPH)
  RESULTANT WIND SPEED   5   RESULTANT WIND DIRECTION  NE (50)
  HIGHEST WIND SPEED    15   HIGHEST WIND DIRECTION     E (90)
  HIGHEST GUST SPEED    29   HIGHEST GUST DIRECTION    SE (120)
  AVERAGE WIND SPEED     7.2


SKY COVER
  AVERAGE SKY COVER 0.7


WEATHER CONDITIONS
 THE FOLLOWING WEATHER WAS RECORDED YESTERDAY.
  LIGHT RAIN
  FOG


RELATIVE HUMIDITY (PERCENT)
 HIGHEST    93           800 PM
 LOWEST     62          1000 AM
 AVERAGE    78

..........................................................


THE PORTLAND ME CLIMATE NORMALS FOR TODAY
                         NORMAL    RECORD    YEAR
 MAXIMUM TEMPERATURE (F)   71        88      1993
 MINIMUM TEMPERATURE (F)   51        28      1963


SUNRISE AND SUNSET
SEPTEMBER 14 2014.....SUNRISE   619 AM EDT   SUNSET   653 PM EDT
SEPTEMBER 15 2014.....SUNRISE   620 AM EDT   SUNSET   652 PM EDT


-  INDICATES NEGATIVE NUMBERS.
R  INDICATES RECORD WAS SET OR TIED.
MM INDICATES DATA IS MISSING.
T  INDICATES TRACE AMOUNT.




$$
