000
CDUS41 KGYX 170815
CLIPWM


CLIMATE REPORT
NATIONAL WEATHER SERVICE GRAY ME
415 AM EDT FRI MAR 17 2017


...................................

...THE PORTLAND ME CLIMATE SUMMARY FOR MARCH 16 2017...

CLIMATE NORMAL PERIOD 1981 TO 2010
CLIMATE RECORD PERIOD 1941 TO 2017


WEATHER ITEM   OBSERVED TIME   RECORD YEAR NORMAL DEPARTURE LAST
                VALUE   (LST)  VALUE       VALUE  FROM      YEAR
                                                  NORMAL
..................................................................
TEMPERATURE (F)
 YESTERDAY
  MAXIMUM         31    248 PM  59    1973  42    -11       53
  MINIMUM         15   1153 PM   5    1956  25    -10       39
  AVERAGE         23                        33    -10       46

PRECIPITATION (IN)
  YESTERDAY        0.00          3.30 1937   0.14  -0.14     0.08
  MONTH TO DATE    1.78                      2.07  -0.29     2.75
  SINCE MAR 1      1.78                      2.07  -0.29     2.75
  SINCE JAN 1      9.98                      8.70   1.28    10.29

SNOWFALL (IN)
  YESTERDAY        0.0           7.0  1899   0.5   -0.5      0.0
  MONTH TO DATE   17.6                       7.7    9.9      0.5
  SINCE MAR 1     17.6                       7.7    9.9      0.5
  SINCE JUL 1     83.8                      54.1   29.7     41.5
  SNOW DEPTH      11

DEGREE DAYS
 HEATING
  YESTERDAY       42                        32     10       19
  MONTH TO DATE  624                       542     82      438
  SINCE MAR 1    624                       542     82      438
  SINCE JUL 1   5102                      5584   -482     4729

 COOLING
  YESTERDAY        0                         0      0        0
  MONTH TO DATE    0                         0      0        0
  SINCE MAR 1      0                         0      0        0
  SINCE JAN 1      0                         0      0        0
..................................................................


WIND (MPH)
  RESULTANT WIND SPEED   9   RESULTANT WIND DIRECTION  NW (300)
  HIGHEST WIND SPEED    22   HIGHEST WIND DIRECTION     W (280)
  HIGHEST GUST SPEED    27   HIGHEST GUST DIRECTION    NW (330)
  AVERAGE WIND SPEED    10.3


SKY COVER
  AVERAGE SKY COVER 0.3


WEATHER CONDITIONS
 THE FOLLOWING WEATHER WAS RECORDED YESTERDAY.
  NO SIGNIFICANT WEATHER WAS OBSERVED.


RELATIVE HUMIDITY (PERCENT)
 HIGHEST    62           200 AM
 LOWEST     32           200 PM
 AVERAGE    47

..........................................................


THE PORTLAND ME CLIMATE NORMALS FOR TODAY
                         NORMAL    RECORD    YEAR
 MAXIMUM TEMPERATURE (F)   42        64      2010
 MINIMUM TEMPERATURE (F)   25        -3      1967


SUNRISE AND SUNSET
MARCH 17 2017.........SUNRISE   649 AM EDT   SUNSET   650 PM EDT
MARCH 18 2017.........SUNRISE   648 AM EDT   SUNSET   651 PM EDT


-  INDICATES NEGATIVE NUMBERS.
R  INDICATES RECORD WAS SET OR TIED.
MM INDICATES DATA IS MISSING.
T  INDICATES TRACE AMOUNT.




$$
