000
CDUS41 KGYX 100903
CLIPWM


CLIMATE REPORT
NATIONAL WEATHER SERVICE GRAY ME
402 AM EST SAT FEB 10 2018


...................................

...THE PORTLAND ME CLIMATE SUMMARY FOR FEBRUARY 9 2018...

CLIMATE NORMAL PERIOD 1981 TO 2010
CLIMATE RECORD PERIOD 1941 TO 2018


WEATHER ITEM   OBSERVED TIME   RECORD YEAR NORMAL DEPARTURE LAST
                VALUE   (LST)  VALUE       VALUE  FROM      YEAR
                                                  NORMAL
..................................................................
TEMPERATURE (F)
 YESTERDAY
  MAXIMUM         28    436 PM  55    1990  33     -5       32
  MINIMUM          8    703 AM -15    1948  15     -7       10
  AVERAGE         18                        24     -6       21

PRECIPITATION (IN)
  YESTERDAY        T             1.90 1969   0.10  -0.10     0.43
  MONTH TO DATE    2.22                      0.97   1.25     1.16
  SINCE DEC 1      8.97                      8.37   0.60    10.12
  SINCE JAN 1      5.51                      4.35   1.16     4.81

SNOWFALL (IN)
  YESTERDAY        0.1          17.0  1969   0.4   -0.3      7.5
  MONTH TO DATE    8.0                       4.1    3.9     12.2
  SINCE DEC 1     48.2                      36.5   11.7     38.2
  SINCE JUL 1     48.3                      38.4    9.9     38.7
  SNOW DEPTH       6

DEGREE DAYS
 HEATING
  YESTERDAY       47                        41      6       44
  MONTH TO DATE  372                       374     -2      348
  SINCE DEC 1   2982                      2819    163     2566
  SINCE JUL 1   4147                      4310   -163     3818

 COOLING
  YESTERDAY        0                         0      0        0
  MONTH TO DATE    0                         0      0        0
  SINCE DEC 1      0                         0      0        0
  SINCE JAN 1      0                         0      0        0
..................................................................


WIND (MPH)
  RESULTANT WIND SPEED   5   RESULTANT WIND DIRECTION  SW (230)
  HIGHEST WIND SPEED    14   HIGHEST WIND DIRECTION     W (280)
  HIGHEST GUST SPEED    19   HIGHEST GUST DIRECTION     W (280)
  AVERAGE WIND SPEED     6.6


SKY COVER
  AVERAGE SKY COVER 0.6


WEATHER CONDITIONS
 THE FOLLOWING WEATHER WAS RECORDED YESTERDAY.
  LIGHT SNOW
  FOG


RELATIVE HUMIDITY (PERCENT)
 HIGHEST    76           100 AM
 LOWEST     39           200 PM
 AVERAGE    58

..........................................................


THE PORTLAND ME CLIMATE NORMALS FOR TODAY
                         NORMAL    RECORD    YEAR
 MAXIMUM TEMPERATURE (F)   34        52      1955
 MINIMUM TEMPERATURE (F)   15       -19      1948


SUNRISE AND SUNSET
FEBRUARY 10 2018......SUNRISE   647 AM EST   SUNSET   505 PM EST
FEBRUARY 11 2018......SUNRISE   645 AM EST   SUNSET   506 PM EST


-  INDICATES NEGATIVE NUMBERS.
R  INDICATES RECORD WAS SET OR TIED.
MM INDICATES DATA IS MISSING.
T  INDICATES TRACE AMOUNT.




$$
