000
CDUS41 KGYX 032140
CLIPWM


CLIMATE REPORT
NATIONAL WEATHER SERVICE GRAY ME
440 PM EST SUN DEC 3 2017


...................................

...THE PORTLAND ME CLIMATE SUMMARY FOR DECEMBER 3 2017...
VALID TODAY AS OF 0400 PM LOCAL TIME.

CLIMATE NORMAL PERIOD 1981 TO 2010
CLIMATE RECORD PERIOD 1941 TO 2017


WEATHER ITEM   OBSERVED TIME   RECORD YEAR NORMAL DEPARTURE LAST
                VALUE   (LST)  VALUE       VALUE  FROM      YEAR
                                                  NORMAL
..................................................................
TEMPERATURE (F)
 TODAY
  MAXIMUM         42    227 PM  68    2009  42      0       46
  MINIMUM         25    752 AM  -4    1940  25      0       33
  AVERAGE         34                        34      0       40

PRECIPITATION (IN)
  TODAY            0.00          2.00 1967   0.14  -0.14     0.00
  MONTH TO DATE    0.08                      0.42  -0.34     1.12
  SINCE DEC 1      0.08                      0.42  -0.34     1.12
  SINCE JAN 1     40.25                     43.65  -3.40    37.93

SNOWFALL (IN)
  TODAY            0.0           8.5  2007   0.3   -0.3      0.0
                                      1890
  MONTH TO DATE    0.0                       0.8   -0.8      0.0
  SINCE DEC 1      0.0                       0.8   -0.8      0.0
  SINCE JUL 1      0.1                       2.7   -2.6      0.5
  SNOW DEPTH       0

DEGREE DAYS
 HEATING
  TODAY           31                        31      0       25
  MONTH TO DATE   89                        93     -4       66
  SINCE DEC 1     89                        93     -4       66
  SINCE JUL 1   1254                      1584   -330     1318

 COOLING
  TODAY            0                         0      0        0
  MONTH TO DATE    0                         0      0        0
  SINCE DEC 1      0                         0      0        0
  SINCE JAN 1    433                       359     74      553
..................................................................


WIND (MPH)
  HIGHEST WIND SPEED     9   HIGHEST WIND DIRECTION    SE (130)
  HIGHEST GUST SPEED    12   HIGHEST GUST DIRECTION    SE (130)
  AVERAGE WIND SPEED     4.1


SKY COVER
  POSSIBLE SUNSHINE  MM
  AVERAGE SKY COVER 0.5


WEATHER CONDITIONS
 THE FOLLOWING WEATHER WAS RECORDED TODAY.
  NO SIGNIFICANT WEATHER WAS OBSERVED.


RELATIVE HUMIDITY (PERCENT)
 HIGHEST   100           600 AM
 LOWEST     53           200 PM
 AVERAGE    77

..........................................................


THE PORTLAND ME CLIMATE NORMALS FOR TOMORROW
                         NORMAL    RECORD    YEAR
 MAXIMUM TEMPERATURE (F)   41        69      1982
 MINIMUM TEMPERATURE (F)   25       -16      1940


SUNRISE AND SUNSET
DECEMBER  3 2017......SUNRISE   657 AM EST   SUNSET   405 PM EST
DECEMBER  4 2017......SUNRISE   658 AM EST   SUNSET   405 PM EST


-  INDICATES NEGATIVE NUMBERS.
R  INDICATES RECORD WAS SET OR TIED.
MM INDICATES DATA IS MISSING.
T  INDICATES TRACE AMOUNT.




$$
