000
CDUS41 KGYX 260708
CLIPWM


CLIMATE REPORT
NATIONAL WEATHER SERVICE GRAY ME
308 AM EDT FRI SEP 26 2014


...................................

...THE PORTLAND ME CLIMATE SUMMARY FOR SEPTEMBER 25 2014...

CLIMATE NORMAL PERIOD 1981 TO 2010
CLIMATE RECORD PERIOD 1941 TO 2014


WEATHER ITEM   OBSERVED TIME   RECORD YEAR NORMAL DEPARTURE LAST
                VALUE   (LST)  VALUE       VALUE  FROM      YEAR
                                                  NORMAL
..................................................................
TEMPERATURE (F)
 YESTERDAY
  MAXIMUM         64   1128 AM  88    1970  67     -3       63
  MINIMUM         42    305 AM  29    1963  47     -5       42
  AVERAGE         53                        57     -4       53

PRECIPITATION (IN)
  YESTERDAY        0.00          2.42 1961   0.14  -0.14     0.00
  MONTH TO DATE    0.87                      2.96  -2.09     6.72
  SINCE SEP 1      0.87                      2.96  -2.09     6.72
  SINCE JAN 1     39.07                     32.70   6.37    34.94

SNOWFALL (IN)
  YESTERDAY        0.0           T    1987   0.0    0.0      0.0
  MONTH TO DATE    0.0                       0.0    0.0      0.0
  SINCE SEP 1      0.0                       0.0    0.0      0.0
  SINCE JUL 1      0.0                       0.0    0.0      0.0
  SNOW DEPTH       0

DEGREE DAYS
 HEATING
  YESTERDAY       12                         9      3       12
  MONTH TO DATE  168                       125     43      142
  SINCE SEP 1    168                       125     43      142
  SINCE JUL 1    192                       170     22      160

 COOLING
  YESTERDAY        0                         0      0        0
  MONTH TO DATE   42                        27     15       37
  SINCE SEP 1     42                        27     15       37
  SINCE JAN 1    340                       355    -15      454
..................................................................


WIND (MPH)
  RESULTANT WIND SPEED   2   RESULTANT WIND DIRECTION   S (200)
  HIGHEST WIND SPEED    10   HIGHEST WIND DIRECTION     S (190)
  HIGHEST GUST SPEED    13   HIGHEST GUST DIRECTION     S (160)
  AVERAGE WIND SPEED     3.0


SKY COVER
  AVERAGE SKY COVER 0.6


WEATHER CONDITIONS
 THE FOLLOWING WEATHER WAS RECORDED YESTERDAY.
  FOG


RELATIVE HUMIDITY (PERCENT)
 HIGHEST   100          1200 AM
 LOWEST     55           300 PM
 AVERAGE    78

..........................................................


THE PORTLAND ME CLIMATE NORMALS FOR TODAY
                         NORMAL    RECORD    YEAR
 MAXIMUM TEMPERATURE (F)   66        90      2007
 MINIMUM TEMPERATURE (F)   46        27      1950


SUNRISE AND SUNSET
SEPTEMBER 26 2014.....SUNRISE   633 AM EDT   SUNSET   631 PM EDT
SEPTEMBER 27 2014.....SUNRISE   634 AM EDT   SUNSET   630 PM EDT


-  INDICATES NEGATIVE NUMBERS.
R  INDICATES RECORD WAS SET OR TIED.
MM INDICATES DATA IS MISSING.
T  INDICATES TRACE AMOUNT.




$$
