000
CDUS41 KGYX 130811
CLIPWM


CLIMATE REPORT
NATIONAL WEATHER SERVICE GRAY ME
411 AM EDT SAT SEP 13 2014


...................................

...THE PORTLAND ME CLIMATE SUMMARY FOR SEPTEMBER 12 2014...

CLIMATE NORMAL PERIOD 1981 TO 2010
CLIMATE RECORD PERIOD 1941 TO 2014


WEATHER ITEM   OBSERVED TIME   RECORD YEAR NORMAL DEPARTURE LAST
                VALUE   (LST)  VALUE       VALUE  FROM      YEAR
                                                  NORMAL
..................................................................
TEMPERATURE (F)
 YESTERDAY
  MAXIMUM         67    333 PM  91    1961  71     -4       78
  MINIMUM         47   1159 PM  36    1958  52     -5       65
  AVERAGE         57                        62     -5       72

PRECIPITATION (IN)
  YESTERDAY        0.00          2.44 1960   0.13  -0.13     1.59
  MONTH TO DATE    0.35                      1.30  -0.95     4.69
  SINCE SEP 1      0.35                      1.30  -0.95     4.69
  SINCE JAN 1     38.55                     31.04   7.51    32.91

SNOWFALL (IN)
  YESTERDAY        0.0           0.0  2002   0.0    0.0      0.0
                                      2001
                                      2000
  MONTH TO DATE    0.0                       0.0    0.0      0.0
  SINCE SEP 1      0.0                       0.0    0.0      0.0
  SINCE JUL 1      0.0                       0.0    0.0      0.0
  SNOW DEPTH       0

DEGREE DAYS
 HEATING
  YESTERDAY        8                         4      4        0
  MONTH TO DATE   27                        38    -11       40
  SINCE SEP 1     27                        38    -11       40
  SINCE JUL 1     51                        83    -32       58

 COOLING
  YESTERDAY        0                         1     -1        7
  MONTH TO DATE   42                        19     23       37
  SINCE SEP 1     42                        19     23       37
  SINCE JAN 1    340                       347     -7      454
..................................................................


WIND (MPH)
  RESULTANT WIND SPEED   8   RESULTANT WIND DIRECTION   N (340)
  HIGHEST WIND SPEED    17   HIGHEST WIND DIRECTION    NW (330)
  HIGHEST GUST SPEED    21   HIGHEST GUST DIRECTION     N (350)
  AVERAGE WIND SPEED     8.1


SKY COVER
  AVERAGE SKY COVER 0.3


WEATHER CONDITIONS
 THE FOLLOWING WEATHER WAS RECORDED YESTERDAY.
  NO SIGNIFICANT WEATHER WAS OBSERVED.


RELATIVE HUMIDITY (PERCENT)
 HIGHEST    86          1200 AM
 LOWEST     48          1200 PM
 AVERAGE    67

..........................................................


THE PORTLAND ME CLIMATE NORMALS FOR TODAY
                         NORMAL    RECORD    YEAR
 MAXIMUM TEMPERATURE (F)   71        86      1957
 MINIMUM TEMPERATURE (F)   52        34      1954


SUNRISE AND SUNSET
SEPTEMBER 13 2014.....SUNRISE   618 AM EDT   SUNSET   655 PM EDT
SEPTEMBER 14 2014.....SUNRISE   619 AM EDT   SUNSET   653 PM EDT


-  INDICATES NEGATIVE NUMBERS.
R  INDICATES RECORD WAS SET OR TIED.
MM INDICATES DATA IS MISSING.
T  INDICATES TRACE AMOUNT.




$$
