000
CDUS41 KGYX 192041
CLIPWM


CLIMATE REPORT
NATIONAL WEATHER SERVICE GRAY ME
441 PM EDT THU MAY 19 2016


...................................

...THE PORTLAND ME CLIMATE SUMMARY FOR MAY 19 2016...
VALID TODAY AS OF 0400 PM LOCAL TIME.

CLIMATE NORMAL PERIOD 1981 TO 2010
CLIMATE RECORD PERIOD 1941 TO 2016


WEATHER ITEM   OBSERVED TIME   RECORD YEAR NORMAL DEPARTURE LAST
                VALUE   (LST)  VALUE       VALUE  FROM      YEAR
                                                  NORMAL
..................................................................
TEMPERATURE (F)
 TODAY
  MAXIMUM         66   1227 PM  86    1949  64      2       65
  MINIMUM         44    449 AM  28    1951  45     -1       49
  AVERAGE         55                        55      0       57

PRECIPITATION (IN)
  TODAY            0.00          1.50 1901   0.13  -0.13     0.18
  MONTH TO DATE    1.76                      2.45  -0.69     0.95
  SINCE MAR 1      7.69                     11.01  -3.32     7.77
  SINCE JAN 1     15.23                     17.64  -2.41    15.25

SNOWFALL (IN)
  TODAY            0.0           0.0  2002   0.0    0.0      0.0
                                      2001
                                      2000
  MONTH TO DATE    0.0                       0.1   -0.1      0.0
  SINCE MAR 1     10.8                      15.6   -4.8      5.3
  SINCE JUL 1     51.8                      62.0  -10.2     94.5
  SNOW DEPTH       0

DEGREE DAYS
 HEATING
  TODAY           10                        11     -1        8
  MONTH TO DATE  269                       249     20      162
  SINCE MAR 1   1770                      1855    -85     1834
  SINCE JUL 1   6061                      6897   -836     6888

 COOLING
  TODAY            0                         0      0        0
  MONTH TO DATE    0                         0      0        3
  SINCE MAR 1      0                         0      0        3
  SINCE JAN 1      0                         0      0        3
..................................................................


WIND (MPH)
  HIGHEST WIND SPEED    14   HIGHEST WIND DIRECTION    SE (150)
  HIGHEST GUST SPEED    19   HIGHEST GUST DIRECTION    SE (150)
  AVERAGE WIND SPEED     4.6


SKY COVER
  POSSIBLE SUNSHINE  MM
  AVERAGE SKY COVER 0.5


WEATHER CONDITIONS
 THE FOLLOWING WEATHER WAS RECORDED TODAY.
  NO SIGNIFICANT WEATHER WAS OBSERVED.


RELATIVE HUMIDITY (PERCENT)
 HIGHEST    89           500 AM
 LOWEST     39           100 PM
 AVERAGE    64

..........................................................


THE PORTLAND ME CLIMATE NORMALS FOR TOMORROW
                         NORMAL    RECORD    YEAR
 MAXIMUM TEMPERATURE (F)   65        86      1959
 MINIMUM TEMPERATURE (F)   45        32      2002
                                             1955


SUNRISE AND SUNSET
MAY 19 2016...........SUNRISE   512 AM EDT   SUNSET   804 PM EDT
MAY 20 2016...........SUNRISE   511 AM EDT   SUNSET   805 PM EDT


-  INDICATES NEGATIVE NUMBERS.
R  INDICATES RECORD WAS SET OR TIED.
MM INDICATES DATA IS MISSING.
T  INDICATES TRACE AMOUNT.




$$
