000
CDUS41 KGYX 100903
CLIPWM


CLIMATE REPORT
NATIONAL WEATHER SERVICE GRAY ME
403 AM EST TUE JAN 10 2017


...................................

...THE PORTLAND ME CLIMATE SUMMARY FOR JANUARY 9 2017...

CLIMATE NORMAL PERIOD 1981 TO 2010
CLIMATE RECORD PERIOD 1941 TO 2017


WEATHER ITEM   OBSERVED TIME   RECORD YEAR NORMAL DEPARTURE LAST
                VALUE   (LST)  VALUE       VALUE  FROM      YEAR
                                                  NORMAL
..................................................................
TEMPERATURE (F)
 YESTERDAY
  MAXIMUM         17    340 PM  54    2008  31    -14       36
                                      1978
  MINIMUM          1    723 AM -19    1968  14    -13       30
  AVERAGE          9                        22    -13       33

PRECIPITATION (IN)
  YESTERDAY        0.00          1.05 1956   0.11  -0.11     0.07
  MONTH TO DATE    1.28                      1.00   0.28     0.08
  SINCE DEC 1      6.59                      5.02   1.57     5.42
  SINCE JAN 1      1.28                      1.00   0.28     0.08

SNOWFALL (IN)
  YESTERDAY        0.0           8.5  1886   0.7   -0.7      0.2
  MONTH TO DATE    1.1                       5.6   -4.5      0.5
  SINCE DEC 1     20.0                      18.8    1.2      7.8
  SINCE JUL 1     20.5                      20.7   -0.2      7.8
  SNOW DEPTH       2

DEGREE DAYS
 HEATING
  YESTERDAY       56                        43     13       32
  MONTH TO DATE  361                       377    -16      334
  SINCE DEC 1   1496                      1498     -2     1165
  SINCE JUL 1   2748                      2989   -241     2411

 COOLING
  YESTERDAY        0                         0      0        0
  MONTH TO DATE    0                         0      0        0
  SINCE DEC 1      0                         0      0        0
  SINCE JAN 1      0                         0      0        0
..................................................................


WIND (MPH)
  RESULTANT WIND SPEED   3   RESULTANT WIND DIRECTION   W (260)
  HIGHEST WIND SPEED    12   HIGHEST WIND DIRECTION     W (270)
  HIGHEST GUST SPEED    14   HIGHEST GUST DIRECTION     W (280)
  AVERAGE WIND SPEED     3.9


SKY COVER
  AVERAGE SKY COVER 0.2


WEATHER CONDITIONS
 THE FOLLOWING WEATHER WAS RECORDED YESTERDAY.
  NO SIGNIFICANT WEATHER WAS OBSERVED.


RELATIVE HUMIDITY (PERCENT)
 HIGHEST    75           700 AM
 LOWEST     36           100 PM
 AVERAGE    56

..........................................................


THE PORTLAND ME CLIMATE NORMALS FOR TODAY
                         NORMAL    RECORD    YEAR
 MAXIMUM TEMPERATURE (F)   31        52      2016
 MINIMUM TEMPERATURE (F)   13       -19      1947


SUNRISE AND SUNSET
JANUARY 10 2017.......SUNRISE   714 AM EST   SUNSET   425 PM EST
JANUARY 11 2017.......SUNRISE   713 AM EST   SUNSET   426 PM EST


-  INDICATES NEGATIVE NUMBERS.
R  INDICATES RECORD WAS SET OR TIED.
MM INDICATES DATA IS MISSING.
T  INDICATES TRACE AMOUNT.




$$
