000
CDUS41 KGYX 080833
CLIPWM


CLIMATE REPORT
NATIONAL WEATHER SERVICE GRAY ME
433 AM EDT TUE AUG 8 2017


...................................

...THE PORTLAND ME CLIMATE SUMMARY FOR AUGUST 7 2017...

CLIMATE NORMAL PERIOD 1981 TO 2010
CLIMATE RECORD PERIOD 1941 TO 2017


WEATHER ITEM   OBSERVED TIME   RECORD YEAR NORMAL DEPARTURE LAST
                VALUE   (LST)  VALUE       VALUE  FROM      YEAR
                                                  NORMAL
..................................................................
TEMPERATURE (F)
 YESTERDAY
  MAXIMUM         79   1133 AM  93    2001  79      0       87
  MINIMUM         52    412 AM  44    1957  59     -7       62
  AVERAGE         66                        69     -3       75

PRECIPITATION (IN)
  YESTERDAY        0.02          2.36 1877   0.11  -0.09     0.00
  MONTH TO DATE    0.07                      0.74  -0.67     0.06
  SINCE JUN 1      3.74                      8.14  -4.40     6.18
  SINCE JAN 1     27.78                     27.34   0.44    21.69

SNOWFALL (IN)
  YESTERDAY        0.0           0.0  2002   0.0    0.0      0.0
                                      2001
                                      2000
  MONTH TO DATE    0.0                       0.0    0.0      0.0
  SINCE JUN 1      0.0                       0.0    0.0      0.0
  SINCE JUL 1      0.0                       0.0    0.0      0.0
  SNOW DEPTH       0

DEGREE DAYS
 HEATING
  YESTERDAY        0                         0      0        0
  MONTH TO DATE    0                         0      0        0
  SINCE JUN 1     98                       123    -25       79
  SINCE JUL 1     13                        17     -4       13

 COOLING
  YESTERDAY        1                         5     -4       10
  MONTH TO DATE   36                        35      1       50
  SINCE JUN 1    272                       236     36      298
  SINCE JAN 1    289                       243     46      314
..................................................................


WIND (MPH)
  RESULTANT WIND SPEED   6   RESULTANT WIND DIRECTION   S (200)
  HIGHEST WIND SPEED    17   HIGHEST WIND DIRECTION    SW (210)
  HIGHEST GUST SPEED    24   HIGHEST GUST DIRECTION    SW (220)
  AVERAGE WIND SPEED     8.0


SKY COVER
  AVERAGE SKY COVER 0.5


WEATHER CONDITIONS
 THE FOLLOWING WEATHER WAS RECORDED YESTERDAY.
  RAIN
  FOG


RELATIVE HUMIDITY (PERCENT)
 HIGHEST    89           300 AM
 LOWEST     43          1100 AM
 AVERAGE    66

..........................................................


THE PORTLAND ME CLIMATE NORMALS FOR TODAY
                         NORMAL    RECORD    YEAR
 MAXIMUM TEMPERATURE (F)   79        95      1949
 MINIMUM TEMPERATURE (F)   59        42      1950


SUNRISE AND SUNSET
AUGUST  8 2017........SUNRISE   538 AM EDT   SUNSET   755 PM EDT
AUGUST  9 2017........SUNRISE   539 AM EDT   SUNSET   753 PM EDT


-  INDICATES NEGATIVE NUMBERS.
R  INDICATES RECORD WAS SET OR TIED.
MM INDICATES DATA IS MISSING.
T  INDICATES TRACE AMOUNT.




$$
