000
CDUS41 KGYX 190827
CLIPWM


CLIMATE REPORT
NATIONAL WEATHER SERVICE GRAY ME
427 AM EDT SUN OCT 19 2014


...................................

...THE PORTLAND ME CLIMATE SUMMARY FOR OCTOBER 18 2014...

CLIMATE NORMAL PERIOD 1981 TO 2010
CLIMATE RECORD PERIOD 1941 TO 2014


WEATHER ITEM   OBSERVED TIME   RECORD YEAR NORMAL DEPARTURE LAST
                VALUE   (LST)  VALUE       VALUE  FROM      YEAR
                                                  NORMAL
..................................................................
TEMPERATURE (F)
 YESTERDAY
  MAXIMUM         70   1141 AM  82    1947  58     12       68
  MINIMUM         51   1150 PM  23    1978  38     13       51
  AVERAGE         61                        48     13       60

PRECIPITATION (IN)
  YESTERDAY        0.28          1.46 1981   0.16   0.12     0.24
  MONTH TO DATE    2.36                      2.77  -0.41     0.75
  SINCE SEP 1      3.23                      6.46  -3.23     7.47
  SINCE JAN 1     41.43                     36.20   5.23    35.69

SNOWFALL (IN)
  YESTERDAY        0.0           T    2009   0.0    0.0      0.0
                                      1952
                                      1959
  MONTH TO DATE    0.0                       0.0    0.0      0.0
  SINCE SEP 1      0.0                       0.0    0.0      0.0
  SINCE JUL 1      0.0                       0.0    0.0      0.0
  SNOW DEPTH       0

DEGREE DAYS
 HEATING
  YESTERDAY        4                        17    -13        5
  MONTH TO DATE  136                       254   -118      168
  SINCE SEP 1    322                       430   -108      354
  SINCE JUL 1    346                       475   -129      372

 COOLING
  YESTERDAY        0                         0      0        0
  MONTH TO DATE    8                         0      8        0
  SINCE SEP 1     53                        30     23       37
  SINCE JAN 1    351                       358     -7      454
..................................................................


WIND (MPH)
  RESULTANT WIND SPEED   6   RESULTANT WIND DIRECTION  SW (220)
  HIGHEST WIND SPEED    16   HIGHEST WIND DIRECTION    SW (240)
  HIGHEST GUST SPEED    21   HIGHEST GUST DIRECTION    SW (230)
  AVERAGE WIND SPEED     6.8


SKY COVER
  AVERAGE SKY COVER 0.5


WEATHER CONDITIONS
 THE FOLLOWING WEATHER WAS RECORDED YESTERDAY.
  THUNDERSTORM
  RAIN
  LIGHT RAIN
  FOG


RELATIVE HUMIDITY (PERCENT)
 HIGHEST    93           400 AM
 LOWEST     63           100 PM
 AVERAGE    78

..........................................................


THE PORTLAND ME CLIMATE NORMALS FOR TODAY
                         NORMAL    RECORD    YEAR
 MAXIMUM TEMPERATURE (F)   58        81      1963
 MINIMUM TEMPERATURE (F)   38        21      1974


SUNRISE AND SUNSET
OCTOBER 19 2014.......SUNRISE   700 AM EDT   SUNSET   551 PM EDT
OCTOBER 20 2014.......SUNRISE   702 AM EDT   SUNSET   550 PM EDT


-  INDICATES NEGATIVE NUMBERS.
R  INDICATES RECORD WAS SET OR TIED.
MM INDICATES DATA IS MISSING.
T  INDICATES TRACE AMOUNT.




$$
