000
CDUS41 KGYX 150804
CLIPWM


CLIMATE REPORT
NATIONAL WEATHER SERVICE GRAY ME
404 AM EDT THU JUN 15 2017


...................................

...THE PORTLAND ME CLIMATE SUMMARY FOR JUNE 14 2017...

CLIMATE NORMAL PERIOD 1981 TO 2010
CLIMATE RECORD PERIOD 1941 TO 2017


WEATHER ITEM   OBSERVED TIME   RECORD YEAR NORMAL DEPARTURE LAST
                VALUE   (LST)  VALUE       VALUE  FROM      YEAR
                                                  NORMAL
..................................................................
TEMPERATURE (F)
 YESTERDAY
  MAXIMUM         76    210 PM  88    1993  73      3       75
  MINIMUM         52   1147 PM  38    1953  53     -1       56
  AVERAGE         64                        63      1       66

PRECIPITATION (IN)
  YESTERDAY        0.00          1.72 1998   0.14  -0.14      T
  MONTH TO DATE    1.05                      1.94  -0.89     2.68
  SINCE JUN 1      1.05                      1.94  -0.89     2.68
  SINCE JAN 1     25.09                     21.14   3.95    18.19

SNOWFALL (IN)
  YESTERDAY        0.0           0.0  2002   0.0    0.0      0.0
                                      2001
                                      2000
  MONTH TO DATE    0.0                       0.0    0.0      0.0
  SINCE JUN 1      0.0                       0.0    0.0      0.0
  SINCE JUL 1     95.3                      61.9   33.4     51.8
  SNOW DEPTH       0

DEGREE DAYS
 HEATING
  YESTERDAY        1                         4     -3        0
  MONTH TO DATE   67                        72     -5       54
  SINCE JUN 1     67                        72     -5       54
  SINCE JUL 1   6587                      7073   -486     6173

 COOLING
  YESTERDAY        0                         2     -2        1
  MONTH TO DATE   39                        17     22        5
  SINCE JUN 1     39                        17     22        5
  SINCE JAN 1     56                        24     32       21
..................................................................


WIND (MPH)
  RESULTANT WIND SPEED   2   RESULTANT WIND DIRECTION  NW (310)
  HIGHEST WIND SPEED    17   HIGHEST WIND DIRECTION     W (290)
  HIGHEST GUST SPEED    26   HIGHEST GUST DIRECTION     W (270)
  AVERAGE WIND SPEED     7.0


SKY COVER
  AVERAGE SKY COVER 0.2


WEATHER CONDITIONS
 THE FOLLOWING WEATHER WAS RECORDED YESTERDAY.
  NO SIGNIFICANT WEATHER WAS OBSERVED.


RELATIVE HUMIDITY (PERCENT)
 HIGHEST    77           900 PM
 LOWEST     23          1200 PM
 AVERAGE    50

..........................................................


THE PORTLAND ME CLIMATE NORMALS FOR TODAY
                         NORMAL    RECORD    YEAR
 MAXIMUM TEMPERATURE (F)   73        97      1988
 MINIMUM TEMPERATURE (F)   54        41      1946


SUNRISE AND SUNSET
JUNE 15 2017..........SUNRISE   459 AM EDT   SUNSET   825 PM EDT
JUNE 16 2017..........SUNRISE   459 AM EDT   SUNSET   825 PM EDT


-  INDICATES NEGATIVE NUMBERS.
R  INDICATES RECORD WAS SET OR TIED.
MM INDICATES DATA IS MISSING.
T  INDICATES TRACE AMOUNT.




$$
