000
CDUS41 KGYX 150802
CLIPWM


CLIMATE REPORT
NATIONAL WEATHER SERVICE GRAY ME
402 AM EDT MON SEP 15 2014


...................................

...THE PORTLAND ME CLIMATE SUMMARY FOR SEPTEMBER 14 2014...

CLIMATE NORMAL PERIOD 1981 TO 2010
CLIMATE RECORD PERIOD 1941 TO 2014


WEATHER ITEM   OBSERVED TIME   RECORD YEAR NORMAL DEPARTURE LAST
                VALUE   (LST)  VALUE       VALUE  FROM      YEAR
                                                  NORMAL
..................................................................
TEMPERATURE (F)
 YESTERDAY
  MAXIMUM         64    404 PM  88    1993  71     -7       71
  MINIMUM         45   1108 PM  28    1963  51     -6       52
  AVERAGE         55                        61     -6       62

PRECIPITATION (IN)
  YESTERDAY        0.00          1.79 1944   0.13  -0.13      T
  MONTH TO DATE    0.44                      1.55  -1.11     6.37
  SINCE SEP 1      0.44                      1.55  -1.11     6.37
  SINCE JAN 1     38.64                     31.29   7.35    34.59

SNOWFALL (IN)
  YESTERDAY        0.0           0.0  2002   0.0    0.0      0.0
                                      2001
                                      2000
  MONTH TO DATE    0.0                       0.0    0.0      0.0
  SINCE SEP 1      0.0                       0.0    0.0      0.0
  SINCE JUL 1      0.0                       0.0    0.0      0.0
  SNOW DEPTH       0

DEGREE DAYS
 HEATING
  YESTERDAY       10                         5      5        3
  MONTH TO DATE   50                        48      2       43
  SINCE SEP 1     50                        48      2       43
  SINCE JUL 1     74                        93    -19       61

 COOLING
  YESTERDAY        0                         1     -1        0
  MONTH TO DATE   42                        21     21       37
  SINCE SEP 1     42                        21     21       37
  SINCE JAN 1    340                       349     -9      454
..................................................................


WIND (MPH)
  RESULTANT WIND SPEED   6   RESULTANT WIND DIRECTION  NW (330)
  HIGHEST WIND SPEED    18   HIGHEST WIND DIRECTION     N (350)
  HIGHEST GUST SPEED    24   HIGHEST GUST DIRECTION     N (350)
  AVERAGE WIND SPEED     7.2


SKY COVER
  AVERAGE SKY COVER 0.3


WEATHER CONDITIONS
 THE FOLLOWING WEATHER WAS RECORDED YESTERDAY.
  FOG


RELATIVE HUMIDITY (PERCENT)
 HIGHEST    96           300 AM
 LOWEST     48           100 PM
 AVERAGE    72

..........................................................


THE PORTLAND ME CLIMATE NORMALS FOR TODAY
                         NORMAL    RECORD    YEAR
 MAXIMUM TEMPERATURE (F)   70        90      1993
 MINIMUM TEMPERATURE (F)   51        29      1963


SUNRISE AND SUNSET
SEPTEMBER 15 2014.....SUNRISE   620 AM EDT   SUNSET   652 PM EDT
SEPTEMBER 16 2014.....SUNRISE   622 AM EDT   SUNSET   650 PM EDT


-  INDICATES NEGATIVE NUMBERS.
R  INDICATES RECORD WAS SET OR TIED.
MM INDICATES DATA IS MISSING.
T  INDICATES TRACE AMOUNT.




$$
