000
CDUS41 KGYX 262041
CLIPWM


CLIMATE REPORT
NATIONAL WEATHER SERVICE GRAY ME
441 PM EDT FRI JUN 26 2015


...................................

...THE PORTLAND ME CLIMATE SUMMARY FOR JUNE 26 2015...
VALID TODAY AS OF 0400 PM LOCAL TIME.

CLIMATE NORMAL PERIOD 1981 TO 2010
CLIMATE RECORD PERIOD 1941 TO 2015


WEATHER ITEM   OBSERVED TIME   RECORD YEAR NORMAL DEPARTURE LAST
                VALUE   (LST)  VALUE       VALUE  FROM      YEAR
                                                  NORMAL
..................................................................
TEMPERATURE (F)
 TODAY
  MAXIMUM         67    259 PM  94    2007  76     -9       70
  MINIMUM         58    617 AM  41    1979  57      1       58
  AVERAGE         63                        66     -3       64

PRECIPITATION (IN)
  TODAY            0.01          1.41 1952   0.11  -0.10     0.77
  MONTH TO DATE    4.82                      3.35   1.47     4.30
  SINCE JUN 1      4.82                      3.35   1.47     4.30
  SINCE JAN 1     21.43                     22.55  -1.12    23.52

SNOWFALL (IN)
  TODAY            0.0           0.0  2002   0.0    0.0      0.0
                                      2001
                                      2000
  MONTH TO DATE    0.0                       0.0    0.0      0.0
  SINCE JUN 1      0.0                       0.0    0.0      0.0
  SINCE JUL 1     94.5                      61.9   32.6     83.4
  SNOW DEPTH       0

DEGREE DAYS
 HEATING
  TODAY            2                         2      0        1
  MONTH TO DATE  122                       101     21       77
  SINCE JUN 1    122                       101     21       77
  SINCE JUL 1   7054                      7102    -48     7438

 COOLING
  TODAY            0                         3     -3        0
  MONTH TO DATE   39                        46     -7       38
  SINCE JUN 1     39                        46     -7       38
  SINCE JAN 1     79                        53     26       38
..................................................................


WIND (MPH)
  HIGHEST WIND SPEED    13   HIGHEST WIND DIRECTION     E (90)
  HIGHEST GUST SPEED    15   HIGHEST GUST DIRECTION     E (110)
  AVERAGE WIND SPEED     6.1


SKY COVER
  POSSIBLE SUNSHINE  MM
  AVERAGE SKY COVER 0.6


WEATHER CONDITIONS
 THE FOLLOWING WEATHER WAS RECORDED TODAY.
  LIGHT RAIN


RELATIVE HUMIDITY (PERCENT)
 HIGHEST    84           800 AM
 LOWEST     56           200 AM
 AVERAGE    70

..........................................................


THE PORTLAND ME CLIMATE NORMALS FOR TOMORROW
                         NORMAL    RECORD    YEAR
 MAXIMUM TEMPERATURE (F)   77        97      1941
 MINIMUM TEMPERATURE (F)   57        45      1965


SUNRISE AND SUNSET
JUNE 26 2015..........SUNRISE   501 AM EDT   SUNSET   827 PM EDT
JUNE 27 2015..........SUNRISE   502 AM EDT   SUNSET   827 PM EDT


-  INDICATES NEGATIVE NUMBERS.
R  INDICATES RECORD WAS SET OR TIED.
MM INDICATES DATA IS MISSING.
T  INDICATES TRACE AMOUNT.




$$
