586
CDUS41 KGYX 010917
CLIPWM


CLIMATE REPORT
NATIONAL WEATHER SERVICE GRAY ME
416 AM EST MON FEB 1 2016


...................................

...THE PORTLAND ME CLIMATE SUMMARY FOR JANUARY 31 2016...

CLIMATE NORMAL PERIOD 1981 TO 2010
CLIMATE RECORD PERIOD 1941 TO 2016


WEATHER ITEM   OBSERVED TIME   RECORD YEAR NORMAL DEPARTURE LAST
                VALUE   (LST)  VALUE       VALUE  FROM      YEAR
                                                  NORMAL
..................................................................
TEMPERATURE (F)
 YESTERDAY
  MAXIMUM         51    122 PM  54    2013  32     19       22
                                      1988
  MINIMUM         34    954 PM -17    1948  14     20        7
  AVERAGE         43                        23     20       15

PRECIPITATION (IN)
  YESTERDAY        T             0.96 1942   0.10  -0.10     0.05
  MONTH TO DATE    3.37                      3.38  -0.01     4.67
  SINCE DEC 1      8.71                      7.40   1.31    10.94
  SINCE JAN 1      3.37                      3.38  -0.01     4.67

SNOWFALL (IN)
  YESTERDAY        0.0           6.9  1898   0.6   -0.6      1.3
  MONTH TO DATE   13.2                      19.2   -6.0     40.7
  SINCE DEC 1     20.5                      32.4  -11.9     44.3
  SINCE JUL 1     20.5                      34.3  -13.8     54.6
  SNOW DEPTH       3

DEGREE DAYS
 HEATING
  YESTERDAY       22                        42    -20       50
  MONTH TO DATE 1170                      1322   -152     1355
  SINCE DEC 1   2001                      2445   -444     2316
  SINCE JUL 1   3247                      3936   -689     3627

 COOLING
  YESTERDAY        0                         0      0        0
  MONTH TO DATE    0                         0      0        0
  SINCE DEC 1      0                         0      0        0
  SINCE JAN 1      0                         0      0        0
..................................................................


WIND (MPH)
  RESULTANT WIND SPEED   5   RESULTANT WIND DIRECTION   S (200)
  HIGHEST WIND SPEED    15   HIGHEST WIND DIRECTION    SW (210)
  HIGHEST GUST SPEED    21   HIGHEST GUST DIRECTION    SW (210)
  AVERAGE WIND SPEED     5.8


SKY COVER
  AVERAGE SKY COVER 0.7


WEATHER CONDITIONS
 THE FOLLOWING WEATHER WAS RECORDED YESTERDAY.
  NO SIGNIFICANT WEATHER WAS OBSERVED.


RELATIVE HUMIDITY (PERCENT)
 HIGHEST    82          1000 PM
 LOWEST     36           100 PM
 AVERAGE    59

..........................................................


THE PORTLAND ME CLIMATE NORMALS FOR TODAY
                         NORMAL    RECORD    YEAR
 MAXIMUM TEMPERATURE (F)   32        63      1989
 MINIMUM TEMPERATURE (F)   14       -19      1954


SUNRISE AND SUNSET
FEBRUARY  1 2016......SUNRISE   658 AM EST   SUNSET   452 PM EST
FEBRUARY  2 2016......SUNRISE   657 AM EST   SUNSET   453 PM EST


-  INDICATES NEGATIVE NUMBERS.
R  INDICATES RECORD WAS SET OR TIED.
MM INDICATES DATA IS MISSING.
T  INDICATES TRACE AMOUNT.




$$
