000
CDUS41 KGYX 300803
CLIPWM


CLIMATE REPORT
NATIONAL WEATHER SERVICE GRAY ME
403 AM EDT SUN AUG 30 2015


...................................

...THE PORTLAND ME CLIMATE SUMMARY FOR AUGUST 29 2015...

CLIMATE NORMAL PERIOD 1981 TO 2010
CLIMATE RECORD PERIOD 1941 TO 2015


WEATHER ITEM   OBSERVED TIME   RECORD YEAR NORMAL DEPARTURE LAST
                VALUE   (LST)  VALUE       VALUE  FROM      YEAR
                                                  NORMAL
..................................................................
TEMPERATURE (F)
 YESTERDAY
  MAXIMUM         75    316 PM  96    1953  76     -1       70
  MINIMUM         55    329 AM  38    1941  56     -1       52
  AVERAGE         65                        66     -1       61

PRECIPITATION (IN)
  YESTERDAY        0.00          2.05 1988   0.10  -0.10     0.00
  MONTH TO DATE    2.49                      2.95  -0.46     7.27
  SINCE JUN 1     10.15                     10.35  -0.20    17.69
  SINCE JAN 1     26.76                     29.55  -2.79    36.91

SNOWFALL (IN)
  YESTERDAY        0.0           0.0  2002   0.0    0.0      0.0
                                      2001
                                      2000
  MONTH TO DATE    0.0                       0.0    0.0      0.0
  SINCE JUN 1      0.0                       0.0    0.0      0.0
  SINCE JUL 1      0.0                       0.0    0.0      0.0
  SNOW DEPTH       0

DEGREE DAYS
 HEATING
  YESTERDAY        0                         2     -2        4
  MONTH TO DATE    0                        23    -23       20
  SINCE JUN 1    154                       146      8       97
  SINCE JUL 1     10                        40    -30       20

 COOLING
  YESTERDAY        0                         3     -3        0
  MONTH TO DATE  154                       116     38       74
  SINCE JUN 1    340                       317     23      289
  SINCE JAN 1    380                       324     56      289
..................................................................


WIND (MPH)
  RESULTANT WIND SPEED   4   RESULTANT WIND DIRECTION   S (200)
  HIGHEST WIND SPEED    14   HIGHEST WIND DIRECTION     S (200)
  HIGHEST GUST SPEED    19   HIGHEST GUST DIRECTION     S (200)
  AVERAGE WIND SPEED     4.9


SKY COVER
  AVERAGE SKY COVER 0.6


WEATHER CONDITIONS
 THE FOLLOWING WEATHER WAS RECORDED YESTERDAY.
  NO SIGNIFICANT WEATHER WAS OBSERVED.


RELATIVE HUMIDITY (PERCENT)
 HIGHEST   100           100 AM
 LOWEST     57          1100 AM
 AVERAGE    79

..........................................................


THE PORTLAND ME CLIMATE NORMALS FOR TODAY
                         NORMAL    RECORD    YEAR
 MAXIMUM TEMPERATURE (F)   75        95      1953
 MINIMUM TEMPERATURE (F)   56        40      1986


SUNRISE AND SUNSET
AUGUST 30 2015........SUNRISE   602 AM EDT   SUNSET   721 PM EDT
AUGUST 31 2015........SUNRISE   603 AM EDT   SUNSET   719 PM EDT


-  INDICATES NEGATIVE NUMBERS.
R  INDICATES RECORD WAS SET OR TIED.
MM INDICATES DATA IS MISSING.
T  INDICATES TRACE AMOUNT.




$$
