000
CDUS41 KGYX 020729
CLIPWM


CLIMATE REPORT
NATIONAL WEATHER SERVICE GRAY ME
329 AM EDT TUE JUN 2 2015


...................................

...THE PORTLAND ME CLIMATE SUMMARY FOR JUNE 1 2015...

CLIMATE NORMAL PERIOD 1981 TO 2010
CLIMATE RECORD PERIOD 1941 TO 2015


WEATHER ITEM   OBSERVED TIME   RECORD YEAR NORMAL DEPARTURE LAST
                VALUE   (LST)  VALUE       VALUE  FROM      YEAR
                                                  NORMAL
..................................................................
TEMPERATURE (F)
 YESTERDAY
  MAXIMUM         53   1030 AM  90    2013  69    -16       70
  MINIMUM         46   1125 PM  34    1945  49     -3       45
  AVERAGE         50                        59     -9       58

PRECIPITATION (IN)
  YESTERDAY        1.20          1.50 1972   0.14   1.06     0.00
  MONTH TO DATE    1.20                      0.14   1.06     0.00
  SINCE JUN 1      1.20                      0.14   1.06     0.00
  SINCE JAN 1     17.81                     19.34  -1.53    19.22

SNOWFALL (IN)
  YESTERDAY       MM             0.0  2002   0.0   MM        0.0
                                      2001
                                      2000
  MONTH TO DATE   MM                         0.0   MM        0.0
  SINCE JUN 1     MM                         0.0   MM        0.0
  SINCE JUL 1     94.5                      61.9   32.6     83.4
  SNOW DEPTH       0

DEGREE DAYS
 HEATING
  YESTERDAY       15                         7      8        7
  MONTH TO DATE   15                         7      8        7
  SINCE JUN 1     15                         7      8        7
  SINCE JUL 1   6947                      7008    -61     7368

 COOLING
  YESTERDAY        0                         1     -1        0
  MONTH TO DATE    0                         1     -1        0
  SINCE JUN 1      0                         1     -1        0
  SINCE JAN 1     40                         8     32        0
..................................................................


WIND (MPH)
  RESULTANT WIND SPEED  10   RESULTANT WIND DIRECTION  NE (50)
  HIGHEST WIND SPEED    20   HIGHEST WIND DIRECTION    NE (50)
  HIGHEST GUST SPEED    25   HIGHEST GUST DIRECTION    NE (40)
  AVERAGE WIND SPEED    10.8


SKY COVER
  AVERAGE SKY COVER 1.0


WEATHER CONDITIONS
 THE FOLLOWING WEATHER WAS RECORDED YESTERDAY.
  HEAVY RAIN
  RAIN
  LIGHT RAIN
  FOG
  HAZE


RELATIVE HUMIDITY (PERCENT)
 HIGHEST   100           900 PM
 LOWEST     77          1200 AM
 AVERAGE    89

..........................................................


THE PORTLAND ME CLIMATE NORMALS FOR TODAY
                         NORMAL    RECORD    YEAR
 MAXIMUM TEMPERATURE (F)   69        86      1990
 MINIMUM TEMPERATURE (F)   50        36      1945


SUNRISE AND SUNSET
JUNE  2 2015..........SUNRISE   502 AM EDT   SUNSET   817 PM EDT
JUNE  3 2015..........SUNRISE   502 AM EDT   SUNSET   817 PM EDT


-  INDICATES NEGATIVE NUMBERS.
R  INDICATES RECORD WAS SET OR TIED.
MM INDICATES DATA IS MISSING.
T  INDICATES TRACE AMOUNT.




$$
