000
CDUS41 KGYX 300801
CLIPWM


CLIMATE REPORT
NATIONAL WEATHER SERVICE GRAY ME
401 AM EDT SAT AUG 30 2014


...................................

...THE PORTLAND ME CLIMATE SUMMARY FOR AUGUST 29 2014...

CLIMATE NORMAL PERIOD 1981 TO 2010
CLIMATE RECORD PERIOD 1941 TO 2014


WEATHER ITEM   OBSERVED TIME   RECORD YEAR NORMAL DEPARTURE LAST
                VALUE   (LST)  VALUE       VALUE  FROM      YEAR
                                                  NORMAL
..................................................................
TEMPERATURE (F)
 YESTERDAY
  MAXIMUM         70        MM  96    1953  76     -6       69
  MINIMUM         52        MM  38    1941  56     -4       60
  AVERAGE         61                        66     -5       65

PRECIPITATION (IN)
  YESTERDAY        0.00          2.05 1988   0.10  -0.10     0.00
  MONTH TO DATE    7.27                      2.95   4.32     1.74
  SINCE JUN 1     17.69                     10.35   7.34    12.42
  SINCE JAN 1     36.91                     29.55   7.36    28.22

SNOWFALL (IN)
  YESTERDAY        0.0           0.0  2002   0.0    0.0      0.0
                                      2001
                                      2000
  MONTH TO DATE    0.0                       0.0    0.0      0.0
  SINCE JUN 1      0.0                       0.0    0.0      0.0
  SINCE JUL 1      0.0                       0.0    0.0      0.0
  SNOW DEPTH       0

DEGREE DAYS
 HEATING
  YESTERDAY        4                         2      2        0
  MONTH TO DATE   20                        23     -3       11
  SINCE JUN 1     97                       146    -49       99
  SINCE JUL 1     20                        40    -20       18

 COOLING
  YESTERDAY        0                         3     -3        0
  MONTH TO DATE   74                       116    -42       86
  SINCE JUN 1    289                       317    -28      386
  SINCE JAN 1    289                       324    -35      401
..................................................................


WIND (MPH)
  RESULTANT WIND SPEED   1   RESULTANT WIND DIRECTION  SE (140)
  HIGHEST WIND SPEED    12   HIGHEST WIND DIRECTION     E (110)
  HIGHEST GUST SPEED    MM   HIGHEST GUST DIRECTION    MM
  AVERAGE WIND SPEED     7.0


SKY COVER
  AVERAGE SKY COVER 0.1


WEATHER CONDITIONS
 THE FOLLOWING WEATHER WAS RECORDED YESTERDAY.
  NO SIGNIFICANT WEATHER WAS OBSERVED.


RELATIVE HUMIDITY (PERCENT)
 HIGHEST    89           500 AM
 LOWEST     51          1200 PM
 AVERAGE    70

..........................................................


THE PORTLAND ME CLIMATE NORMALS FOR TODAY
                         NORMAL    RECORD    YEAR
 MAXIMUM TEMPERATURE (F)   75        95      1953
 MINIMUM TEMPERATURE (F)   56        40      1986


SUNRISE AND SUNSET
AUGUST 30 2014........SUNRISE   603 AM EDT   SUNSET   720 PM EDT
AUGUST 31 2014........SUNRISE   604 AM EDT   SUNSET   719 PM EDT


-  INDICATES NEGATIVE NUMBERS.
R  INDICATES RECORD WAS SET OR TIED.
MM INDICATES DATA IS MISSING.
T  INDICATES TRACE AMOUNT.




$$
