000
CDUS41 KGYX 050903
CLIPWM


CLIMATE REPORT
NATIONAL WEATHER SERVICE GRAY ME
402 AM EST THU MAR 5 2015


...................................

...THE PORTLAND ME CLIMATE SUMMARY FOR MARCH 4 2015...

CLIMATE NORMAL PERIOD 1981 TO 2010
CLIMATE RECORD PERIOD 1941 TO 2015


WEATHER ITEM   OBSERVED TIME   RECORD YEAR NORMAL DEPARTURE LAST
                VALUE   (LST)  VALUE       VALUE  FROM      YEAR
                                                  NORMAL
..................................................................
TEMPERATURE (F)
 YESTERDAY
  MAXIMUM         46    424 PM  61    1965  39      7       27
  MINIMUM         31    656 AM -21    1950  21     10       -2
  AVERAGE         39                        30      9       13

PRECIPITATION (IN)
  YESTERDAY        0.03          1.88 1971   0.12  -0.09     0.00
  MONTH TO DATE    0.32                      0.50  -0.18     0.00
  SINCE MAR 1      0.32                      0.50  -0.18     0.00
  SINCE JAN 1      7.80                      7.13   0.67     8.32

SNOWFALL (IN)
  YESTERDAY        0.2           9.4  1960   0.5   -0.3      0.0
  MONTH TO DATE    1.8                       2.0   -0.2      0.0
  SINCE MAR 1      1.8                       2.0   -0.2      0.0
  SINCE JUL 1     91.0                      48.4   42.6     78.5
  SNOW DEPTH      22

DEGREE DAYS
 HEATING
  YESTERDAY       26                        35     -9       52
  MONTH TO DATE  159                       142     17      188
  SINCE MAR 1    159                       142     17      188
  SINCE JUL 1   5213                      5184     29     5427

 COOLING
  YESTERDAY        0                         0      0        0
  MONTH TO DATE    0                         0      0        0
  SINCE MAR 1      0                         0      0        0
  SINCE JAN 1      0                         0      0        0
..................................................................


WIND (MPH)
  RESULTANT WIND SPEED   9   RESULTANT WIND DIRECTION  SW (240)
  HIGHEST WIND SPEED    21   HIGHEST WIND DIRECTION     W (280)
  HIGHEST GUST SPEED    26   HIGHEST GUST DIRECTION     W (260)
  AVERAGE WIND SPEED     9.8


SKY COVER
  AVERAGE SKY COVER 0.8


WEATHER CONDITIONS
 THE FOLLOWING WEATHER WAS RECORDED YESTERDAY.
  SNOW
  LIGHT SNOW
  FOG


RELATIVE HUMIDITY (PERCENT)
 HIGHEST    92          1200 AM
 LOWEST     45           200 PM
 AVERAGE    69

..........................................................


THE PORTLAND ME CLIMATE NORMALS FOR TODAY
                         NORMAL    RECORD    YEAR
 MAXIMUM TEMPERATURE (F)   39        59      1974
 MINIMUM TEMPERATURE (F)   21        -4      1948


SUNRISE AND SUNSET
MARCH  5 2015.........SUNRISE   612 AM EST   SUNSET   535 PM EST
MARCH  6 2015.........SUNRISE   610 AM EST   SUNSET   536 PM EST


-  INDICATES NEGATIVE NUMBERS.
R  INDICATES RECORD WAS SET OR TIED.
MM INDICATES DATA IS MISSING.
T  INDICATES TRACE AMOUNT.




$$
