000
CDUS41 KGYX 070904
CLIPWM


CLIMATE REPORT
NATIONAL WEATHER SERVICE GRAY ME
403 AM EST SUN FEB 7 2016


...................................

...THE PORTLAND ME CLIMATE SUMMARY FOR FEBRUARY 6 2016...

CLIMATE NORMAL PERIOD 1981 TO 2010
CLIMATE RECORD PERIOD 1941 TO 2016


WEATHER ITEM   OBSERVED TIME   RECORD YEAR NORMAL DEPARTURE LAST
                VALUE   (LST)  VALUE       VALUE  FROM      YEAR
                                                  NORMAL
..................................................................
TEMPERATURE (F)
 YESTERDAY
  MAXIMUM         35    401 PM  48    2012  33      2       19
  MINIMUM         11    601 AM -13    1988  14     -3       -9
  AVERAGE         23                        24     -1        5

PRECIPITATION (IN)
  YESTERDAY        0.00          1.98 1896   0.11  -0.11     0.00
  MONTH TO DATE    1.32                      0.65   0.67     1.16
  SINCE DEC 1     10.03                      8.05   1.98    12.10
  SINCE JAN 1      4.69                      4.03   0.66     5.83

SNOWFALL (IN)
  YESTERDAY        0.0           7.2  1942   0.4   -0.4      0.0
  MONTH TO DATE    8.8                       2.8    6.0     12.4
  SINCE DEC 1     29.3                      35.2   -5.9     56.7
  SINCE JUL 1     29.3                      37.1   -7.8     67.0
  SNOW DEPTH       6

DEGREE DAYS
 HEATING
  YESTERDAY       42                        41      1       60
  MONTH TO DATE  166                       251    -85      318
  SINCE DEC 1   2167                      2696   -529     2634
  SINCE JUL 1   3413                      4187   -774     3945

 COOLING
  YESTERDAY        0                         0      0        0
  MONTH TO DATE    0                         0      0        0
  SINCE DEC 1      0                         0      0        0
  SINCE JAN 1      0                         0      0        0
..................................................................


WIND (MPH)
  RESULTANT WIND SPEED   6   RESULTANT WIND DIRECTION  SW (230)
  HIGHEST WIND SPEED    14   HIGHEST WIND DIRECTION    SW (210)
  HIGHEST GUST SPEED    20   HIGHEST GUST DIRECTION     S (200)
  AVERAGE WIND SPEED     6.9


SKY COVER
  AVERAGE SKY COVER 0.2


WEATHER CONDITIONS
 THE FOLLOWING WEATHER WAS RECORDED YESTERDAY.
  NO SIGNIFICANT WEATHER WAS OBSERVED.


RELATIVE HUMIDITY (PERCENT)
 HIGHEST    96           300 AM
 LOWEST     63          1200 PM
 AVERAGE    80

..........................................................


THE PORTLAND ME CLIMATE NORMALS FOR TODAY
                         NORMAL    RECORD    YEAR
 MAXIMUM TEMPERATURE (F)   33        49      1951
 MINIMUM TEMPERATURE (F)   15       -16      1993


SUNRISE AND SUNSET
FEBRUARY  7 2016......SUNRISE   651 AM EST   SUNSET   500 PM EST
FEBRUARY  8 2016......SUNRISE   650 AM EST   SUNSET   501 PM EST


-  INDICATES NEGATIVE NUMBERS.
R  INDICATES RECORD WAS SET OR TIED.
MM INDICATES DATA IS MISSING.
T  INDICATES TRACE AMOUNT.




$$
