938
CDUS41 KGYX 221725
CLIPWM


CLIMATE REPORT
NATIONAL WEATHER SERVICE GRAY ME
125 PM EDT THU SEP 22 2016


...................................

...THE PORTLAND ME CLIMATE SUMMARY FOR SEPTEMBER 21 2016...

CLIMATE NORMAL PERIOD 1981 TO 2010
CLIMATE RECORD PERIOD 1941 TO 2016


WEATHER ITEM   OBSERVED TIME   RECORD YEAR NORMAL DEPARTURE LAST
                VALUE   (LST)  VALUE       VALUE  FROM      YEAR
                                                  NORMAL
..................................................................
TEMPERATURE (F)
 YESTERDAY
  MAXIMUM         83    218 PM  91    1978  68     15       69
  MINIMUM         59    507 AM  30    1964  48     11       44
  AVERAGE         71                        58     13       57

PRECIPITATION (IN)
  YESTERDAY        0.00          1.27 1974   0.13  -0.13     0.00
  MONTH TO DATE    0.57                      2.43  -1.86     1.16
  SINCE SEP 1      0.57                      2.43  -1.86     1.16
  SINCE JAN 1     24.10                     32.17  -8.07    27.92

SNOWFALL (IN)
  YESTERDAY        0.0           0.0  2002   0.0    0.0      0.0
                                      2001
                                      2000
  MONTH TO DATE    0.0                       0.0    0.0      0.0
  SINCE SEP 1      0.0                       0.0    0.0      0.0
  SINCE JUL 1      0.0                       0.0    0.0      0.0
  SNOW DEPTH       0

DEGREE DAYS
 HEATING
  YESTERDAY        0                         7     -7        8
  MONTH TO DATE   27                        92    -65       22
  SINCE SEP 1     27                        92    -65       22
  SINCE JUL 1     41                       137    -96       32

 COOLING
  YESTERDAY        6                         0      6        0
  MONTH TO DATE   65                        27     38       93
  SINCE SEP 1     65                        27     38       93
  SINCE JAN 1    550                       355    195      488
..................................................................


WIND (MPH)
  RESULTANT WIND SPEED   4   RESULTANT WIND DIRECTION   W (290)
  HIGHEST WIND SPEED    14   HIGHEST WIND DIRECTION     N (360)
  HIGHEST GUST SPEED    18   HIGHEST GUST DIRECTION     N (360)
  AVERAGE WIND SPEED     5.9


SKY COVER
  AVERAGE SKY COVER 0.2


WEATHER CONDITIONS
 THE FOLLOWING WEATHER WAS RECORDED YESTERDAY.
  NO SIGNIFICANT WEATHER WAS OBSERVED.


RELATIVE HUMIDITY (PERCENT)
 HIGHEST    93           300 AM
 LOWEST     24           200 PM
 AVERAGE    59

..........................................................


THE PORTLAND ME CLIMATE NORMALS FOR TODAY
                         NORMAL    RECORD    YEAR
 MAXIMUM TEMPERATURE (F)   68        89      1965
 MINIMUM TEMPERATURE (F)   48        27      1962


SUNRISE AND SUNSET
SEPTEMBER 22 2016.....SUNRISE   629 AM EDT   SUNSET   638 PM EDT
SEPTEMBER 23 2016.....SUNRISE   630 AM EDT   SUNSET   636 PM EDT


-  INDICATES NEGATIVE NUMBERS.
R  INDICATES RECORD WAS SET OR TIED.
MM INDICATES DATA IS MISSING.
T  INDICATES TRACE AMOUNT.




$$
