261
CDUS41 KGYX 210911
CLIPWM


CLIMATE REPORT
NATIONAL WEATHER SERVICE GRAY ME
411 AM EST WED FEB 21 2018


...................................

...THE PORTLAND ME CLIMATE SUMMARY FOR FEBRUARY 20 2018...

CLIMATE NORMAL PERIOD 1981 TO 2010
CLIMATE RECORD PERIOD 1941 TO 2018


WEATHER ITEM   OBSERVED TIME   RECORD YEAR NORMAL DEPARTURE LAST
                VALUE   (LST)  VALUE       VALUE  FROM      YEAR
                                                  NORMAL
..................................................................
TEMPERATURE (F)
 YESTERDAY
  MAXIMUM         44    208 PM  61    1994  36      8       42
  MINIMUM         37   1119 PM -12    1966  18     19       25
  AVERAGE         41                        27     14       34

PRECIPITATION (IN)
  YESTERDAY        0.01          2.17 1934   0.11  -0.10     0.00
  MONTH TO DATE    3.63                      2.25   1.38     4.13
  SINCE DEC 1     10.38                      9.65   0.73    13.09
  SINCE JAN 1      6.92                      5.63   1.29     7.78

SNOWFALL (IN)
  YESTERDAY        0.0          14.5  1934   0.4   -0.4      0.0
  MONTH TO DATE   16.2                       8.7    7.5     39.7
  SINCE DEC 1     56.4                      41.1   15.3     65.7
  SINCE JUL 1     56.5                      43.0   13.5     66.2
  SNOW DEPTH       4

DEGREE DAYS
 HEATING
  YESTERDAY       24                        38    -14       31
  MONTH TO DATE  727                       809    -82      794
  SINCE DEC 1   3337                      3254     83     3012
  SINCE JUL 1   4502                      4745   -243     4264

 COOLING
  YESTERDAY        0                         0      0        0
  MONTH TO DATE    0                         0      0        0
  SINCE DEC 1      0                         0      0        0
  SINCE JAN 1      0                         0      0        0
..................................................................


WIND (MPH)
  RESULTANT WIND SPEED   3   RESULTANT WIND DIRECTION   E (80)
  HIGHEST WIND SPEED    13   HIGHEST WIND DIRECTION    NE (60)
  HIGHEST GUST SPEED    15   HIGHEST GUST DIRECTION    NE (60)
  AVERAGE WIND SPEED     3.5


SKY COVER
  AVERAGE SKY COVER 1.0


WEATHER CONDITIONS
 THE FOLLOWING WEATHER WAS RECORDED YESTERDAY.
  LIGHT RAIN
  FOG
  FOG W/VISIBILITY <= 1/4 MILE


RELATIVE HUMIDITY (PERCENT)
 HIGHEST   100          1200 AM
 LOWEST     92           200 PM
 AVERAGE    96

..........................................................


THE PORTLAND ME CLIMATE NORMALS FOR TODAY
                         NORMAL    RECORD    YEAR
 MAXIMUM TEMPERATURE (F)   36        59      1953
 MINIMUM TEMPERATURE (F)   18        -9      1966


SUNRISE AND SUNSET
FEBRUARY 21 2018......SUNRISE   631 AM EST   SUNSET   520 PM EST
FEBRUARY 22 2018......SUNRISE   629 AM EST   SUNSET   521 PM EST


-  INDICATES NEGATIVE NUMBERS.
R  INDICATES RECORD WAS SET OR TIED.
MM INDICATES DATA IS MISSING.
T  INDICATES TRACE AMOUNT.




$$
