000
CDUS41 KGYX 140911
CLIPWM


CLIMATE REPORT
NATIONAL WEATHER SERVICE GRAY ME
410 AM EST TUE FEB 14 2017


...................................

...THE PORTLAND ME CLIMATE SUMMARY FOR FEBRUARY 13 2017...

CLIMATE NORMAL PERIOD 1981 TO 2010
CLIMATE RECORD PERIOD 1941 TO 2017


WEATHER ITEM   OBSERVED TIME   RECORD YEAR NORMAL DEPARTURE LAST
                VALUE   (LST)  VALUE       VALUE  FROM      YEAR
                                                  NORMAL
..................................................................
TEMPERATURE (F)
 YESTERDAY
  MAXIMUM         27    212 PM  60    1951  34     -7       22
  MINIMUM         20    635 AM -22    1967  16      4       -9
  AVERAGE         24                        25     -1        7

PRECIPITATION (IN)
  YESTERDAY        0.44          2.54 2008   0.11   0.33      T
  MONTH TO DATE    2.94                      1.43   1.51     1.73
  SINCE DEC 1     11.90                      8.83   3.07    10.44
  SINCE JAN 1      6.59                      4.81   1.78     5.10

SNOWFALL (IN)
  YESTERDAY        6.7          11.5  1894   0.5    6.2       T
  MONTH TO DATE   34.5                       5.9   28.6     15.7
  SINCE DEC 1     60.5                      38.3   22.2     36.2
  SINCE JUL 1     61.0                      40.2   20.8     36.2
  SNOW DEPTH      20

DEGREE DAYS
 HEATING
  YESTERDAY       41                        40      1       58
  MONTH TO DATE  545                       535     10      487
  SINCE DEC 1   2763                      2980   -217     2488
  SINCE JUL 1   4015                      4471   -456     3734

 COOLING
  YESTERDAY        0                         0      0        0
  MONTH TO DATE    0                         0      0        0
  SINCE DEC 1      0                         0      0        0
  SINCE JAN 1      0                         0      0        0
..................................................................


WIND (MPH)
  RESULTANT WIND SPEED  19   RESULTANT WIND DIRECTION   N (340)
  HIGHEST WIND SPEED    30   HIGHEST WIND DIRECTION    NW (320)
  HIGHEST GUST SPEED    42   HIGHEST GUST DIRECTION     N (340)
  AVERAGE WIND SPEED    19.4


SKY COVER
  AVERAGE SKY COVER 0.9


WEATHER CONDITIONS
 THE FOLLOWING WEATHER WAS RECORDED YESTERDAY.
  SNOW
  LIGHT SNOW
  FOG
  BLOWING SNOW


RELATIVE HUMIDITY (PERCENT)
 HIGHEST    96          1200 AM
 LOWEST     60          1000 PM
 AVERAGE    78

..........................................................


THE PORTLAND ME CLIMATE NORMALS FOR TODAY
                         NORMAL    RECORD    YEAR
 MAXIMUM TEMPERATURE (F)   34        52      1948
 MINIMUM TEMPERATURE (F)   16       -17      2003


SUNRISE AND SUNSET
FEBRUARY 14 2017......SUNRISE   641 AM EST   SUNSET   510 PM EST
FEBRUARY 15 2017......SUNRISE   639 AM EST   SUNSET   512 PM EST


-  INDICATES NEGATIVE NUMBERS.
R  INDICATES RECORD WAS SET OR TIED.
MM INDICATES DATA IS MISSING.
T  INDICATES TRACE AMOUNT.




$$
