000
CDUS41 KGYX 172042
CLIPWM


CLIMATE REPORT
NATIONAL WEATHER SERVICE GRAY ME
442 PM EDT WED AUG 17 2016


...................................

...THE PORTLAND ME CLIMATE SUMMARY FOR AUGUST 17 2016...
VALID TODAY AS OF 0400 PM LOCAL TIME.

CLIMATE NORMAL PERIOD 1981 TO 2010
CLIMATE RECORD PERIOD 1941 TO 2016


WEATHER ITEM   OBSERVED TIME   RECORD YEAR NORMAL DEPARTURE LAST
                VALUE   (LST)  VALUE       VALUE  FROM      YEAR
                                                  NORMAL
..................................................................
TEMPERATURE (F)
 TODAY
  MAXIMUM         84    950 AM  97    1987  78      6       89
  MINIMUM         72    109 AM  42    1961  58     14       65
  AVERAGE         78                        68     10       77

PRECIPITATION (IN)
  TODAY            0.00          2.40 1917   0.10  -0.10     0.00
  MONTH TO DATE    1.15                      1.76  -0.61     1.49
  SINCE JUN 1      7.27                      9.16  -1.89     9.15
  SINCE JAN 1     22.78                     28.36  -5.58    25.76

SNOWFALL (IN)
  TODAY            0.0           0.0  2002   0.0    0.0      0.0
                                      2001
                                      2000
  MONTH TO DATE    0.0                       0.0    0.0      0.0
  SINCE JUN 1      0.0                       0.0    0.0      0.0
  SINCE JUL 1      0.0                       0.0    0.0      0.0
  SNOW DEPTH       0

DEGREE DAYS
 HEATING
  TODAY            0                         1     -1        0
  MONTH TO DATE    1                         8     -7        0
  SINCE JUN 1     80                       131    -51      154
  SINCE JUL 1     14                        25    -11       10

 COOLING
  TODAY           13                         4      9       12
  MONTH TO DATE  133                        76     57       85
  SINCE JUN 1    381                       277    104      271
  SINCE JAN 1    397                       284    113      311
..................................................................


WIND (MPH)
  HIGHEST WIND SPEED    29   HIGHEST WIND DIRECTION    NW (310)
  HIGHEST GUST SPEED    43   HIGHEST GUST DIRECTION    NW (330)
  AVERAGE WIND SPEED    12.8


SKY COVER
  POSSIBLE SUNSHINE  MM
  AVERAGE SKY COVER 0.7


WEATHER CONDITIONS
 THE FOLLOWING WEATHER WAS RECORDED TODAY.
  FOG


RELATIVE HUMIDITY (PERCENT)
 HIGHEST    93          1200 AM
 LOWEST     48           300 PM
 AVERAGE    71

..........................................................


THE PORTLAND ME CLIMATE NORMALS FOR TOMORROW
                         NORMAL    RECORD    YEAR
 MAXIMUM TEMPERATURE (F)   78        94      1987
 MINIMUM TEMPERATURE (F)   58        42      1957


SUNRISE AND SUNSET
AUGUST 17 2016........SUNRISE   549 AM EDT   SUNSET   741 PM EDT
AUGUST 18 2016........SUNRISE   550 AM EDT   SUNSET   739 PM EDT


-  INDICATES NEGATIVE NUMBERS.
R  INDICATES RECORD WAS SET OR TIED.
MM INDICATES DATA IS MISSING.
T  INDICATES TRACE AMOUNT.




$$
