000
CDUS41 KGYX 150803
CLIPWM


CLIMATE REPORT
NATIONAL WEATHER SERVICE GRAY ME
403 AM EDT MON MAY 15 2017


...................................

...THE PORTLAND ME CLIMATE SUMMARY FOR MAY 14 2017...

CLIMATE NORMAL PERIOD 1981 TO 2010
CLIMATE RECORD PERIOD 1941 TO 2017


WEATHER ITEM   OBSERVED TIME   RECORD YEAR NORMAL DEPARTURE LAST
                VALUE   (LST)  VALUE       VALUE  FROM      YEAR
                                                  NORMAL
..................................................................
TEMPERATURE (F)
 YESTERDAY
  MAXIMUM         48    140 PM  81    1961  63    -15       74
  MINIMUM         45    715 AM  28    1951  44      1       52
  AVERAGE         47                        53     -6       63

PRECIPITATION (IN)
  YESTERDAY        0.72R         0.70 1893   0.12   0.60     0.01
                                      1964
  MONTH TO DATE    2.06                      1.82   0.24     1.75
  SINCE MAR 1     11.96                     10.38   1.58     7.68
  SINCE JAN 1     20.16                     17.01   3.15    15.22

SNOWFALL (IN)
  YESTERDAY        0.0           0.0  2002   0.0    0.0      0.0
                                      2001
                                      2000
  MONTH TO DATE    0.0                       0.1   -0.1      0.0
  SINCE MAR 1     29.1                      15.6   13.5     10.8
  SINCE JUL 1     95.3                      62.0   33.3     51.8
  SNOW DEPTH       0

DEGREE DAYS
 HEATING
  YESTERDAY       18                        12      6        2
  MONTH TO DATE  227                       193     34      205
  SINCE MAR 1   1884                      1799     85     1706
  SINCE JUL 1   6362                      6841   -479     5997

 COOLING
  YESTERDAY        0                         0      0        0
  MONTH TO DATE    0                         0      0        0
  SINCE MAR 1      2                         0      2        0
  SINCE JAN 1      2                         0      2        0
..................................................................


WIND (MPH)
  RESULTANT WIND SPEED  10   RESULTANT WIND DIRECTION   N (20)
  HIGHEST WIND SPEED    18   HIGHEST WIND DIRECTION     N (350)
  HIGHEST GUST SPEED    39   HIGHEST GUST DIRECTION    NE (30)
  AVERAGE WIND SPEED    11.5


SKY COVER
  AVERAGE SKY COVER 0.9


WEATHER CONDITIONS
 THE FOLLOWING WEATHER WAS RECORDED YESTERDAY.
  RAIN
  LIGHT RAIN
  FOG


RELATIVE HUMIDITY (PERCENT)
 HIGHEST    93           200 AM
 LOWEST     86           500 AM
 AVERAGE    90

..........................................................


THE PORTLAND ME CLIMATE NORMALS FOR TODAY
                         NORMAL    RECORD    YEAR
 MAXIMUM TEMPERATURE (F)   63        85      2004
 MINIMUM TEMPERATURE (F)   44        27      1947


SUNRISE AND SUNSET
MAY 15 2017...........SUNRISE   516 AM EDT   SUNSET   800 PM EDT
MAY 16 2017...........SUNRISE   515 AM EDT   SUNSET   801 PM EDT


-  INDICATES NEGATIVE NUMBERS.
R  INDICATES RECORD WAS SET OR TIED.
MM INDICATES DATA IS MISSING.
T  INDICATES TRACE AMOUNT.




$$
