000
CDUS41 KGYX 100811
CLIPWM


CLIMATE REPORT
NATIONAL WEATHER SERVICE GRAY ME
411 AM EDT THU APR 10 2014


...................................

...THE PORTLAND ME CLIMATE SUMMARY FOR APRIL 9 2014...

CLIMATE NORMAL PERIOD 1981 TO 2010
CLIMATE RECORD PERIOD 1941 TO 2014


WEATHER ITEM   OBSERVED TIME   RECORD YEAR NORMAL DEPARTURE LAST
                VALUE   (LST)  VALUE       VALUE  FROM      YEAR
                                                  NORMAL
..................................................................
TEMPERATURE (F)
 YESTERDAY
  MAXIMUM         53   1055 AM  64    1945  51      2       52
  MINIMUM         31   1159 PM  18    1977  33     -2       42
  AVERAGE         42                        42      0       47

PRECIPITATION (IN)
  YESTERDAY        0.00          1.28 1916   0.15  -0.15     0.18
  MONTH TO DATE    1.49                      1.32   0.17     0.81
  SINCE MAR 1      5.80                      5.56   0.24     2.50
  SINCE JAN 1     14.12                     12.19   1.93     9.93

SNOWFALL (IN)
  YESTERDAY        0.0           6.9  1916   0.1   -0.1      0.0
  MONTH TO DATE    T                         1.5   -1.5       T
  SINCE MAR 1      3.7                      14.2  -10.5     13.2
  SINCE JUL 1     82.2                      60.6   21.6     97.8
  SNOW DEPTH       0

DEGREE DAYS
 HEATING
  YESTERDAY       23                        23      0       18
  MONTH TO DATE  222                       222      0      220
  SINCE MAR 1   1392                      1198    194     1148
  SINCE JUL 1   6631                      6240    391     5747

 COOLING
  YESTERDAY        0                         0      0        0
  MONTH TO DATE    0                         0      0        0
  SINCE MAR 1      0                         0      0        0
  SINCE JAN 1      0                         0      0        0
..................................................................


WIND (MPH)
  RESULTANT WIND SPEED   8   RESULTANT WIND DIRECTION  NW (310)
  HIGHEST WIND SPEED    30   HIGHEST WIND DIRECTION    NW (310)
  HIGHEST GUST SPEED    35   HIGHEST GUST DIRECTION    NW (300)
  AVERAGE WIND SPEED     9.4


SKY COVER
  AVERAGE SKY COVER 0.3


WEATHER CONDITIONS
 THE FOLLOWING WEATHER WAS RECORDED YESTERDAY.
  NO SIGNIFICANT WEATHER WAS OBSERVED.


RELATIVE HUMIDITY (PERCENT)
 HIGHEST    89           500 AM
 LOWEST     25           600 PM
 AVERAGE    57

..........................................................


THE PORTLAND ME CLIMATE NORMALS FOR TODAY
                         NORMAL    RECORD    YEAR
 MAXIMUM TEMPERATURE (F)   51        73      1955
 MINIMUM TEMPERATURE (F)   33        17      1977


SUNRISE AND SUNSET
APRIL 10 2014.........SUNRISE   607 AM EDT   SUNSET   719 PM EDT
APRIL 11 2014.........SUNRISE   605 AM EDT   SUNSET   720 PM EDT


-  INDICATES NEGATIVE NUMBERS.
R  INDICATES RECORD WAS SET OR TIED.
MM INDICATES DATA IS MISSING.
T  INDICATES TRACE AMOUNT.




$$
