000
CDUS41 KGYX 182046
CLIPWM


CLIMATE REPORT
NATIONAL WEATHER SERVICE GRAY ME
446 PM EDT SUN JUN 18 2017


...................................

...THE PORTLAND ME CLIMATE SUMMARY FOR JUNE 18 2017...
VALID TODAY AS OF 0400 PM LOCAL TIME.

CLIMATE NORMAL PERIOD 1981 TO 2010
CLIMATE RECORD PERIOD 1941 TO 2017


WEATHER ITEM   OBSERVED TIME   RECORD YEAR NORMAL DEPARTURE LAST
                VALUE   (LST)  VALUE       VALUE  FROM      YEAR
                                                  NORMAL
..................................................................
TEMPERATURE (F)
 TODAY
  MAXIMUM         77    155 PM  88    1995  74      3       72
  MINIMUM         60    458 AM  39    1954  55      5       52
  AVERAGE         69                        64      5       62

PRECIPITATION (IN)
  TODAY            0.00          4.35 1922   0.12  -0.12     0.00
  MONTH TO DATE    1.48                      2.44  -0.96     2.68
  SINCE JUN 1      1.48                      2.44  -0.96     2.68
  SINCE JAN 1     25.52                     21.64   3.88    18.19

SNOWFALL (IN)
  TODAY            0.0           0.0  2002   0.0    0.0      0.0
                                      2001
                                      2000
  MONTH TO DATE    0.0                       0.0    0.0      0.0
  SINCE JUN 1      0.0                       0.0    0.0      0.0
  SINCE JUL 1     95.3                      61.9   33.4     51.8
  SNOW DEPTH       0

DEGREE DAYS
 HEATING
  TODAY            0                         3     -3        3
  MONTH TO DATE   81                        84     -3       60
  SINCE JUN 1     81                        84     -3       60
  SINCE JUL 1   6601                      7085   -484     6179

 COOLING
  TODAY            4                         2      2        0
  MONTH TO DATE   43                        25     18        9
  SINCE JUN 1     43                        25     18        9
  SINCE JAN 1     60                        32     28       25
..................................................................


WIND (MPH)
  HIGHEST WIND SPEED    18   HIGHEST WIND DIRECTION     S (170)
  HIGHEST GUST SPEED    30   HIGHEST GUST DIRECTION     S (170)
  AVERAGE WIND SPEED     6.3


SKY COVER
  POSSIBLE SUNSHINE  MM
  AVERAGE SKY COVER 0.9


WEATHER CONDITIONS
 THE FOLLOWING WEATHER WAS RECORDED TODAY.
  FOG
  FOG W/VISIBILITY <= 1/4 MILE


RELATIVE HUMIDITY (PERCENT)
 HIGHEST   100           200 AM
 LOWEST     74          1100 AM
 AVERAGE    87

..........................................................


THE PORTLAND ME CLIMATE NORMALS FOR TOMORROW
                         NORMAL    RECORD    YEAR
 MAXIMUM TEMPERATURE (F)   75        94      1995
 MINIMUM TEMPERATURE (F)   55        38      1956


SUNRISE AND SUNSET
JUNE 18 2017..........SUNRISE   459 AM EDT   SUNSET   826 PM EDT
JUNE 19 2017..........SUNRISE   459 AM EDT   SUNSET   826 PM EDT


-  INDICATES NEGATIVE NUMBERS.
R  INDICATES RECORD WAS SET OR TIED.
MM INDICATES DATA IS MISSING.
T  INDICATES TRACE AMOUNT.




$$
