000
CDUS41 KGYX 010918
CLIPWM


CLIMATE REPORT
NATIONAL WEATHER SERVICE GRAY ME
417 AM EST FRI DEC 1 2017


...................................

...THE PORTLAND ME CLIMATE SUMMARY FOR NOVEMBER 30 2017...

CLIMATE NORMAL PERIOD 1981 TO 2010
CLIMATE RECORD PERIOD 1941 TO 2017


WEATHER ITEM   OBSERVED TIME   RECORD YEAR NORMAL DEPARTURE LAST
                VALUE   (LST)  VALUE       VALUE  FROM      YEAR
                                                  NORMAL
..................................................................
TEMPERATURE (F)
 YESTERDAY
  MAXIMUM         46   1159 PM  62    2006  43      3       42
  MINIMUM         22    639 AM  11    1958  27     -5       34
  AVERAGE         34                        35     -1       38

PRECIPITATION (IN)
  YESTERDAY        0.00          2.69 1944   0.15  -0.15     0.19
  MONTH TO DATE    2.10                      4.93  -2.83     4.06
  SINCE SEP 1      9.47                     13.49  -4.02    13.28
  SINCE JAN 1     40.17                     43.23  -3.06    36.81

SNOWFALL (IN)
  YESTERDAY        0.0           5.1  1892   0.2   -0.2      0.0
  MONTH TO DATE    0.1                       1.9   -1.8      0.5
  SINCE SEP 1      0.1                       1.9   -1.8      0.5
  SINCE JUL 1      0.1                       1.9   -1.8      0.5
  SNOW DEPTH       0

DEGREE DAYS
 HEATING
  YESTERDAY       31                        30      1       27
  MONTH TO DATE  793                       767     26      696
  SINCE SEP 1   1132                      1446   -314     1238
  SINCE JUL 1   1165                      1491   -326     1252

 COOLING
  YESTERDAY        0                         0      0        0
  MONTH TO DATE    0                         0      0        0
  SINCE SEP 1     69                        31     38       68
  SINCE JAN 1    433                       359     74      553
..................................................................


WIND (MPH)
  RESULTANT WIND SPEED   5   RESULTANT WIND DIRECTION   S (170)
  HIGHEST WIND SPEED    16   HIGHEST WIND DIRECTION     S (190)
  HIGHEST GUST SPEED    22   HIGHEST GUST DIRECTION    SW (210)
  AVERAGE WIND SPEED     5.7


SKY COVER
  AVERAGE SKY COVER 0.4


WEATHER CONDITIONS
 THE FOLLOWING WEATHER WAS RECORDED YESTERDAY.
  LIGHT RAIN


RELATIVE HUMIDITY (PERCENT)
 HIGHEST    83          1000 PM
 LOWEST     52          1100 AM
 AVERAGE    68

..........................................................


THE PORTLAND ME CLIMATE NORMALS FOR TODAY
                         NORMAL    RECORD    YEAR
 MAXIMUM TEMPERATURE (F)   42        66      2001
 MINIMUM TEMPERATURE (F)   26         9      1989


SUNRISE AND SUNSET
DECEMBER  1 2017......SUNRISE   655 AM EST   SUNSET   406 PM EST
DECEMBER  2 2017......SUNRISE   656 AM EST   SUNSET   405 PM EST


-  INDICATES NEGATIVE NUMBERS.
R  INDICATES RECORD WAS SET OR TIED.
MM INDICATES DATA IS MISSING.
T  INDICATES TRACE AMOUNT.




$$
