000
CDUS41 KGYX 180802
CLIPWM


CLIMATE REPORT
NATIONAL WEATHER SERVICE GRAY ME
402 AM EDT TUE APR 18 2017


...................................

...THE PORTLAND ME CLIMATE SUMMARY FOR APRIL 17 2017...

CLIMATE NORMAL PERIOD 1981 TO 2010
CLIMATE RECORD PERIOD 1941 TO 2017


WEATHER ITEM   OBSERVED TIME   RECORD YEAR NORMAL DEPARTURE LAST
                VALUE   (LST)  VALUE       VALUE  FROM      YEAR
                                                  NORMAL
..................................................................
TEMPERATURE (F)
 YESTERDAY
  MAXIMUM         69        MM  83    2012  54     15       60
  MINIMUM         44        MM  22    2014  35      9       30
  AVERAGE         57                        45     12       45

PRECIPITATION (IN)
  YESTERDAY        0.00          2.02 1954   0.14  -0.14     0.00
  MONTH TO DATE    3.54                      2.49   1.05     0.96
  SINCE MAR 1      7.04                      6.73   0.31     5.33
  SINCE JAN 1     15.24                     13.36   1.88    12.87

SNOWFALL (IN)
  YESTERDAY        0.0           5.5  1992   0.1   -0.1      0.0
  MONTH TO DATE    7.9                       2.3    5.6      1.5
  SINCE MAR 1     29.1                      15.0   14.1      8.6
  SINCE JUL 1     95.3                      61.4   33.9     49.6
  SNOW DEPTH       0

DEGREE DAYS
 HEATING
  YESTERDAY        8                        20    -12       20
  MONTH TO DATE  317                       395    -78      421
  SINCE MAR 1   1431                      1371     60     1257
  SINCE JUL 1   5909                      6413   -504     5548

 COOLING
  YESTERDAY        0                         0      0        0
  MONTH TO DATE    2                         0      2        0
  SINCE MAR 1      2                         0      2        0
  SINCE JAN 1      2                         0      2        0
..................................................................


WIND (MPH)
  RESULTANT WIND SPEED   9   RESULTANT WIND DIRECTION  NW (310)
  HIGHEST WIND SPEED    20   HIGHEST WIND DIRECTION    NW (320)
  HIGHEST GUST SPEED    33   HIGHEST GUST DIRECTION     W (280)
  AVERAGE WIND SPEED    12.0


SKY COVER
  AVERAGE SKY COVER 0.5


WEATHER CONDITIONS
 THE FOLLOWING WEATHER WAS RECORDED YESTERDAY.
  NO SIGNIFICANT WEATHER WAS OBSERVED.


RELATIVE HUMIDITY (PERCENT)
 HIGHEST    72           500 AM
 LOWEST     26           300 PM
 AVERAGE    49

..........................................................


THE PORTLAND ME CLIMATE NORMALS FOR TODAY
                         NORMAL    RECORD    YEAR
 MAXIMUM TEMPERATURE (F)   54        76      1964
 MINIMUM TEMPERATURE (F)   36        21      1962
                                             2003


SUNRISE AND SUNSET
APRIL 18 2017.........SUNRISE   553 AM EDT   SUNSET   729 PM EDT
APRIL 19 2017.........SUNRISE   552 AM EDT   SUNSET   730 PM EDT


-  INDICATES NEGATIVE NUMBERS.
R  INDICATES RECORD WAS SET OR TIED.
MM INDICATES DATA IS MISSING.
T  INDICATES TRACE AMOUNT.




$$
