000
CDUS41 KGYX 130808
CLIPWM


CLIMATE REPORT
NATIONAL WEATHER SERVICE GRAY ME
408 AM EDT TUE JUN 13 2017


...................................

...THE PORTLAND ME CLIMATE SUMMARY FOR JUNE 12 2017...

CLIMATE NORMAL PERIOD 1981 TO 2010
CLIMATE RECORD PERIOD 1941 TO 2017


WEATHER ITEM   OBSERVED TIME   RECORD YEAR NORMAL DEPARTURE LAST
                VALUE   (LST)  VALUE       VALUE  FROM      YEAR
                                                  NORMAL
..................................................................
TEMPERATURE (F)
 YESTERDAY
  MAXIMUM         89    953 AM  90    1942  72     17       75
  MINIMUM         66    433 AM  37    1972  53     13       51
  AVERAGE         78                        62     16       63

PRECIPITATION (IN)
  YESTERDAY        0.00          1.67 2009   0.14  -0.14     0.00
  MONTH TO DATE    1.05                      1.67  -0.62     2.67
  SINCE JUN 1      1.05                      1.67  -0.62     2.67
  SINCE JAN 1     25.09                     20.87   4.22    18.18

SNOWFALL (IN)
  YESTERDAY        0.0           0.0  2002   0.0    0.0      0.0
                                      2001
                                      2000
  MONTH TO DATE    0.0                       0.0    0.0      0.0
  SINCE JUN 1      0.0                       0.0    0.0      0.0
  SINCE JUL 1     95.3                      61.9   33.4     51.8
  SNOW DEPTH       0

DEGREE DAYS
 HEATING
  YESTERDAY        0                         4     -4        2
  MONTH TO DATE   66                        64      2       51
  SINCE JUN 1     66                        64      2       51
  SINCE JUL 1   6586                      7065   -479     6170

 COOLING
  YESTERDAY       13                         2     11        0
  MONTH TO DATE   26                        13     13        4
  SINCE JUN 1     26                        13     13        4
  SINCE JAN 1     43                        20     23       20
..................................................................


WIND (MPH)
  RESULTANT WIND SPEED   5   RESULTANT WIND DIRECTION   S (160)
  HIGHEST WIND SPEED    21   HIGHEST WIND DIRECTION     S (160)
  HIGHEST GUST SPEED    26   HIGHEST GUST DIRECTION     S (180)
  AVERAGE WIND SPEED     6.8


SKY COVER
  AVERAGE SKY COVER 0.2


WEATHER CONDITIONS
 THE FOLLOWING WEATHER WAS RECORDED YESTERDAY.
  LIGHT RAIN


RELATIVE HUMIDITY (PERCENT)
 HIGHEST    73           500 AM
 LOWEST     44           900 PM
 AVERAGE    59

..........................................................


THE PORTLAND ME CLIMATE NORMALS FOR TODAY
                         NORMAL    RECORD    YEAR
 MAXIMUM TEMPERATURE (F)   73        94      1956
 MINIMUM TEMPERATURE (F)   53        39      1953


SUNRISE AND SUNSET
JUNE 13 2017..........SUNRISE   459 AM EDT   SUNSET   824 PM EDT
JUNE 14 2017..........SUNRISE   459 AM EDT   SUNSET   824 PM EDT


-  INDICATES NEGATIVE NUMBERS.
R  INDICATES RECORD WAS SET OR TIED.
MM INDICATES DATA IS MISSING.
T  INDICATES TRACE AMOUNT.




$$
