000
CDUS41 KGYX 120912
CLIPWM


CLIMATE REPORT
NATIONAL WEATHER SERVICE GRAY ME
412 AM EST MON FEB 12 2018


...................................

...THE PORTLAND ME CLIMATE SUMMARY FOR FEBRUARY 11 2018...

CLIMATE NORMAL PERIOD 1981 TO 2010
CLIMATE RECORD PERIOD 1941 TO 2018


WEATHER ITEM   OBSERVED TIME   RECORD YEAR NORMAL DEPARTURE LAST
                VALUE   (LST)  VALUE       VALUE  FROM      YEAR
                                                  NORMAL
..................................................................
TEMPERATURE (F)
 YESTERDAY
  MAXIMUM         38    108 AM  52    1981  34      4       15
  MINIMUM         33   1159 PM -17    1948  15     18        7
  AVERAGE         36                        25     11       11

PRECIPITATION (IN)
  YESTERDAY        0.52          1.48 1933   0.12   0.40     0.21
  MONTH TO DATE    2.98                      1.20   1.78     1.37
  SINCE DEC 1      9.73                      8.60   1.13    10.33
  SINCE JAN 1      6.27                      4.58   1.69     5.02

SNOWFALL (IN)
  YESTERDAY        0.0          10.1  1892   0.4   -0.4      6.0
  MONTH TO DATE    8.3                       5.0    3.3     18.2
  SINCE DEC 1     48.5                      37.4   11.1     44.2
  SINCE JUL 1     48.6                      39.3    9.3     44.7
  SNOW DEPTH       4

DEGREE DAYS
 HEATING
  YESTERDAY       29                        40    -11       54
  MONTH TO DATE  433                       455    -22      458
  SINCE DEC 1   3043                      2900    143     2676
  SINCE JUL 1   4208                      4391   -183     3928

 COOLING
  YESTERDAY        0                         0      0        0
  MONTH TO DATE    0                         0      0        0
  SINCE DEC 1      0                         0      0        0
  SINCE JAN 1      0                         0      0        0
..................................................................


WIND (MPH)
  RESULTANT WIND SPEED   7   RESULTANT WIND DIRECTION  NE (60)
  HIGHEST WIND SPEED    15   HIGHEST WIND DIRECTION    NE (60)
  HIGHEST GUST SPEED    18   HIGHEST GUST DIRECTION    NE (60)
  AVERAGE WIND SPEED     8.4


SKY COVER
  AVERAGE SKY COVER 1.0


WEATHER CONDITIONS
 THE FOLLOWING WEATHER WAS RECORDED YESTERDAY.
  RAIN
  LIGHT RAIN
  FOG


RELATIVE HUMIDITY (PERCENT)
 HIGHEST   100          1200 AM
 LOWEST     89           900 AM
 AVERAGE    95

..........................................................


THE PORTLAND ME CLIMATE NORMALS FOR TODAY
                         NORMAL    RECORD    YEAR
 MAXIMUM TEMPERATURE (F)   34        51      1984
 MINIMUM TEMPERATURE (F)   16       -13      1967


SUNRISE AND SUNSET
FEBRUARY 12 2018......SUNRISE   644 AM EST   SUNSET   507 PM EST
FEBRUARY 13 2018......SUNRISE   643 AM EST   SUNSET   509 PM EST


-  INDICATES NEGATIVE NUMBERS.
R  INDICATES RECORD WAS SET OR TIED.
MM INDICATES DATA IS MISSING.
T  INDICATES TRACE AMOUNT.




$$
