000
CDUS41 KGYX 072041
CLIPWM


CLIMATE REPORT
NATIONAL WEATHER SERVICE GRAY ME
441 PM EDT MON APR 7 2014


...................................

...THE PORTLAND ME CLIMATE SUMMARY FOR APRIL 7 2014...
VALID TODAY AS OF 0400 PM LOCAL TIME.

CLIMATE NORMAL PERIOD 1981 TO 2010
CLIMATE RECORD PERIOD 1941 TO 2014


WEATHER ITEM   OBSERVED TIME   RECORD YEAR NORMAL DEPARTURE LAST
                VALUE   (LST)  VALUE       VALUE  FROM      YEAR
                                                  NORMAL
..................................................................
TEMPERATURE (F)
 TODAY
  MAXIMUM         55   1053 AM  85    2010  50      5       46
  MINIMUM         28    352 AM  15    1943  32     -4       25
  AVERAGE         42                        41      1       36

PRECIPITATION (IN)
  TODAY            0.00          1.86 1901   0.14  -0.14     0.00
  MONTH TO DATE    0.52                      1.02  -0.50     0.63
  SINCE MAR 1      4.83                      5.26  -0.43     2.32
  SINCE JAN 1     13.15                     11.89   1.26     9.75

SNOWFALL (IN)
  TODAY            0.0           8.7  1971   0.1   -0.1      0.0
  MONTH TO DATE    T                         1.2   -1.2       T
  SINCE MAR 1      3.7                      13.9  -10.2     13.2
  SINCE JUL 1     82.2                      60.3   21.9     97.8
  SNOW DEPTH       T

DEGREE DAYS
 HEATING
  TODAY           23                        24     -1       29
  MONTH TO DATE  181                       175      6      185
  SINCE MAR 1   1351                      1151    200     1113
  SINCE JUL 1   6590                      6193    397     5712

 COOLING
  TODAY            0                         0      0        0
  MONTH TO DATE    0                         0      0        0
  SINCE MAR 1      0                         0      0        0
  SINCE JAN 1      0                         0      0        0
..................................................................


WIND (MPH)
  HIGHEST WIND SPEED    15   HIGHEST WIND DIRECTION     S (200)
  HIGHEST GUST SPEED    20   HIGHEST GUST DIRECTION    SW (210)
  AVERAGE WIND SPEED     5.0


SKY COVER
  POSSIBLE SUNSHINE  MM
  AVERAGE SKY COVER 0.4


WEATHER CONDITIONS
 THE FOLLOWING WEATHER WAS RECORDED TODAY.
  NO SIGNIFICANT WEATHER WAS OBSERVED.


RELATIVE HUMIDITY (PERCENT)
 HIGHEST    75           400 AM
 LOWEST     27          1000 AM
 AVERAGE    51

..........................................................


THE PORTLAND ME CLIMATE NORMALS FOR TOMORROW
                         NORMAL    RECORD    YEAR
 MAXIMUM TEMPERATURE (F)   50        67      1999
 MINIMUM TEMPERATURE (F)   32        19      1982


SUNRISE AND SUNSET
APRIL  7 2014.........SUNRISE   612 AM EDT   SUNSET   715 PM EDT
APRIL  8 2014.........SUNRISE   611 AM EDT   SUNSET   716 PM EDT


-  INDICATES NEGATIVE NUMBERS.
R  INDICATES RECORD WAS SET OR TIED.
MM INDICATES DATA IS MISSING.
T  INDICATES TRACE AMOUNT.




$$
