000
CDUS41 KGYX 160801
CLIPWM


CLIMATE REPORT
NATIONAL WEATHER SERVICE GRAY ME
400 AM EDT SAT AUG 16 2014


...................................

...THE PORTLAND ME CLIMATE SUMMARY FOR AUGUST 15 2014...

CLIMATE NORMAL PERIOD 1981 TO 2010
CLIMATE RECORD PERIOD 1941 TO 2014


WEATHER ITEM   OBSERVED TIME   RECORD YEAR NORMAL DEPARTURE LAST
                VALUE   (LST)  VALUE       VALUE  FROM      YEAR
                                                  NORMAL
..................................................................
TEMPERATURE (F)
 YESTERDAY
  MAXIMUM         70    415 PM  98    1947  78     -8       76
  MINIMUM         52    425 AM  44    1950  59     -7       50
  AVERAGE         61                        68     -7       63

PRECIPITATION (IN)
  YESTERDAY        T             1.47 1929   0.10  -0.10     0.00
                                      1929
                                      2011
  MONTH TO DATE    7.11                      1.56   5.55     1.46
  SINCE JUN 1     17.53                      8.96   8.57    12.14
  SINCE JAN 1     36.75                     28.16   8.59    27.94

SNOWFALL (IN)
  YESTERDAY        0.0           0.0  2002   0.0    0.0      0.0
                                      2001
                                      2000
  MONTH TO DATE    0.0                       0.0    0.0      0.0
  SINCE JUN 1      0.0                       0.0    0.0      0.0
  SINCE JUL 1      0.0                       0.0    0.0      0.0
  SNOW DEPTH       0

DEGREE DAYS
 HEATING
  YESTERDAY        4                         1      3        2
  MONTH TO DATE    5                         6     -1        9
  SINCE JUN 1     82                       129    -47       97
  SINCE JUL 1      5                        23    -18       16

 COOLING
  YESTERDAY        0                         4     -4        0
  MONTH TO DATE   43                        68    -25       28
  SINCE JUN 1    258                       269    -11      328
  SINCE JAN 1    258                       276    -18      343
..................................................................


WIND (MPH)
  RESULTANT WIND SPEED   2   RESULTANT WIND DIRECTION  SW (220)
  HIGHEST WIND SPEED    10   HIGHEST WIND DIRECTION     W (260)
  HIGHEST GUST SPEED    14   HIGHEST GUST DIRECTION     W (250)
  AVERAGE WIND SPEED     4.1


SKY COVER
  AVERAGE SKY COVER 0.7


WEATHER CONDITIONS
 THE FOLLOWING WEATHER WAS RECORDED YESTERDAY.
  LIGHT RAIN
  HAZE


RELATIVE HUMIDITY (PERCENT)
 HIGHEST    93           500 AM
 LOWEST     55           500 PM
 AVERAGE    74

..........................................................


THE PORTLAND ME CLIMATE NORMALS FOR TODAY
                         NORMAL    RECORD    YEAR
 MAXIMUM TEMPERATURE (F)   78        95      1959
 MINIMUM TEMPERATURE (F)   59        43      1964


SUNRISE AND SUNSET
AUGUST 16 2014........SUNRISE   547 AM EDT   SUNSET   743 PM EDT
AUGUST 17 2014........SUNRISE   548 AM EDT   SUNSET   742 PM EDT


-  INDICATES NEGATIVE NUMBERS.
R  INDICATES RECORD WAS SET OR TIED.
MM INDICATES DATA IS MISSING.
T  INDICATES TRACE AMOUNT.




$$
