000
CDUS41 KGYX 170801
CLIPWM


CLIMATE REPORT
NATIONAL WEATHER SERVICE GRAY ME
401 AM EDT THU JUL 17 2014


...................................

...THE PORTLAND ME CLIMATE SUMMARY FOR JULY 16 2014...

CLIMATE NORMAL PERIOD 1981 TO 2010
CLIMATE RECORD PERIOD 1941 TO 2014


WEATHER ITEM   OBSERVED TIME   RECORD YEAR NORMAL DEPARTURE LAST
                VALUE   (LST)  VALUE       VALUE  FROM      YEAR
                                                  NORMAL
..................................................................
TEMPERATURE (F)
 YESTERDAY
  MAXIMUM         72    450 PM  96    1968  79     -7       90
  MINIMUM         64    844 AM  43    1946  60      4       71
  AVERAGE         68                        69     -1       81

PRECIPITATION (IN)
  YESTERDAY        0.17          0.98 1883   0.12   0.05     0.00
  MONTH TO DATE    4.14                      1.85   2.29     1.81
  SINCE JUN 1      8.44                      5.64   2.80     9.13
  SINCE JAN 1     27.66                     24.84   2.82    24.93

SNOWFALL (IN)
  YESTERDAY        0.0           0.0  2002   0.0    0.0      0.0
                                      2001
                                      2000
  MONTH TO DATE    0.0                       0.0    0.0      0.0
  SINCE JUN 1      0.0                       0.0    0.0      0.0
  SINCE JUL 1      0.0                       0.0    0.0      0.0
  SNOW DEPTH       0

DEGREE DAYS
 HEATING
  YESTERDAY        0                         0      0        0
  MONTH TO DATE    0                        12    -12        5
  SINCE JUN 1     77                       118    -41       86
  SINCE JUL 1      0                        12    -12        5

 COOLING
  YESTERDAY        3                         5     -2       16
  MONTH TO DATE  111                        70     41      126
  SINCE JUN 1    167                       127     40      209
  SINCE JAN 1    167                       134     33      224
..................................................................


WIND (MPH)
  RESULTANT WIND SPEED   5   RESULTANT WIND DIRECTION   S (180)
  HIGHEST WIND SPEED    13   HIGHEST WIND DIRECTION     S (180)
  HIGHEST GUST SPEED    17   HIGHEST GUST DIRECTION     S (190)
  AVERAGE WIND SPEED     5.5


SKY COVER
  AVERAGE SKY COVER 0.9


WEATHER CONDITIONS
 THE FOLLOWING WEATHER WAS RECORDED YESTERDAY.
  THUNDERSTORM
  LIGHT RAIN
  FOG
  FOG W/VISIBILITY <= 1/4 MILE


RELATIVE HUMIDITY (PERCENT)
 HIGHEST   100           300 AM
 LOWEST     90          1200 PM
 AVERAGE    95

..........................................................


THE PORTLAND ME CLIMATE NORMALS FOR TODAY
                         NORMAL    RECORD    YEAR
 MAXIMUM TEMPERATURE (F)   79        97      1999
 MINIMUM TEMPERATURE (F)   60        41      1946


SUNRISE AND SUNSET
JULY 17 2014..........SUNRISE   515 AM EDT   SUNSET   819 PM EDT
JULY 18 2014..........SUNRISE   516 AM EDT   SUNSET   818 PM EDT


-  INDICATES NEGATIVE NUMBERS.
R  INDICATES RECORD WAS SET OR TIED.
MM INDICATES DATA IS MISSING.
T  INDICATES TRACE AMOUNT.




$$
