000
CDUS41 KGYX 221502
CLIPWM


CLIMATE REPORT
NATIONAL WEATHER SERVICE GRAY ME
1002 AM EST THU JAN 22 2015


...................................

...THE PORTLAND ME CLIMATE SUMMARY FOR JANUARY 21 2015...

CLIMATE NORMAL PERIOD 1981 TO 2010
CLIMATE RECORD PERIOD 1941 TO 2015


WEATHER ITEM   OBSERVED TIME   RECORD YEAR NORMAL DEPARTURE LAST
                VALUE   (LST)  VALUE       VALUE  FROM      YEAR
                                                  NORMAL
..................................................................
TEMPERATURE (F)
 YESTERDAY
  MAXIMUM         31    335 PM  57    2006  31      0       14
  MINIMUM         12    721 AM -12    1984  13     -1        2
  AVERAGE         22                        22      0        8

PRECIPITATION (IN)
  YESTERDAY        0.00          2.78 1979   0.11  -0.11      T
  MONTH TO DATE    1.53                      2.31  -0.78     4.00
  SINCE DEC 1      7.80                      6.33   1.47     8.44
  SINCE JAN 1      1.53                      2.31  -0.78     4.00

SNOWFALL (IN)
  YESTERDAY        0.0           8.2  1914   0.7   -0.7       T
  MONTH TO DATE    7.8                      13.3   -5.5     17.4
  SINCE DEC 1     11.4                      26.5  -15.1     43.6
  SINCE JUL 1     21.7                      28.4   -6.7     44.1
  SNOW DEPTH       2

DEGREE DAYS
 HEATING
  YESTERDAY       43                        43      0       57
  MONTH TO DATE  913                       893     20      867
  SINCE DEC 1   1874                      2014   -140     2118
  SINCE JUL 1   3185                      3505   -320     3569

 COOLING
  YESTERDAY        0                         0      0        0
  MONTH TO DATE    0                         0      0        0
  SINCE DEC 1      0                         0      0        0
  SINCE JAN 1      0                         0      0        0
..................................................................


WIND (MPH)
  RESULTANT WIND SPEED   1   RESULTANT WIND DIRECTION   N (350)
  HIGHEST WIND SPEED     9   HIGHEST WIND DIRECTION     N (350)
  HIGHEST GUST SPEED    11   HIGHEST GUST DIRECTION     N (340)
  AVERAGE WIND SPEED     2.4


SKY COVER
  AVERAGE SKY COVER 0.2


WEATHER CONDITIONS
 THE FOLLOWING WEATHER WAS RECORDED YESTERDAY.
  NO SIGNIFICANT WEATHER WAS OBSERVED.


RELATIVE HUMIDITY (PERCENT)
 HIGHEST    76           600 AM
 LOWEST     39           200 PM
 AVERAGE    58

..........................................................


THE PORTLAND ME CLIMATE NORMALS FOR TODAY
                         NORMAL    RECORD    YEAR
 MAXIMUM TEMPERATURE (F)   31        51      1957
                                             1959
 MINIMUM TEMPERATURE (F)   13       -19      1984


SUNRISE AND SUNSET
JANUARY 22 2015.......SUNRISE   707 AM EST   SUNSET   439 PM EST
JANUARY 23 2015.......SUNRISE   707 AM EST   SUNSET   440 PM EST


-  INDICATES NEGATIVE NUMBERS.
R  INDICATES RECORD WAS SET OR TIED.
MM INDICATES DATA IS MISSING.
T  INDICATES TRACE AMOUNT.




$$
