081
CDUS41 KGYX 222041
CLIPWM


CLIMATE REPORT
NATIONAL WEATHER SERVICE GRAY ME
441 PM EDT SUN MAY 22 2016


...................................

...THE PORTLAND ME CLIMATE SUMMARY FOR MAY 22 2016...
VALID TODAY AS OF 0400 PM LOCAL TIME.

CLIMATE NORMAL PERIOD 1981 TO 2010
CLIMATE RECORD PERIOD 1941 TO 2016


WEATHER ITEM   OBSERVED TIME   RECORD YEAR NORMAL DEPARTURE LAST
                VALUE   (LST)  VALUE       VALUE  FROM      YEAR
                                                  NORMAL
..................................................................
TEMPERATURE (F)
 TODAY
  MAXIMUM         65    212 PM  90    1992  65      0       67
  MINIMUM         52    508 AM  34    1950  46      6       47
  AVERAGE         59                        56      3       57

PRECIPITATION (IN)
  TODAY            0.00          1.79 1920   0.13  -0.13     0.00
  MONTH TO DATE    1.76                      2.84  -1.08     0.95
  SINCE MAR 1      7.69                     11.40  -3.71     7.77
  SINCE JAN 1     15.23                     18.03  -2.80    15.25

SNOWFALL (IN)
  TODAY            0.0           T    1940   0.0    0.0      0.0
  MONTH TO DATE    0.0                       0.1   -0.1      0.0
  SINCE MAR 1     10.8                      15.6   -4.8      5.3
  SINCE JUL 1     51.8                      62.0  -10.2     94.5
  SNOW DEPTH       0

DEGREE DAYS
 HEATING
  TODAY            6                        10     -4        8
  MONTH TO DATE  282                       279      3      190
  SINCE MAR 1   1783                      1885   -102     1862
  SINCE JUL 1   6074                      6927   -853     6916

 COOLING
  TODAY            0                         0      0        0
  MONTH TO DATE    0                         0      0        3
  SINCE MAR 1      0                         0      0        3
  SINCE JAN 1      0                         0      0        3
..................................................................


WIND (MPH)
  HIGHEST WIND SPEED    15   HIGHEST WIND DIRECTION     E (90)
  HIGHEST GUST SPEED    17   HIGHEST GUST DIRECTION     E (90)
  AVERAGE WIND SPEED     4.8


SKY COVER
  POSSIBLE SUNSHINE  MM
  AVERAGE SKY COVER 0.7


WEATHER CONDITIONS
 THE FOLLOWING WEATHER WAS RECORDED TODAY.
  NO SIGNIFICANT WEATHER WAS OBSERVED.


RELATIVE HUMIDITY (PERCENT)
 HIGHEST    78          1200 PM
 LOWEST     63           200 PM
 AVERAGE    71

..........................................................


THE PORTLAND ME CLIMATE NORMALS FOR TOMORROW
                         NORMAL    RECORD    YEAR
 MAXIMUM TEMPERATURE (F)   66        87      1992
 MINIMUM TEMPERATURE (F)   46        34      1963


SUNRISE AND SUNSET
MAY 22 2016...........SUNRISE   509 AM EDT   SUNSET   807 PM EDT
MAY 23 2016...........SUNRISE   508 AM EDT   SUNSET   808 PM EDT


-  INDICATES NEGATIVE NUMBERS.
R  INDICATES RECORD WAS SET OR TIED.
MM INDICATES DATA IS MISSING.
T  INDICATES TRACE AMOUNT.




$$
