000
CDUS41 KGYX 150807
CLIPWM


CLIMATE REPORT
NATIONAL WEATHER SERVICE GRAY ME
407 AM EDT WED OCT 15 2014


...................................

...THE PORTLAND ME CLIMATE SUMMARY FOR OCTOBER 14 2014...

CLIMATE NORMAL PERIOD 1981 TO 2010
CLIMATE RECORD PERIOD 1941 TO 2014


WEATHER ITEM   OBSERVED TIME   RECORD YEAR NORMAL DEPARTURE LAST
                VALUE   (LST)  VALUE       VALUE  FROM      YEAR
                                                  NORMAL
..................................................................
TEMPERATURE (F)
 YESTERDAY
  MAXIMUM         72    102 PM  78    1990  59     13       60
  MINIMUM         55    328 AM  20    1958  39     16       36
  AVERAGE         64                        49     15       48

PRECIPITATION (IN)
  YESTERDAY        0.00          1.82 1882   0.16  -0.16      T
  MONTH TO DATE    0.35                      2.14  -1.79     0.51
  SINCE SEP 1      1.22                      5.83  -4.61     7.23
  SINCE JAN 1     39.42                     35.57   3.85    35.45

SNOWFALL (IN)
  YESTERDAY        0.0           0.1  1913   0.0    0.0      0.0
  MONTH TO DATE    0.0                       0.0    0.0      0.0
  SINCE SEP 1      0.0                       0.0    0.0      0.0
  SINCE JUL 1      0.0                       0.0    0.0      0.0
  SNOW DEPTH       0

DEGREE DAYS
 HEATING
  YESTERDAY        1                        16    -15       17
  MONTH TO DATE  132                       188    -56      143
  SINCE SEP 1    318                       364    -46      329
  SINCE JUL 1    342                       409    -67      347

 COOLING
  YESTERDAY        0                         0      0        0
  MONTH TO DATE    1                         0      1        0
  SINCE SEP 1     46                        30     16       37
  SINCE JAN 1    344                       358    -14      454
..................................................................


WIND (MPH)
  RESULTANT WIND SPEED   8   RESULTANT WIND DIRECTION   S (200)
  HIGHEST WIND SPEED    MM   HIGHEST WIND DIRECTION    MM
  HIGHEST GUST SPEED    MM   HIGHEST GUST DIRECTION    MM
  AVERAGE WIND SPEED     7.7


SKY COVER
  AVERAGE SKY COVER 0.6


WEATHER CONDITIONS
 THE FOLLOWING WEATHER WAS RECORDED YESTERDAY.
  NO SIGNIFICANT WEATHER WAS OBSERVED.


RELATIVE HUMIDITY (PERCENT)
 HIGHEST    87           700 AM
 LOWEST     68          1200 PM
 AVERAGE    78

..........................................................


THE PORTLAND ME CLIMATE NORMALS FOR TODAY
                         NORMAL    RECORD    YEAR
 MAXIMUM TEMPERATURE (F)   59        76      1963
 MINIMUM TEMPERATURE (F)   39        24      1980


SUNRISE AND SUNSET
OCTOBER 15 2014.......SUNRISE   655 AM EDT   SUNSET   558 PM EDT
OCTOBER 16 2014.......SUNRISE   657 AM EDT   SUNSET   556 PM EDT


-  INDICATES NEGATIVE NUMBERS.
R  INDICATES RECORD WAS SET OR TIED.
MM INDICATES DATA IS MISSING.
T  INDICATES TRACE AMOUNT.




$$
