000
CDUS41 KGYX 140805
CLIPWM


CLIMATE REPORT
NATIONAL WEATHER SERVICE GRAY ME
405 AM EDT TUE MAR 14 2017


...................................

...THE PORTLAND ME CLIMATE SUMMARY FOR MARCH 13 2017...

CLIMATE NORMAL PERIOD 1981 TO 2010
CLIMATE RECORD PERIOD 1941 TO 2017


WEATHER ITEM   OBSERVED TIME   RECORD YEAR NORMAL DEPARTURE LAST
                VALUE   (LST)  VALUE       VALUE  FROM      YEAR
                                                  NORMAL
..................................................................
TEMPERATURE (F)
 YESTERDAY
  MAXIMUM         32    154 PM  65    1946  41     -9       60
  MINIMUM          6    603 AM   0    1941  24    -18       39
  AVERAGE         19                        32    -13       50

PRECIPITATION (IN)
  YESTERDAY        0.00          2.69 1939   0.13  -0.13     0.00
  MONTH TO DATE    0.34                      1.67  -1.33     1.82
  SINCE MAR 1      0.34                      1.67  -1.33     1.82
  SINCE JAN 1      8.54                      8.30   0.24     9.36

SNOWFALL (IN)
  YESTERDAY        0.0          16.9  1993   0.4   -0.4      0.0
  MONTH TO DATE    1.2                       6.3   -5.1      0.5
  SINCE MAR 1      1.2                       6.3   -5.1      0.5
  SINCE JUL 1     67.4                      52.7   14.7     41.5
  SNOW DEPTH       T

DEGREE DAYS
 HEATING
  YESTERDAY       46                        33     13       15
  MONTH TO DATE  503                       446     57      364
  SINCE MAR 1    503                       446     57      364
  SINCE JUL 1   4981                      5488   -507     4655

 COOLING
  YESTERDAY        0                         0      0        0
  MONTH TO DATE    0                         0      0        0
  SINCE MAR 1      0                         0      0        0
  SINCE JAN 1      0                         0      0        0
..................................................................


WIND (MPH)
  RESULTANT WIND SPEED   1   RESULTANT WIND DIRECTION   W (250)
  HIGHEST WIND SPEED    14   HIGHEST WIND DIRECTION    SE (150)
  HIGHEST GUST SPEED    19   HIGHEST GUST DIRECTION     S (160)
  AVERAGE WIND SPEED     4.9


SKY COVER
  AVERAGE SKY COVER 0.4


WEATHER CONDITIONS
 THE FOLLOWING WEATHER WAS RECORDED YESTERDAY.
  NO SIGNIFICANT WEATHER WAS OBSERVED.


RELATIVE HUMIDITY (PERCENT)
 HIGHEST    71          1100 PM
 LOWEST     28           200 PM
 AVERAGE    50

..........................................................


THE PORTLAND ME CLIMATE NORMALS FOR TODAY
                         NORMAL    RECORD    YEAR
 MAXIMUM TEMPERATURE (F)   41        70      1946
 MINIMUM TEMPERATURE (F)   24        -2      1948


SUNRISE AND SUNSET
MARCH 14 2017.........SUNRISE   655 AM EDT   SUNSET   647 PM EDT
MARCH 15 2017.........SUNRISE   653 AM EDT   SUNSET   648 PM EDT


-  INDICATES NEGATIVE NUMBERS.
R  INDICATES RECORD WAS SET OR TIED.
MM INDICATES DATA IS MISSING.
T  INDICATES TRACE AMOUNT.




$$
