000
CDUS41 KGYX 230802
CLIPWM


CLIMATE REPORT
NATIONAL WEATHER SERVICE GRAY ME
401 AM EDT THU JUL 23 2015


...................................

...THE PORTLAND ME CLIMATE SUMMARY FOR JULY 22 2015...

CLIMATE NORMAL PERIOD 1981 TO 2010
CLIMATE RECORD PERIOD 1941 TO 2015


WEATHER ITEM   OBSERVED TIME   RECORD YEAR NORMAL DEPARTURE LAST
                VALUE   (LST)  VALUE       VALUE  FROM      YEAR
                                                  NORMAL
..................................................................
TEMPERATURE (F)
 YESTERDAY
  MAXIMUM         82    210 PM 100    2011  79      3       82
  MINIMUM         57    418 AM  46    1950  60     -3       59
  AVERAGE         70                        70      0       71

PRECIPITATION (IN)
  YESTERDAY        0.00          2.08 1947   0.12  -0.12     0.00
  MONTH TO DATE    1.05                      2.57  -1.52     4.14
  SINCE JUN 1      7.45                      6.36   1.09     8.44
  SINCE JAN 1     24.06                     25.56  -1.50    27.66

SNOWFALL (IN)
  YESTERDAY        0.0           0.0  2002   0.0    0.0      0.0
                                      2001
                                      2000
  MONTH TO DATE    0.0                       0.0    0.0      0.0
  SINCE JUN 1      0.0                       0.0    0.0      0.0
  SINCE JUL 1      0.0                       0.0    0.0      0.0
  SNOW DEPTH       0

DEGREE DAYS
 HEATING
  YESTERDAY        0                         0      0        0
  MONTH TO DATE    6                        12     -6        0
  SINCE JUN 1    150                       118     32       77
  SINCE JUL 1      6                        12     -6        0

 COOLING
  YESTERDAY        5                         5      0        6
  MONTH TO DATE   92                       100     -8      125
  SINCE JUN 1    135                       157    -22      181
  SINCE JAN 1    175                       164     11      181
..................................................................


WIND (MPH)
  RESULTANT WIND SPEED   7   RESULTANT WIND DIRECTION  NW (320)
  HIGHEST WIND SPEED    18   HIGHEST WIND DIRECTION    NW (310)
  HIGHEST GUST SPEED    24   HIGHEST GUST DIRECTION     W (290)
  AVERAGE WIND SPEED     7.1


SKY COVER
  AVERAGE SKY COVER 0.3


WEATHER CONDITIONS
 THE FOLLOWING WEATHER WAS RECORDED YESTERDAY.
  FOG
  FOG W/VISIBILITY <= 1/4 MILE


RELATIVE HUMIDITY (PERCENT)
 HIGHEST   100          1200 AM
 LOWEST     39           300 PM
 AVERAGE    70

..........................................................


THE PORTLAND ME CLIMATE NORMALS FOR TODAY
                         NORMAL    RECORD    YEAR
 MAXIMUM TEMPERATURE (F)   79        96      1978
 MINIMUM TEMPERATURE (F)   60        45      1976


SUNRISE AND SUNSET
JULY 23 2015..........SUNRISE   521 AM EDT   SUNSET   814 PM EDT
JULY 24 2015..........SUNRISE   522 AM EDT   SUNSET   813 PM EDT


-  INDICATES NEGATIVE NUMBERS.
R  INDICATES RECORD WAS SET OR TIED.
MM INDICATES DATA IS MISSING.
T  INDICATES TRACE AMOUNT.




$$
