000
CDUS41 KGYX 230910
CLIPWM


CLIMATE REPORT
NATIONAL WEATHER SERVICE GRAY ME
410 AM EST MON FEB 23 2015


...................................

...THE PORTLAND ME CLIMATE SUMMARY FOR FEBRUARY 22 2015...

CLIMATE NORMAL PERIOD 1981 TO 2010
CLIMATE RECORD PERIOD 1941 TO 2015


WEATHER ITEM   OBSERVED TIME   RECORD YEAR NORMAL DEPARTURE LAST
                VALUE   (LST)  VALUE       VALUE  FROM      YEAR
                                                  NORMAL
..................................................................
TEMPERATURE (F)
 YESTERDAY
  MAXIMUM         35    230 PM  58    1990  36     -1       46
  MINIMUM         21    820 PM  -8    1956  18      3       26
  AVERAGE         28                        27      1       36

PRECIPITATION (IN)
  YESTERDAY        0.01          3.06 1898   0.11  -0.10     0.00
  MONTH TO DATE    2.72                      2.48   0.24     4.27
  SINCE DEC 1     13.66                      9.88   3.78    12.76
  SINCE JAN 1      7.39                      5.86   1.53     8.32

SNOWFALL (IN)
  YESTERDAY        0.1          15.5  1893   0.4   -0.3      0.0
  MONTH TO DATE   32.7                       9.5   23.2     34.2
  SINCE DEC 1     77.0                      41.9   35.1     78.0
  SINCE JUL 1     87.3                      43.8   43.5     78.5
  SNOW DEPTH      23

DEGREE DAYS
 HEATING
  YESTERDAY       37                        38     -1       29
  MONTH TO DATE 1122                       885    237      933
  SINCE DEC 1   3438                      3330    108     3526
  SINCE JUL 1   4749                      4821    -72     4977

 COOLING
  YESTERDAY        0                         0      0        0
  MONTH TO DATE    0                         0      0        0
  SINCE DEC 1      0                         0      0        0
  SINCE JAN 1      0                         0      0        0
..................................................................


WIND (MPH)
  RESULTANT WIND SPEED   0   RESULTANT WIND DIRECTION  NW (310)
  HIGHEST WIND SPEED    13   HIGHEST WIND DIRECTION    SW (220)
  HIGHEST GUST SPEED    17   HIGHEST GUST DIRECTION    SW (220)
  AVERAGE WIND SPEED     2.0


SKY COVER
  AVERAGE SKY COVER 0.6


WEATHER CONDITIONS
 THE FOLLOWING WEATHER WAS RECORDED YESTERDAY.
  LIGHT SNOW
  FOG


RELATIVE HUMIDITY (PERCENT)
 HIGHEST    92           300 AM
 LOWEST     56           100 PM
 AVERAGE    74

..........................................................


THE PORTLAND ME CLIMATE NORMALS FOR TODAY
                         NORMAL    RECORD    YEAR
 MAXIMUM TEMPERATURE (F)   37        61      1990
 MINIMUM TEMPERATURE (F)   18       -18      1972


SUNRISE AND SUNSET
FEBRUARY 23 2015......SUNRISE   628 AM EST   SUNSET   522 PM EST
FEBRUARY 24 2015......SUNRISE   626 AM EST   SUNSET   523 PM EST


-  INDICATES NEGATIVE NUMBERS.
R  INDICATES RECORD WAS SET OR TIED.
MM INDICATES DATA IS MISSING.
T  INDICATES TRACE AMOUNT.




$$
