000
CDUS41 KGYX 020903
CLIPWM


CLIMATE REPORT
NATIONAL WEATHER SERVICE GRAY ME
402 AM EST FRI DEC 2 2016


...................................

...THE PORTLAND ME CLIMATE SUMMARY FOR DECEMBER 1 2016...

CLIMATE NORMAL PERIOD 1981 TO 2010
CLIMATE RECORD PERIOD 1941 TO 2016


WEATHER ITEM   OBSERVED TIME   RECORD YEAR NORMAL DEPARTURE LAST
                VALUE   (LST)  VALUE       VALUE  FROM      YEAR
                                                  NORMAL
..................................................................
TEMPERATURE (F)
 YESTERDAY
  MAXIMUM         52    236 PM  66    2001  42     10       38
  MINIMUM         41   1159 PM   9    1989  26     15       19
  AVERAGE         47                        34     13       29

PRECIPITATION (IN)
  YESTERDAY        1.12          1.46 1917   0.14   0.98     0.08
  MONTH TO DATE    1.12                      0.14   0.98     0.08
  SINCE DEC 1      1.12                      0.14   0.98     0.08
  SINCE JAN 1     37.93                     43.37  -5.44    38.56

SNOWFALL (IN)
  YESTERDAY        0.0           3.0  1992   0.2   -0.2      0.0
  MONTH TO DATE    0.0                       0.2   -0.2      0.0
  SINCE DEC 1      0.0                       0.2   -0.2      0.0
  SINCE JUL 1      0.5                       2.1   -1.6       T
  SNOW DEPTH       0

DEGREE DAYS
 HEATING
  YESTERDAY       18                        31    -13       36
  MONTH TO DATE   18                        31    -13       36
  SINCE DEC 1     18                        31    -13       36
  SINCE JUL 1   1270                      1522   -252     1282

 COOLING
  YESTERDAY        0                         0      0        0
  MONTH TO DATE    0                         0      0        0
  SINCE DEC 1      0                         0      0        0
  SINCE JAN 1    553                       359    194      492
..................................................................


WIND (MPH)
  RESULTANT WIND SPEED   2   RESULTANT WIND DIRECTION   N (340)
  HIGHEST WIND SPEED    26   HIGHEST WIND DIRECTION     E (90)
  HIGHEST GUST SPEED    34   HIGHEST GUST DIRECTION     E (80)
  AVERAGE WIND SPEED    12.6


SKY COVER
  AVERAGE SKY COVER 0.7


WEATHER CONDITIONS
 THE FOLLOWING WEATHER WAS RECORDED YESTERDAY.
  HEAVY RAIN
  RAIN
  LIGHT RAIN
  FOG


RELATIVE HUMIDITY (PERCENT)
 HIGHEST   100          1200 AM
 LOWEST     65           600 PM
 AVERAGE    83

..........................................................


THE PORTLAND ME CLIMATE NORMALS FOR TODAY
                         NORMAL    RECORD    YEAR
 MAXIMUM TEMPERATURE (F)   42        61      1998
 MINIMUM TEMPERATURE (F)   26         3      1940


SUNRISE AND SUNSET
DECEMBER  2 2016......SUNRISE   656 AM EST   SUNSET   405 PM EST
DECEMBER  3 2016......SUNRISE   657 AM EST   SUNSET   405 PM EST


-  INDICATES NEGATIVE NUMBERS.
R  INDICATES RECORD WAS SET OR TIED.
MM INDICATES DATA IS MISSING.
T  INDICATES TRACE AMOUNT.




$$
