000
CDUS41 KGYX 230801
CLIPWM


CLIMATE REPORT
NATIONAL WEATHER SERVICE GRAY ME
401 AM EDT WED JUL 23 2014


...................................

...THE PORTLAND ME CLIMATE SUMMARY FOR JULY 22 2014...

CLIMATE NORMAL PERIOD 1981 TO 2010
CLIMATE RECORD PERIOD 1941 TO 2014


WEATHER ITEM   OBSERVED TIME   RECORD YEAR NORMAL DEPARTURE LAST
                VALUE   (LST)  VALUE       VALUE  FROM      YEAR
                                                  NORMAL
..................................................................
TEMPERATURE (F)
 YESTERDAY
  MAXIMUM         82   1125 AM 100    2011  79      3       72
  MINIMUM         59    407 AM  46    1950  60     -1       63
  AVERAGE         71                        70      1       68

PRECIPITATION (IN)
  YESTERDAY        0.00          2.08 1947   0.12  -0.12      T
  MONTH TO DATE    4.14                      2.57   1.57     1.96
  SINCE JUN 1      8.44                      6.36   2.08     9.28
  SINCE JAN 1     27.66                     25.56   2.10    25.08

SNOWFALL (IN)
  YESTERDAY        0.0           0.0  2002   0.0    0.0      0.0
                                      2001
                                      2000
  MONTH TO DATE    0.0                       0.0    0.0      0.0
  SINCE JUN 1      0.0                       0.0    0.0      0.0
  SINCE JUL 1      0.0                       0.0    0.0      0.0
  SNOW DEPTH       0

DEGREE DAYS
 HEATING
  YESTERDAY        0                         0      0        0
  MONTH TO DATE    0                        12    -12        5
  SINCE JUN 1     77                       118    -41       86
  SINCE JUL 1      0                        12    -12        5

 COOLING
  YESTERDAY        6                         5      1        3
  MONTH TO DATE  125                       100     25      188
  SINCE JUN 1    181                       157     24      271
  SINCE JAN 1    181                       164     17      286
..................................................................


WIND (MPH)
  RESULTANT WIND SPEED   6   RESULTANT WIND DIRECTION   S (180)
  HIGHEST WIND SPEED    16   HIGHEST WIND DIRECTION     S (180)
  HIGHEST GUST SPEED    24   HIGHEST GUST DIRECTION    SW (230)
  AVERAGE WIND SPEED     6.8


SKY COVER
  AVERAGE SKY COVER 0.1


WEATHER CONDITIONS
 THE FOLLOWING WEATHER WAS RECORDED YESTERDAY.
  NO SIGNIFICANT WEATHER WAS OBSERVED.


RELATIVE HUMIDITY (PERCENT)
 HIGHEST    90          1200 AM
 LOWEST     58          1000 AM
 AVERAGE    74

..........................................................


THE PORTLAND ME CLIMATE NORMALS FOR TODAY
                         NORMAL    RECORD    YEAR
 MAXIMUM TEMPERATURE (F)   79        96      1978
 MINIMUM TEMPERATURE (F)   60        45      1976


SUNRISE AND SUNSET
JULY 23 2014..........SUNRISE   521 AM EDT   SUNSET   814 PM EDT
JULY 24 2014..........SUNRISE   522 AM EDT   SUNSET   813 PM EDT


-  INDICATES NEGATIVE NUMBERS.
R  INDICATES RECORD WAS SET OR TIED.
MM INDICATES DATA IS MISSING.
T  INDICATES TRACE AMOUNT.




$$
