000
CDUS41 KGYX 300804
CLIPWM


CLIMATE REPORT
NATIONAL WEATHER SERVICE GRAY ME
404 AM EDT TUE JUN 30 2015


...................................

...THE PORTLAND ME CLIMATE SUMMARY FOR JUNE 29 2015...

CLIMATE NORMAL PERIOD 1981 TO 2010
CLIMATE RECORD PERIOD 1941 TO 2015


WEATHER ITEM   OBSERVED TIME   RECORD YEAR NORMAL DEPARTURE LAST
                VALUE   (LST)  VALUE       VALUE  FROM      YEAR
                                                  NORMAL
..................................................................
TEMPERATURE (F)
 YESTERDAY
  MAXIMUM         69    256 PM  96    1944  77     -8       83
  MINIMUM         51    158 AM  45    1970  57     -6       57
  AVERAGE         60                        67     -7       70

PRECIPITATION (IN)
  YESTERDAY        0.00          2.61 1885   0.11  -0.11     0.00
  MONTH TO DATE    6.40                      3.68   2.72     4.30
  SINCE JUN 1      6.40                      3.68   2.72     4.30
  SINCE JAN 1     23.01                     22.88   0.13    23.52

SNOWFALL (IN)
  YESTERDAY        0.0           0.0  2002   0.0    0.0      0.0
                                      2001
                                      2000
  MONTH TO DATE    0.0                       0.0    0.0      0.0
  SINCE JUN 1      0.0                       0.0    0.0      0.0
  SINCE JUL 1     94.5                      61.9   32.6     83.4
  SNOW DEPTH       0

DEGREE DAYS
 HEATING
  YESTERDAY        5                         1      4        0
  MONTH TO DATE  144                       104     40       77
  SINCE JUN 1    144                       104     40       77
  SINCE JUL 1   7076                      7105    -29     7438

 COOLING
  YESTERDAY        0                         3     -3        5
  MONTH TO DATE   39                        55    -16       48
  SINCE JUN 1     39                        55    -16       48
  SINCE JAN 1     79                        62     17       48
..................................................................


WIND (MPH)
  RESULTANT WIND SPEED   3   RESULTANT WIND DIRECTION   S (200)
  HIGHEST WIND SPEED    15   HIGHEST WIND DIRECTION     S (160)
  HIGHEST GUST SPEED    18   HIGHEST GUST DIRECTION     S (160)
  AVERAGE WIND SPEED     5.3


SKY COVER
  AVERAGE SKY COVER 0.8


WEATHER CONDITIONS
 THE FOLLOWING WEATHER WAS RECORDED YESTERDAY.
  NO SIGNIFICANT WEATHER WAS OBSERVED.


RELATIVE HUMIDITY (PERCENT)
 HIGHEST   100           300 AM
 LOWEST     73          1100 AM
 AVERAGE    87

..........................................................


THE PORTLAND ME CLIMATE NORMALS FOR TODAY
                         NORMAL    RECORD    YEAR
 MAXIMUM TEMPERATURE (F)   77        96      1971
 MINIMUM TEMPERATURE (F)   58        49      1967


SUNRISE AND SUNSET
JUNE 30 2015..........SUNRISE   503 AM EDT   SUNSET   827 PM EDT
JULY  1 2015..........SUNRISE   503 AM EDT   SUNSET   827 PM EDT


-  INDICATES NEGATIVE NUMBERS.
R  INDICATES RECORD WAS SET OR TIED.
MM INDICATES DATA IS MISSING.
T  INDICATES TRACE AMOUNT.




$$
