000
CDUS41 KGYX 031203
CLIPWM


CLIMATE REPORT
NATIONAL WEATHER SERVICE GRAY ME
703 AM EST WED FEB 3 2016


...................................

...THE PORTLAND ME CLIMATE SUMMARY FOR FEBRUARY 2 2016...

CLIMATE NORMAL PERIOD 1981 TO 2010
CLIMATE RECORD PERIOD 1941 TO 2016


WEATHER ITEM   OBSERVED TIME   RECORD YEAR NORMAL DEPARTURE LAST
                VALUE   (LST)  VALUE       VALUE  FROM      YEAR
                                                  NORMAL
..................................................................
TEMPERATURE (F)
 YESTERDAY
  MAXIMUM         48R   259 PM  48    1981  32     16       12
  MINIMUM         25    251 AM -22    1961  14     11        3
  AVERAGE         37                        23     14        8

PRECIPITATION (IN)
  YESTERDAY        0.00          1.90 1902   0.11  -0.11     0.89
  MONTH TO DATE    0.00                      0.22  -0.22     0.89
  SINCE DEC 1      8.71                      7.62   1.09    11.83
  SINCE JAN 1      3.37                      3.60  -0.23     5.56

SNOWFALL (IN)
  YESTERDAY        0.0          13.7  1911   0.5   -0.5      9.1
  MONTH TO DATE    0.0                       1.0   -1.0      9.1
  SINCE DEC 1     20.5                      33.4  -12.9     53.4
  SINCE JUL 1     20.5                      35.3  -14.8     63.7
  SNOW DEPTH       T

DEGREE DAYS
 HEATING
  YESTERDAY       28                        42    -14       57
  MONTH TO DATE   48                        84    -36      109
  SINCE DEC 1   2049                      2529   -480     2425
  SINCE JUL 1   3295                      4020   -725     3736

 COOLING
  YESTERDAY        0                         0      0        0
  MONTH TO DATE    0                         0      0        0
  SINCE DEC 1      0                         0      0        0
  SINCE JAN 1      0                         0      0        0
..................................................................


WIND (MPH)
  RESULTANT WIND SPEED   2   RESULTANT WIND DIRECTION   N (350)
  HIGHEST WIND SPEED    13   HIGHEST WIND DIRECTION    NE (60)
  HIGHEST GUST SPEED    16   HIGHEST GUST DIRECTION     W (290)
  AVERAGE WIND SPEED     4.8


SKY COVER
  AVERAGE SKY COVER 0.2


WEATHER CONDITIONS
 THE FOLLOWING WEATHER WAS RECORDED YESTERDAY.
  NO SIGNIFICANT WEATHER WAS OBSERVED.


RELATIVE HUMIDITY (PERCENT)
 HIGHEST    81           300 AM
 LOWEST     36           300 PM
 AVERAGE    59

..........................................................


THE PORTLAND ME CLIMATE NORMALS FOR TODAY
                         NORMAL    RECORD    YEAR
 MAXIMUM TEMPERATURE (F)   32        59      1991
 MINIMUM TEMPERATURE (F)   14       -25      1971


SUNRISE AND SUNSET
FEBRUARY  3 2016......SUNRISE   656 AM EST   SUNSET   454 PM EST
FEBRUARY  4 2016......SUNRISE   655 AM EST   SUNSET   456 PM EST


-  INDICATES NEGATIVE NUMBERS.
R  INDICATES RECORD WAS SET OR TIED.
MM INDICATES DATA IS MISSING.
T  INDICATES TRACE AMOUNT.




$$
