000
CDUS41 KGYX 110804
CLIPWM


CLIMATE REPORT
NATIONAL WEATHER SERVICE GRAY ME
404 AM EDT TUE JUL 11 2017


...................................

...THE PORTLAND ME CLIMATE SUMMARY FOR JULY 10 2017...

CLIMATE NORMAL PERIOD 1981 TO 2010
CLIMATE RECORD PERIOD 1941 TO 2017


WEATHER ITEM   OBSERVED TIME   RECORD YEAR NORMAL DEPARTURE LAST
                VALUE   (LST)  VALUE       VALUE  FROM      YEAR
                                                  NORMAL
..................................................................
TEMPERATURE (F)
 YESTERDAY
  MAXIMUM         82    157 PM  98    1993  79      3       63
  MINIMUM         59    413 AM  44    1954  59      0       56
  AVERAGE         71                        69      2       60

PRECIPITATION (IN)
  YESTERDAY        0.00          1.25 1906   0.12  -0.12     0.22
  MONTH TO DATE    0.19                      1.13  -0.94     0.66
  SINCE JUN 1      2.81                      4.92  -2.11     5.08
  SINCE JAN 1     26.85                     24.12   2.73    20.59

SNOWFALL (IN)
  YESTERDAY        0.0           0.0  2002   0.0    0.0      0.0
                                      2001
                                      2000
  MONTH TO DATE    0.0                       0.0    0.0      0.0
  SINCE JUN 1      0.0                       0.0    0.0      0.0
  SINCE JUL 1      0.0                       0.0    0.0      0.0
  SNOW DEPTH       0

DEGREE DAYS
 HEATING
  YESTERDAY        0                         1     -1        5
  MONTH TO DATE    0                        10    -10       13
  SINCE JUN 1     85                       116    -31       79
  SINCE JUL 1      0                        10    -10       13

 COOLING
  YESTERDAY        6                         4      2        0
  MONTH TO DATE   50                        40     10       32
  SINCE JUN 1    142                        97     45       64
  SINCE JAN 1    159                       104     55       80
..................................................................


WIND (MPH)
  RESULTANT WIND SPEED   6   RESULTANT WIND DIRECTION   S (190)
  HIGHEST WIND SPEED    16   HIGHEST WIND DIRECTION     S (180)
  HIGHEST GUST SPEED    23   HIGHEST GUST DIRECTION     S (190)
  AVERAGE WIND SPEED     6.3


SKY COVER
  AVERAGE SKY COVER 0.6


WEATHER CONDITIONS
 THE FOLLOWING WEATHER WAS RECORDED YESTERDAY.
  NO SIGNIFICANT WEATHER WAS OBSERVED.


RELATIVE HUMIDITY (PERCENT)
 HIGHEST    78           300 AM
 LOWEST     48           900 AM
 AVERAGE    63

..........................................................


THE PORTLAND ME CLIMATE NORMALS FOR TODAY
                         NORMAL    RECORD    YEAR
 MAXIMUM TEMPERATURE (F)   79        94      1948
 MINIMUM TEMPERATURE (F)   59        44      1953


SUNRISE AND SUNSET
JULY 11 2017..........SUNRISE   510 AM EDT   SUNSET   823 PM EDT
JULY 12 2017..........SUNRISE   511 AM EDT   SUNSET   822 PM EDT


-  INDICATES NEGATIVE NUMBERS.
R  INDICATES RECORD WAS SET OR TIED.
MM INDICATES DATA IS MISSING.
T  INDICATES TRACE AMOUNT.




$$
