000
CDUS41 KGYX 072140
CLIPWM


CLIMATE REPORT
NATIONAL WEATHER SERVICE GRAY ME
440 PM EST TUE NOV 7 2017


...................................

...THE PORTLAND ME CLIMATE SUMMARY FOR NOVEMBER 7 2017...
VALID TODAY AS OF 0400 PM LOCAL TIME.

CLIMATE NORMAL PERIOD 1981 TO 2010
CLIMATE RECORD PERIOD 1941 TO 2017


WEATHER ITEM   OBSERVED TIME   RECORD YEAR NORMAL DEPARTURE LAST
                VALUE   (LST)  VALUE       VALUE  FROM      YEAR
                                                  NORMAL
..................................................................
TEMPERATURE (F)
 TODAY
  MAXIMUM         48   1205 PM  65    2015  51     -3       49
  MINIMUM         36    639 AM  19    1962  33      3       30
  AVERAGE         42                        42      0       40

PRECIPITATION (IN)
  TODAY            0.00          2.66 1963   0.16  -0.16     0.00
  MONTH TO DATE    0.35                      1.20  -0.85     0.80
  SINCE SEP 1      7.72                      9.76  -2.04    10.02
  SINCE JAN 1     38.42                     39.50  -1.08    33.55

SNOWFALL (IN)
  TODAY            0.0           2.6  1921   0.1   -0.1      0.0
  MONTH TO DATE    0.0                       0.2   -0.2      0.0
  SINCE SEP 1      0.0                       0.2   -0.2      0.0
  SINCE JUL 1      0.0                       0.2   -0.2      0.0
  SNOW DEPTH       0

DEGREE DAYS
 HEATING
  TODAY           23                        23      0       25
  MONTH TO DATE  112                       154    -42      154
  SINCE SEP 1    451                       833   -382      696
  SINCE JUL 1    484                       878   -394      710

 COOLING
  TODAY            0                         0      0        0
  MONTH TO DATE    0                         0      0        0
  SINCE SEP 1     69                        31     38       68
  SINCE JAN 1    433                       359     74      553
..................................................................


WIND (MPH)
  HIGHEST WIND SPEED    13   HIGHEST WIND DIRECTION     W (260)
  HIGHEST GUST SPEED    16   HIGHEST GUST DIRECTION     W (250)
  AVERAGE WIND SPEED     5.7


SKY COVER
  POSSIBLE SUNSHINE  MM
  AVERAGE SKY COVER 0.3


WEATHER CONDITIONS
 THE FOLLOWING WEATHER WAS RECORDED TODAY.
  NO SIGNIFICANT WEATHER WAS OBSERVED.


RELATIVE HUMIDITY (PERCENT)
 HIGHEST    76           300 AM
 LOWEST     49          1200 PM
 AVERAGE    63

..........................................................


THE PORTLAND ME CLIMATE NORMALS FOR TOMORROW
                         NORMAL    RECORD    YEAR
 MAXIMUM TEMPERATURE (F)   51        67      1975
 MINIMUM TEMPERATURE (F)   33        16      1960


SUNRISE AND SUNSET
NOVEMBER  7 2017......SUNRISE   625 AM EST   SUNSET   424 PM EST
NOVEMBER  8 2017......SUNRISE   626 AM EST   SUNSET   423 PM EST


-  INDICATES NEGATIVE NUMBERS.
R  INDICATES RECORD WAS SET OR TIED.
MM INDICATES DATA IS MISSING.
T  INDICATES TRACE AMOUNT.




$$
