000
CDUS41 KGYX 170807
CLIPWM


CLIMATE REPORT
NATIONAL WEATHER SERVICE GRAY ME
406 AM EDT MON APR 17 2017


...................................

...THE PORTLAND ME CLIMATE SUMMARY FOR APRIL 16 2017...

CLIMATE NORMAL PERIOD 1981 TO 2010
CLIMATE RECORD PERIOD 1941 TO 2017


WEATHER ITEM   OBSERVED TIME   RECORD YEAR NORMAL DEPARTURE LAST
                VALUE   (LST)  VALUE       VALUE  FROM      YEAR
                                                  NORMAL
..................................................................
TEMPERATURE (F)
 YESTERDAY
  MAXIMUM         86R       MM  78    1976  54     32       60
  MINIMUM         47        MM  19    1943  35     12       35
  AVERAGE         67                        44     23       48

PRECIPITATION (IN)
  YESTERDAY        0.03          3.35 1996   0.14  -0.11     0.00
  MONTH TO DATE    3.54                      2.35   1.19     0.96
  SINCE MAR 1      7.04                      6.59   0.45     5.33
  SINCE JAN 1     15.24                     13.22   2.02    12.87

SNOWFALL (IN)
  YESTERDAY        0.0           8.0  1904   0.0    0.0      0.0
  MONTH TO DATE    7.9                       2.2    5.7      1.5
  SINCE MAR 1     29.1                      14.9   14.2      8.6
  SINCE JUL 1     95.3                      61.3   34.0     49.6
  SNOW DEPTH       0

DEGREE DAYS
 HEATING
  YESTERDAY        0                        21    -21       17
  MONTH TO DATE  309                       375    -66      401
  SINCE MAR 1   1423                      1351     72     1237
  SINCE JUL 1   5901                      6393   -492     5528

 COOLING
  YESTERDAY        2                         0      2        0
  MONTH TO DATE    2                         0      2        0
  SINCE MAR 1      2                         0      2        0
  SINCE JAN 1      2                         0      2        0
..................................................................


WIND (MPH)
  RESULTANT WIND SPEED   9   RESULTANT WIND DIRECTION   W (250)
  HIGHEST WIND SPEED    22   HIGHEST WIND DIRECTION     W (290)
  HIGHEST GUST SPEED    35   HIGHEST GUST DIRECTION     W (280)
  AVERAGE WIND SPEED    10.2


SKY COVER
  AVERAGE SKY COVER 0.3


WEATHER CONDITIONS
 THE FOLLOWING WEATHER WAS RECORDED YESTERDAY.
  LIGHT RAIN
  FOG


RELATIVE HUMIDITY (PERCENT)
 HIGHEST    93           400 AM
 LOWEST     23           500 PM
 AVERAGE    58

..........................................................


THE PORTLAND ME CLIMATE NORMALS FOR TODAY
                         NORMAL    RECORD    YEAR
 MAXIMUM TEMPERATURE (F)   54        83      2012
 MINIMUM TEMPERATURE (F)   35        22      2014


SUNRISE AND SUNSET
APRIL 17 2017.........SUNRISE   555 AM EDT   SUNSET   727 PM EDT
APRIL 18 2017.........SUNRISE   553 AM EDT   SUNSET   729 PM EDT


-  INDICATES NEGATIVE NUMBERS.
R  INDICATES RECORD WAS SET OR TIED.
MM INDICATES DATA IS MISSING.
T  INDICATES TRACE AMOUNT.




$$
