000
CDUS41 KGYX 180806
CLIPWM


CLIMATE REPORT
NATIONAL WEATHER SERVICE GRAY ME
406 AM EDT MON JUL 18 2016


...................................

...THE PORTLAND ME CLIMATE SUMMARY FOR JULY 17 2016...

CLIMATE NORMAL PERIOD 1981 TO 2010
CLIMATE RECORD PERIOD 1941 TO 2016


WEATHER ITEM   OBSERVED TIME   RECORD YEAR NORMAL DEPARTURE LAST
                VALUE   (LST)  VALUE       VALUE  FROM      YEAR
                                                  NORMAL
..................................................................
TEMPERATURE (F)
 YESTERDAY
  MAXIMUM         78    210 PM  97    1999  79     -1       74
  MINIMUM         64   1159 PM  41    1946  60      4       51
  AVERAGE         71                        70      1       63

PRECIPITATION (IN)
  YESTERDAY        0.19          2.53 1979   0.12   0.07      T
  MONTH TO DATE    1.28                      1.97  -0.69     0.32
  SINCE JUN 1      5.70                      5.76  -0.06     6.72
  SINCE JAN 1     21.21                     24.96  -3.75    23.33

SNOWFALL (IN)
  YESTERDAY        0.0           0.0  2002   0.0    0.0      0.0
                                      2001
                                      2000
  MONTH TO DATE    0.0                       0.0    0.0      0.0
  SINCE JUN 1      0.0                       0.0    0.0      0.0
  SINCE JUL 1      0.0                       0.0    0.0      0.0
  SNOW DEPTH       0

DEGREE DAYS
 HEATING
  YESTERDAY        0                         0      0        2
  MONTH TO DATE   13                        12      1        6
  SINCE JUN 1     79                       118    -39      150
  SINCE JUL 1     13                        12      1        6

 COOLING
  YESTERDAY        6                         5      1        0
  MONTH TO DATE   92                        75     17       69
  SINCE JUN 1    124                       132     -8      112
  SINCE JAN 1    140                       139      1      152
..................................................................


WIND (MPH)
  RESULTANT WIND SPEED   4   RESULTANT WIND DIRECTION   E (70)
  HIGHEST WIND SPEED    18   HIGHEST WIND DIRECTION     W (280)
  HIGHEST GUST SPEED    22   HIGHEST GUST DIRECTION     W (280)
  AVERAGE WIND SPEED     5.6


SKY COVER
  AVERAGE SKY COVER 0.7


WEATHER CONDITIONS
 THE FOLLOWING WEATHER WAS RECORDED YESTERDAY.
  HEAVY RAIN
  LIGHT RAIN
  FOG
  FOG W/VISIBILITY <= 1/4 MILE


RELATIVE HUMIDITY (PERCENT)
 HIGHEST   100          1000 PM
 LOWEST     64           200 PM
 AVERAGE    82

..........................................................


THE PORTLAND ME CLIMATE NORMALS FOR TODAY
                         NORMAL    RECORD    YEAR
 MAXIMUM TEMPERATURE (F)   79        95      1982
 MINIMUM TEMPERATURE (F)   60        44      1946


SUNRISE AND SUNSET
JULY 18 2016..........SUNRISE   517 AM EDT   SUNSET   818 PM EDT
JULY 19 2016..........SUNRISE   518 AM EDT   SUNSET   817 PM EDT


-  INDICATES NEGATIVE NUMBERS.
R  INDICATES RECORD WAS SET OR TIED.
MM INDICATES DATA IS MISSING.
T  INDICATES TRACE AMOUNT.




$$
