000
CDUS41 KGYX 260934
CLIPWM


CLIMATE REPORT
NATIONAL WEATHER SERVICE GRAY ME
434 AM EST THU FEB 26 2015


...................................

...THE PORTLAND ME CLIMATE SUMMARY FOR FEBRUARY 25 2015...

CLIMATE NORMAL PERIOD 1981 TO 2010
CLIMATE RECORD PERIOD 1941 TO 2015


WEATHER ITEM   OBSERVED TIME   RECORD YEAR NORMAL DEPARTURE LAST
                VALUE   (LST)  VALUE       VALUE  FROM      YEAR
                                                  NORMAL
..................................................................
TEMPERATURE (F)
 YESTERDAY
  MAXIMUM         34    411 PM  51    1985  37     -3       24
  MINIMUM         14   1158 PM -13    1959  19     -5       11
  AVERAGE         24                        28     -4       18

PRECIPITATION (IN)
  YESTERDAY        0.09          3.83 2010   0.13  -0.04     0.00
  MONTH TO DATE    2.81                      2.86  -0.05     4.27
  SINCE DEC 1     13.75                     10.26   3.49    12.76
  SINCE JAN 1      7.48                      6.24   1.24     8.32

SNOWFALL (IN)
  YESTERDAY        1.5          15.5  1966   0.4    1.1      0.0
  MONTH TO DATE   34.2                      10.8   23.4     34.2
  SINCE DEC 1     78.5                      43.2   35.3     78.0
  SINCE JUL 1     88.8                      45.1   43.7     78.5
  SNOW DEPTH      23

DEGREE DAYS
 HEATING
  YESTERDAY       41                        37      4       47
  MONTH TO DATE 1275                       997    278     1044
  SINCE DEC 1   3591                      3442    149     3637
  SINCE JUL 1   4902                      4933    -31     5088

 COOLING
  YESTERDAY        0                         0      0        0
  MONTH TO DATE    0                         0      0        0
  SINCE DEC 1      0                         0      0        0
  SINCE JAN 1      0                         0      0        0
..................................................................


WIND (MPH)
  RESULTANT WIND SPEED   7   RESULTANT WIND DIRECTION   W (280)
  HIGHEST WIND SPEED    22   HIGHEST WIND DIRECTION     W (270)
  HIGHEST GUST SPEED    28   HIGHEST GUST DIRECTION     W (270)
  AVERAGE WIND SPEED     8.3


SKY COVER
  AVERAGE SKY COVER 0.4


WEATHER CONDITIONS
 THE FOLLOWING WEATHER WAS RECORDED YESTERDAY.
  SNOW
  LIGHT SNOW
  FOG
  HAZE


RELATIVE HUMIDITY (PERCENT)
 HIGHEST    88           500 AM
 LOWEST     32           300 PM
 AVERAGE    60

..........................................................


THE PORTLAND ME CLIMATE NORMALS FOR TODAY
                         NORMAL    RECORD    YEAR
 MAXIMUM TEMPERATURE (F)   37        64      1957
 MINIMUM TEMPERATURE (F)   19       -13      1950


SUNRISE AND SUNSET
FEBRUARY 26 2015......SUNRISE   623 AM EST   SUNSET   526 PM EST
FEBRUARY 27 2015......SUNRISE   622 AM EST   SUNSET   527 PM EST


-  INDICATES NEGATIVE NUMBERS.
R  INDICATES RECORD WAS SET OR TIED.
MM INDICATES DATA IS MISSING.
T  INDICATES TRACE AMOUNT.




$$
