000
CDUS41 KGYX 170801
CLIPWM


CLIMATE REPORT
NATIONAL WEATHER SERVICE GRAY ME
401 AM EDT FRI OCT 17 2014


...................................

...THE PORTLAND ME CLIMATE SUMMARY FOR OCTOBER 16 2014...

CLIMATE NORMAL PERIOD 1981 TO 2010
CLIMATE RECORD PERIOD 1941 TO 2014


WEATHER ITEM   OBSERVED TIME   RECORD YEAR NORMAL DEPARTURE LAST
                VALUE   (LST)  VALUE       VALUE  FROM      YEAR
                                                  NORMAL
..................................................................
TEMPERATURE (F)
 YESTERDAY
  MAXIMUM         71    143 PM  84    1963  59     12       58
  MINIMUM         63   1159 PM  25    1950  39     24       54
  AVERAGE         67                        49     18       56

PRECIPITATION (IN)
  YESTERDAY        1.56          2.00 2002   0.16   1.40     0.00
  MONTH TO DATE    1.91                      2.46  -0.55     0.51
  SINCE SEP 1      2.78                      6.15  -3.37     7.23
  SINCE JAN 1     40.98                     35.89   5.09    35.45

SNOWFALL (IN)
  YESTERDAY        0.0           T    1884   0.0    0.0      0.0
                                      1886
                                      2000
  MONTH TO DATE    0.0                       0.0    0.0      0.0
  SINCE SEP 1      0.0                       0.0    0.0      0.0
  SINCE JUL 1      0.0                       0.0    0.0      0.0
  SNOW DEPTH       0

DEGREE DAYS
 HEATING
  YESTERDAY        0                        16    -16        9
  MONTH TO DATE  132                       220    -88      160
  SINCE SEP 1    318                       396    -78      346
  SINCE JUL 1    342                       441    -99      364

 COOLING
  YESTERDAY        2                         0      2        0
  MONTH TO DATE    7                         0      7        0
  SINCE SEP 1     52                        30     22       37
  SINCE JAN 1    350                       358     -8      454
..................................................................


WIND (MPH)
  RESULTANT WIND SPEED  10   RESULTANT WIND DIRECTION   S (160)
  HIGHEST WIND SPEED    22   HIGHEST WIND DIRECTION     S (170)
  HIGHEST GUST SPEED    32   HIGHEST GUST DIRECTION     S (160)
  AVERAGE WIND SPEED     9.8


SKY COVER
  AVERAGE SKY COVER 1.0


WEATHER CONDITIONS
 THE FOLLOWING WEATHER WAS RECORDED YESTERDAY.
  HEAVY RAIN
  RAIN
  LIGHT RAIN
  FOG
  FOG W/VISIBILITY <= 1/4 MILE
  HAZE


RELATIVE HUMIDITY (PERCENT)
 HIGHEST   100           600 AM
 LOWEST     81           300 PM
 AVERAGE    91

..........................................................


THE PORTLAND ME CLIMATE NORMALS FOR TODAY
                         NORMAL    RECORD    YEAR
 MAXIMUM TEMPERATURE (F)   58        84      1947
 MINIMUM TEMPERATURE (F)   38        26      1978


SUNRISE AND SUNSET
OCTOBER 17 2014.......SUNRISE   658 AM EDT   SUNSET   555 PM EDT
OCTOBER 18 2014.......SUNRISE   659 AM EDT   SUNSET   553 PM EDT


-  INDICATES NEGATIVE NUMBERS.
R  INDICATES RECORD WAS SET OR TIED.
MM INDICATES DATA IS MISSING.
T  INDICATES TRACE AMOUNT.




$$
