000
CDUS41 KGYX 152042
CLIPWM


CLIMATE REPORT
NATIONAL WEATHER SERVICE GRAY ME
442 PM EDT THU JUN 15 2017


...................................

...THE PORTLAND ME CLIMATE SUMMARY FOR JUNE 15 2017...
VALID TODAY AS OF 0400 PM LOCAL TIME.

CLIMATE NORMAL PERIOD 1981 TO 2010
CLIMATE RECORD PERIOD 1941 TO 2017


WEATHER ITEM   OBSERVED TIME   RECORD YEAR NORMAL DEPARTURE LAST
                VALUE   (LST)  VALUE       VALUE  FROM      YEAR
                                                  NORMAL
..................................................................
TEMPERATURE (F)
 TODAY
  MAXIMUM         68   1101 AM  97    1988  73     -5       81
  MINIMUM         47    426 AM  41    1946  54     -7       55
  AVERAGE         58                        63     -5       68

PRECIPITATION (IN)
  TODAY            0.00          1.52 1942   0.13  -0.13     0.00
  MONTH TO DATE    1.05                      2.07  -1.02     2.68
  SINCE JUN 1      1.05                      2.07  -1.02     2.68
  SINCE JAN 1     25.09                     21.27   3.82    18.19

SNOWFALL (IN)
  TODAY            0.0           0.0  2002   0.0    0.0      0.0
                                      2001
                                      2000
  MONTH TO DATE    0.0                       0.0    0.0      0.0
  SINCE JUN 1      0.0                       0.0    0.0      0.0
  SINCE JUL 1     95.3                      61.9   33.4     51.8
  SNOW DEPTH       0

DEGREE DAYS
 HEATING
  TODAY            7                         3      4        0
  MONTH TO DATE   74                        75     -1       54
  SINCE JUN 1     74                        75     -1       54
  SINCE JUL 1   6594                      7076   -482     6173

 COOLING
  TODAY            0                         2     -2        3
  MONTH TO DATE   39                        19     20        8
  SINCE JUN 1     39                        19     20        8
  SINCE JAN 1     56                        26     30       24
..................................................................


WIND (MPH)
  HIGHEST WIND SPEED    18   HIGHEST WIND DIRECTION    SE (150)
  HIGHEST GUST SPEED    23   HIGHEST GUST DIRECTION     S (190)
  AVERAGE WIND SPEED     6.0


SKY COVER
  POSSIBLE SUNSHINE  MM
  AVERAGE SKY COVER 0.3


WEATHER CONDITIONS
 THE FOLLOWING WEATHER WAS RECORDED TODAY.
  NO SIGNIFICANT WEATHER WAS OBSERVED.


RELATIVE HUMIDITY (PERCENT)
 HIGHEST    86           200 AM
 LOWEST     48          1000 AM
 AVERAGE    67

..........................................................


THE PORTLAND ME CLIMATE NORMALS FOR TOMORROW
                         NORMAL    RECORD    YEAR
 MAXIMUM TEMPERATURE (F)   74        93      1988
 MINIMUM TEMPERATURE (F)   54        41      1965


SUNRISE AND SUNSET
JUNE 15 2017..........SUNRISE   459 AM EDT   SUNSET   825 PM EDT
JUNE 16 2017..........SUNRISE   459 AM EDT   SUNSET   825 PM EDT


-  INDICATES NEGATIVE NUMBERS.
R  INDICATES RECORD WAS SET OR TIED.
MM INDICATES DATA IS MISSING.
T  INDICATES TRACE AMOUNT.




$$
