000
CDUS41 KGYX 252045
CLIPWM


CLIMATE REPORT
NATIONAL WEATHER SERVICE GRAY ME
445 PM EDT TUE AUG 25 2015


...................................

...THE PORTLAND ME CLIMATE SUMMARY FOR AUGUST 25 2015...
VALID TODAY AS OF 0400 PM LOCAL TIME.

CLIMATE NORMAL PERIOD 1981 TO 2010
CLIMATE RECORD PERIOD 1941 TO 2015


WEATHER ITEM   OBSERVED TIME   RECORD YEAR NORMAL DEPARTURE LAST
                VALUE   (LST)  VALUE       VALUE  FROM      YEAR
                                                  NORMAL
..................................................................
TEMPERATURE (F)
 TODAY
  MAXIMUM         75   1156 AM  93    1948  77     -2       85
  MINIMUM         68   1010 AM  41    1987  57     11       62
  AVERAGE         72                        67      5       74

PRECIPITATION (IN)
  TODAY            0.00          2.64 2010   0.10  -0.10     0.00
  MONTH TO DATE    2.44                      2.55  -0.11     7.13
  SINCE JUN 1     10.10                      9.95   0.15    17.55
  SINCE JAN 1     26.71                     29.15  -2.44    36.77

SNOWFALL (IN)
  TODAY            0.0           0.0  2002   0.0    0.0      0.0
                                      2001
                                      2000
  MONTH TO DATE    0.0                       0.0    0.0      0.0
  SINCE JUN 1      0.0                       0.0    0.0      0.0
  SINCE JUL 1      0.0                       0.0    0.0      0.0
  SNOW DEPTH       0

DEGREE DAYS
 HEATING
  TODAY            0                         1     -1        0
  MONTH TO DATE    0                        16    -16       16
  SINCE JUN 1    154                       139     15       93
  SINCE JUL 1     10                        33    -23       16

 COOLING
  TODAY            7                         3      4        9
  MONTH TO DATE  142                       104     38       55
  SINCE JUN 1    328                       305     23      270
  SINCE JAN 1    368                       312     56      270
..................................................................


WIND (MPH)
  HIGHEST WIND SPEED    13   HIGHEST WIND DIRECTION     E (100)
  HIGHEST GUST SPEED    16   HIGHEST GUST DIRECTION    SE (140)
  AVERAGE WIND SPEED     5.0


SKY COVER
  POSSIBLE SUNSHINE  MM
  AVERAGE SKY COVER 1.0


WEATHER CONDITIONS
 THE FOLLOWING WEATHER WAS RECORDED TODAY.
  FOG


RELATIVE HUMIDITY (PERCENT)
 HIGHEST   100          1200 AM
 LOWEST     84          1200 PM
 AVERAGE    92

..........................................................


THE PORTLAND ME CLIMATE NORMALS FOR TOMORROW
                         NORMAL    RECORD    YEAR
 MAXIMUM TEMPERATURE (F)   76       100      1948
 MINIMUM TEMPERATURE (F)   57        41      1942


SUNRISE AND SUNSET
AUGUST 25 2015........SUNRISE   557 AM EDT   SUNSET   729 PM EDT
AUGUST 26 2015........SUNRISE   558 AM EDT   SUNSET   728 PM EDT


-  INDICATES NEGATIVE NUMBERS.
R  INDICATES RECORD WAS SET OR TIED.
MM INDICATES DATA IS MISSING.
T  INDICATES TRACE AMOUNT.




$$
