132
CDUS41 KGYX 230910
CLIPWM


CLIMATE REPORT
NATIONAL WEATHER SERVICE GRAY ME
410 AM EST THU FEB 23 2017


...................................

...THE PORTLAND ME CLIMATE SUMMARY FOR FEBRUARY 22 2017...

CLIMATE NORMAL PERIOD 1981 TO 2010
CLIMATE RECORD PERIOD 1941 TO 2017


WEATHER ITEM   OBSERVED TIME   RECORD YEAR NORMAL DEPARTURE LAST
                VALUE   (LST)  VALUE       VALUE  FROM      YEAR
                                                  NORMAL
..................................................................
TEMPERATURE (F)
 YESTERDAY
  MAXIMUM         49        MM  58    1990  36     13       38
  MINIMUM         28        MM  -8    1956  18     10       22
  AVERAGE         39                        27     12       30

PRECIPITATION (IN)
  YESTERDAY        0.00          3.06 1898   0.11  -0.11     0.00
  MONTH TO DATE    4.13                      2.48   1.65     2.84
  SINCE DEC 1     13.09                      9.88   3.21    11.55
  SINCE JAN 1      7.78                      5.86   1.92     6.21

SNOWFALL (IN)
  YESTERDAY        0.0          15.5  1893   0.4   -0.4      0.0
  MONTH TO DATE   39.9                       9.5   30.4     19.6
  SINCE DEC 1     65.9                      41.9   24.0     40.1
  SINCE JUL 1     66.4                      43.8   22.6     40.1
  SNOW DEPTH       9

DEGREE DAYS
 HEATING
  YESTERDAY       26                        38    -12       35
  MONTH TO DATE  859                       885    -26      827
  SINCE DEC 1   3077                      3330   -253     2828
  SINCE JUL 1   4329                      4821   -492     4074

 COOLING
  YESTERDAY        0                         0      0        0
  MONTH TO DATE    0                         0      0        0
  SINCE DEC 1      0                         0      0        0
  SINCE JAN 1      0                         0      0        0
..................................................................


WIND (MPH)
  RESULTANT WIND SPEED   2   RESULTANT WIND DIRECTION   S (200)
  HIGHEST WIND SPEED     7   HIGHEST WIND DIRECTION     S (170)
  HIGHEST GUST SPEED    MM   HIGHEST GUST DIRECTION    MM
  AVERAGE WIND SPEED     2.7


SKY COVER
  AVERAGE SKY COVER 0.5


WEATHER CONDITIONS
 THE FOLLOWING WEATHER WAS RECORDED YESTERDAY.
  NO SIGNIFICANT WEATHER WAS OBSERVED.


RELATIVE HUMIDITY (PERCENT)
 HIGHEST    92          1100 PM
 LOWEST     39           100 PM
 AVERAGE    66

..........................................................


THE PORTLAND ME CLIMATE NORMALS FOR TODAY
                         NORMAL    RECORD    YEAR
 MAXIMUM TEMPERATURE (F)   37        61      1990
 MINIMUM TEMPERATURE (F)   18       -18      1972


SUNRISE AND SUNSET
FEBRUARY 23 2017......SUNRISE   627 AM EST   SUNSET   522 PM EST
FEBRUARY 24 2017......SUNRISE   626 AM EST   SUNSET   524 PM EST


-  INDICATES NEGATIVE NUMBERS.
R  INDICATES RECORD WAS SET OR TIED.
MM INDICATES DATA IS MISSING.
T  INDICATES TRACE AMOUNT.




$$
