000
CDUS41 KGYX 270803
CLIPWM


CLIMATE REPORT
NATIONAL WEATHER SERVICE GRAY ME
403 AM EDT WED AUG 27 2014


...................................

...THE PORTLAND ME CLIMATE SUMMARY FOR AUGUST 26 2014...

CLIMATE NORMAL PERIOD 1981 TO 2010
CLIMATE RECORD PERIOD 1941 TO 2014


WEATHER ITEM   OBSERVED TIME   RECORD YEAR NORMAL DEPARTURE LAST
                VALUE   (LST)  VALUE       VALUE  FROM      YEAR
                                                  NORMAL
..................................................................
TEMPERATURE (F)
 YESTERDAY
  MAXIMUM         81   1113 AM 100    1948  76      5       82
  MINIMUM         59    456 AM  41    1942  57      2       62
  AVERAGE         70                        67      3       72

PRECIPITATION (IN)
  YESTERDAY        0.00          1.30 1892   0.10  -0.10     0.24
  MONTH TO DATE    7.13                      2.65   4.48     1.70
  SINCE JUN 1     17.55                     10.05   7.50    12.38
  SINCE JAN 1     36.77                     29.25   7.52    28.18

SNOWFALL (IN)
  YESTERDAY        0.0           0.0  2002   0.0    0.0      0.0
                                      2001
                                      2000
  MONTH TO DATE    0.0                       0.0    0.0      0.0
  SINCE JUN 1      0.0                       0.0    0.0      0.0
  SINCE JUL 1      0.0                       0.0    0.0      0.0
  SNOW DEPTH       0

DEGREE DAYS
 HEATING
  YESTERDAY        0                         1     -1        0
  MONTH TO DATE   16                        17     -1       11
  SINCE JUN 1     93                       140    -47       99
  SINCE JUL 1     16                        34    -18       18

 COOLING
  YESTERDAY        5                         3      2        7
  MONTH TO DATE   60                       107    -47       72
  SINCE JUN 1    275                       308    -33      372
  SINCE JAN 1    275                       315    -40      387
..................................................................


WIND (MPH)
  RESULTANT WIND SPEED   6   RESULTANT WIND DIRECTION   S (180)
  HIGHEST WIND SPEED    16   HIGHEST WIND DIRECTION     S (180)
  HIGHEST GUST SPEED    21   HIGHEST GUST DIRECTION     S (170)
  AVERAGE WIND SPEED     6.2


SKY COVER
  AVERAGE SKY COVER 0.1


WEATHER CONDITIONS
 THE FOLLOWING WEATHER WAS RECORDED YESTERDAY.
  FOG


RELATIVE HUMIDITY (PERCENT)
 HIGHEST   100           400 AM
 LOWEST     64           900 AM
 AVERAGE    82

..........................................................


THE PORTLAND ME CLIMATE NORMALS FOR TODAY
                         NORMAL    RECORD    YEAR
 MAXIMUM TEMPERATURE (F)   76       100      1948
 MINIMUM TEMPERATURE (F)   57        40      1954


SUNRISE AND SUNSET
AUGUST 27 2014........SUNRISE   559 AM EDT   SUNSET   725 PM EDT
AUGUST 28 2014........SUNRISE   600 AM EDT   SUNSET   724 PM EDT


-  INDICATES NEGATIVE NUMBERS.
R  INDICATES RECORD WAS SET OR TIED.
MM INDICATES DATA IS MISSING.
T  INDICATES TRACE AMOUNT.




$$
