000
CDUS41 KGYX 080917
CLIPWM


CLIMATE REPORT
NATIONAL WEATHER SERVICE GRAY ME
417 AM EST SUN JAN 8 2017


...................................

...THE PORTLAND ME CLIMATE SUMMARY FOR JANUARY 7 2017...

CLIMATE NORMAL PERIOD 1981 TO 2010
CLIMATE RECORD PERIOD 1941 TO 2017


WEATHER ITEM   OBSERVED TIME   RECORD YEAR NORMAL DEPARTURE LAST
                VALUE   (LST)  VALUE       VALUE  FROM      YEAR
                                                  NORMAL
..................................................................
TEMPERATURE (F)
 YESTERDAY
  MAXIMUM         20    329 PM  51    1946  31    -11       39
  MINIMUM         11    411 AM -10    1941  14     -3       12
  AVERAGE         16                        23     -7       26

PRECIPITATION (IN)
  YESTERDAY        0.09          1.45 1969   0.11  -0.02     0.00
                                      1977
  MONTH TO DATE    1.27                      0.79   0.48     0.01
  SINCE DEC 1      6.58                      4.81   1.77     5.35
  SINCE JAN 1      1.27                      0.79   0.48     0.01

SNOWFALL (IN)
  YESTERDAY        1.1          12.7  1977   0.6    0.5      0.0
  MONTH TO DATE    1.1                       4.3   -3.2      0.3
  SINCE DEC 1     20.0                      17.5    2.5      7.6
  SINCE JUL 1     20.5                      19.4    1.1      7.6
  SNOW DEPTH       1

DEGREE DAYS
 HEATING
  YESTERDAY       49                        42      7       39
  MONTH TO DATE  255                       292    -37      265
  SINCE DEC 1   1390                      1413    -23     1096
  SINCE JUL 1   2642                      2904   -262     2342

 COOLING
  YESTERDAY        0                         0      0        0
  MONTH TO DATE    0                         0      0        0
  SINCE DEC 1      0                         0      0        0
  SINCE JAN 1      0                         0      0        0
..................................................................


WIND (MPH)
  RESULTANT WIND SPEED   6   RESULTANT WIND DIRECTION   N (0)
  HIGHEST WIND SPEED    17   HIGHEST WIND DIRECTION     N (350)
  HIGHEST GUST SPEED    21   HIGHEST GUST DIRECTION     N (10)
  AVERAGE WIND SPEED     6.9


SKY COVER
  AVERAGE SKY COVER 0.7


WEATHER CONDITIONS
 THE FOLLOWING WEATHER WAS RECORDED YESTERDAY.
  LIGHT SNOW
  FOG


RELATIVE HUMIDITY (PERCENT)
 HIGHEST    88           800 PM
 LOWEST     51          1200 PM
 AVERAGE    70

..........................................................


THE PORTLAND ME CLIMATE NORMALS FOR TODAY
                         NORMAL    RECORD    YEAR
 MAXIMUM TEMPERATURE (F)   31        61      2008
 MINIMUM TEMPERATURE (F)   14       -16      1942


SUNRISE AND SUNSET
JANUARY  8 2017.......SUNRISE   714 AM EST   SUNSET   422 PM EST
JANUARY  9 2017.......SUNRISE   714 AM EST   SUNSET   423 PM EST


-  INDICATES NEGATIVE NUMBERS.
R  INDICATES RECORD WAS SET OR TIED.
MM INDICATES DATA IS MISSING.
T  INDICATES TRACE AMOUNT.




$$
