000
CDUS41 KGYX 211033
CLIPWM


CLIMATE REPORT
NATIONAL WEATHER SERVICE GRAY ME
533 AM EST SAT FEB 21 2015


...................................

...THE PORTLAND ME CLIMATE SUMMARY FOR FEBRUARY 20 2015...

CLIMATE NORMAL PERIOD 1981 TO 2010
CLIMATE RECORD PERIOD 1941 TO 2015


WEATHER ITEM   OBSERVED TIME   RECORD YEAR NORMAL DEPARTURE LAST
                VALUE   (LST)  VALUE       VALUE  FROM      YEAR
                                                  NORMAL
..................................................................
TEMPERATURE (F)
 YESTERDAY
  MAXIMUM         19    433 PM  61    1994  36    -17       47
  MINIMUM          7    801 AM -12    1966  18    -11       20
  AVERAGE         13                        27    -14       34

PRECIPITATION (IN)
  YESTERDAY        0.00          2.17 1934   0.11  -0.11     0.02
  MONTH TO DATE    2.56                      2.25   0.31     3.45
  SINCE DEC 1     13.50                      9.65   3.85    11.94
  SINCE JAN 1      7.23                      5.63   1.60     7.50

SNOWFALL (IN)
  YESTERDAY        0.0          14.5  1934   0.4   -0.4      0.0
  MONTH TO DATE   31.2                       8.7   22.5     33.9
  SINCE DEC 1     75.5                      41.1   34.4     77.7
  SINCE JUL 1     85.8                      43.0   42.8     78.2
  SNOW DEPTH      24

DEGREE DAYS
 HEATING
  YESTERDAY       52                        38     14       31
  MONTH TO DATE 1037                       809    228      874
  SINCE DEC 1   3353                      3254     99     3467
  SINCE JUL 1   4664                      4745    -81     4918

 COOLING
  YESTERDAY        0                         0      0        0
  MONTH TO DATE    0                         0      0        0
  SINCE DEC 1      0                         0      0        0
  SINCE JAN 1      0                         0      0        0
..................................................................


WIND (MPH)
  RESULTANT WIND SPEED  13   RESULTANT WIND DIRECTION   W (270)
  HIGHEST WIND SPEED    21   HIGHEST WIND DIRECTION    NW (300)
  HIGHEST GUST SPEED    29   HIGHEST GUST DIRECTION     W (270)
  AVERAGE WIND SPEED    12.7


SKY COVER
  AVERAGE SKY COVER 0.6


WEATHER CONDITIONS
 THE FOLLOWING WEATHER WAS RECORDED YESTERDAY.
  HAZE


RELATIVE HUMIDITY (PERCENT)
 HIGHEST    64          1200 AM
 LOWEST     36           700 PM
 AVERAGE    50

..........................................................


THE PORTLAND ME CLIMATE NORMALS FOR TODAY
                         NORMAL    RECORD    YEAR
 MAXIMUM TEMPERATURE (F)   36        59      1953
 MINIMUM TEMPERATURE (F)   18        -9      1966


SUNRISE AND SUNSET
FEBRUARY 21 2015......SUNRISE   631 AM EST   SUNSET   519 PM EST
FEBRUARY 22 2015......SUNRISE   630 AM EST   SUNSET   520 PM EST


-  INDICATES NEGATIVE NUMBERS.
R  INDICATES RECORD WAS SET OR TIED.
MM INDICATES DATA IS MISSING.
T  INDICATES TRACE AMOUNT.




$$
