000
CDUS41 KGYX 140832
CLIPWM


CLIMATE REPORT
NATIONAL WEATHER SERVICE GRAY ME
432 AM EDT FRI APR 14 2017


...................................

...THE PORTLAND ME CLIMATE SUMMARY FOR APRIL 13 2017...

CLIMATE NORMAL PERIOD 1981 TO 2010
CLIMATE RECORD PERIOD 1941 TO 2017


WEATHER ITEM   OBSERVED TIME   RECORD YEAR NORMAL DEPARTURE LAST
                VALUE   (LST)  VALUE       VALUE  FROM      YEAR
                                                  NORMAL
..................................................................
TEMPERATURE (F)
 YESTERDAY
  MAXIMUM         60        MM  74    1968  52      8       54
  MINIMUM         34        MM  21    1976  34      0       28
  AVERAGE         47                        43      4       41

PRECIPITATION (IN)
  YESTERDAY        0.00          2.32 1933   0.15  -0.15     0.00
  MONTH TO DATE    3.51                      1.92   1.59     0.96
  SINCE MAR 1      7.01                      6.16   0.85     5.33
  SINCE JAN 1     15.21                     12.79   2.42    12.87

SNOWFALL (IN)
  YESTERDAY        0.0          11.4  1933   0.2   -0.2      0.0
  MONTH TO DATE    7.9                       2.0    5.9      1.5
  SINCE MAR 1     29.1                      14.7   14.4      8.6
  SINCE JUL 1     95.3                      61.1   34.2     49.6
  SNOW DEPTH       0

DEGREE DAYS
 HEATING
  YESTERDAY       18                        22     -4       24
  MONTH TO DATE  273                       312    -39      347
  SINCE MAR 1   1387                      1288     99     1183
  SINCE JUL 1   5865                      6330   -465     5474

 COOLING
  YESTERDAY        0                         0      0        0
  MONTH TO DATE    0                         0      0        0
  SINCE MAR 1      0                         0      0        0
  SINCE JAN 1      0                         0      0        0
..................................................................


WIND (MPH)
  RESULTANT WIND SPEED   8   RESULTANT WIND DIRECTION  NW (310)
  HIGHEST WIND SPEED    20   HIGHEST WIND DIRECTION     N (340)
  HIGHEST GUST SPEED    30   HIGHEST GUST DIRECTION    NW (330)
  AVERAGE WIND SPEED     9.3


SKY COVER
  AVERAGE SKY COVER 0.4


WEATHER CONDITIONS
 THE FOLLOWING WEATHER WAS RECORDED YESTERDAY.
  NO SIGNIFICANT WEATHER WAS OBSERVED.


RELATIVE HUMIDITY (PERCENT)
 HIGHEST    92           200 AM
 LOWEST     36           100 PM
 AVERAGE    64

..........................................................


THE PORTLAND ME CLIMATE NORMALS FOR TODAY
                         NORMAL    RECORD    YEAR
 MAXIMUM TEMPERATURE (F)   53        77      1941
 MINIMUM TEMPERATURE (F)   34        21      1992


SUNRISE AND SUNSET
APRIL 14 2017.........SUNRISE   600 AM EDT   SUNSET   724 PM EDT
APRIL 15 2017.........SUNRISE   558 AM EDT   SUNSET   725 PM EDT


-  INDICATES NEGATIVE NUMBERS.
R  INDICATES RECORD WAS SET OR TIED.
MM INDICATES DATA IS MISSING.
T  INDICATES TRACE AMOUNT.




$$
