000
CDUS41 KGYX 290803
CLIPWM


CLIMATE REPORT
NATIONAL WEATHER SERVICE GRAY ME
403 AM EDT SAT AUG 29 2015


...................................

...THE PORTLAND ME CLIMATE SUMMARY FOR AUGUST 28 2015...

CLIMATE NORMAL PERIOD 1981 TO 2010
CLIMATE RECORD PERIOD 1941 TO 2015


WEATHER ITEM   OBSERVED TIME   RECORD YEAR NORMAL DEPARTURE LAST
                VALUE   (LST)  VALUE       VALUE  FROM      YEAR
                                                  NORMAL
..................................................................
TEMPERATURE (F)
 YESTERDAY
  MAXIMUM         77   1204 PM  98    1948  76      1       78
  MINIMUM         55    518 AM  39    1957  56     -1       56
  AVERAGE         66                        66      0       67

PRECIPITATION (IN)
  YESTERDAY        0.00          1.76 1871   0.10  -0.10     0.00
  MONTH TO DATE    2.49                      2.85  -0.36     7.27
  SINCE JUN 1     10.15                     10.25  -0.10    17.69
  SINCE JAN 1     26.76                     29.45  -2.69    36.91

SNOWFALL (IN)
  YESTERDAY        0.0           0.0  2002   0.0    0.0      0.0
                                      2001
                                      2000
  MONTH TO DATE    0.0                       0.0    0.0      0.0
  SINCE JUN 1      0.0                       0.0    0.0      0.0
  SINCE JUL 1      0.0                       0.0    0.0      0.0
  SNOW DEPTH       0

DEGREE DAYS
 HEATING
  YESTERDAY        0                         2     -2        0
  MONTH TO DATE    0                        21    -21       16
  SINCE JUN 1    154                       144     10       93
  SINCE JUL 1     10                        38    -28       16

 COOLING
  YESTERDAY        1                         3     -2        2
  MONTH TO DATE  154                       113     41       74
  SINCE JUN 1    340                       314     26      289
  SINCE JAN 1    380                       321     59      289
..................................................................


WIND (MPH)
  RESULTANT WIND SPEED   4   RESULTANT WIND DIRECTION  SW (230)
  HIGHEST WIND SPEED    14   HIGHEST WIND DIRECTION     S (190)
  HIGHEST GUST SPEED    20   HIGHEST GUST DIRECTION     S (190)
  AVERAGE WIND SPEED     5.6


SKY COVER
  AVERAGE SKY COVER 0.2


WEATHER CONDITIONS
 THE FOLLOWING WEATHER WAS RECORDED YESTERDAY.
  NO SIGNIFICANT WEATHER WAS OBSERVED.


RELATIVE HUMIDITY (PERCENT)
 HIGHEST    93           300 AM
 LOWEST     47          1200 PM
 AVERAGE    70

..........................................................


THE PORTLAND ME CLIMATE NORMALS FOR TODAY
                         NORMAL    RECORD    YEAR
 MAXIMUM TEMPERATURE (F)   76        96      1953
 MINIMUM TEMPERATURE (F)   56        38      1941


SUNRISE AND SUNSET
AUGUST 29 2015........SUNRISE   601 AM EDT   SUNSET   722 PM EDT
AUGUST 30 2015........SUNRISE   602 AM EDT   SUNSET   721 PM EDT


-  INDICATES NEGATIVE NUMBERS.
R  INDICATES RECORD WAS SET OR TIED.
MM INDICATES DATA IS MISSING.
T  INDICATES TRACE AMOUNT.




$$
