735
CDUS41 KGYX 092045
CLIPWM


CLIMATE REPORT
NATIONAL WEATHER SERVICE GRAY ME
445 PM EDT SAT MAY 9 2015


...................................

...THE PORTLAND ME CLIMATE SUMMARY FOR MAY 9 2015...
VALID TODAY AS OF 0400 PM LOCAL TIME.

CLIMATE NORMAL PERIOD 1981 TO 2010
CLIMATE RECORD PERIOD 1941 TO 2015


WEATHER ITEM   OBSERVED TIME   RECORD YEAR NORMAL DEPARTURE LAST
                VALUE   (LST)  VALUE       VALUE  FROM      YEAR
                                                  NORMAL
..................................................................
TEMPERATURE (F)
 TODAY
  MAXIMUM         59   1156 AM  92    1979  61     -2       54
  MINIMUM         44    240 AM  23    1956  42      2       46
  AVERAGE         52                        52      0       50

PRECIPITATION (IN)
  TODAY            0.00          1.80 1954   0.12  -0.12     0.04
  MONTH TO DATE    0.00                      1.20  -1.20     1.17
  SINCE MAR 1      6.82                      9.76  -2.94     8.20
  SINCE JAN 1     14.30                     16.39  -2.09    16.52

SNOWFALL (IN)
  TODAY            0.0           0.6  1966   0.1   -0.1      0.0
  MONTH TO DATE    0.0                       0.1   -0.1       T
  SINCE MAR 1      5.3                      15.6  -10.3      4.9
  SINCE JUL 1     94.5                      62.0   32.5     83.4
  SNOW DEPTH       0

DEGREE DAYS
 HEATING
  TODAY           13                        13      0       15
  MONTH TO DATE   94                       131    -37      116
  SINCE MAR 1   1766                      1737     29     1928
  SINCE JUL 1   6820                      6779     41     7167

 COOLING
  TODAY            0                         0      0        0
  MONTH TO DATE    0                         0      0        0
  SINCE MAR 1      0                         0      0        0
  SINCE JAN 1      0                         0      0        0
..................................................................


WIND (MPH)
  HIGHEST WIND SPEED    16   HIGHEST WIND DIRECTION     S (170)
  HIGHEST GUST SPEED    20   HIGHEST GUST DIRECTION     S (160)
  AVERAGE WIND SPEED     6.5


SKY COVER
  POSSIBLE SUNSHINE  MM
  AVERAGE SKY COVER 1.0


WEATHER CONDITIONS
 THE FOLLOWING WEATHER WAS RECORDED TODAY.
  FOG


RELATIVE HUMIDITY (PERCENT)
 HIGHEST    93           700 AM
 LOWEST     67          1100 AM
 AVERAGE    80

..........................................................


THE PORTLAND ME CLIMATE NORMALS FOR TOMORROW
                         NORMAL    RECORD    YEAR
 MAXIMUM TEMPERATURE (F)   62        88      1979
 MINIMUM TEMPERATURE (F)   42        24      1947


SUNRISE AND SUNSET
MAY  9 2015...........SUNRISE   523 AM EDT   SUNSET   753 PM EDT
MAY 10 2015...........SUNRISE   522 AM EDT   SUNSET   754 PM EDT


-  INDICATES NEGATIVE NUMBERS.
R  INDICATES RECORD WAS SET OR TIED.
MM INDICATES DATA IS MISSING.
T  INDICATES TRACE AMOUNT.




$$
