000
CDUS41 KGYX 050730
CLIPWM


CLIMATE REPORT
NATIONAL WEATHER SERVICE GRAY ME
330 AM EDT SAT JUL 5 2014


...................................

...THE PORTLAND ME CLIMATE SUMMARY FOR JULY 4 2014...

CLIMATE NORMAL PERIOD 1981 TO 2010
CLIMATE RECORD PERIOD 1941 TO 2014


WEATHER ITEM   OBSERVED TIME   RECORD YEAR NORMAL DEPARTURE LAST
                VALUE   (LST)  VALUE       VALUE  FROM      YEAR
                                                  NORMAL
..................................................................
TEMPERATURE (F)
 YESTERDAY
  MAXIMUM         73    129 PM  90    2010  78     -5       87
                                      2002
                                      1949
  MINIMUM         63   1159 PM  42    1962  58      5       64
  AVERAGE         68                        68      0       76

PRECIPITATION (IN)
  YESTERDAY        1.41R         1.26 1974   0.11   1.30     0.00
  MONTH TO DATE    2.41                      0.43   1.98     1.33
  SINCE JUN 1      6.71                      4.22   2.49     8.65
  SINCE JAN 1     25.93                     23.42   2.51    24.45

SNOWFALL (IN)
  YESTERDAY        0.0           0.0  2002   0.0    0.0      0.0
                                      2001
                                      2000
  MONTH TO DATE    0.0                       0.0    0.0      0.0
  SINCE JUN 1      0.0                       0.0    0.0      0.0
  SINCE JUL 1      0.0                       0.0    0.0      0.0
  SNOW DEPTH       0

DEGREE DAYS
 HEATING
  YESTERDAY        0                         1     -1        0
  MONTH TO DATE    0                         4     -4        4
  SINCE JUN 1     77                       110    -33       85
  SINCE JUL 1      0                         4     -4        4

 COOLING
  YESTERDAY        3                         4     -1       11
  MONTH TO DATE   32                        16     16       18
  SINCE JUN 1     88                        73     15      101
  SINCE JAN 1     88                        80      8      116
..................................................................


WIND (MPH)
  RESULTANT WIND SPEED   1   RESULTANT WIND DIRECTION   S (180)
  HIGHEST WIND SPEED    16   HIGHEST WIND DIRECTION     N (20)
  HIGHEST GUST SPEED    22   HIGHEST GUST DIRECTION     N (350)
  AVERAGE WIND SPEED     6.0


SKY COVER
  AVERAGE SKY COVER 0.8


WEATHER CONDITIONS
 THE FOLLOWING WEATHER WAS RECORDED YESTERDAY.
  THUNDERSTORM
  HEAVY RAIN
  RAIN
  LIGHT RAIN
  FOG


RELATIVE HUMIDITY (PERCENT)
 HIGHEST    93           200 AM
 LOWEST     73          1100 AM
 AVERAGE    83

..........................................................


THE PORTLAND ME CLIMATE NORMALS FOR TODAY
                         NORMAL    RECORD    YEAR
 MAXIMUM TEMPERATURE (F)   78        94      1999
 MINIMUM TEMPERATURE (F)   59        44      1961


SUNRISE AND SUNSET
JULY  5 2014..........SUNRISE   506 AM EDT   SUNSET   826 PM EDT
JULY  6 2014..........SUNRISE   507 AM EDT   SUNSET   825 PM EDT


-  INDICATES NEGATIVE NUMBERS.
R  INDICATES RECORD WAS SET OR TIED.
MM INDICATES DATA IS MISSING.
T  INDICATES TRACE AMOUNT.




$$
