000
CDUS41 KGYX 220802
CLIPWM


CLIMATE REPORT
NATIONAL WEATHER SERVICE GRAY ME
402 AM EDT FRI AUG 22 2014


...................................

...THE PORTLAND ME CLIMATE SUMMARY FOR AUGUST 21 2014...

CLIMATE NORMAL PERIOD 1981 TO 2010
CLIMATE RECORD PERIOD 1941 TO 2014


WEATHER ITEM   OBSERVED TIME   RECORD YEAR NORMAL DEPARTURE LAST
                VALUE   (LST)  VALUE       VALUE  FROM      YEAR
                                                  NORMAL
..................................................................
TEMPERATURE (F)
 YESTERDAY
  MAXIMUM         72    352 PM  95    1945  77     -5       84
  MINIMUM         54    510 AM  42    1977  58     -4       61
  AVERAGE         63                        68     -5       73

PRECIPITATION (IN)
  YESTERDAY        T             1.63 2004   0.10  -0.10     0.00
  MONTH TO DATE    7.13                      2.15   4.98     1.46
  SINCE JUN 1     17.55                      9.55   8.00    12.14
  SINCE JAN 1     36.77                     28.75   8.02    27.94

SNOWFALL (IN)
  YESTERDAY        0.0           0.0  2002   0.0    0.0      0.0
                                      2001
                                      2000
  MONTH TO DATE    0.0                       0.0    0.0      0.0
  SINCE JUN 1      0.0                       0.0    0.0      0.0
  SINCE JUL 1      0.0                       0.0    0.0      0.0
  SNOW DEPTH       0

DEGREE DAYS
 HEATING
  YESTERDAY        2                         1      1        0
  MONTH TO DATE   11                        12     -1       10
  SINCE JUN 1     88                       135    -47       98
  SINCE JUL 1     11                        29    -18       17

 COOLING
  YESTERDAY        0                         4     -4        8
  MONTH TO DATE   44                        92    -48       49
  SINCE JUN 1    259                       293    -34      349
  SINCE JAN 1    259                       300    -41      364
..................................................................


WIND (MPH)
  RESULTANT WIND SPEED   1   RESULTANT WIND DIRECTION   E (70)
  HIGHEST WIND SPEED     8   HIGHEST WIND DIRECTION     E (80)
  HIGHEST GUST SPEED    10   HIGHEST GUST DIRECTION     N (20)
  AVERAGE WIND SPEED     2.9


SKY COVER
  AVERAGE SKY COVER 0.6


WEATHER CONDITIONS
 THE FOLLOWING WEATHER WAS RECORDED YESTERDAY.
  LIGHT RAIN


RELATIVE HUMIDITY (PERCENT)
 HIGHEST    93          1200 AM
 LOWEST     61          1000 AM
 AVERAGE    77

..........................................................


THE PORTLAND ME CLIMATE NORMALS FOR TODAY
                         NORMAL    RECORD    YEAR
 MAXIMUM TEMPERATURE (F)   77        91      2003
                                             1955
 MINIMUM TEMPERATURE (F)   58        40      1982


SUNRISE AND SUNSET
AUGUST 22 2014........SUNRISE   554 AM EDT   SUNSET   734 PM EDT
AUGUST 23 2014........SUNRISE   555 AM EDT   SUNSET   732 PM EDT


-  INDICATES NEGATIVE NUMBERS.
R  INDICATES RECORD WAS SET OR TIED.
MM INDICATES DATA IS MISSING.
T  INDICATES TRACE AMOUNT.




$$
