000
CDUS41 KGYX 062044
CLIPWM


CLIMATE REPORT
NATIONAL WEATHER SERVICE GRAY ME
444 PM EDT SUN JUL 6 2014


...................................

...THE PORTLAND ME CLIMATE SUMMARY FOR JULY 6 2014...
VALID TODAY AS OF 0400 PM LOCAL TIME.

CLIMATE NORMAL PERIOD 1981 TO 2010
CLIMATE RECORD PERIOD 1941 TO 2014


WEATHER ITEM   OBSERVED TIME   RECORD YEAR NORMAL DEPARTURE LAST
                VALUE   (LST)  VALUE       VALUE  FROM      YEAR
                                                  NORMAL
..................................................................
TEMPERATURE (F)
 TODAY
  MAXIMUM         84    255 PM  95    2010  78      6       88
  MINIMUM         67    645 AM  41    1962  59      8       69
  AVERAGE         76                        68      8       79

PRECIPITATION (IN)
  TODAY            0.00          0.79 1956   0.12  -0.12     0.02
  MONTH TO DATE    2.96                      0.66   2.30     1.35
  SINCE JUN 1      7.26                      4.45   2.81     8.67
  SINCE JAN 1     26.48                     23.65   2.83    24.47

SNOWFALL (IN)
  TODAY            0.0           0.0  2002   0.0    0.0      0.0
                                      2001
                                      2000
  MONTH TO DATE    0.0                       0.0    0.0      0.0
  SINCE JUN 1      0.0                       0.0    0.0      0.0
  SINCE JUL 1      0.0                       0.0    0.0      0.0
  SNOW DEPTH       0

DEGREE DAYS
 HEATING
  TODAY            0                         1     -1        0
  MONTH TO DATE    0                         6     -6        4
  SINCE JUN 1     77                       112    -35       85
  SINCE JUL 1      0                         6     -6        4

 COOLING
  TODAY           11                         4      7       14
  MONTH TO DATE   46                        24     22       50
  SINCE JUN 1    102                        81     21      133
  SINCE JAN 1    102                        88     14      148
..................................................................


WIND (MPH)
  HIGHEST WIND SPEED    18   HIGHEST WIND DIRECTION    SW (220)
  HIGHEST GUST SPEED    26   HIGHEST GUST DIRECTION     W (270)
  AVERAGE WIND SPEED    11.9


SKY COVER
  POSSIBLE SUNSHINE  MM
  AVERAGE SKY COVER 0.3


WEATHER CONDITIONS
 THE FOLLOWING WEATHER WAS RECORDED TODAY.
  NO SIGNIFICANT WEATHER WAS OBSERVED.


RELATIVE HUMIDITY (PERCENT)
 HIGHEST    58           400 AM
 LOWEST     34           300 PM
 AVERAGE    46

..........................................................


THE PORTLAND ME CLIMATE NORMALS FOR TOMORROW
                         NORMAL    RECORD    YEAR
 MAXIMUM TEMPERATURE (F)   78        93      1993
 MINIMUM TEMPERATURE (F)   59        40      1965


SUNRISE AND SUNSET
JULY  6 2014..........SUNRISE   507 AM EDT   SUNSET   825 PM EDT
JULY  7 2014..........SUNRISE   507 AM EDT   SUNSET   825 PM EDT


-  INDICATES NEGATIVE NUMBERS.
R  INDICATES RECORD WAS SET OR TIED.
MM INDICATES DATA IS MISSING.
T  INDICATES TRACE AMOUNT.




$$
