000
CDUS41 KGYX 140802
CLIPWM


CLIMATE REPORT
NATIONAL WEATHER SERVICE GRAY ME
401 AM EDT TUE OCT 14 2014


...................................

...THE PORTLAND ME CLIMATE SUMMARY FOR OCTOBER 13 2014...

CLIMATE NORMAL PERIOD 1981 TO 2010
CLIMATE RECORD PERIOD 1941 TO 2014


WEATHER ITEM   OBSERVED TIME   RECORD YEAR NORMAL DEPARTURE LAST
                VALUE   (LST)  VALUE       VALUE  FROM      YEAR
                                                  NORMAL
..................................................................
TEMPERATURE (F)
 YESTERDAY
  MAXIMUM         65   1220 PM  84    1954  60      5       58
  MINIMUM         35    551 AM  26    1958  40     -5       39
  AVERAGE         50                        50      0       49

PRECIPITATION (IN)
  YESTERDAY        0.00          1.69 1990   0.15  -0.15     0.00
  MONTH TO DATE    0.35                      1.98  -1.63     0.51
  SINCE SEP 1      1.22                      5.67  -4.45     7.23
  SINCE JAN 1     39.42                     35.41   4.01    35.45

SNOWFALL (IN)
  YESTERDAY        0.0           T    1934   0.0    0.0      0.0
  MONTH TO DATE    0.0                       0.0    0.0      0.0
  SINCE SEP 1      0.0                       0.0    0.0      0.0
  SINCE JUL 1      0.0                       0.0    0.0      0.0
  SNOW DEPTH       0

DEGREE DAYS
 HEATING
  YESTERDAY       15                        15      0       16
  MONTH TO DATE  131                       172    -41      126
  SINCE SEP 1    317                       348    -31      312
  SINCE JUL 1    341                       393    -52      330

 COOLING
  YESTERDAY        0                         0      0        0
  MONTH TO DATE    1                         0      1        0
  SINCE SEP 1     46                        30     16       37
  SINCE JAN 1    344                       358    -14      454
..................................................................


WIND (MPH)
  RESULTANT WIND SPEED   5   RESULTANT WIND DIRECTION   S (190)
  HIGHEST WIND SPEED    17   HIGHEST WIND DIRECTION     S (180)
  HIGHEST GUST SPEED    23   HIGHEST GUST DIRECTION    SW (230)
  AVERAGE WIND SPEED     5.5


SKY COVER
  AVERAGE SKY COVER 0.5


WEATHER CONDITIONS
 THE FOLLOWING WEATHER WAS RECORDED YESTERDAY.
  NO SIGNIFICANT WEATHER WAS OBSERVED.


RELATIVE HUMIDITY (PERCENT)
 HIGHEST    92           300 AM
 LOWEST     43          1200 PM
 AVERAGE    68

..........................................................


THE PORTLAND ME CLIMATE NORMALS FOR TODAY
                         NORMAL    RECORD    YEAR
 MAXIMUM TEMPERATURE (F)   59        78      1990
 MINIMUM TEMPERATURE (F)   39        20      1958


SUNRISE AND SUNSET
OCTOBER 14 2014.......SUNRISE   654 AM EDT   SUNSET   600 PM EDT
OCTOBER 15 2014.......SUNRISE   655 AM EDT   SUNSET   558 PM EDT


-  INDICATES NEGATIVE NUMBERS.
R  INDICATES RECORD WAS SET OR TIED.
MM INDICATES DATA IS MISSING.
T  INDICATES TRACE AMOUNT.




$$
