000
CDUS41 KGYX 270816
CLIPWM


CLIMATE REPORT
NATIONAL WEATHER SERVICE GRAY ME
415 AM EDT MON JUL 27 2015


...................................

...THE PORTLAND ME CLIMATE SUMMARY FOR JULY 26 2015...

CLIMATE NORMAL PERIOD 1981 TO 2010
CLIMATE RECORD PERIOD 1941 TO 2015


WEATHER ITEM   OBSERVED TIME   RECORD YEAR NORMAL DEPARTURE LAST
                VALUE   (LST)  VALUE       VALUE  FROM      YEAR
                                                  NORMAL
..................................................................
TEMPERATURE (F)
 YESTERDAY
  MAXIMUM         67   1213 PM  95    1989  79    -12       80
  MINIMUM         59    326 AM  45    1976  60     -1       57
  AVERAGE         63                        70     -7       69

PRECIPITATION (IN)
  YESTERDAY        0.11          2.41 1881   0.12  -0.01      T
  MONTH TO DATE    1.16                      3.04  -1.88     4.89
  SINCE JUN 1      7.56                      6.83   0.73     9.19
  SINCE JAN 1     24.17                     26.03  -1.86    28.41

SNOWFALL (IN)
  YESTERDAY        0.0           0.0  2002   0.0    0.0      0.0
                                      2001
                                      2000
  MONTH TO DATE    0.0                       0.0    0.0      0.0
  SINCE JUN 1      0.0                       0.0    0.0      0.0
  SINCE JUL 1      0.0                       0.0    0.0      0.0
  SNOW DEPTH       0

DEGREE DAYS
 HEATING
  YESTERDAY        2                         0      2        0
  MONTH TO DATE   10                        12     -2        0
  SINCE JUN 1    154                       118     36       77
  SINCE JUL 1     10                        12     -2        0

 COOLING
  YESTERDAY        0                         5     -5        4
  MONTH TO DATE   96                       120    -24      148
  SINCE JUN 1    139                       177    -38      204
  SINCE JAN 1    179                       184     -5      204
..................................................................


WIND (MPH)
  RESULTANT WIND SPEED   5   RESULTANT WIND DIRECTION   S (160)
  HIGHEST WIND SPEED    14   HIGHEST WIND DIRECTION     S (170)
  HIGHEST GUST SPEED    19   HIGHEST GUST DIRECTION     S (190)
  AVERAGE WIND SPEED     5.3


SKY COVER
  AVERAGE SKY COVER 1.0


WEATHER CONDITIONS
 THE FOLLOWING WEATHER WAS RECORDED YESTERDAY.
  RAIN
  LIGHT RAIN
  FOG


RELATIVE HUMIDITY (PERCENT)
 HIGHEST   100          1000 AM
 LOWEST     87           100 PM
 AVERAGE    94

..........................................................


THE PORTLAND ME CLIMATE NORMALS FOR TODAY
                         NORMAL    RECORD    YEAR
 MAXIMUM TEMPERATURE (F)   79        96      1949
 MINIMUM TEMPERATURE (F)   60        44      1977


SUNRISE AND SUNSET
JULY 27 2015..........SUNRISE   525 AM EDT   SUNSET   810 PM EDT
JULY 28 2015..........SUNRISE   526 AM EDT   SUNSET   809 PM EDT


-  INDICATES NEGATIVE NUMBERS.
R  INDICATES RECORD WAS SET OR TIED.
MM INDICATES DATA IS MISSING.
T  INDICATES TRACE AMOUNT.




$$
