000
CDUS41 KGYX 140804
CLIPWM


CLIMATE REPORT
NATIONAL WEATHER SERVICE GRAY ME
404 AM EDT WED JUN 14 2017


...................................

...THE PORTLAND ME CLIMATE SUMMARY FOR JUNE 13 2017...

CLIMATE NORMAL PERIOD 1981 TO 2010
CLIMATE RECORD PERIOD 1941 TO 2017


WEATHER ITEM   OBSERVED TIME   RECORD YEAR NORMAL DEPARTURE LAST
                VALUE   (LST)  VALUE       VALUE  FROM      YEAR
                                                  NORMAL
..................................................................
TEMPERATURE (F)
 YESTERDAY
  MAXIMUM         91    156 PM  94    1956  73     18       71
  MINIMUM         65   1159 PM  39    1953  53     12       52
  AVERAGE         78                        63     15       62

PRECIPITATION (IN)
  YESTERDAY        T             3.58 1998   0.13  -0.13     0.01
  MONTH TO DATE    1.05                      1.80  -0.75     2.68
  SINCE JUN 1      1.05                      1.80  -0.75     2.68
  SINCE JAN 1     25.09                     21.00   4.09    18.19

SNOWFALL (IN)
  YESTERDAY        0.0           0.0  2002   0.0    0.0      0.0
                                      2001
                                      2000
  MONTH TO DATE    0.0                       0.0    0.0      0.0
  SINCE JUN 1      0.0                       0.0    0.0      0.0
  SINCE JUL 1     95.3                      61.9   33.4     51.8
  SNOW DEPTH       0

DEGREE DAYS
 HEATING
  YESTERDAY        0                         4     -4        3
  MONTH TO DATE   66                        68     -2       54
  SINCE JUN 1     66                        68     -2       54
  SINCE JUL 1   6586                      7069   -483     6173

 COOLING
  YESTERDAY       13                         2     11        0
  MONTH TO DATE   39                        15     24        4
  SINCE JUN 1     39                        15     24        4
  SINCE JAN 1     56                        22     34       20
..................................................................


WIND (MPH)
  RESULTANT WIND SPEED   5   RESULTANT WIND DIRECTION  NW (320)
  HIGHEST WIND SPEED    20   HIGHEST WIND DIRECTION     N (340)
  HIGHEST GUST SPEED    29   HIGHEST GUST DIRECTION     N (350)
  AVERAGE WIND SPEED     8.9


SKY COVER
  AVERAGE SKY COVER 0.4


WEATHER CONDITIONS
 THE FOLLOWING WEATHER WAS RECORDED YESTERDAY.
  NO SIGNIFICANT WEATHER WAS OBSERVED.


RELATIVE HUMIDITY (PERCENT)
 HIGHEST    73           500 AM
 LOWEST     37           200 PM
 AVERAGE    55

..........................................................


THE PORTLAND ME CLIMATE NORMALS FOR TODAY
                         NORMAL    RECORD    YEAR
 MAXIMUM TEMPERATURE (F)   73        88      1993
 MINIMUM TEMPERATURE (F)   53        38      1953


SUNRISE AND SUNSET
JUNE 14 2017..........SUNRISE   459 AM EDT   SUNSET   824 PM EDT
JUNE 15 2017..........SUNRISE   459 AM EDT   SUNSET   825 PM EDT


-  INDICATES NEGATIVE NUMBERS.
R  INDICATES RECORD WAS SET OR TIED.
MM INDICATES DATA IS MISSING.
T  INDICATES TRACE AMOUNT.




$$
