000
CDUS41 KGYX 201141
CLIPWM


CLIMATE REPORT
NATIONAL WEATHER SERVICE GRAY ME
741 AM EDT MON OCT 20 2014


...................................

...THE PORTLAND ME CLIMATE SUMMARY FOR OCTOBER 19 2014...

CLIMATE NORMAL PERIOD 1981 TO 2010
CLIMATE RECORD PERIOD 1941 TO 2014


WEATHER ITEM   OBSERVED TIME   RECORD YEAR NORMAL DEPARTURE LAST
                VALUE   (LST)  VALUE       VALUE  FROM      YEAR
                                                  NORMAL
..................................................................
TEMPERATURE (F)
 YESTERDAY
  MAXIMUM         57    142 PM  81    1963  58     -1       64
  MINIMUM         44   1159 PM  21    1974  38      6       41
  AVERAGE         51                        48      3       53

PRECIPITATION (IN)
  YESTERDAY        0.00          1.06 1914   0.16  -0.16     0.00
  MONTH TO DATE    2.36                      2.93  -0.57     0.75
  SINCE SEP 1      3.23                      6.62  -3.39     7.47
  SINCE JAN 1     41.43                     36.36   5.07    35.69

SNOWFALL (IN)
  YESTERDAY        0.0           0.1  1959   0.0    0.0      0.0
  MONTH TO DATE    0.0                       0.0    0.0      0.0
  SINCE SEP 1      0.0                       0.0    0.0      0.0
  SINCE JUL 1      0.0                       0.0    0.0      0.0
  SNOW DEPTH       0

DEGREE DAYS
 HEATING
  YESTERDAY       14                        17     -3       12
  MONTH TO DATE  150                       271   -121      180
  SINCE SEP 1    336                       447   -111      366
  SINCE JUL 1    360                       492   -132      384

 COOLING
  YESTERDAY        0                         0      0        0
  MONTH TO DATE    8                         0      8        0
  SINCE SEP 1     53                        30     23       37
  SINCE JAN 1    351                       358     -7      454
..................................................................


WIND (MPH)
  RESULTANT WIND SPEED  10   RESULTANT WIND DIRECTION  NW (330)
  HIGHEST WIND SPEED    22   HIGHEST WIND DIRECTION    NW (330)
  HIGHEST GUST SPEED    27   HIGHEST GUST DIRECTION    NW (320)
  AVERAGE WIND SPEED    10.4


SKY COVER
  AVERAGE SKY COVER 0.9


WEATHER CONDITIONS
 THE FOLLOWING WEATHER WAS RECORDED YESTERDAY.
  NO SIGNIFICANT WEATHER WAS OBSERVED.


RELATIVE HUMIDITY (PERCENT)
 HIGHEST    93           100 AM
 LOWEST     41           200 PM
 AVERAGE    67

..........................................................


THE PORTLAND ME CLIMATE NORMALS FOR TODAY
                         NORMAL    RECORD    YEAR
 MAXIMUM TEMPERATURE (F)   57        79      1947
 MINIMUM TEMPERATURE (F)   37        24      1956


SUNRISE AND SUNSET
OCTOBER 20 2014.......SUNRISE   702 AM EDT   SUNSET   550 PM EDT
OCTOBER 21 2014.......SUNRISE   703 AM EDT   SUNSET   548 PM EDT


-  INDICATES NEGATIVE NUMBERS.
R  INDICATES RECORD WAS SET OR TIED.
MM INDICATES DATA IS MISSING.
T  INDICATES TRACE AMOUNT.




$$
