000
CDUS41 KGYX 060903
CLIPWM


CLIMATE REPORT
NATIONAL WEATHER SERVICE GRAY ME
402 AM EST SAT FEB 6 2016


...................................

...THE PORTLAND ME CLIMATE SUMMARY FOR FEBRUARY 5 2016...

CLIMATE NORMAL PERIOD 1981 TO 2010
CLIMATE RECORD PERIOD 1941 TO 2016


WEATHER ITEM   OBSERVED TIME   RECORD YEAR NORMAL DEPARTURE LAST
                VALUE   (LST)  VALUE       VALUE  FROM      YEAR
                                                  NORMAL
..................................................................
TEMPERATURE (F)
 YESTERDAY
  MAXIMUM         42   1235 AM  51    2005  33      9       34
  MINIMUM         20   1159 PM -13    1978  14      6        4
  AVERAGE         31                        23      8       19

PRECIPITATION (IN)
  YESTERDAY        0.53          2.45 1920   0.11   0.42     0.21
  MONTH TO DATE    1.32                      0.54   0.78     1.16
  SINCE DEC 1     10.03                      7.94   2.09    12.10
  SINCE JAN 1      4.69                      3.92   0.77     5.83

SNOWFALL (IN)
  YESTERDAY        8.8          12.7  2001   0.5    8.3      2.5
  MONTH TO DATE    8.8                       2.4    6.4     12.4
  SINCE DEC 1     29.3                      34.8   -5.5     56.7
  SINCE JUL 1     29.3                      36.7   -7.4     67.0
  SNOW DEPTH       T

DEGREE DAYS
 HEATING
  YESTERDAY       34                        42     -8       46
  MONTH TO DATE  124                       210    -86      258
  SINCE DEC 1   2125                      2655   -530     2574
  SINCE JUL 1   3371                      4146   -775     3885

 COOLING
  YESTERDAY        0                         0      0        0
  MONTH TO DATE    0                         0      0        0
  SINCE DEC 1      0                         0      0        0
  SINCE JAN 1      0                         0      0        0
..................................................................


WIND (MPH)
  RESULTANT WIND SPEED  10   RESULTANT WIND DIRECTION   N (350)
  HIGHEST WIND SPEED    24   HIGHEST WIND DIRECTION     N (340)
  HIGHEST GUST SPEED    30   HIGHEST GUST DIRECTION     N (340)
  AVERAGE WIND SPEED    11.1


SKY COVER
  AVERAGE SKY COVER 0.9


WEATHER CONDITIONS
 THE FOLLOWING WEATHER WAS RECORDED YESTERDAY.
  HEAVY SNOW
  SNOW
  LIGHT SNOW
  FOG
  FOG W/VISIBILITY <= 1/4 MILE


RELATIVE HUMIDITY (PERCENT)
 HIGHEST   100          1000 AM
 LOWEST     55           900 PM
 AVERAGE    78

..........................................................


THE PORTLAND ME CLIMATE NORMALS FOR TODAY
                         NORMAL    RECORD    YEAR
 MAXIMUM TEMPERATURE (F)   33        48      2012
 MINIMUM TEMPERATURE (F)   14       -13      1988


SUNRISE AND SUNSET
FEBRUARY  6 2016......SUNRISE   653 AM EST   SUNSET   459 PM EST
FEBRUARY  7 2016......SUNRISE   651 AM EST   SUNSET   500 PM EST


-  INDICATES NEGATIVE NUMBERS.
R  INDICATES RECORD WAS SET OR TIED.
MM INDICATES DATA IS MISSING.
T  INDICATES TRACE AMOUNT.




$$
