000
CDUS41 KGYX 040804
CLIPWM


CLIMATE REPORT
NATIONAL WEATHER SERVICE GRAY ME
404 AM EDT FRI APR 4 2014


...................................

...THE PORTLAND ME CLIMATE SUMMARY FOR APRIL 3 2014...

CLIMATE NORMAL PERIOD 1981 TO 2010
CLIMATE RECORD PERIOD 1941 TO 2014


WEATHER ITEM   OBSERVED TIME   RECORD YEAR NORMAL DEPARTURE LAST
                VALUE   (LST)  VALUE       VALUE  FROM      YEAR
                                                  NORMAL
..................................................................
TEMPERATURE (F)
 YESTERDAY
  MAXIMUM         50    351 PM  67    1967  48      2       45
  MINIMUM         25    225 AM  11    1954  31     -6       29
  AVERAGE         38                        40     -2       37

PRECIPITATION (IN)
  YESTERDAY        0.00          2.42 1975   0.15  -0.15     0.00
  MONTH TO DATE    0.00                      0.44  -0.44     0.63
  SINCE MAR 1      4.31                      4.68  -0.37     2.32
  SINCE JAN 1     12.63                     11.31   1.32     9.75

SNOWFALL (IN)
  YESTERDAY        0.0           3.7  1937   0.2   -0.2      0.0
  MONTH TO DATE    0.0                       0.6   -0.6      0.0
  SINCE MAR 1      3.7                      13.3   -9.6     13.2
  SINCE JUL 1     82.2                      59.7   22.5     97.8
  SNOW DEPTH       1

DEGREE DAYS
 HEATING
  YESTERDAY       27                        25      2       28
  MONTH TO DATE   84                        77      7       80
  SINCE MAR 1   1254                      1053    201     1008
  SINCE JUL 1   6493                      6095    398     5607

 COOLING
  YESTERDAY        0                         0      0        0
  MONTH TO DATE    0                         0      0        0
  SINCE MAR 1      0                         0      0        0
  SINCE JAN 1      0                         0      0        0
..................................................................


WIND (MPH)
  RESULTANT WIND SPEED   4   RESULTANT WIND DIRECTION   N (340)
  HIGHEST WIND SPEED    17   HIGHEST WIND DIRECTION    NW (300)
  HIGHEST GUST SPEED    22   HIGHEST GUST DIRECTION     N (360)
  AVERAGE WIND SPEED     5.9


SKY COVER
  AVERAGE SKY COVER 0.3


WEATHER CONDITIONS
 THE FOLLOWING WEATHER WAS RECORDED YESTERDAY.
  FOG
  FOG W/VISIBILITY <= 1/4 MILE


RELATIVE HUMIDITY (PERCENT)
 HIGHEST   100          1200 AM
 LOWEST     32           400 PM
 AVERAGE    66

..........................................................


THE PORTLAND ME CLIMATE NORMALS FOR TODAY
                         NORMAL    RECORD    YEAR
 MAXIMUM TEMPERATURE (F)   49        76      2010
 MINIMUM TEMPERATURE (F)   31         8      1954


SUNRISE AND SUNSET
APRIL  4 2014.........SUNRISE   618 AM EDT   SUNSET   712 PM EDT
APRIL  5 2014.........SUNRISE   616 AM EDT   SUNSET   713 PM EDT


-  INDICATES NEGATIVE NUMBERS.
R  INDICATES RECORD WAS SET OR TIED.
MM INDICATES DATA IS MISSING.
T  INDICATES TRACE AMOUNT.




$$
