000
CDUS41 KGYX 120817
CLIPWM


CLIMATE REPORT
NATIONAL WEATHER SERVICE GRAY ME
416 AM EDT THU MAY 12 2016


...................................

...THE PORTLAND ME CLIMATE SUMMARY FOR MAY 11 2016...

CLIMATE NORMAL PERIOD 1981 TO 2010
CLIMATE RECORD PERIOD 1941 TO 2016


WEATHER ITEM   OBSERVED TIME   RECORD YEAR NORMAL DEPARTURE LAST
                VALUE   (LST)  VALUE       VALUE  FROM      YEAR
                                                  NORMAL
..................................................................
TEMPERATURE (F)
 YESTERDAY
  MAXIMUM         73    134 PM  83    1985  62     11       68
  MINIMUM         40    339 AM  29    2010  43     -3       48
                                      1962
  AVERAGE         57                        52      5       58

PRECIPITATION (IN)
  YESTERDAY        0.00          3.32 1989   0.12  -0.12     0.01
  MONTH TO DATE    1.55                      1.45   0.10     0.71
  SINCE MAR 1      7.48                     10.01  -2.53     7.53
  SINCE JAN 1     15.02                     16.64  -1.62    15.01

SNOWFALL (IN)
  YESTERDAY        0.0           5.0  1945   0.0    0.0      0.0
  MONTH TO DATE    0.0                       0.1   -0.1      0.0
  SINCE MAR 1     10.8                      15.6   -4.8      5.3
  SINCE JUL 1     51.8                      62.0  -10.2     94.5
  SNOW DEPTH       0

DEGREE DAYS
 HEATING
  YESTERDAY        8                        13     -5        7
  MONTH TO DATE  182                       157     25      101
  SINCE MAR 1   1683                      1763    -80     1773
  SINCE JUL 1   5974                      6805   -831     6827

 COOLING
  YESTERDAY        0                         0      0        0
  MONTH TO DATE    0                         0      0        3
  SINCE MAR 1      0                         0      0        3
  SINCE JAN 1      0                         0      0        3
..................................................................


WIND (MPH)
  RESULTANT WIND SPEED   3   RESULTANT WIND DIRECTION  NW (300)
  HIGHEST WIND SPEED    20   HIGHEST WIND DIRECTION     S (190)
  HIGHEST GUST SPEED    26   HIGHEST GUST DIRECTION     N (360)
  AVERAGE WIND SPEED     7.7


SKY COVER
  AVERAGE SKY COVER 0.1


WEATHER CONDITIONS
 THE FOLLOWING WEATHER WAS RECORDED YESTERDAY.
  NO SIGNIFICANT WEATHER WAS OBSERVED.


RELATIVE HUMIDITY (PERCENT)
 HIGHEST    76           500 AM
 LOWEST     20           100 PM
 AVERAGE    48

..........................................................


THE PORTLAND ME CLIMATE NORMALS FOR TODAY
                         NORMAL    RECORD    YEAR
 MAXIMUM TEMPERATURE (F)   62        88      1991
 MINIMUM TEMPERATURE (F)   43        29      1966


SUNRISE AND SUNSET
MAY 12 2016...........SUNRISE   519 AM EDT   SUNSET   757 PM EDT
MAY 13 2016...........SUNRISE   518 AM EDT   SUNSET   758 PM EDT


-  INDICATES NEGATIVE NUMBERS.
R  INDICATES RECORD WAS SET OR TIED.
MM INDICATES DATA IS MISSING.
T  INDICATES TRACE AMOUNT.




$$
