772
CDUS41 KGYX 150814
CLIPWM


CLIMATE REPORT
NATIONAL WEATHER SERVICE GRAY ME
414 AM EDT TUE AUG 15 2017


...................................

...THE PORTLAND ME CLIMATE SUMMARY FOR AUGUST 14 2017...

CLIMATE NORMAL PERIOD 1981 TO 2010
CLIMATE RECORD PERIOD 1941 TO 2017


WEATHER ITEM   OBSERVED TIME   RECORD YEAR NORMAL DEPARTURE LAST
                VALUE   (LST)  VALUE       VALUE  FROM      YEAR
                                                  NORMAL
..................................................................
TEMPERATURE (F)
 YESTERDAY
  MAXIMUM         81    129 PM  96    1947  78      3       94
  MINIMUM         55    438 AM  40    1964  59     -4       63
  AVERAGE         68                        68      0       79

PRECIPITATION (IN)
  YESTERDAY        0.00          2.32 1920   0.10  -0.10      T
  MONTH TO DATE    0.30                      1.46  -1.16     0.70
  SINCE JUN 1      3.97                      8.86  -4.89     6.82
  SINCE JAN 1     28.01                     28.06  -0.05    22.33

SNOWFALL (IN)
  YESTERDAY        0.0           0.0  2002   0.0    0.0      0.0
                                      2001
                                      2000
  MONTH TO DATE    0.0                       0.0    0.0      0.0
  SINCE JUN 1      0.0                       0.0    0.0      0.0
  SINCE JUL 1      0.0                       0.0    0.0      0.0
  SNOW DEPTH       0

DEGREE DAYS
 HEATING
  YESTERDAY        0                         1     -1        0
  MONTH TO DATE    0                         5     -5        1
  SINCE JUN 1     98                       128    -30       80
  SINCE JUL 1     13                        22     -9       14

 COOLING
  YESTERDAY        3                         4     -1       14
  MONTH TO DATE   67                        64      3      104
  SINCE JUN 1    303                       265     38      352
  SINCE JAN 1    320                       272     48      368
..................................................................


WIND (MPH)
  RESULTANT WIND SPEED   4   RESULTANT WIND DIRECTION   S (190)
  HIGHEST WIND SPEED    15   HIGHEST WIND DIRECTION     S (190)
  HIGHEST GUST SPEED    20   HIGHEST GUST DIRECTION     S (180)
  AVERAGE WIND SPEED     5.5


SKY COVER
  AVERAGE SKY COVER 0.5


WEATHER CONDITIONS
 THE FOLLOWING WEATHER WAS RECORDED YESTERDAY.
  NO SIGNIFICANT WEATHER WAS OBSERVED.


RELATIVE HUMIDITY (PERCENT)
 HIGHEST    93          1100 PM
 LOWEST     36           200 PM
 AVERAGE    65

..........................................................


THE PORTLAND ME CLIMATE NORMALS FOR TODAY
                         NORMAL    RECORD    YEAR
 MAXIMUM TEMPERATURE (F)   78        98      1947
 MINIMUM TEMPERATURE (F)   59        44      1950


SUNRISE AND SUNSET
AUGUST 15 2017........SUNRISE   546 AM EDT   SUNSET   744 PM EDT
AUGUST 16 2017........SUNRISE   547 AM EDT   SUNSET   743 PM EDT


-  INDICATES NEGATIVE NUMBERS.
R  INDICATES RECORD WAS SET OR TIED.
MM INDICATES DATA IS MISSING.
T  INDICATES TRACE AMOUNT.




$$
