000
CDUS41 KGYX 222046
CLIPWM


CLIMATE REPORT
NATIONAL WEATHER SERVICE GRAY ME
446 PM EDT SAT AUG 22 2015


...................................

...THE PORTLAND ME CLIMATE SUMMARY FOR AUGUST 22 2015...
VALID TODAY AS OF 0400 PM LOCAL TIME.

CLIMATE NORMAL PERIOD 1981 TO 2010
CLIMATE RECORD PERIOD 1941 TO 2015


WEATHER ITEM   OBSERVED TIME   RECORD YEAR NORMAL DEPARTURE LAST
                VALUE   (LST)  VALUE       VALUE  FROM      YEAR
                                                  NORMAL
..................................................................
TEMPERATURE (F)
 TODAY
  MAXIMUM         78   1122 AM  91    2003  77      1       68
                                      1955
  MINIMUM         67    540 AM  40    1982  58      9       56
  AVERAGE         73                        67      6       62

PRECIPITATION (IN)
  TODAY            0.00          1.85 1885   0.10  -0.10     0.00
  MONTH TO DATE    2.09                      2.25  -0.16     7.13
  SINCE JUN 1      9.75                      9.65   0.10    17.55
  SINCE JAN 1     26.36                     28.85  -2.49    36.77

SNOWFALL (IN)
  TODAY            0.0           0.0  2002   0.0    0.0      0.0
                                      2001
                                      2000
  MONTH TO DATE    0.0                       0.0    0.0      0.0
  SINCE JUN 1      0.0                       0.0    0.0      0.0
  SINCE JUL 1      0.0                       0.0    0.0      0.0
  SNOW DEPTH       0

DEGREE DAYS
 HEATING
  TODAY            0                         1     -1        3
  MONTH TO DATE    0                        13    -13       14
  SINCE JUN 1    154                       136     18       91
  SINCE JUL 1     10                        30    -20       14

 COOLING
  TODAY            8                         3      5        0
  MONTH TO DATE  126                        95     31       44
  SINCE JUN 1    312                       296     16      259
  SINCE JAN 1    352                       303     49      259
..................................................................


WIND (MPH)
  HIGHEST WIND SPEED    15   HIGHEST WIND DIRECTION    NE (30)
  HIGHEST GUST SPEED    19   HIGHEST GUST DIRECTION    NE (30)
  AVERAGE WIND SPEED     7.3


SKY COVER
  POSSIBLE SUNSHINE  MM
  AVERAGE SKY COVER 0.9


WEATHER CONDITIONS
 THE FOLLOWING WEATHER WAS RECORDED TODAY.
  FOG
  FOG W/VISIBILITY <= 1/4 MILE


RELATIVE HUMIDITY (PERCENT)
 HIGHEST   100          1200 AM
 LOWEST     64           300 PM
 AVERAGE    82

..........................................................


THE PORTLAND ME CLIMATE NORMALS FOR TOMORROW
                         NORMAL    RECORD    YEAR
 MAXIMUM TEMPERATURE (F)   77        94      1947
 MINIMUM TEMPERATURE (F)   57        39      1957


SUNRISE AND SUNSET
AUGUST 22 2015........SUNRISE   553 AM EDT   SUNSET   734 PM EDT
AUGUST 23 2015........SUNRISE   554 AM EDT   SUNSET   733 PM EDT


-  INDICATES NEGATIVE NUMBERS.
R  INDICATES RECORD WAS SET OR TIED.
MM INDICATES DATA IS MISSING.
T  INDICATES TRACE AMOUNT.




$$
