000
CDUS41 KGYX 150804
CLIPWM


CLIMATE REPORT
NATIONAL WEATHER SERVICE GRAY ME
404 AM EDT FRI JUL 15 2016


...................................

...THE PORTLAND ME CLIMATE SUMMARY FOR JULY 14 2016...

CLIMATE NORMAL PERIOD 1981 TO 2010
CLIMATE RECORD PERIOD 1941 TO 2016


WEATHER ITEM   OBSERVED TIME   RECORD YEAR NORMAL DEPARTURE LAST
                VALUE   (LST)  VALUE       VALUE  FROM      YEAR
                                                  NORMAL
..................................................................
TEMPERATURE (F)
 YESTERDAY
  MAXIMUM         79    929 AM  96    1995  79      0       76
  MINIMUM         67    445 AM  50    1999  60      7       60
  AVERAGE         73                        69      4       68

PRECIPITATION (IN)
  YESTERDAY        0.43          2.26 2010   0.12   0.31     0.01
  MONTH TO DATE    1.09                      1.61  -0.52     0.31
  SINCE JUN 1      5.51                      5.40   0.11     6.71
  SINCE JAN 1     21.02                     24.60  -3.58    23.32

SNOWFALL (IN)
  YESTERDAY        0.0           0.0  2002   0.0    0.0      0.0
                                      2001
                                      2000
  MONTH TO DATE    0.0                       0.0    0.0      0.0
  SINCE JUN 1      0.0                       0.0    0.0      0.0
  SINCE JUL 1      0.0                       0.0    0.0      0.0
  SNOW DEPTH       0

DEGREE DAYS
 HEATING
  YESTERDAY        0                         0      0        0
  MONTH TO DATE   13                        12      1        4
  SINCE JUN 1     79                       118    -39      148
  SINCE JUL 1     13                        12      1        4

 COOLING
  YESTERDAY        8                         5      3        3
  MONTH TO DATE   58                        60     -2       61
  SINCE JUN 1     90                       117    -27      104
  SINCE JAN 1    106                       124    -18      144
..................................................................


WIND (MPH)
  RESULTANT WIND SPEED  10   RESULTANT WIND DIRECTION   S (190)
  HIGHEST WIND SPEED    21   HIGHEST WIND DIRECTION     S (180)
  HIGHEST GUST SPEED    29   HIGHEST GUST DIRECTION     S (200)
  AVERAGE WIND SPEED     9.8


SKY COVER
  AVERAGE SKY COVER 0.5


WEATHER CONDITIONS
 THE FOLLOWING WEATHER WAS RECORDED YESTERDAY.
  THUNDERSTORM
  LIGHT RAIN
  FOG


RELATIVE HUMIDITY (PERCENT)
 HIGHEST    93           800 PM
 LOWEST     69           700 AM
 AVERAGE    81

..........................................................


THE PORTLAND ME CLIMATE NORMALS FOR TODAY
                         NORMAL    RECORD    YEAR
 MAXIMUM TEMPERATURE (F)   79        92      1952
 MINIMUM TEMPERATURE (F)   60        43      1950


SUNRISE AND SUNSET
JULY 15 2016..........SUNRISE   514 AM EDT   SUNSET   820 PM EDT
JULY 16 2016..........SUNRISE   515 AM EDT   SUNSET   819 PM EDT


-  INDICATES NEGATIVE NUMBERS.
R  INDICATES RECORD WAS SET OR TIED.
MM INDICATES DATA IS MISSING.
T  INDICATES TRACE AMOUNT.




$$
