000
CDUS41 KGYX 140911
CLIPWM


CLIMATE REPORT
NATIONAL WEATHER SERVICE GRAY ME
410 AM EST SUN JAN 14 2018


...................................

...THE PORTLAND ME CLIMATE SUMMARY FOR JANUARY 13 2018...

CLIMATE NORMAL PERIOD 1981 TO 2010
CLIMATE RECORD PERIOD 1941 TO 2018


WEATHER ITEM   OBSERVED TIME   RECORD YEAR NORMAL DEPARTURE LAST
                VALUE   (LST)  VALUE       VALUE  FROM      YEAR
                                                  NORMAL
..................................................................
TEMPERATURE (F)
 YESTERDAY
  MAXIMUM         50    923 AM  52    2017  31     19       52
  MINIMUM         16   1159 PM -15    1971  13      3       17
  AVERAGE         33                        22     11       35

PRECIPITATION (IN)
  YESTERDAY        0.73          1.22 1979   0.11   0.62     0.00
  MONTH TO DATE    1.97                      1.44   0.53     1.82
  SINCE DEC 1      5.43                      5.46  -0.03     7.13
  SINCE JAN 1      1.97                      1.44   0.53     1.82

SNOWFALL (IN)
  YESTERDAY       MM             8.2  1979   0.7   MM        0.0
  MONTH TO DATE   12.1                       8.2    3.9      1.2
  SINCE DEC 1     33.5                      21.4   12.1     20.1
  SINCE JUL 1     33.6                      23.3   10.3     20.6
  SNOW DEPTH       2

DEGREE DAYS
 HEATING
  YESTERDAY       32                        43    -11       30
  MONTH TO DATE  613                       549     64      472
  SINCE DEC 1   1896                      1670    226     1607
  SINCE JUL 1   3061                      3161   -100     2859

 COOLING
  YESTERDAY        0                         0      0        0
  MONTH TO DATE    0                         0      0        0
  SINCE DEC 1      0                         0      0        0
  SINCE JAN 1      0                         0      0        0
..................................................................


WIND (MPH)
  RESULTANT WIND SPEED   3   RESULTANT WIND DIRECTION  SW (240)
  HIGHEST WIND SPEED    28   HIGHEST WIND DIRECTION     S (180)
  HIGHEST GUST SPEED    40   HIGHEST GUST DIRECTION     S (190)
  AVERAGE WIND SPEED    15.5


SKY COVER
  AVERAGE SKY COVER 0.7


WEATHER CONDITIONS
 THE FOLLOWING WEATHER WAS RECORDED YESTERDAY.
  HEAVY RAIN
  RAIN
  LIGHT RAIN
  FOG
  FOG W/VISIBILITY <= 1/4 MILE


RELATIVE HUMIDITY (PERCENT)
 HIGHEST   100          1200 AM
 LOWEST     59           700 PM
 AVERAGE    80

..........................................................


THE PORTLAND ME CLIMATE NORMALS FOR TODAY
                         NORMAL    RECORD    YEAR
 MAXIMUM TEMPERATURE (F)   31        59      2013
 MINIMUM TEMPERATURE (F)   13       -16      1954
                                             1957


SUNRISE AND SUNSET
JANUARY 14 2018.......SUNRISE   712 AM EST   SUNSET   429 PM EST
JANUARY 15 2018.......SUNRISE   712 AM EST   SUNSET   430 PM EST


-  INDICATES NEGATIVE NUMBERS.
R  INDICATES RECORD WAS SET OR TIED.
MM INDICATES DATA IS MISSING.
T  INDICATES TRACE AMOUNT.




$$
