245
CDUS41 KGYX 212053
CLIPWM


CLIMATE REPORT
NATIONAL WEATHER SERVICE GRAY ME
453 PM EDT SUN AUG 21 2016


...................................

...THE PORTLAND ME CLIMATE SUMMARY FOR AUGUST 21 2016...
VALID TODAY AS OF 0400 PM LOCAL TIME.

CLIMATE NORMAL PERIOD 1981 TO 2010
CLIMATE RECORD PERIOD 1941 TO 2016


WEATHER ITEM   OBSERVED TIME   RECORD YEAR NORMAL DEPARTURE LAST
                VALUE   (LST)  VALUE       VALUE  FROM      YEAR
                                                  NORMAL
..................................................................
TEMPERATURE (F)
 TODAY
  MAXIMUM         77    114 PM  95    1945  77      0       73
  MINIMUM         62    452 AM  42    1977  58      4       67
  AVERAGE         70                        68      2       70

PRECIPITATION (IN)
  TODAY            0.00          1.63 2004   0.10  -0.10     0.59
  MONTH TO DATE    1.15                      2.15  -1.00     2.09
  SINCE JUN 1      7.27                      9.55  -2.28     9.75
  SINCE JAN 1     22.78                     28.75  -5.97    26.36

SNOWFALL (IN)
  TODAY            0.0           0.0  2002   0.0    0.0      0.0
                                      2001
                                      2000
  MONTH TO DATE    0.0                       0.0    0.0      0.0
  SINCE JUN 1      0.0                       0.0    0.0      0.0
  SINCE JUL 1      0.0                       0.0    0.0      0.0
  SNOW DEPTH       0

DEGREE DAYS
 HEATING
  TODAY            0                         1     -1        0
  MONTH TO DATE    1                        12    -11        0
  SINCE JUN 1     80                       135    -55      154
  SINCE JUL 1     14                        29    -15       10

 COOLING
  TODAY            5                         4      1        5
  MONTH TO DATE  157                        92     65      118
  SINCE JUN 1    405                       293    112      304
  SINCE JAN 1    421                       300    121      344
..................................................................


WIND (MPH)
  HIGHEST WIND SPEED    16   HIGHEST WIND DIRECTION    SE (140)
  HIGHEST GUST SPEED    21   HIGHEST GUST DIRECTION    SE (150)
  AVERAGE WIND SPEED     7.6


SKY COVER
  POSSIBLE SUNSHINE  MM
  AVERAGE SKY COVER 0.4


WEATHER CONDITIONS
 THE FOLLOWING WEATHER WAS RECORDED TODAY.
  NO SIGNIFICANT WEATHER WAS OBSERVED.


RELATIVE HUMIDITY (PERCENT)
 HIGHEST    93           400 AM
 LOWEST     60          1200 PM
 AVERAGE    77

..........................................................


THE PORTLAND ME CLIMATE NORMALS FOR TOMORROW
                         NORMAL    RECORD    YEAR
 MAXIMUM TEMPERATURE (F)   77        91      2003
                                             1955
 MINIMUM TEMPERATURE (F)   58        40      1982


SUNRISE AND SUNSET
AUGUST 21 2016........SUNRISE   553 AM EDT   SUNSET   735 PM EDT
AUGUST 22 2016........SUNRISE   554 AM EDT   SUNSET   733 PM EDT


-  INDICATES NEGATIVE NUMBERS.
R  INDICATES RECORD WAS SET OR TIED.
MM INDICATES DATA IS MISSING.
T  INDICATES TRACE AMOUNT.




$$
