000
CDUS41 KGYX 162047
CLIPWM


CLIMATE REPORT
NATIONAL WEATHER SERVICE GRAY ME
447 PM EDT FRI SEP 16 2016


...................................

...THE PORTLAND ME CLIMATE SUMMARY FOR SEPTEMBER 16 2016...
VALID TODAY AS OF 0400 PM LOCAL TIME.

CLIMATE NORMAL PERIOD 1981 TO 2010
CLIMATE RECORD PERIOD 1941 TO 2016


WEATHER ITEM   OBSERVED TIME   RECORD YEAR NORMAL DEPARTURE LAST
                VALUE   (LST)  VALUE       VALUE  FROM      YEAR
                                                  NORMAL
..................................................................
TEMPERATURE (F)
 TODAY
  MAXIMUM         70   1131 AM  90    1941  70      0       85
  MINIMUM         44    549 AM  28    1964  50     -6       59
  AVERAGE         57                        60     -3       72

PRECIPITATION (IN)
  TODAY            0.00          4.44 1999   0.13  -0.13     0.00
  MONTH TO DATE    0.23                      1.80  -1.57     1.15
  SINCE SEP 1      0.23                      1.80  -1.57     1.15
  SINCE JAN 1     23.76                     31.54  -7.78    27.91

SNOWFALL (IN)
  TODAY            0.0           0.0  2002   0.0    0.0      0.0
                                      2001
                                      2000
  MONTH TO DATE    0.0                       0.0    0.0      0.0
  SINCE SEP 1      0.0                       0.0    0.0      0.0
  SINCE JUL 1      0.0                       0.0    0.0      0.0
  SNOW DEPTH       0

DEGREE DAYS
 HEATING
  TODAY            8                         6      2        0
  MONTH TO DATE   24                        59    -35        9
  SINCE SEP 1     24                        59    -35        9
  SINCE JUL 1     38                       104    -66       19

 COOLING
  TODAY            0                         1     -1        7
  MONTH TO DATE   45                        23     22       80
  SINCE SEP 1     45                        23     22       80
  SINCE JAN 1    530                       351    179      475
..................................................................


WIND (MPH)
  HIGHEST WIND SPEED    17   HIGHEST WIND DIRECTION     S (190)
  HIGHEST GUST SPEED    26   HIGHEST GUST DIRECTION     S (190)
  AVERAGE WIND SPEED     7.0


SKY COVER
  POSSIBLE SUNSHINE  MM
  AVERAGE SKY COVER 0.1


WEATHER CONDITIONS
 THE FOLLOWING WEATHER WAS RECORDED TODAY.
  NO SIGNIFICANT WEATHER WAS OBSERVED.


RELATIVE HUMIDITY (PERCENT)
 HIGHEST    93           100 AM
 LOWEST     55           100 PM
 AVERAGE    74

..........................................................


THE PORTLAND ME CLIMATE NORMALS FOR TOMORROW
                         NORMAL    RECORD    YEAR
 MAXIMUM TEMPERATURE (F)   70        88      1941
 MINIMUM TEMPERATURE (F)   50        30      1948


SUNRISE AND SUNSET
SEPTEMBER 16 2016.....SUNRISE   622 AM EDT   SUNSET   649 PM EDT
SEPTEMBER 17 2016.....SUNRISE   623 AM EDT   SUNSET   647 PM EDT


-  INDICATES NEGATIVE NUMBERS.
R  INDICATES RECORD WAS SET OR TIED.
MM INDICATES DATA IS MISSING.
T  INDICATES TRACE AMOUNT.




$$
