000
CDUS41 KGYX 232041
CLIPWM


CLIMATE REPORT
NATIONAL WEATHER SERVICE GRAY ME
441 PM EDT MON MAR 23 2015


...................................

...THE PORTLAND ME CLIMATE SUMMARY FOR MARCH 23 2015...
VALID TODAY AS OF 0400 PM LOCAL TIME.

CLIMATE NORMAL PERIOD 1981 TO 2010
CLIMATE RECORD PERIOD 1941 TO 2015


WEATHER ITEM   OBSERVED TIME   RECORD YEAR NORMAL DEPARTURE LAST
                VALUE   (LST)  VALUE       VALUE  FROM      YEAR
                                                  NORMAL
..................................................................
TEMPERATURE (F)
 TODAY
  MAXIMUM         34    258 PM  70    2012  44    -10       38
  MINIMUM         13    625 AM  11    1959  27    -14       15
  AVERAGE         24                        36    -12       27

PRECIPITATION (IN)
  TODAY            0.00          2.44 2010   0.16  -0.16     0.00
  MONTH TO DATE    1.26                      3.09  -1.83     1.93
  SINCE MAR 1      1.26                      3.09  -1.83     1.93
  SINCE JAN 1      8.74                      9.72  -0.98    10.25

SNOWFALL (IN)
  TODAY            0.0           6.0  2001   0.3   -0.3      0.0
  MONTH TO DATE    2.3                      10.4   -8.1      3.3
  SINCE MAR 1      2.3                      10.4   -8.1      3.3
  SINCE JUL 1     91.5                      56.8   34.7     81.8
  SNOW DEPTH      11

DEGREE DAYS
 HEATING
  TODAY           41                        29     12       38
  MONTH TO DATE  838                       754     84      903
  SINCE MAR 1    838                       754     84      903
  SINCE JUL 1   5892                      5796     96     6142

 COOLING
  TODAY            0                         0      0        0
  MONTH TO DATE    0                         0      0        0
  SINCE MAR 1      0                         0      0        0
  SINCE JAN 1      0                         0      0        0
..................................................................


WIND (MPH)
  HIGHEST WIND SPEED    22   HIGHEST WIND DIRECTION    NW (300)
  HIGHEST GUST SPEED    26   HIGHEST GUST DIRECTION     W (280)
  AVERAGE WIND SPEED    13.0


SKY COVER
  POSSIBLE SUNSHINE  MM
  AVERAGE SKY COVER 0.4


WEATHER CONDITIONS
 THE FOLLOWING WEATHER WAS RECORDED TODAY.
  NO SIGNIFICANT WEATHER WAS OBSERVED.


RELATIVE HUMIDITY (PERCENT)
 HIGHEST    53           300 AM
 LOWEST     27           100 PM
 AVERAGE    40

..........................................................


THE PORTLAND ME CLIMATE NORMALS FOR TOMORROW
                         NORMAL    RECORD    YEAR
 MAXIMUM TEMPERATURE (F)   45        63      1987
 MINIMUM TEMPERATURE (F)   28        11      2014


SUNRISE AND SUNSET
MARCH 23 2015.........SUNRISE   640 AM EDT   SUNSET   657 PM EDT
MARCH 24 2015.........SUNRISE   638 AM EDT   SUNSET   658 PM EDT


-  INDICATES NEGATIVE NUMBERS.
R  INDICATES RECORD WAS SET OR TIED.
MM INDICATES DATA IS MISSING.
T  INDICATES TRACE AMOUNT.




$$
