000
CDUS41 KGYX 052041
CLIPWM


CLIMATE REPORT
NATIONAL WEATHER SERVICE GRAY ME
441 PM EDT SAT APR 5 2014


...................................

...THE PORTLAND ME CLIMATE SUMMARY FOR APRIL 5 2014...
VALID TODAY AS OF 0400 PM LOCAL TIME.

CLIMATE NORMAL PERIOD 1981 TO 2010
CLIMATE RECORD PERIOD 1941 TO 2014


WEATHER ITEM   OBSERVED TIME   RECORD YEAR NORMAL DEPARTURE LAST
                VALUE   (LST)  VALUE       VALUE  FROM      YEAR
                                                  NORMAL
..................................................................
TEMPERATURE (F)
 TODAY
  MAXIMUM         53    149 PM  70    1991  49      4       54
  MINIMUM         37    830 AM  11    1954  31      6       35
  AVERAGE         45                        40      5       45

PRECIPITATION (IN)
  TODAY            0.21          1.36 1984   0.15   0.06     0.00
                                      1987
  MONTH TO DATE    0.52                      0.74  -0.22     0.63
  SINCE MAR 1      4.83                      4.98  -0.15     2.32
  SINCE JAN 1     13.15                     11.61   1.54     9.75

SNOWFALL (IN)
  TODAY           MM             5.6  2007   0.1   MM        0.0
  MONTH TO DATE    T                         0.9   -0.9      0.0
  SINCE MAR 1      3.7                      13.6   -9.9     13.2
  SINCE JUL 1     82.2                      60.0   22.2     97.8
  SNOW DEPTH       T

DEGREE DAYS
 HEATING
  TODAY           20                        25     -5       20
  MONTH TO DATE  135                       127      8      125
  SINCE MAR 1   1305                      1103    202     1053
  SINCE JUL 1   6544                      6145    399     5652

 COOLING
  TODAY            0                         0      0        0
  MONTH TO DATE    0                         0      0        0
  SINCE MAR 1      0                         0      0        0
  SINCE JAN 1      0                         0      0        0
..................................................................


WIND (MPH)
  HIGHEST WIND SPEED    22   HIGHEST WIND DIRECTION     W (280)
  HIGHEST GUST SPEED    29   HIGHEST GUST DIRECTION    SW (240)
  AVERAGE WIND SPEED    13.0


SKY COVER
  POSSIBLE SUNSHINE  MM
  AVERAGE SKY COVER 0.9


WEATHER CONDITIONS
 THE FOLLOWING WEATHER WAS RECORDED TODAY.
  RAIN
  LIGHT RAIN
  FOG


RELATIVE HUMIDITY (PERCENT)
 HIGHEST   100           400 AM
 LOWEST     46           300 PM
 AVERAGE    73

..........................................................


THE PORTLAND ME CLIMATE NORMALS FOR TOMORROW
                         NORMAL    RECORD    YEAR
 MAXIMUM TEMPERATURE (F)   50        76      1991
 MINIMUM TEMPERATURE (F)   32        15      1995


SUNRISE AND SUNSET
APRIL  5 2014.........SUNRISE   616 AM EDT   SUNSET   713 PM EDT
APRIL  6 2014.........SUNRISE   614 AM EDT   SUNSET   714 PM EDT


-  INDICATES NEGATIVE NUMBERS.
R  INDICATES RECORD WAS SET OR TIED.
MM INDICATES DATA IS MISSING.
T  INDICATES TRACE AMOUNT.




$$
