000
CDUS41 KGYX 220814
CLIPWM


CLIMATE REPORT
NATIONAL WEATHER SERVICE GRAY ME
414 AM EDT WED MAR 22 2017


...................................

...THE PORTLAND ME CLIMATE SUMMARY FOR MARCH 21 2017...

CLIMATE NORMAL PERIOD 1981 TO 2010
CLIMATE RECORD PERIOD 1941 TO 2017


WEATHER ITEM   OBSERVED TIME   RECORD YEAR NORMAL DEPARTURE LAST
                VALUE   (LST)  VALUE       VALUE  FROM      YEAR
                                                  NORMAL
..................................................................
TEMPERATURE (F)
 YESTERDAY
  MAXIMUM         47   1227 PM  79    2012  44      3       40
  MINIMUM         30   1149 PM   4    1956  27      3       26
  AVERAGE         39                        35      4       33

PRECIPITATION (IN)
  YESTERDAY        0.00          1.30 1983   0.15  -0.15     0.31
  MONTH TO DATE    1.78                      2.78  -1.00     3.23
  SINCE MAR 1      1.78                      2.78  -1.00     3.23
  SINCE JAN 1      9.98                      9.41   0.57    10.77

SNOWFALL (IN)
  YESTERDAY        0.0          10.8  1992   0.4   -0.4      6.3
  MONTH TO DATE   17.6                       9.7    7.9      6.8
  SINCE MAR 1     17.6                       9.7    7.9      6.8
  SINCE JUL 1     83.8                      56.1   27.7     47.8
  SNOW DEPTH       7

DEGREE DAYS
 HEATING
  YESTERDAY       26                        30     -4       32
  MONTH TO DATE  792                       695     97      580
  SINCE MAR 1    792                       695     97      580
  SINCE JUL 1   5270                      5737   -467     4871

 COOLING
  YESTERDAY        0                         0      0        0
  MONTH TO DATE    0                         0      0        0
  SINCE MAR 1      0                         0      0        0
  SINCE JAN 1      0                         0      0        0
..................................................................


WIND (MPH)
  RESULTANT WIND SPEED   2   RESULTANT WIND DIRECTION  SW (230)
  HIGHEST WIND SPEED    14   HIGHEST WIND DIRECTION     S (160)
  HIGHEST GUST SPEED    18   HIGHEST GUST DIRECTION     S (180)
  AVERAGE WIND SPEED     5.2


SKY COVER
  AVERAGE SKY COVER 0.6


WEATHER CONDITIONS
 THE FOLLOWING WEATHER WAS RECORDED YESTERDAY.
  NO SIGNIFICANT WEATHER WAS OBSERVED.


RELATIVE HUMIDITY (PERCENT)
 HIGHEST    69          1100 PM
 LOWEST     37          1200 PM
 AVERAGE    53

..........................................................


THE PORTLAND ME CLIMATE NORMALS FOR TODAY
                         NORMAL    RECORD    YEAR
 MAXIMUM TEMPERATURE (F)   44        82      2012
 MINIMUM TEMPERATURE (F)   27         8      1988


SUNRISE AND SUNSET
MARCH 22 2017.........SUNRISE   640 AM EDT   SUNSET   656 PM EDT
MARCH 23 2017.........SUNRISE   639 AM EDT   SUNSET   658 PM EDT


-  INDICATES NEGATIVE NUMBERS.
R  INDICATES RECORD WAS SET OR TIED.
MM INDICATES DATA IS MISSING.
T  INDICATES TRACE AMOUNT.




$$
