000
CDUS41 KGYX 282042
CLIPWM


CLIMATE REPORT
NATIONAL WEATHER SERVICE GRAY ME
442 PM EDT FRI APR 28 2017


...................................

...THE PORTLAND ME CLIMATE SUMMARY FOR APRIL 28 2017...
VALID TODAY AS OF 0400 PM LOCAL TIME.

CLIMATE NORMAL PERIOD 1981 TO 2010
CLIMATE RECORD PERIOD 1941 TO 2017


WEATHER ITEM   OBSERVED TIME   RECORD YEAR NORMAL DEPARTURE LAST
                VALUE   (LST)  VALUE       VALUE  FROM      YEAR
                                                  NORMAL
..................................................................
TEMPERATURE (F)
 TODAY
  MAXIMUM         66    300 PM  92    2009  58      8       49
  MINIMUM         47        MM  24    1947  39      8       29
  AVERAGE         57                        48      9       39

PRECIPITATION (IN)
  TODAY            T             1.78 1920   0.14  -0.14     0.00
  MONTH TO DATE    6.04                      4.02   2.02     1.56
  SINCE MAR 1      9.54                      8.26   1.28     5.93
  SINCE JAN 1     17.74                     14.89   2.85    13.47

SNOWFALL (IN)
  TODAY            0.0           2.3  1987   0.1   -0.1      0.0
  MONTH TO DATE    7.9                       2.8    5.1      3.7
  SINCE MAR 1     29.1                      15.5   13.6     10.8
  SINCE JUL 1     95.3                      61.9   33.4     51.8
  SNOW DEPTH       0

DEGREE DAYS
 HEATING
  TODAY            8                        17     -9       26
  MONTH TO DATE  523                       597    -74      619
  SINCE MAR 1   1637                      1573     64     1455
  SINCE JUL 1   6115                      6615   -500     5746

 COOLING
  TODAY            0                         0      0        0
  MONTH TO DATE    2                         0      2        0
  SINCE MAR 1      2                         0      2        0
  SINCE JAN 1      2                         0      2        0
..................................................................


WIND (MPH)
  HIGHEST WIND SPEED    15   HIGHEST WIND DIRECTION     E (90)
  HIGHEST GUST SPEED    MM   HIGHEST GUST DIRECTION    MM
  AVERAGE WIND SPEED     4.5


SKY COVER
  POSSIBLE SUNSHINE  MM
  AVERAGE SKY COVER 0.9


WEATHER CONDITIONS
 THE FOLLOWING WEATHER WAS RECORDED TODAY.
  FOG
  FOG W/VISIBILITY <= 1/4 MILE


RELATIVE HUMIDITY (PERCENT)
 HIGHEST   100          1200 AM
 LOWEST     63           300 PM
 AVERAGE    82

..........................................................


THE PORTLAND ME CLIMATE NORMALS FOR TOMORROW
                         NORMAL    RECORD    YEAR
 MAXIMUM TEMPERATURE (F)   58        82      1974
 MINIMUM TEMPERATURE (F)   39        24      1963


SUNRISE AND SUNSET
APRIL 28 2017.........SUNRISE   538 AM EDT   SUNSET   740 PM EDT
APRIL 29 2017.........SUNRISE   536 AM EDT   SUNSET   742 PM EDT


-  INDICATES NEGATIVE NUMBERS.
R  INDICATES RECORD WAS SET OR TIED.
MM INDICATES DATA IS MISSING.
T  INDICATES TRACE AMOUNT.




$$
