000
CDUS41 KGYX 270909
CLIPWM


CLIMATE REPORT
NATIONAL WEATHER SERVICE GRAY ME
409 AM EST FRI FEB 27 2015


...................................

...THE PORTLAND ME CLIMATE SUMMARY FOR FEBRUARY 26 2015...

CLIMATE NORMAL PERIOD 1981 TO 2010
CLIMATE RECORD PERIOD 1941 TO 2015


WEATHER ITEM   OBSERVED TIME   RECORD YEAR NORMAL DEPARTURE LAST
                VALUE   (LST)  VALUE       VALUE  FROM      YEAR
                                                  NORMAL
..................................................................
TEMPERATURE (F)
 YESTERDAY
  MAXIMUM         21    417 PM  64    1957  37    -16       27
  MINIMUM         13    231 AM -13    1950  19     -6        4
  AVERAGE         17                        28    -11       16

PRECIPITATION (IN)
  YESTERDAY        0.00          2.51 1934   0.13  -0.13      T
  MONTH TO DATE    2.81                      2.99  -0.18     4.27
  SINCE DEC 1     13.75                     10.39   3.36    12.76
  SINCE JAN 1      7.48                      6.37   1.11     8.32

SNOWFALL (IN)
  YESTERDAY        0.0          20.4  1935   0.4   -0.4       T
  MONTH TO DATE   34.2                      11.2   23.0     34.2
  SINCE DEC 1     78.5                      43.6   34.9     78.0
  SINCE JUL 1     88.8                      45.5   43.3     78.5
  SNOW DEPTH      22

DEGREE DAYS
 HEATING
  YESTERDAY       48                        37     11       49
  MONTH TO DATE 1323                      1034    289     1093
  SINCE DEC 1   3639                      3479    160     3686
  SINCE JUL 1   4950                      4970    -20     5137

 COOLING
  YESTERDAY        0                         0      0        0
  MONTH TO DATE    0                         0      0        0
  SINCE DEC 1      0                         0      0        0
  SINCE JAN 1      0                         0      0        0
..................................................................


WIND (MPH)
  RESULTANT WIND SPEED   5   RESULTANT WIND DIRECTION   N (0)
  HIGHEST WIND SPEED    13   HIGHEST WIND DIRECTION     N (10)
  HIGHEST GUST SPEED    16   HIGHEST GUST DIRECTION    NW (300)
  AVERAGE WIND SPEED     6.6


SKY COVER
  AVERAGE SKY COVER 0.7


WEATHER CONDITIONS
 THE FOLLOWING WEATHER WAS RECORDED YESTERDAY.
  NO SIGNIFICANT WEATHER WAS OBSERVED.


RELATIVE HUMIDITY (PERCENT)
 HIGHEST    54          1200 AM
 LOWEST     31           100 PM
 AVERAGE    43

..........................................................


THE PORTLAND ME CLIMATE NORMALS FOR TODAY
                         NORMAL    RECORD    YEAR
 MAXIMUM TEMPERATURE (F)   37        57      1976
 MINIMUM TEMPERATURE (F)   20       -14      1950


SUNRISE AND SUNSET
FEBRUARY 27 2015......SUNRISE   622 AM EST   SUNSET   527 PM EST
FEBRUARY 28 2015......SUNRISE   620 AM EST   SUNSET   528 PM EST


-  INDICATES NEGATIVE NUMBERS.
R  INDICATES RECORD WAS SET OR TIED.
MM INDICATES DATA IS MISSING.
T  INDICATES TRACE AMOUNT.




$$
