000
CDUS41 KGYX 270909
CLIPWM


CLIMATE REPORT
NATIONAL WEATHER SERVICE GRAY ME
409 AM EST SAT DEC 27 2014


...................................

...THE PORTLAND ME CLIMATE SUMMARY FOR DECEMBER 26 2014...

CLIMATE NORMAL PERIOD 1981 TO 2010
CLIMATE RECORD PERIOD 1941 TO 2014


WEATHER ITEM   OBSERVED TIME   RECORD YEAR NORMAL DEPARTURE LAST
                VALUE   (LST)  VALUE       VALUE  FROM      YEAR
                                                  NORMAL
..................................................................
TEMPERATURE (F)
 YESTERDAY
  MAXIMUM         51    225 PM  60    1982  34     17       25
  MINIMUM         32   1159 PM -20    1980  17     15       12
  AVERAGE         42                        25     17       19

PRECIPITATION (IN)
  YESTERDAY        0.00          2.74 1975   0.12  -0.12     0.20
  MONTH TO DATE    5.93                      3.44   2.49     3.56
  SINCE DEC 1      5.93                      3.44   2.49     3.56
  SINCE JAN 1     55.53                     46.67   8.86    42.99

SNOWFALL (IN)
  YESTERDAY        0.0          16.0  2002   0.5   -0.5      2.0
  MONTH TO DATE    3.6                      10.4   -6.8     24.9
  SINCE DEC 1      3.6                      10.4   -6.8     24.9
  SINCE JUL 1     13.9                      12.3    1.6     25.4
  SNOW DEPTH       0

DEGREE DAYS
 HEATING
  YESTERDAY       23                        40    -17       46
  MONTH TO DATE  793                       918   -125     1031
  SINCE DEC 1    793                       918   -125     1031
  SINCE JUL 1   2104                      2409   -305     2482

 COOLING
  YESTERDAY        0                         0      0        0
  MONTH TO DATE    0                         0      0        0
  SINCE DEC 1      0                         0      0        0
  SINCE JAN 1    351                       359     -8      454
..................................................................


WIND (MPH)
  RESULTANT WIND SPEED   8   RESULTANT WIND DIRECTION   W (250)
  HIGHEST WIND SPEED    16   HIGHEST WIND DIRECTION     W (280)
  HIGHEST GUST SPEED    21   HIGHEST GUST DIRECTION     W (260)
  AVERAGE WIND SPEED     8.1


SKY COVER
  AVERAGE SKY COVER 0.0


WEATHER CONDITIONS
 THE FOLLOWING WEATHER WAS RECORDED YESTERDAY.
  NO SIGNIFICANT WEATHER WAS OBSERVED.


RELATIVE HUMIDITY (PERCENT)
 HIGHEST    70           900 PM
 LOWEST     39          1200 PM
 AVERAGE    55

..........................................................


THE PORTLAND ME CLIMATE NORMALS FOR TODAY
                         NORMAL    RECORD    YEAR
 MAXIMUM TEMPERATURE (F)   34        57      1949
 MINIMUM TEMPERATURE (F)   16        -8      1951


SUNRISE AND SUNSET
DECEMBER 27 2014......SUNRISE   714 AM EST   SUNSET   411 PM EST
DECEMBER 28 2014......SUNRISE   714 AM EST   SUNSET   412 PM EST


-  INDICATES NEGATIVE NUMBERS.
R  INDICATES RECORD WAS SET OR TIED.
MM INDICATES DATA IS MISSING.
T  INDICATES TRACE AMOUNT.




$$
