000
CDUS41 KGYX 270903
CLIPWM


CLIMATE REPORT
NATIONAL WEATHER SERVICE GRAY ME
403 AM EST TUE JAN 27 2015


...................................

...THE PORTLAND ME CLIMATE SUMMARY FOR JANUARY 26 2015...

CLIMATE NORMAL PERIOD 1981 TO 2010
CLIMATE RECORD PERIOD 1941 TO 2015


WEATHER ITEM   OBSERVED TIME   RECORD YEAR NORMAL DEPARTURE LAST
                VALUE   (LST)  VALUE       VALUE  FROM      YEAR
                                                  NORMAL
..................................................................
TEMPERATURE (F)
 YESTERDAY
  MAXIMUM         20    520 PM  64    1950  31    -11       25
  MINIMUM          3    425 AM -18    1945  13    -10       12
  AVERAGE         12                        22    -10       19

PRECIPITATION (IN)
  YESTERDAY        0.00          1.93 1888   0.11  -0.11     0.00
  MONTH TO DATE    1.80                      2.86  -1.06     4.02
  SINCE DEC 1      8.07                      6.88   1.19     8.46
  SINCE JAN 1      1.80                      2.86  -1.06     4.02

SNOWFALL (IN)
  YESTERDAY        0.0          21.0  1888   0.6   -0.6      0.0
  MONTH TO DATE   11.1                      16.4   -5.3     17.6
  SINCE DEC 1     14.7                      29.6  -14.9     43.8
  SINCE JUL 1     25.0                      31.5   -6.5     44.3
  SNOW DEPTH       4

DEGREE DAYS
 HEATING
  YESTERDAY       53                        43     10       46
  MONTH TO DATE 1117                      1108      9     1123
  SINCE DEC 1   2078                      2229   -151     2374
  SINCE JUL 1   3389                      3720   -331     3825

 COOLING
  YESTERDAY        0                         0      0        0
  MONTH TO DATE    0                         0      0        0
  SINCE DEC 1      0                         0      0        0
  SINCE JAN 1      0                         0      0        0
..................................................................


WIND (MPH)
  RESULTANT WIND SPEED   6   RESULTANT WIND DIRECTION   N (20)
  HIGHEST WIND SPEED    21   HIGHEST WIND DIRECTION     N (10)
  HIGHEST GUST SPEED    27   HIGHEST GUST DIRECTION     N (10)
  AVERAGE WIND SPEED     8.3


SKY COVER
  AVERAGE SKY COVER 0.5


WEATHER CONDITIONS
 THE FOLLOWING WEATHER WAS RECORDED YESTERDAY.
  NO SIGNIFICANT WEATHER WAS OBSERVED.


RELATIVE HUMIDITY (PERCENT)
 HIGHEST    69           800 AM
 LOWEST     39           600 PM
 AVERAGE    54

..........................................................


THE PORTLAND ME CLIMATE NORMALS FOR TODAY
                         NORMAL    RECORD    YEAR
 MAXIMUM TEMPERATURE (F)   31        57      1974
 MINIMUM TEMPERATURE (F)   13       -18      1994


SUNRISE AND SUNSET
JANUARY 27 2015.......SUNRISE   703 AM EST   SUNSET   445 PM EST
JANUARY 28 2015.......SUNRISE   702 AM EST   SUNSET   447 PM EST


-  INDICATES NEGATIVE NUMBERS.
R  INDICATES RECORD WAS SET OR TIED.
MM INDICATES DATA IS MISSING.
T  INDICATES TRACE AMOUNT.




$$
