000
CDUS41 KGYX 040804
CLIPWM


CLIMATE REPORT
NATIONAL WEATHER SERVICE GRAY ME
404 AM EDT FRI AUG 4 2017


...................................

...THE PORTLAND ME CLIMATE SUMMARY FOR AUGUST 3 2017...

CLIMATE NORMAL PERIOD 1981 TO 2010
CLIMATE RECORD PERIOD 1941 TO 2017


WEATHER ITEM   OBSERVED TIME   RECORD YEAR NORMAL DEPARTURE LAST
                VALUE   (LST)  VALUE       VALUE  FROM      YEAR
                                                  NORMAL
..................................................................
TEMPERATURE (F)
 YESTERDAY
  MAXIMUM         80   1051 AM  91    2002  79      1       84
                                      1990
  MINIMUM         65    539 AM  45    1976  60      5       55
  AVERAGE         73                        69      4       70

PRECIPITATION (IN)
  YESTERDAY        T             2.81 2008   0.10  -0.10     0.00
  MONTH TO DATE    T                         0.32  -0.32     0.06
  SINCE JUN 1      3.67                      7.72  -4.05     6.18
  SINCE JAN 1     27.71                     26.92   0.79    21.69

SNOWFALL (IN)
  YESTERDAY        0.0           0.0  2002   0.0    0.0      0.0
                                      2001
                                      2000
  MONTH TO DATE    0.0                       0.0    0.0      0.0
  SINCE JUN 1      0.0                       0.0    0.0      0.0
  SINCE JUL 1      0.0                       0.0    0.0      0.0
  SNOW DEPTH       0

DEGREE DAYS
 HEATING
  YESTERDAY        0                         0      0        0
  MONTH TO DATE    0                         0      0        0
  SINCE JUN 1     98                       123    -25       79
  SINCE JUL 1     13                        17     -4       13

 COOLING
  YESTERDAY        8                         5      3        5
  MONTH TO DATE   25                        15     10       11
  SINCE JUN 1    261                       216     45      259
  SINCE JAN 1    278                       223     55      275
..................................................................


WIND (MPH)
  RESULTANT WIND SPEED   7   RESULTANT WIND DIRECTION   S (190)
  HIGHEST WIND SPEED    17   HIGHEST WIND DIRECTION     S (180)
  HIGHEST GUST SPEED    23   HIGHEST GUST DIRECTION     S (170)
  AVERAGE WIND SPEED     7.3


SKY COVER
  AVERAGE SKY COVER 0.3


WEATHER CONDITIONS
 THE FOLLOWING WEATHER WAS RECORDED YESTERDAY.
  LIGHT RAIN
  FOG


RELATIVE HUMIDITY (PERCENT)
 HIGHEST    93          1200 AM
 LOWEST     58          1100 AM
 AVERAGE    76

..........................................................


THE PORTLAND ME CLIMATE NORMALS FOR TODAY
                         NORMAL    RECORD    YEAR
 MAXIMUM TEMPERATURE (F)   79        93      1988
 MINIMUM TEMPERATURE (F)   60        45      1959


SUNRISE AND SUNSET
AUGUST  4 2017........SUNRISE   534 AM EDT   SUNSET   800 PM EDT
AUGUST  5 2017........SUNRISE   535 AM EDT   SUNSET   759 PM EDT


-  INDICATES NEGATIVE NUMBERS.
R  INDICATES RECORD WAS SET OR TIED.
MM INDICATES DATA IS MISSING.
T  INDICATES TRACE AMOUNT.




$$
