000
CDUS41 KGYX 220905
CLIPWM


CLIMATE REPORT
NATIONAL WEATHER SERVICE GRAY ME
405 AM EST SUN FEB 22 2015


...................................

...THE PORTLAND ME CLIMATE SUMMARY FOR FEBRUARY 21 2015...

CLIMATE NORMAL PERIOD 1981 TO 2010
CLIMATE RECORD PERIOD 1941 TO 2015


WEATHER ITEM   OBSERVED TIME   RECORD YEAR NORMAL DEPARTURE LAST
                VALUE   (LST)  VALUE       VALUE  FROM      YEAR
                                                  NORMAL
..................................................................
TEMPERATURE (F)
 YESTERDAY
  MAXIMUM         34   1159 PM  59    1953  36     -2       38
  MINIMUM         -1    657 AM  -9    1966  18    -19       32
  AVERAGE         17                        27    -10       35

PRECIPITATION (IN)
  YESTERDAY        0.15          1.06 1898   0.12   0.03     0.82
  MONTH TO DATE    2.71                      2.37   0.34     4.27
  SINCE DEC 1     13.65                      9.77   3.88    12.76
  SINCE JAN 1      7.38                      5.75   1.63     8.32

SNOWFALL (IN)
  YESTERDAY        1.4          14.5  1929   0.4    1.0      0.3
  MONTH TO DATE   32.6                       9.1   23.5     34.2
  SINCE DEC 1     76.9                      41.5   35.4     78.0
  SINCE JUL 1     87.2                      43.4   43.8     78.5
  SNOW DEPTH      23

DEGREE DAYS
 HEATING
  YESTERDAY       48                        38     10       30
  MONTH TO DATE 1085                       847    238      904
  SINCE DEC 1   3401                      3292    109     3497
  SINCE JUL 1   4712                      4783    -71     4948

 COOLING
  YESTERDAY        0                         0      0        0
  MONTH TO DATE    0                         0      0        0
  SINCE DEC 1      0                         0      0        0
  SINCE JAN 1      0                         0      0        0
..................................................................


WIND (MPH)
  RESULTANT WIND SPEED   7   RESULTANT WIND DIRECTION  SW (210)
  HIGHEST WIND SPEED    18   HIGHEST WIND DIRECTION     S (190)
  HIGHEST GUST SPEED    28   HIGHEST GUST DIRECTION     S (190)
  AVERAGE WIND SPEED     7.5


SKY COVER
  AVERAGE SKY COVER 0.5


WEATHER CONDITIONS
 THE FOLLOWING WEATHER WAS RECORDED YESTERDAY.
  LIGHT SNOW
  FOG


RELATIVE HUMIDITY (PERCENT)
 HIGHEST    89           900 PM
 LOWEST     36          1200 PM
 AVERAGE    63

..........................................................


THE PORTLAND ME CLIMATE NORMALS FOR TODAY
                         NORMAL    RECORD    YEAR
 MAXIMUM TEMPERATURE (F)   36        58      1990
 MINIMUM TEMPERATURE (F)   18        -8      1956


SUNRISE AND SUNSET
FEBRUARY 22 2015......SUNRISE   630 AM EST   SUNSET   520 PM EST
FEBRUARY 23 2015......SUNRISE   628 AM EST   SUNSET   522 PM EST


-  INDICATES NEGATIVE NUMBERS.
R  INDICATES RECORD WAS SET OR TIED.
MM INDICATES DATA IS MISSING.
T  INDICATES TRACE AMOUNT.




$$
