348
CDUS41 KGYX 202041
CLIPWM


CLIMATE REPORT
NATIONAL WEATHER SERVICE GRAY ME
441 PM EDT TUE JUN 20 2017


...................................

...THE PORTLAND ME CLIMATE SUMMARY FOR JUNE 20 2017...
VALID TODAY AS OF 0400 PM LOCAL TIME.

CLIMATE NORMAL PERIOD 1981 TO 2010
CLIMATE RECORD PERIOD 1941 TO 2017


WEATHER ITEM   OBSERVED TIME   RECORD YEAR NORMAL DEPARTURE LAST
                VALUE   (LST)  VALUE       VALUE  FROM      YEAR
                                                  NORMAL
..................................................................
TEMPERATURE (F)
 TODAY
  MAXIMUM         79   1130 AM  93    2012  75      4       74
                                      1964
  MINIMUM         64    714 AM  43    1980  55      9       58
  AVERAGE         72                        65      7       66

PRECIPITATION (IN)
  TODAY            T             4.03 1967   0.12  -0.12     0.00
  MONTH TO DATE    1.82                      2.68  -0.86     2.68
  SINCE JUN 1      1.82                      2.68  -0.86     2.68
  SINCE JAN 1     25.86                     21.88   3.98    18.19

SNOWFALL (IN)
  TODAY            0.0           0.0  2002   0.0    0.0      0.0
                                      2001
                                      2000
  MONTH TO DATE    0.0                       0.0    0.0      0.0
  SINCE JUN 1      0.0                       0.0    0.0      0.0
  SINCE JUL 1     95.3                      61.9   33.4     51.8
  SNOW DEPTH       0

DEGREE DAYS
 HEATING
  TODAY            0                         2     -2        0
  MONTH TO DATE   81                        89     -8       62
  SINCE JUN 1     81                        89     -8       62
  SINCE JUL 1   6601                      7090   -489     6181

 COOLING
  TODAY            7                         2      5        1
  MONTH TO DATE   58                        29     29       10
  SINCE JUN 1     58                        29     29       10
  SINCE JAN 1     75                        36     39       26
..................................................................


WIND (MPH)
  HIGHEST WIND SPEED    18   HIGHEST WIND DIRECTION     S (170)
  HIGHEST GUST SPEED    28   HIGHEST GUST DIRECTION     S (160)
  AVERAGE WIND SPEED     8.7


SKY COVER
  POSSIBLE SUNSHINE  MM
  AVERAGE SKY COVER 0.7


WEATHER CONDITIONS
 THE FOLLOWING WEATHER WAS RECORDED TODAY.
  LIGHT RAIN
  FOG


RELATIVE HUMIDITY (PERCENT)
 HIGHEST   100          1200 AM
 LOWEST     64          1200 PM
 AVERAGE    82

..........................................................


THE PORTLAND ME CLIMATE NORMALS FOR TOMORROW
                         NORMAL    RECORD    YEAR
 MAXIMUM TEMPERATURE (F)   75        95      1941
 MINIMUM TEMPERATURE (F)   55        41      1968


SUNRISE AND SUNSET
JUNE 20 2017..........SUNRISE   500 AM EDT   SUNSET   826 PM EDT
JUNE 21 2017..........SUNRISE   500 AM EDT   SUNSET   826 PM EDT


-  INDICATES NEGATIVE NUMBERS.
R  INDICATES RECORD WAS SET OR TIED.
MM INDICATES DATA IS MISSING.
T  INDICATES TRACE AMOUNT.




$$
