000
CDUS41 KGYX 090824
CLIPWM


CLIMATE REPORT
NATIONAL WEATHER SERVICE GRAY ME
423 AM EDT SAT JUL 9 2016


...................................

...THE PORTLAND ME CLIMATE SUMMARY FOR JULY 8 2016...

CLIMATE NORMAL PERIOD 1981 TO 2010
CLIMATE RECORD PERIOD 1941 TO 2016


WEATHER ITEM   OBSERVED TIME   RECORD YEAR NORMAL DEPARTURE LAST
                VALUE   (LST)  VALUE       VALUE  FROM      YEAR
                                                  NORMAL
..................................................................
TEMPERATURE (F)
 YESTERDAY
  MAXIMUM         69    126 PM  93    1981  78     -9       84
  MINIMUM         58   1159 PM  46    1969  59     -1       62
  AVERAGE         64                        69     -5       73

PRECIPITATION (IN)
  YESTERDAY        0.00          3.66 1915   0.11  -0.11      T
  MONTH TO DATE    0.08                      0.89  -0.81     0.30
  SINCE JUN 1      4.50                      4.68  -0.18     6.70
  SINCE JAN 1     20.01                     23.88  -3.87    23.31

SNOWFALL (IN)
  YESTERDAY        0.0           0.0  2002   0.0    0.0      0.0
                                      2001
                                      2000
  MONTH TO DATE    0.0                       0.0    0.0      0.0
  SINCE JUN 1      0.0                       0.0    0.0      0.0
  SINCE JUL 1      0.0                       0.0    0.0      0.0
  SNOW DEPTH       0

DEGREE DAYS
 HEATING
  YESTERDAY        1                         1      0        0
  MONTH TO DATE    1                         8     -7        4
  SINCE JUN 1     67                       114    -47      148
  SINCE JUL 1      1                         8     -7        4

 COOLING
  YESTERDAY        0                         4     -4        8
  MONTH TO DATE   32                        32      0       25
  SINCE JUN 1     64                        89    -25       68
  SINCE JAN 1     80                        96    -16      108
..................................................................


WIND (MPH)
  RESULTANT WIND SPEED   7   RESULTANT WIND DIRECTION  NE (60)
  HIGHEST WIND SPEED    14   HIGHEST WIND DIRECTION    NE (50)
  HIGHEST GUST SPEED    17   HIGHEST GUST DIRECTION    NE (50)
  AVERAGE WIND SPEED     8.6


SKY COVER
  AVERAGE SKY COVER 1.0


WEATHER CONDITIONS
 THE FOLLOWING WEATHER WAS RECORDED YESTERDAY.
  FOG


RELATIVE HUMIDITY (PERCENT)
 HIGHEST    93           100 AM
 LOWEST     68           100 PM
 AVERAGE    81

..........................................................


THE PORTLAND ME CLIMATE NORMALS FOR TODAY
                         NORMAL    RECORD    YEAR
 MAXIMUM TEMPERATURE (F)   79        92      1988
 MINIMUM TEMPERATURE (F)   59        46      1969


SUNRISE AND SUNSET
JULY  9 2016..........SUNRISE   509 AM EDT   SUNSET   824 PM EDT
JULY 10 2016..........SUNRISE   510 AM EDT   SUNSET   823 PM EDT


-  INDICATES NEGATIVE NUMBERS.
R  INDICATES RECORD WAS SET OR TIED.
MM INDICATES DATA IS MISSING.
T  INDICATES TRACE AMOUNT.




$$
