000
CDUS41 KGYX 072040
CLIPWM


CLIMATE REPORT
NATIONAL WEATHER SERVICE GRAY ME
440 PM EDT SAT OCT 7 2017


...................................

...THE PORTLAND ME CLIMATE SUMMARY FOR OCTOBER 7 2017...
VALID TODAY AS OF 0400 PM LOCAL TIME.

CLIMATE NORMAL PERIOD 1981 TO 2010
CLIMATE RECORD PERIOD 1941 TO 2017


WEATHER ITEM   OBSERVED TIME   RECORD YEAR NORMAL DEPARTURE LAST
                VALUE   (LST)  VALUE       VALUE  FROM      YEAR
                                                  NORMAL
..................................................................
TEMPERATURE (F)
 TODAY
  MAXIMUM         67   1220 PM  88    1963  62      5       74
  MINIMUM         47    328 AM  24    1965  42      5       44
  AVERAGE         57                        52      5       59

PRECIPITATION (IN)
  TODAY            0.00          3.93 1873   0.16  -0.16     0.00
  MONTH TO DATE    0.03                      1.05  -1.02     0.35
  SINCE SEP 1      2.26                      4.74  -2.48     1.21
  SINCE JAN 1     32.96                     34.48  -1.52    24.74

SNOWFALL (IN)
  TODAY            0.0           0.0  2002   0.0    0.0      0.0
                                      2001
                                      2000
  MONTH TO DATE    0.0                       0.0    0.0      0.0
  SINCE SEP 1      0.0                       0.0    0.0      0.0
  SINCE JUL 1      0.0                       0.0    0.0      0.0
  SNOW DEPTH       0

DEGREE DAYS
 HEATING
  TODAY            8                        13     -5        6
  MONTH TO DATE   57                        85    -28       70
  SINCE SEP 1    125                       261   -136      167
  SINCE JUL 1    158                       306   -148      181

 COOLING
  TODAY            0                         0      0        0
  MONTH TO DATE    0                         0      0        0
  SINCE SEP 1     65                        30     35       68
  SINCE JAN 1    429                       358     71      553
..................................................................


WIND (MPH)
  HIGHEST WIND SPEED    14   HIGHEST WIND DIRECTION    SE (150)
  HIGHEST GUST SPEED    20   HIGHEST GUST DIRECTION    SE (140)
  AVERAGE WIND SPEED     4.2


SKY COVER
  POSSIBLE SUNSHINE  MM
  AVERAGE SKY COVER 0.5


WEATHER CONDITIONS
 THE FOLLOWING WEATHER WAS RECORDED TODAY.
  FOG


RELATIVE HUMIDITY (PERCENT)
 HIGHEST    97           300 PM
 LOWEST     63          1100 AM
 AVERAGE    80

..........................................................


THE PORTLAND ME CLIMATE NORMALS FOR TOMORROW
                         NORMAL    RECORD    YEAR
 MAXIMUM TEMPERATURE (F)   62        81      2011
                                             1947
 MINIMUM TEMPERATURE (F)   41        24      1954


SUNRISE AND SUNSET
OCTOBER  7 2017.......SUNRISE   646 AM EDT   SUNSET   611 PM EDT
OCTOBER  8 2017.......SUNRISE   647 AM EDT   SUNSET   609 PM EDT


-  INDICATES NEGATIVE NUMBERS.
R  INDICATES RECORD WAS SET OR TIED.
MM INDICATES DATA IS MISSING.
T  INDICATES TRACE AMOUNT.




$$
