000
CDUS41 KGYX 121225
CLIPWM


CLIMATE REPORT
NATIONAL WEATHER SERVICE GRAY ME
825 AM EDT FRI SEP 12 2014


...................................

...THE PORTLAND ME CLIMATE SUMMARY FOR SEPTEMBER 11 2014...

CLIMATE NORMAL PERIOD 1981 TO 2010
CLIMATE RECORD PERIOD 1941 TO 2014


WEATHER ITEM   OBSERVED TIME   RECORD YEAR NORMAL DEPARTURE LAST
                VALUE   (LST)  VALUE       VALUE  FROM      YEAR
                                                  NORMAL
..................................................................
TEMPERATURE (F)
 YESTERDAY
  MAXIMUM         68    948 PM  95    1983  72     -4       93
  MINIMUM         58   1152 PM  35    1963  52      6       61
  AVERAGE         63                        62      1       77

PRECIPITATION (IN)
  YESTERDAY        0.05          7.49 1954   0.12  -0.07     0.36
  MONTH TO DATE    0.35                      1.17  -0.82     3.10
  SINCE SEP 1      0.35                      1.17  -0.82     3.10
  SINCE JAN 1     38.55                     30.91   7.64    31.32

SNOWFALL (IN)
  YESTERDAY        0.0           0.0  2002   0.0    0.0      0.0
                                      2001
                                      2000
  MONTH TO DATE    0.0                       0.0    0.0      0.0
  SINCE SEP 1      0.0                       0.0    0.0      0.0
  SINCE JUL 1      0.0                       0.0    0.0      0.0
  SNOW DEPTH       0

DEGREE DAYS
 HEATING
  YESTERDAY        2                         4     -2        0
  MONTH TO DATE   19                        34    -15       40
  SINCE SEP 1     19                        34    -15       40
  SINCE JUL 1     43                        79    -36       58

 COOLING
  YESTERDAY        0                         1     -1       12
  MONTH TO DATE   42                        18     24       30
  SINCE SEP 1     42                        18     24       30
  SINCE JAN 1    340                       346     -6      447
..................................................................


WIND (MPH)
  RESULTANT WIND SPEED   6   RESULTANT WIND DIRECTION   S (200)
  HIGHEST WIND SPEED    20   HIGHEST WIND DIRECTION     S (180)
  HIGHEST GUST SPEED    29   HIGHEST GUST DIRECTION     S (170)
  AVERAGE WIND SPEED     8.2


SKY COVER
  AVERAGE SKY COVER 0.8


WEATHER CONDITIONS
 THE FOLLOWING WEATHER WAS RECORDED YESTERDAY.
  RAIN
  LIGHT RAIN
  FOG


RELATIVE HUMIDITY (PERCENT)
 HIGHEST    97           100 AM
 LOWEST     78          1100 PM
 AVERAGE    88

..........................................................


THE PORTLAND ME CLIMATE NORMALS FOR TODAY
                         NORMAL    RECORD    YEAR
 MAXIMUM TEMPERATURE (F)   71        91      1961
 MINIMUM TEMPERATURE (F)   52        36      1958


SUNRISE AND SUNSET
SEPTEMBER 12 2014.....SUNRISE   617 AM EDT   SUNSET   657 PM EDT
SEPTEMBER 13 2014.....SUNRISE   618 AM EDT   SUNSET   655 PM EDT


-  INDICATES NEGATIVE NUMBERS.
R  INDICATES RECORD WAS SET OR TIED.
MM INDICATES DATA IS MISSING.
T  INDICATES TRACE AMOUNT.




$$
