000
CDUS41 KGYX 232142
CLIPWM


CLIMATE REPORT
NATIONAL WEATHER SERVICE GRAY ME
442 PM EST WED NOV 23 2016


...................................

...THE PORTLAND ME CLIMATE SUMMARY FOR NOVEMBER 23 2016...
VALID TODAY AS OF 0400 PM LOCAL TIME.

CLIMATE NORMAL PERIOD 1981 TO 2010
CLIMATE RECORD PERIOD 1941 TO 2016


WEATHER ITEM   OBSERVED TIME   RECORD YEAR NORMAL DEPARTURE LAST
                VALUE   (LST)  VALUE       VALUE  FROM      YEAR
                                                  NORMAL
..................................................................
TEMPERATURE (F)
 TODAY
  MAXIMUM         44    123 PM  70    1999  45     -1       42
  MINIMUM         27    121 AM   7    1978  29     -2       24
  AVERAGE         36                        37     -1       33

PRECIPITATION (IN)
  TODAY            0.00          2.08 1874   0.16  -0.16     0.13
  MONTH TO DATE    2.47                      3.85  -1.38     2.09
  SINCE SEP 1     11.69                     12.41  -0.72    11.51
  SINCE JAN 1     35.22                     42.15  -6.93    38.27

SNOWFALL (IN)
  TODAY            0.0           8.2  1943   0.1   -0.1       T
  MONTH TO DATE    0.5                       1.0   -0.5       T
  SINCE SEP 1      0.5                       1.0   -0.5       T
  SINCE JUL 1      0.5                       1.0   -0.5       T
  SNOW DEPTH       0

DEGREE DAYS
 HEATING
  TODAY           29                        28      1       32
  MONTH TO DATE  493                       562    -69      468
  SINCE SEP 1   1035                      1241   -206     1037
  SINCE JUL 1   1049                      1286   -237     1047

 COOLING
  TODAY            0                         0      0        0
  MONTH TO DATE    0                         0      0        0
  SINCE SEP 1     68                        31     37       97
  SINCE JAN 1    553                       359    194      492
..................................................................


WIND (MPH)
  HIGHEST WIND SPEED    25   HIGHEST WIND DIRECTION    NW (330)
  HIGHEST GUST SPEED    32   HIGHEST GUST DIRECTION    NW (330)
  AVERAGE WIND SPEED    13.3


SKY COVER
  POSSIBLE SUNSHINE  MM
  AVERAGE SKY COVER 0.1


WEATHER CONDITIONS
 THE FOLLOWING WEATHER WAS RECORDED TODAY.
  NO SIGNIFICANT WEATHER WAS OBSERVED.


RELATIVE HUMIDITY (PERCENT)
 HIGHEST    75           100 AM
 LOWEST     45          1200 PM
 AVERAGE    60

..........................................................


THE PORTLAND ME CLIMATE NORMALS FOR TOMORROW
                         NORMAL    RECORD    YEAR
 MAXIMUM TEMPERATURE (F)   45        63      2014
 MINIMUM TEMPERATURE (F)   29         3      1989


SUNRISE AND SUNSET
NOVEMBER 23 2016......SUNRISE   646 AM EST   SUNSET   409 PM EST
NOVEMBER 24 2016......SUNRISE   647 AM EST   SUNSET   409 PM EST


-  INDICATES NEGATIVE NUMBERS.
R  INDICATES RECORD WAS SET OR TIED.
MM INDICATES DATA IS MISSING.
T  INDICATES TRACE AMOUNT.




$$
