000
CDUS41 KGYX 032040
CLIPWM


CLIMATE REPORT
NATIONAL WEATHER SERVICE GRAY ME
440 PM EDT FRI NOV 3 2017


...................................

...THE PORTLAND ME CLIMATE SUMMARY FOR NOVEMBER 3 2017...
VALID TODAY AS OF 0400 PM LOCAL TIME.

CLIMATE NORMAL PERIOD 1981 TO 2010
CLIMATE RECORD PERIOD 1941 TO 2017


WEATHER ITEM   OBSERVED TIME   RECORD YEAR NORMAL DEPARTURE LAST
                VALUE   (LST)  VALUE       VALUE  FROM      YEAR
                                                  NORMAL
..................................................................
TEMPERATURE (F)
 TODAY
  MAXIMUM         70    259 PM  73    1990  52     18       52
  MINIMUM         56    208 AM  15    2002  34     22       41
  AVERAGE         63                        43     20       47

PRECIPITATION (IN)
  TODAY            0.00          3.16 1951   0.18  -0.18     0.80
  MONTH TO DATE    T                         0.54  -0.54     0.80
  SINCE SEP 1      7.37                      9.10  -1.73    10.02
  SINCE JAN 1     38.07                     38.84  -0.77    33.55

SNOWFALL (IN)
  TODAY            0.0           0.8  1895   0.1   -0.1      0.0
  MONTH TO DATE    0.0                       0.1   -0.1      0.0
  SINCE SEP 1      0.0                       0.1   -0.1      0.0
  SINCE JUL 1      0.0                       0.1   -0.1      0.0
  SNOW DEPTH       0

DEGREE DAYS
 HEATING
  TODAY            2                        22    -20       18
  MONTH TO DATE   34                        64    -30       58
  SINCE SEP 1    373                       743   -370      600
  SINCE JUL 1    406                       788   -382      614

 COOLING
  TODAY            0                         0      0        0
  MONTH TO DATE    0                         0      0        0
  SINCE SEP 1     69                        31     38       68
  SINCE JAN 1    433                       359     74      553
..................................................................


WIND (MPH)
  HIGHEST WIND SPEED    18   HIGHEST WIND DIRECTION     W (250)
  HIGHEST GUST SPEED    23   HIGHEST GUST DIRECTION    SW (210)
  AVERAGE WIND SPEED     8.2


SKY COVER
  POSSIBLE SUNSHINE  MM
  AVERAGE SKY COVER 0.7


WEATHER CONDITIONS
 THE FOLLOWING WEATHER WAS RECORDED TODAY.
  NO SIGNIFICANT WEATHER WAS OBSERVED.


RELATIVE HUMIDITY (PERCENT)
 HIGHEST   100           100 AM
 LOWEST     61           300 PM
 AVERAGE    81

..........................................................


THE PORTLAND ME CLIMATE NORMALS FOR TOMORROW
                         NORMAL    RECORD    YEAR
 MAXIMUM TEMPERATURE (F)   52        74      1987
 MINIMUM TEMPERATURE (F)   34        19      2002


SUNRISE AND SUNSET
NOVEMBER  3 2017......SUNRISE   720 AM EDT   SUNSET   529 PM EDT
NOVEMBER  4 2017......SUNRISE   721 AM EDT   SUNSET   528 PM EDT


-  INDICATES NEGATIVE NUMBERS.
R  INDICATES RECORD WAS SET OR TIED.
MM INDICATES DATA IS MISSING.
T  INDICATES TRACE AMOUNT.




$$
