000
CDUS41 KGYX 070811
CLIPWM


CLIMATE REPORT
NATIONAL WEATHER SERVICE GRAY ME
410 AM EDT MON AUG 7 2017


...................................

...THE PORTLAND ME CLIMATE SUMMARY FOR AUGUST 6 2017...

CLIMATE NORMAL PERIOD 1981 TO 2010
CLIMATE RECORD PERIOD 1941 TO 2017


WEATHER ITEM   OBSERVED TIME   RECORD YEAR NORMAL DEPARTURE LAST
                VALUE   (LST)  VALUE       VALUE  FROM      YEAR
                                                  NORMAL
..................................................................
TEMPERATURE (F)
 YESTERDAY
  MAXIMUM         77    434 PM  94    2016  79     -2       94
  MINIMUM         57   1156 PM  42    1957  60     -3       68
  AVERAGE         67                        69     -2       81

PRECIPITATION (IN)
  YESTERDAY        0.00          2.29 2007   0.10  -0.10     0.00
  MONTH TO DATE    0.05                      0.63  -0.58     0.06
  SINCE JUN 1      3.72                      8.03  -4.31     6.18
  SINCE JAN 1     27.76                     27.23   0.53    21.69

SNOWFALL (IN)
  YESTERDAY        0.0           0.0  2002   0.0    0.0      0.0
                                      2001
                                      2000
  MONTH TO DATE    0.0                       0.0    0.0      0.0
  SINCE JUN 1      0.0                       0.0    0.0      0.0
  SINCE JUL 1      0.0                       0.0    0.0      0.0
  SNOW DEPTH       0

DEGREE DAYS
 HEATING
  YESTERDAY        0                         0      0        0
  MONTH TO DATE    0                         0      0        0
  SINCE JUN 1     98                       123    -25       79
  SINCE JUL 1     13                        17     -4       13

 COOLING
  YESTERDAY        2                         5     -3       16
  MONTH TO DATE   35                        30      5       40
  SINCE JUN 1    271                       231     40      288
  SINCE JAN 1    288                       238     50      304
..................................................................


WIND (MPH)
  RESULTANT WIND SPEED   8   RESULTANT WIND DIRECTION   W (290)
  HIGHEST WIND SPEED    22   HIGHEST WIND DIRECTION    NW (310)
  HIGHEST GUST SPEED    30   HIGHEST GUST DIRECTION    NW (300)
  AVERAGE WIND SPEED     8.3


SKY COVER
  AVERAGE SKY COVER 0.2


WEATHER CONDITIONS
 THE FOLLOWING WEATHER WAS RECORDED YESTERDAY.
  NO SIGNIFICANT WEATHER WAS OBSERVED.


RELATIVE HUMIDITY (PERCENT)
 HIGHEST   100           100 AM
 LOWEST     33           200 PM
 AVERAGE    67

..........................................................


THE PORTLAND ME CLIMATE NORMALS FOR TODAY
                         NORMAL    RECORD    YEAR
 MAXIMUM TEMPERATURE (F)   79        93      2001
 MINIMUM TEMPERATURE (F)   59        44      1957


SUNRISE AND SUNSET
AUGUST  7 2017........SUNRISE   537 AM EDT   SUNSET   756 PM EDT
AUGUST  8 2017........SUNRISE   538 AM EDT   SUNSET   755 PM EDT


-  INDICATES NEGATIVE NUMBERS.
R  INDICATES RECORD WAS SET OR TIED.
MM INDICATES DATA IS MISSING.
T  INDICATES TRACE AMOUNT.




$$
