000
CDUS41 KGYX 122156
CLIPWM


CLIMATE REPORT
NATIONAL WEATHER SERVICE GRAY ME
456 PM EST SUN FEB 12 2017


...................................

...THE PORTLAND ME CLIMATE SUMMARY FOR FEBRUARY 12 2017...
VALID TODAY AS OF 0400 PM LOCAL TIME.

CLIMATE NORMAL PERIOD 1981 TO 2010
CLIMATE RECORD PERIOD 1941 TO 2017


WEATHER ITEM   OBSERVED TIME   RECORD YEAR NORMAL DEPARTURE LAST
                VALUE   (LST)  VALUE       VALUE  FROM      YEAR
                                                  NORMAL
..................................................................
TEMPERATURE (F)
 TODAY
  MAXIMUM         22    259 PM  51    1984  34    -12       21
  MINIMUM         15    219 AM -13    1967  16     -1       -2
  AVERAGE         19                        25     -6       10

PRECIPITATION (IN)
  TODAY            0.05          2.09 1881   0.12  -0.07     0.00
  MONTH TO DATE    1.42                      1.32   0.10     1.73
  SINCE DEC 1     10.38                      8.72   1.66    10.44
  SINCE JAN 1      5.07                      4.70   0.37     5.10

SNOWFALL (IN)
  TODAY            0.5          12.7  1988   0.4    0.1      0.0
  MONTH TO DATE   18.9                       5.4   13.5     15.7
  SINCE DEC 1     44.9                      37.8    7.1     36.2
  SINCE JUL 1     45.4                      39.7    5.7     36.2
  SNOW DEPTH      10

DEGREE DAYS
 HEATING
  TODAY           46                        40      6       55
  MONTH TO DATE  504                       495      9      429
  SINCE DEC 1   2722                      2940   -218     2430
  SINCE JUL 1   3974                      4431   -457     3676

 COOLING
  TODAY            0                         0      0        0
  MONTH TO DATE    0                         0      0        0
  SINCE DEC 1      0                         0      0        0
  SINCE JAN 1      0                         0      0        0
..................................................................


WIND (MPH)
  HIGHEST WIND SPEED    15   HIGHEST WIND DIRECTION    NE (40)
  HIGHEST GUST SPEED    19   HIGHEST GUST DIRECTION    NE (30)
  AVERAGE WIND SPEED    10.4


SKY COVER
  POSSIBLE SUNSHINE  MM
  AVERAGE SKY COVER 0.9


WEATHER CONDITIONS
 THE FOLLOWING WEATHER WAS RECORDED TODAY.
  SNOW
  LIGHT SNOW
  FOG
  HAZE


RELATIVE HUMIDITY (PERCENT)
 HIGHEST    92           300 PM
 LOWEST     80           100 AM
 AVERAGE    86

..........................................................


THE PORTLAND ME CLIMATE NORMALS FOR TOMORROW
                         NORMAL    RECORD    YEAR
 MAXIMUM TEMPERATURE (F)   34        60      1951
 MINIMUM TEMPERATURE (F)   16       -22      1967


SUNRISE AND SUNSET
FEBRUARY 12 2017......SUNRISE   644 AM EST   SUNSET   508 PM EST
FEBRUARY 13 2017......SUNRISE   642 AM EST   SUNSET   509 PM EST


-  INDICATES NEGATIVE NUMBERS.
R  INDICATES RECORD WAS SET OR TIED.
MM INDICATES DATA IS MISSING.
T  INDICATES TRACE AMOUNT.




$$
