000
CDUS41 KGYX 102146
CLIPWM


CLIMATE REPORT
NATIONAL WEATHER SERVICE GRAY ME
444 PM EST WED JAN 10 2018


...................................

...THE PORTLAND ME CLIMATE SUMMARY FOR JANUARY 10 2018...
VALID TODAY AS OF 0400 PM LOCAL TIME.

CLIMATE NORMAL PERIOD 1981 TO 2010
CLIMATE RECORD PERIOD 1941 TO 2018


WEATHER ITEM   OBSERVED TIME   RECORD YEAR NORMAL DEPARTURE LAST
                VALUE   (LST)  VALUE       VALUE  FROM      YEAR
                                                  NORMAL
..................................................................
TEMPERATURE (F)
 TODAY
  MAXIMUM         34    259 PM  52    2016  31      3       42
  MINIMUM         10    731 AM -19    1947  13     -3        6
  AVERAGE         22                        22      0       24

PRECIPITATION (IN)
  TODAY            0.00          3.56 1977   0.11  -0.11     0.20
  MONTH TO DATE    0.65                      1.11  -0.46     1.48
  SINCE DEC 1      4.11                      5.13  -1.02     6.79
  SINCE JAN 1      0.65                      1.11  -0.46     1.48

SNOWFALL (IN)
  TODAY            0.0          11.4  1984   0.6   -0.6      0.0
  MONTH TO DATE   12.1                       6.2    5.9      1.2
  SINCE DEC 1     33.5                      19.4   14.1     20.1
  SINCE JUL 1     33.6                      21.3   12.3     20.6
  SNOW DEPTH      14

DEGREE DAYS
 HEATING
  TODAY           43                        43      0       41
  MONTH TO DATE  535                       420    115      402
  SINCE DEC 1   1818                      1541    277     1537
  SINCE JUL 1   2983                      3032    -49     2789

 COOLING
  TODAY            0                         0      0        0
  MONTH TO DATE    0                         0      0        0
  SINCE DEC 1      0                         0      0        0
  SINCE JAN 1      0                         0      0        0
..................................................................


WIND (MPH)
  HIGHEST WIND SPEED    14   HIGHEST WIND DIRECTION     S (170)
  HIGHEST GUST SPEED    17   HIGHEST GUST DIRECTION     S (170)
  AVERAGE WIND SPEED     5.8


SKY COVER
  POSSIBLE SUNSHINE  MM
  AVERAGE SKY COVER 0.2


WEATHER CONDITIONS
 THE FOLLOWING WEATHER WAS RECORDED TODAY.
  NO SIGNIFICANT WEATHER WAS OBSERVED.


RELATIVE HUMIDITY (PERCENT)
 HIGHEST    88           700 AM
 LOWEST     56           200 PM
 AVERAGE    72

..........................................................


THE PORTLAND ME CLIMATE NORMALS FOR TOMORROW
                         NORMAL    RECORD    YEAR
 MAXIMUM TEMPERATURE (F)   31        54      2017
                                             1983
 MINIMUM TEMPERATURE (F)   13       -20      1968
                                             1976


SUNRISE AND SUNSET
JANUARY 10 2018.......SUNRISE   714 AM EST   SUNSET   424 PM EST
JANUARY 11 2018.......SUNRISE   713 AM EST   SUNSET   425 PM EST


-  INDICATES NEGATIVE NUMBERS.
R  INDICATES RECORD WAS SET OR TIED.
MM INDICATES DATA IS MISSING.
T  INDICATES TRACE AMOUNT.




$$
