000
CDUS41 KGYX 230814
CLIPWM


CLIMATE REPORT
NATIONAL WEATHER SERVICE GRAY ME
414 AM EDT THU MAR 23 2017


...................................

...THE PORTLAND ME CLIMATE SUMMARY FOR MARCH 22 2017...

CLIMATE NORMAL PERIOD 1981 TO 2010
CLIMATE RECORD PERIOD 1941 TO 2017


WEATHER ITEM   OBSERVED TIME   RECORD YEAR NORMAL DEPARTURE LAST
                VALUE   (LST)  VALUE       VALUE  FROM      YEAR
                                                  NORMAL
..................................................................
TEMPERATURE (F)
 YESTERDAY
  MAXIMUM         34    655 AM  82    2012  44    -10       46
  MINIMUM         16   1133 PM   8    1988  27    -11       27
  AVERAGE         25                        35    -10       37

PRECIPITATION (IN)
  YESTERDAY        0.01          3.36 2001   0.15  -0.14     0.00
  MONTH TO DATE    1.79                      2.93  -1.14     3.23
  SINCE MAR 1      1.79                      2.93  -1.14     3.23
  SINCE JAN 1      9.99                      9.56   0.43    10.77

SNOWFALL (IN)
  YESTERDAY        T             6.5  1940   0.4   -0.4      0.0
  MONTH TO DATE   17.6                      10.1    7.5      6.8
  SINCE MAR 1     17.6                      10.1    7.5      6.8
  SINCE JUL 1     83.8                      56.5   27.3     47.8
  SNOW DEPTH       7

DEGREE DAYS
 HEATING
  YESTERDAY       40                        30     10       28
  MONTH TO DATE  832                       725    107      608
  SINCE MAR 1    832                       725    107      608
  SINCE JUL 1   5310                      5767   -457     4899

 COOLING
  YESTERDAY        0                         0      0        0
  MONTH TO DATE    0                         0      0        0
  SINCE MAR 1      0                         0      0        0
  SINCE JAN 1      0                         0      0        0
..................................................................


WIND (MPH)
  RESULTANT WIND SPEED  14   RESULTANT WIND DIRECTION  NW (330)
  HIGHEST WIND SPEED    33   HIGHEST WIND DIRECTION     N (340)
  HIGHEST GUST SPEED    45   HIGHEST GUST DIRECTION     N (340)
  AVERAGE WIND SPEED    16.1


SKY COVER
  AVERAGE SKY COVER 0.2


WEATHER CONDITIONS
 THE FOLLOWING WEATHER WAS RECORDED YESTERDAY.
  LIGHT SNOW


RELATIVE HUMIDITY (PERCENT)
 HIGHEST    85           100 AM
 LOWEST     33           200 PM
 AVERAGE    59

..........................................................


THE PORTLAND ME CLIMATE NORMALS FOR TODAY
                         NORMAL    RECORD    YEAR
 MAXIMUM TEMPERATURE (F)   44        70      2012
 MINIMUM TEMPERATURE (F)   27        11      1959


SUNRISE AND SUNSET
MARCH 23 2017.........SUNRISE   639 AM EDT   SUNSET   658 PM EDT
MARCH 24 2017.........SUNRISE   637 AM EDT   SUNSET   659 PM EDT


-  INDICATES NEGATIVE NUMBERS.
R  INDICATES RECORD WAS SET OR TIED.
MM INDICATES DATA IS MISSING.
T  INDICATES TRACE AMOUNT.




$$
