000
CDUS41 KGYX 132044
CLIPWM


CLIMATE REPORT
NATIONAL WEATHER SERVICE GRAY ME
444 PM EDT WED AUG 13 2014


...................................

...THE PORTLAND ME CLIMATE SUMMARY FOR AUGUST 13 2014...
VALID TODAY AS OF 0400 PM LOCAL TIME.

CLIMATE NORMAL PERIOD 1981 TO 2010
CLIMATE RECORD PERIOD 1941 TO 2014


WEATHER ITEM   OBSERVED TIME   RECORD YEAR NORMAL DEPARTURE LAST
                VALUE   (LST)  VALUE       VALUE  FROM      YEAR
                                                  NORMAL
..................................................................
TEMPERATURE (F)
 TODAY
  MAXIMUM         68    611 AM  99    1947  78    -10       73
  MINIMUM         64    259 PM  42    1941  59      5       58
  AVERAGE         66                        69     -3       66

PRECIPITATION (IN)
  TODAY            0.18          2.38 2004   0.10   0.08      T
  MONTH TO DATE    0.85                      1.36  -0.51     1.46
  SINCE JUN 1     11.27                      8.76   2.51    12.14
  SINCE JAN 1     30.49                     27.96   2.53    27.94

SNOWFALL (IN)
  TODAY            0.0           0.0  2002   0.0    0.0      0.0
                                      2001
                                      2000
  MONTH TO DATE    0.0                       0.0    0.0      0.0
  SINCE JUN 1      0.0                       0.0    0.0      0.0
  SINCE JUL 1      0.0                       0.0    0.0      0.0
  SNOW DEPTH       0

DEGREE DAYS
 HEATING
  TODAY            0                         1     -1        0
  MONTH TO DATE    1                         4     -3        7
  SINCE JUN 1     78                       127    -49       95
  SINCE JUL 1      1                        21    -20       14

 COOLING
  TODAY            1                         4     -3        1
  MONTH TO DATE   43                        60    -17       27
  SINCE JUN 1    258                       261     -3      327
  SINCE JAN 1    258                       268    -10      342
..................................................................


WIND (MPH)
  HIGHEST WIND SPEED    20   HIGHEST WIND DIRECTION     E (80)
  HIGHEST GUST SPEED    24   HIGHEST GUST DIRECTION     E (90)
  AVERAGE WIND SPEED    11.8


SKY COVER
  POSSIBLE SUNSHINE  MM
  AVERAGE SKY COVER 0.9


WEATHER CONDITIONS
 THE FOLLOWING WEATHER WAS RECORDED TODAY.
  LIGHT RAIN
  FOG


RELATIVE HUMIDITY (PERCENT)
 HIGHEST    93           100 PM
 LOWEST     76           400 AM
 AVERAGE    85

..........................................................


THE PORTLAND ME CLIMATE NORMALS FOR TOMORROW
                         NORMAL    RECORD    YEAR
 MAXIMUM TEMPERATURE (F)   78        96      1947
 MINIMUM TEMPERATURE (F)   59        40      1964


SUNRISE AND SUNSET
AUGUST 13 2014........SUNRISE   544 AM EDT   SUNSET   748 PM EDT
AUGUST 14 2014........SUNRISE   545 AM EDT   SUNSET   746 PM EDT


-  INDICATES NEGATIVE NUMBERS.
R  INDICATES RECORD WAS SET OR TIED.
MM INDICATES DATA IS MISSING.
T  INDICATES TRACE AMOUNT.




$$
