000
CDUS41 KGYX 190803
CLIPWM


CLIMATE REPORT
NATIONAL WEATHER SERVICE GRAY ME
403 AM EDT THU MAR 19 2015


...................................

...THE PORTLAND ME CLIMATE SUMMARY FOR MARCH 18 2015...

CLIMATE NORMAL PERIOD 1981 TO 2010
CLIMATE RECORD PERIOD 1941 TO 2015


WEATHER ITEM   OBSERVED TIME   RECORD YEAR NORMAL DEPARTURE LAST
                VALUE   (LST)  VALUE       VALUE  FROM      YEAR
                                                  NORMAL
..................................................................
TEMPERATURE (F)
 YESTERDAY
  MAXIMUM         28    249 PM  70    2012  43    -15       32
  MINIMUM         18   1012 PM  -6    1967  26     -8       10
  AVERAGE         23                        34    -11       21

PRECIPITATION (IN)
  YESTERDAY        0.00          1.21 1968   0.14  -0.14     0.00
  MONTH TO DATE    1.24                      2.34  -1.10     1.16
  SINCE MAR 1      1.24                      2.34  -1.10     1.16
  SINCE JAN 1      8.72                      8.97  -0.25     9.48

SNOWFALL (IN)
  YESTERDAY        0.0          11.0  1950   0.4   -0.4      0.0
  MONTH TO DATE    2.3                       8.5   -6.2      2.5
  SINCE MAR 1      2.3                       8.5   -6.2      2.5
  SINCE JUL 1     91.5                      54.9   36.6     81.0
  SNOW DEPTH      13

DEGREE DAYS
 HEATING
  YESTERDAY       42                        31     11       44
  MONTH TO DATE  643                       604     39      737
  SINCE MAR 1    643                       604     39      737
  SINCE JUL 1   5697                      5646     51     5976

 COOLING
  YESTERDAY        0                         0      0        0
  MONTH TO DATE    0                         0      0        0
  SINCE MAR 1      0                         0      0        0
  SINCE JAN 1      0                         0      0        0
..................................................................


WIND (MPH)
  RESULTANT WIND SPEED  19   RESULTANT WIND DIRECTION  NW (310)
  HIGHEST WIND SPEED    31   HIGHEST WIND DIRECTION    NW (320)
  HIGHEST GUST SPEED    42   HIGHEST GUST DIRECTION    NW (310)
  AVERAGE WIND SPEED    18.7


SKY COVER
  AVERAGE SKY COVER 0.1


WEATHER CONDITIONS
 THE FOLLOWING WEATHER WAS RECORDED YESTERDAY.
  NO SIGNIFICANT WEATHER WAS OBSERVED.


RELATIVE HUMIDITY (PERCENT)
 HIGHEST    51           700 AM
 LOWEST     32          1200 PM
 AVERAGE    42

..........................................................


THE PORTLAND ME CLIMATE NORMALS FOR TODAY
                         NORMAL    RECORD    YEAR
 MAXIMUM TEMPERATURE (F)   43        70      2012
 MINIMUM TEMPERATURE (F)   26       -10      1967


SUNRISE AND SUNSET
MARCH 19 2015.........SUNRISE   647 AM EDT   SUNSET   652 PM EDT
MARCH 20 2015.........SUNRISE   645 AM EDT   SUNSET   653 PM EDT


-  INDICATES NEGATIVE NUMBERS.
R  INDICATES RECORD WAS SET OR TIED.
MM INDICATES DATA IS MISSING.
T  INDICATES TRACE AMOUNT.




$$
