539
CDUS41 KGYX 112144
CLIPWM


CLIMATE REPORT
NATIONAL WEATHER SERVICE GRAY ME
444 PM EST SAT FEB 11 2017


...................................

...THE PORTLAND ME CLIMATE SUMMARY FOR FEBRUARY 11 2017...
VALID TODAY AS OF 0400 PM LOCAL TIME.

CLIMATE NORMAL PERIOD 1981 TO 2010
CLIMATE RECORD PERIOD 1941 TO 2017


WEATHER ITEM   OBSERVED TIME   RECORD YEAR NORMAL DEPARTURE LAST
                VALUE   (LST)  VALUE       VALUE  FROM      YEAR
                                                  NORMAL
..................................................................
TEMPERATURE (F)
 TODAY
  MAXIMUM         13    259 PM  52    1981  34    -21       30
  MINIMUM          7    411 AM -17    1948  15     -8        5
  AVERAGE         10                        25    -15       18

PRECIPITATION (IN)
  TODAY            0.18          1.48 1933   0.12   0.06     0.11
  MONTH TO DATE    1.34                      1.20   0.14     1.73
  SINCE DEC 1     10.30                      8.60   1.70    10.44
  SINCE JAN 1      4.99                      4.58   0.41     5.10

SNOWFALL (IN)
  TODAY            5.5          10.1  1892   0.4    5.1      1.7
  MONTH TO DATE   17.9                       5.0   12.9     15.7
  SINCE DEC 1     43.9                      37.4    6.5     36.2
  SINCE JUL 1     44.4                      39.3    5.1     36.2
  SNOW DEPTH      11

DEGREE DAYS
 HEATING
  TODAY           55                        40     15       47
  MONTH TO DATE  459                       455      4      374
  SINCE DEC 1   2677                      2900   -223     2375
  SINCE JUL 1   3929                      4391   -462     3621

 COOLING
  TODAY            0                         0      0        0
  MONTH TO DATE    0                         0      0        0
  SINCE DEC 1      0                         0      0        0
  SINCE JAN 1      0                         0      0        0
..................................................................


WIND (MPH)
  HIGHEST WIND SPEED    17   HIGHEST WIND DIRECTION     N (360)
  HIGHEST GUST SPEED    22   HIGHEST GUST DIRECTION     N (340)
  AVERAGE WIND SPEED     8.8


SKY COVER
  POSSIBLE SUNSHINE  MM
  AVERAGE SKY COVER 1.0


WEATHER CONDITIONS
 THE FOLLOWING WEATHER WAS RECORDED TODAY.
  SNOW
  LIGHT SNOW
  FOG


RELATIVE HUMIDITY (PERCENT)
 HIGHEST    84           100 PM
 LOWEST     46          1200 AM
 AVERAGE    65

..........................................................


THE PORTLAND ME CLIMATE NORMALS FOR TOMORROW
                         NORMAL    RECORD    YEAR
 MAXIMUM TEMPERATURE (F)   34        51      1984
 MINIMUM TEMPERATURE (F)   16       -13      1967


SUNRISE AND SUNSET
FEBRUARY 11 2017......SUNRISE   645 AM EST   SUNSET   506 PM EST
FEBRUARY 12 2017......SUNRISE   644 AM EST   SUNSET   508 PM EST


-  INDICATES NEGATIVE NUMBERS.
R  INDICATES RECORD WAS SET OR TIED.
MM INDICATES DATA IS MISSING.
T  INDICATES TRACE AMOUNT.




$$
