341
CDUS41 KGYX 252145
CLIPWM


CLIMATE REPORT
NATIONAL WEATHER SERVICE GRAY ME
445 PM EST FRI NOV 25 2016


...................................

...THE PORTLAND ME CLIMATE SUMMARY FOR NOVEMBER 25 2016...
VALID TODAY AS OF 0400 PM LOCAL TIME.

CLIMATE NORMAL PERIOD 1981 TO 2010
CLIMATE RECORD PERIOD 1941 TO 2016


WEATHER ITEM   OBSERVED TIME   RECORD YEAR NORMAL DEPARTURE LAST
                VALUE   (LST)  VALUE       VALUE  FROM      YEAR
                                                  NORMAL
..................................................................
TEMPERATURE (F)
 TODAY
  MAXIMUM         38    259 PM  64    2014  45     -7       41
  MINIMUM         33    532 AM   9    2000  28      5       21
  AVERAGE         36                        36      0       31

PRECIPITATION (IN)
  TODAY            0.02          2.51 1983   0.15  -0.13     0.00
  MONTH TO DATE    2.50                      4.17  -1.67     2.09
  SINCE SEP 1     11.72                     12.73  -1.01    11.51
  SINCE JAN 1     35.25                     42.47  -7.22    38.27

SNOWFALL (IN)
  TODAY            0.0           9.2  1938   0.1   -0.1      0.0
  MONTH TO DATE    0.5                       1.2   -0.7       T
  SINCE SEP 1      0.5                       1.2   -0.7       T
  SINCE JUL 1      0.5                       1.2   -0.7       T
  SNOW DEPTH       0

DEGREE DAYS
 HEATING
  TODAY           29                        29      0       34
  MONTH TO DATE  555                       619    -64      537
  SINCE SEP 1   1097                      1298   -201     1106
  SINCE JUL 1   1111                      1343   -232     1116

 COOLING
  TODAY            0                         0      0        0
  MONTH TO DATE    0                         0      0        0
  SINCE SEP 1     68                        31     37       97
  SINCE JAN 1    553                       359    194      492
..................................................................


WIND (MPH)
  HIGHEST WIND SPEED     8   HIGHEST WIND DIRECTION     N (350)
  HIGHEST GUST SPEED    10   HIGHEST GUST DIRECTION    NE (30)
  AVERAGE WIND SPEED     5.6


SKY COVER
  POSSIBLE SUNSHINE  MM
  AVERAGE SKY COVER 0.9


WEATHER CONDITIONS
 THE FOLLOWING WEATHER WAS RECORDED TODAY.
  LIGHT RAIN
  FOG


RELATIVE HUMIDITY (PERCENT)
 HIGHEST    96           300 AM
 LOWEST     89           100 AM
 AVERAGE    93

..........................................................


THE PORTLAND ME CLIMATE NORMALS FOR TOMORROW
                         NORMAL    RECORD    YEAR
 MAXIMUM TEMPERATURE (F)   44        60      1988
 MINIMUM TEMPERATURE (F)   28        12      1957


SUNRISE AND SUNSET
NOVEMBER 25 2016......SUNRISE   648 AM EST   SUNSET   408 PM EST
NOVEMBER 26 2016......SUNRISE   650 AM EST   SUNSET   408 PM EST


-  INDICATES NEGATIVE NUMBERS.
R  INDICATES RECORD WAS SET OR TIED.
MM INDICATES DATA IS MISSING.
T  INDICATES TRACE AMOUNT.




$$
