000
CDUS41 KGYX 282143
CLIPWM


CLIMATE REPORT
NATIONAL WEATHER SERVICE GRAY ME
443 PM EST TUE NOV 28 2017


...................................

...THE PORTLAND ME CLIMATE SUMMARY FOR NOVEMBER 28 2017...
VALID TODAY AS OF 0400 PM LOCAL TIME.

CLIMATE NORMAL PERIOD 1981 TO 2010
CLIMATE RECORD PERIOD 1941 TO 2017


WEATHER ITEM   OBSERVED TIME   RECORD YEAR NORMAL DEPARTURE LAST
                VALUE   (LST)  VALUE       VALUE  FROM      YEAR
                                                  NORMAL
..................................................................
TEMPERATURE (F)
 TODAY
  MAXIMUM         35    239 PM  64    1990  44     -9       43
  MINIMUM         17    641 AM   6    1940  27    -10       24
  AVERAGE         26                        35     -9       34

PRECIPITATION (IN)
  TODAY            0.00          3.33 1889   0.15  -0.15     0.00
  MONTH TO DATE    2.10                      4.63  -2.53     2.66
  SINCE SEP 1      9.47                     13.19  -3.72    11.88
  SINCE JAN 1     40.17                     42.93  -2.76    35.41

SNOWFALL (IN)
  TODAY            0.0           7.6  1921   0.1   -0.1      0.0
  MONTH TO DATE    0.1                       1.6   -1.5      0.5
  SINCE SEP 1      0.1                       1.6   -1.5      0.5
  SINCE JUL 1      0.1                       1.6   -1.5      0.5
  SNOW DEPTH       0

DEGREE DAYS
 HEATING
  TODAY           39                        30      9       31
  MONTH TO DATE  744                       707     37      641
  SINCE SEP 1   1083                      1386   -303     1183
  SINCE JUL 1   1116                      1431   -315     1197

 COOLING
  TODAY            0                         0      0        0
  MONTH TO DATE    0                         0      0        0
  SINCE SEP 1     69                        31     38       68
  SINCE JAN 1    433                       359     74      553
..................................................................


WIND (MPH)
  HIGHEST WIND SPEED    17   HIGHEST WIND DIRECTION     S (200)
  HIGHEST GUST SPEED    22   HIGHEST GUST DIRECTION    SW (210)
  AVERAGE WIND SPEED     6.6


SKY COVER
  POSSIBLE SUNSHINE  MM
  AVERAGE SKY COVER 0.4


WEATHER CONDITIONS
 THE FOLLOWING WEATHER WAS RECORDED TODAY.
  NO SIGNIFICANT WEATHER WAS OBSERVED.


RELATIVE HUMIDITY (PERCENT)
 HIGHEST    67           400 AM
 LOWEST     46          1100 AM
 AVERAGE    57

..........................................................


THE PORTLAND ME CLIMATE NORMALS FOR TOMORROW
                         NORMAL    RECORD    YEAR
 MAXIMUM TEMPERATURE (F)   43        63      1990
 MINIMUM TEMPERATURE (F)   27         5      1940


SUNRISE AND SUNSET
NOVEMBER 28 2017......SUNRISE   652 AM EST   SUNSET   407 PM EST
NOVEMBER 29 2017......SUNRISE   653 AM EST   SUNSET   406 PM EST


-  INDICATES NEGATIVE NUMBERS.
R  INDICATES RECORD WAS SET OR TIED.
MM INDICATES DATA IS MISSING.
T  INDICATES TRACE AMOUNT.




$$
