000
CDUS41 KGYX 112043
CLIPWM


CLIMATE REPORT
NATIONAL WEATHER SERVICE GRAY ME
443 PM EDT MON JUL 11 2016


...................................

...THE PORTLAND ME CLIMATE SUMMARY FOR JULY 11 2016...
VALID TODAY AS OF 0400 PM LOCAL TIME.

CLIMATE NORMAL PERIOD 1981 TO 2010
CLIMATE RECORD PERIOD 1941 TO 2016


WEATHER ITEM   OBSERVED TIME   RECORD YEAR NORMAL DEPARTURE LAST
                VALUE   (LST)  VALUE       VALUE  FROM      YEAR
                                                  NORMAL
..................................................................
TEMPERATURE (F)
 TODAY
  MAXIMUM         80    256 PM  94    1948  79      1       87
  MINIMUM         59   1217 AM  44    1953  59      0       60
  AVERAGE         70                        69      1       74

PRECIPITATION (IN)
  TODAY            0.00          1.03 1959   0.12  -0.12     0.00
  MONTH TO DATE    0.66                      1.25  -0.59     0.30
  SINCE JUN 1      5.08                      5.04   0.04     6.70
  SINCE JAN 1     20.59                     24.24  -3.65    23.31

SNOWFALL (IN)
  TODAY            0.0           0.0  2001   0.0    0.0      0.0
  MONTH TO DATE    0.0                       0.0    0.0      0.0
  SINCE JUN 1      0.0                       0.0    0.0      0.0
  SINCE JUL 1      0.0                       0.0    0.0      0.0
  SNOW DEPTH       0

DEGREE DAYS
 HEATING
  TODAY            0                         1     -1        0
  MONTH TO DATE   13                        11      2        4
  SINCE JUN 1     79                       117    -38      148
  SINCE JUL 1     13                        11      2        4

 COOLING
  TODAY            5                         5      0        9
  MONTH TO DATE   37                        45     -8       42
  SINCE JUN 1     69                       102    -33       85
  SINCE JAN 1     85                       109    -24      125
..................................................................


WIND (MPH)
  HIGHEST WIND SPEED    16   HIGHEST WIND DIRECTION     N (10)
  HIGHEST GUST SPEED    22   HIGHEST GUST DIRECTION     N (340)
  AVERAGE WIND SPEED     7.1


SKY COVER
  POSSIBLE SUNSHINE  MM
  AVERAGE SKY COVER 0.7


WEATHER CONDITIONS
 THE FOLLOWING WEATHER WAS RECORDED TODAY.
  NO SIGNIFICANT WEATHER WAS OBSERVED.


RELATIVE HUMIDITY (PERCENT)
 HIGHEST    90          1200 AM
 LOWEST     39           300 PM
 AVERAGE    65

..........................................................


THE PORTLAND ME CLIMATE NORMALS FOR TOMORROW
                         NORMAL    RECORD    YEAR
 MAXIMUM TEMPERATURE (F)   79        93      1988
 MINIMUM TEMPERATURE (F)   59        43      1945


SUNRISE AND SUNSET
JULY 11 2016..........SUNRISE   511 AM EDT   SUNSET   823 PM EDT
JULY 12 2016..........SUNRISE   511 AM EDT   SUNSET   822 PM EDT


-  INDICATES NEGATIVE NUMBERS.
R  INDICATES RECORD WAS SET OR TIED.
MM INDICATES DATA IS MISSING.
T  INDICATES TRACE AMOUNT.




$$
