000
CDUS41 KGYX 210830
CLIPWM


CLIMATE REPORT
NATIONAL WEATHER SERVICE GRAY ME
430 AM EDT FRI APR 21 2017


...................................

...THE PORTLAND ME CLIMATE SUMMARY FOR APRIL 20 2017...

CLIMATE NORMAL PERIOD 1981 TO 2010
CLIMATE RECORD PERIOD 1941 TO 2017


WEATHER ITEM   OBSERVED TIME   RECORD YEAR NORMAL DEPARTURE LAST
                VALUE   (LST)  VALUE       VALUE  FROM      YEAR
                                                  NORMAL
..................................................................
TEMPERATURE (F)
 YESTERDAY
  MAXIMUM         54        MM  85    2005  55     -1       59
  MINIMUM         42        MM  24    1960  36      6       37
  AVERAGE         48                        46      2       48

PRECIPITATION (IN)
  YESTERDAY        0.00          2.20 2015   0.14  -0.14     0.00
  MONTH TO DATE    3.70                      2.90   0.80     1.15
  SINCE MAR 1      7.20                      7.14   0.06     5.52
  SINCE JAN 1     15.40                     13.77   1.63    13.06

SNOWFALL (IN)
  YESTERDAY        0.0           3.2  1925   0.0    0.0      0.0
  MONTH TO DATE    7.9                       2.5    5.4      1.5
  SINCE MAR 1     29.1                      15.2   13.9      8.6
  SINCE JUL 1     95.3                      61.6   33.7     49.6
  SNOW DEPTH       0

DEGREE DAYS
 HEATING
  YESTERDAY       17                        19     -2       17
  MONTH TO DATE  385                       454    -69      468
  SINCE MAR 1   1499                      1430     69     1304
  SINCE JUL 1   5977                      6472   -495     5595

 COOLING
  YESTERDAY        0                         0      0        0
  MONTH TO DATE    2                         0      2        0
  SINCE MAR 1      2                         0      2        0
  SINCE JAN 1      2                         0      2        0
..................................................................


WIND (MPH)
  RESULTANT WIND SPEED   5   RESULTANT WIND DIRECTION   E (110)
  HIGHEST WIND SPEED    13   HIGHEST WIND DIRECTION     E (80)
  HIGHEST GUST SPEED    18   HIGHEST GUST DIRECTION     S (200)
  AVERAGE WIND SPEED     7.8


SKY COVER
  AVERAGE SKY COVER 1.0


WEATHER CONDITIONS
 THE FOLLOWING WEATHER WAS RECORDED YESTERDAY.
  FOG


RELATIVE HUMIDITY (PERCENT)
 HIGHEST   100           600 AM
 LOWEST     71          1100 AM
 AVERAGE    86

..........................................................


THE PORTLAND ME CLIMATE NORMALS FOR TODAY
                         NORMAL    RECORD    YEAR
 MAXIMUM TEMPERATURE (F)   56        85      1957
 MINIMUM TEMPERATURE (F)   37        23      1962


SUNRISE AND SUNSET
APRIL 21 2017.........SUNRISE   548 AM EDT   SUNSET   732 PM EDT
APRIL 22 2017.........SUNRISE   547 AM EDT   SUNSET   733 PM EDT


-  INDICATES NEGATIVE NUMBERS.
R  INDICATES RECORD WAS SET OR TIED.
MM INDICATES DATA IS MISSING.
T  INDICATES TRACE AMOUNT.




$$
