000
CDUS41 KGYX 210808
CLIPWM


CLIMATE REPORT
NATIONAL WEATHER SERVICE GRAY ME
408 AM EDT FRI AUG 21 2015


...................................

...THE PORTLAND ME CLIMATE SUMMARY FOR AUGUST 20 2015...

CLIMATE NORMAL PERIOD 1981 TO 2010
CLIMATE RECORD PERIOD 1941 TO 2015


WEATHER ITEM   OBSERVED TIME   RECORD YEAR NORMAL DEPARTURE LAST
                VALUE   (LST)  VALUE       VALUE  FROM      YEAR
                                                  NORMAL
..................................................................
TEMPERATURE (F)
 YESTERDAY
  MAXIMUM         75    143 PM  91    1983  77     -2       77
  MINIMUM         67   1159 PM  41    1964  58      9       52
  AVERAGE         71                        68      3       65

PRECIPITATION (IN)
  YESTERDAY        0.01          1.01 1904   0.09  -0.08     0.00
  MONTH TO DATE    1.50                      2.05  -0.55     7.13
  SINCE JUN 1      9.16                      9.45  -0.29    17.55
  SINCE JAN 1     25.77                     28.65  -2.88    36.77

SNOWFALL (IN)
  YESTERDAY        0.0           0.0  2002   0.0    0.0      0.0
                                      2001
                                      2000
  MONTH TO DATE    0.0                       0.0    0.0      0.0
  SINCE JUN 1      0.0                       0.0    0.0      0.0
  SINCE JUL 1      0.0                       0.0    0.0      0.0
  SNOW DEPTH       0

DEGREE DAYS
 HEATING
  YESTERDAY        0                         1     -1        0
  MONTH TO DATE    0                        11    -11        9
  SINCE JUN 1    154                       134     20       86
  SINCE JUL 1     10                        28    -18        9

 COOLING
  YESTERDAY        6                         4      2        0
  MONTH TO DATE  113                        88     25       44
  SINCE JUN 1    299                       289     10      259
  SINCE JAN 1    339                       296     43      259
..................................................................


WIND (MPH)
  RESULTANT WIND SPEED   5   RESULTANT WIND DIRECTION  SE (150)
  HIGHEST WIND SPEED    13   HIGHEST WIND DIRECTION     S (160)
  HIGHEST GUST SPEED    16   HIGHEST GUST DIRECTION     S (160)
  AVERAGE WIND SPEED     6.8


SKY COVER
  AVERAGE SKY COVER 0.8


WEATHER CONDITIONS
 THE FOLLOWING WEATHER WAS RECORDED YESTERDAY.
  LIGHT RAIN
  FOG
  FOG W/VISIBILITY <= 1/4 MILE


RELATIVE HUMIDITY (PERCENT)
 HIGHEST   100           300 AM
 LOWEST     87          1000 AM
 AVERAGE    94

..........................................................


THE PORTLAND ME CLIMATE NORMALS FOR TODAY
                         NORMAL    RECORD    YEAR
 MAXIMUM TEMPERATURE (F)   77        95      1945
 MINIMUM TEMPERATURE (F)   58        42      1977


SUNRISE AND SUNSET
AUGUST 21 2015........SUNRISE   552 AM EDT   SUNSET   736 PM EDT
AUGUST 22 2015........SUNRISE   553 AM EDT   SUNSET   734 PM EDT


-  INDICATES NEGATIVE NUMBERS.
R  INDICATES RECORD WAS SET OR TIED.
MM INDICATES DATA IS MISSING.
T  INDICATES TRACE AMOUNT.




$$
