000
CDUS41 KGYX 020902
CLIPWM


CLIMATE REPORT
NATIONAL WEATHER SERVICE GRAY ME
402 AM EST TUE FEB 2 2016


...................................

...THE PORTLAND ME CLIMATE SUMMARY FOR FEBRUARY 1 2016...

CLIMATE NORMAL PERIOD 1981 TO 2010
CLIMATE RECORD PERIOD 1941 TO 2016


WEATHER ITEM   OBSERVED TIME   RECORD YEAR NORMAL DEPARTURE LAST
                VALUE   (LST)  VALUE       VALUE  FROM      YEAR
                                                  NORMAL
..................................................................
TEMPERATURE (F)
 YESTERDAY
  MAXIMUM         59   1208 PM  63    1989  32     27       26
  MINIMUM         31   1137 PM -19    1954  14     17       -1
  AVERAGE         45                        23     22       13

PRECIPITATION (IN)
  YESTERDAY        0.00          1.16 1951   0.11  -0.11     0.00
  MONTH TO DATE    0.00                      0.11  -0.11     0.00
  SINCE DEC 1      8.71                      7.51   1.20    10.94
  SINCE JAN 1      3.37                      3.49  -0.12     4.67

SNOWFALL (IN)
  YESTERDAY        0.0          11.0  1892   0.5   -0.5      0.0
  MONTH TO DATE    0.0                       0.5   -0.5      0.0
  SINCE DEC 1     20.5                      32.9  -12.4     44.3
  SINCE JUL 1     20.5                      34.8  -14.3     54.6
  SNOW DEPTH       2

DEGREE DAYS
 HEATING
  YESTERDAY       20                        42    -22       52
  MONTH TO DATE   20                        42    -22       52
  SINCE DEC 1   2021                      2487   -466     2368
  SINCE JUL 1   3267                      3978   -711     3679

 COOLING
  YESTERDAY        0                         0      0        0
  MONTH TO DATE    0                         0      0        0
  SINCE DEC 1      0                         0      0        0
  SINCE JAN 1      0                         0      0        0
..................................................................


WIND (MPH)
  RESULTANT WIND SPEED   7   RESULTANT WIND DIRECTION   W (260)
  HIGHEST WIND SPEED    26   HIGHEST WIND DIRECTION    SW (240)
  HIGHEST GUST SPEED    38   HIGHEST GUST DIRECTION     W (250)
  AVERAGE WIND SPEED     8.7


SKY COVER
  AVERAGE SKY COVER 0.5


WEATHER CONDITIONS
 THE FOLLOWING WEATHER WAS RECORDED YESTERDAY.
  NO SIGNIFICANT WEATHER WAS OBSERVED.


RELATIVE HUMIDITY (PERCENT)
 HIGHEST    85          1200 AM
 LOWEST     36           200 PM
 AVERAGE    61

..........................................................


THE PORTLAND ME CLIMATE NORMALS FOR TODAY
                         NORMAL    RECORD    YEAR
 MAXIMUM TEMPERATURE (F)   32        48      1981
 MINIMUM TEMPERATURE (F)   14       -22      1961


SUNRISE AND SUNSET
FEBRUARY  2 2016......SUNRISE   657 AM EST   SUNSET   453 PM EST
FEBRUARY  3 2016......SUNRISE   656 AM EST   SUNSET   454 PM EST


-  INDICATES NEGATIVE NUMBERS.
R  INDICATES RECORD WAS SET OR TIED.
MM INDICATES DATA IS MISSING.
T  INDICATES TRACE AMOUNT.




$$
