000
CDUS41 KGYX 040803
CLIPWM


CLIMATE REPORT
NATIONAL WEATHER SERVICE GRAY ME
403 AM EDT WED OCT 4 2017


...................................

...THE PORTLAND ME CLIMATE SUMMARY FOR OCTOBER 3 2017...

CLIMATE NORMAL PERIOD 1981 TO 2010
CLIMATE RECORD PERIOD 1941 TO 2017


WEATHER ITEM   OBSERVED TIME   RECORD YEAR NORMAL DEPARTURE LAST
                VALUE   (LST)  VALUE       VALUE  FROM      YEAR
                                                  NORMAL
..................................................................
TEMPERATURE (F)
 YESTERDAY
  MAXIMUM         64   1228 PM  80    2000  63      1       70
  MINIMUM         40    556 AM  29    1957  43     -3       52
  AVERAGE         52                        53     -1       61

PRECIPITATION (IN)
  YESTERDAY        0.00          1.90 2009   0.15  -0.15     0.00
  MONTH TO DATE    0.00                      0.45  -0.45     0.35
  SINCE SEP 1      2.23                      4.14  -1.91     1.21
  SINCE JAN 1     32.93                     33.88  -0.95    24.74

SNOWFALL (IN)
  YESTERDAY        0.0           0.0  2002   0.0    0.0      0.0
                                      2001
                                      2000
  MONTH TO DATE    0.0                       0.0    0.0      0.0
  SINCE SEP 1      0.0                       0.0    0.0      0.0
  SINCE JUL 1      0.0                       0.0    0.0      0.0
  SNOW DEPTH       0

DEGREE DAYS
 HEATING
  YESTERDAY       13                        12      1        4
  MONTH TO DATE   36                        34      2       25
  SINCE SEP 1    104                       210   -106      122
  SINCE JUL 1    137                       255   -118      136

 COOLING
  YESTERDAY        0                         0      0        0
  MONTH TO DATE    0                         0      0        0
  SINCE SEP 1     65                        30     35       68
  SINCE JAN 1    429                       358     71      553
..................................................................


WIND (MPH)
  RESULTANT WIND SPEED   6   RESULTANT WIND DIRECTION   S (180)
  HIGHEST WIND SPEED    18   HIGHEST WIND DIRECTION    SW (220)
  HIGHEST GUST SPEED    25   HIGHEST GUST DIRECTION    SW (210)
  AVERAGE WIND SPEED     7.8


SKY COVER
  AVERAGE SKY COVER 0.2


WEATHER CONDITIONS
 THE FOLLOWING WEATHER WAS RECORDED YESTERDAY.
  NO SIGNIFICANT WEATHER WAS OBSERVED.


RELATIVE HUMIDITY (PERCENT)
 HIGHEST    93           100 AM
 LOWEST     56          1100 AM
 AVERAGE    75

..........................................................


THE PORTLAND ME CLIMATE NORMALS FOR TODAY
                         NORMAL    RECORD    YEAR
 MAXIMUM TEMPERATURE (F)   63        82      1941
 MINIMUM TEMPERATURE (F)   43        27      1944


SUNRISE AND SUNSET
OCTOBER  4 2017.......SUNRISE   643 AM EDT   SUNSET   616 PM EDT
OCTOBER  5 2017.......SUNRISE   644 AM EDT   SUNSET   615 PM EDT


-  INDICATES NEGATIVE NUMBERS.
R  INDICATES RECORD WAS SET OR TIED.
MM INDICATES DATA IS MISSING.
T  INDICATES TRACE AMOUNT.




$$
