000
CDUS41 KGYX 210901
CLIPWM


CLIMATE REPORT
NATIONAL WEATHER SERVICE GRAY ME
401 AM EST FRI NOV 21 2014


...................................

...THE PORTLAND ME CLIMATE SUMMARY FOR NOVEMBER 20 2014...

CLIMATE NORMAL PERIOD 1981 TO 2010
CLIMATE RECORD PERIOD 1941 TO 2014


WEATHER ITEM   OBSERVED TIME   RECORD YEAR NORMAL DEPARTURE LAST
                VALUE   (LST)  VALUE       VALUE  FROM      YEAR
                                                  NORMAL
..................................................................
TEMPERATURE (F)
 YESTERDAY
  MAXIMUM         44    230 PM  71    1991  46     -2       41
  MINIMUM         28    732 AM  10    1980  30     -2       22
  AVERAGE         36                        38     -2       32

PRECIPITATION (IN)
  YESTERDAY        0.00          2.53 1972   0.17  -0.17     0.00
  MONTH TO DATE    1.85                      3.37  -1.52     0.79
  SINCE SEP 1      9.29                     11.93  -2.64     8.59
  SINCE JAN 1     47.49                     41.67   5.82    36.81

SNOWFALL (IN)
  YESTERDAY        0.0           6.5  1914   0.0    0.0      0.0
  MONTH TO DATE    1.7                       0.7    1.0      0.0
  SINCE SEP 1      1.7                       0.7    1.0      0.0
  SINCE JUL 1      1.7                       0.7    1.0      0.0
  SNOW DEPTH       0

DEGREE DAYS
 HEATING
  YESTERDAY       29                        27      2       33
  MONTH TO DATE  499                       479     20      471
  SINCE SEP 1   1009                      1158   -149     1085
  SINCE JUL 1   1033                      1203   -170     1103

 COOLING
  YESTERDAY        0                         0      0        0
  MONTH TO DATE    0                         0      0        0
  SINCE SEP 1     53                        31     22       37
  SINCE JAN 1    351                       359     -8      454
..................................................................


WIND (MPH)
  RESULTANT WIND SPEED   7   RESULTANT WIND DIRECTION   W (250)
  HIGHEST WIND SPEED    17   HIGHEST WIND DIRECTION     W (290)
  HIGHEST GUST SPEED    24   HIGHEST GUST DIRECTION    SW (220)
  AVERAGE WIND SPEED     8.5


SKY COVER
  AVERAGE SKY COVER 0.6


WEATHER CONDITIONS
 THE FOLLOWING WEATHER WAS RECORDED YESTERDAY.
  NO SIGNIFICANT WEATHER WAS OBSERVED.


RELATIVE HUMIDITY (PERCENT)
 HIGHEST    52           600 PM
 LOWEST     35          1000 PM
 AVERAGE    44

..........................................................


THE PORTLAND ME CLIMATE NORMALS FOR TODAY
                         NORMAL    RECORD    YEAR
 MAXIMUM TEMPERATURE (F)   46        64      1991
 MINIMUM TEMPERATURE (F)   30        13      1951


SUNRISE AND SUNSET
NOVEMBER 21 2014......SUNRISE   643 AM EST   SUNSET   411 PM EST
NOVEMBER 22 2014......SUNRISE   644 AM EST   SUNSET   410 PM EST


-  INDICATES NEGATIVE NUMBERS.
R  INDICATES RECORD WAS SET OR TIED.
MM INDICATES DATA IS MISSING.
T  INDICATES TRACE AMOUNT.




$$
