000
CDUS41 KGYX 260807
CLIPWM


CLIMATE REPORT
NATIONAL WEATHER SERVICE GRAY ME
407 AM EDT SUN JUL 26 2015


...................................

...THE PORTLAND ME CLIMATE SUMMARY FOR JULY 25 2015...

CLIMATE NORMAL PERIOD 1981 TO 2010
CLIMATE RECORD PERIOD 1941 TO 2015


WEATHER ITEM   OBSERVED TIME   RECORD YEAR NORMAL DEPARTURE LAST
                VALUE   (LST)  VALUE       VALUE  FROM      YEAR
                                                  NORMAL
..................................................................
TEMPERATURE (F)
 YESTERDAY
  MAXIMUM         67   1257 PM  91    1989  79    -12       80
  MINIMUM         59   1157 PM  45    1957  60     -1       55
  AVERAGE         63                        70     -7       68

PRECIPITATION (IN)
  YESTERDAY        0.00          1.43 1890   0.11  -0.11     0.00
  MONTH TO DATE    1.05                      2.92  -1.87     4.89
  SINCE JUN 1      7.45                      6.71   0.74     9.19
  SINCE JAN 1     24.06                     25.91  -1.85    28.41

SNOWFALL (IN)
  YESTERDAY        0.0           0.0  2002   0.0    0.0      0.0
                                      2001
                                      2000
  MONTH TO DATE    0.0                       0.0    0.0      0.0
  SINCE JUN 1      0.0                       0.0    0.0      0.0
  SINCE JUL 1      0.0                       0.0    0.0      0.0
  SNOW DEPTH       0

DEGREE DAYS
 HEATING
  YESTERDAY        2                         0      2        0
  MONTH TO DATE    8                        12     -4        0
  SINCE JUN 1    152                       118     34       77
  SINCE JUL 1      8                        12     -4        0

 COOLING
  YESTERDAY        0                         5     -5        3
  MONTH TO DATE   96                       115    -19      144
  SINCE JUN 1    139                       172    -33      200
  SINCE JAN 1    179                       179      0      200
..................................................................


WIND (MPH)
  RESULTANT WIND SPEED   5   RESULTANT WIND DIRECTION   E (90)
  HIGHEST WIND SPEED    13   HIGHEST WIND DIRECTION     E (90)
  HIGHEST GUST SPEED    16   HIGHEST GUST DIRECTION     E (100)
  AVERAGE WIND SPEED     6.2


SKY COVER
  AVERAGE SKY COVER 0.8


WEATHER CONDITIONS
 THE FOLLOWING WEATHER WAS RECORDED YESTERDAY.
  NO SIGNIFICANT WEATHER WAS OBSERVED.


RELATIVE HUMIDITY (PERCENT)
 HIGHEST    97           200 AM
 LOWEST     78           800 AM
 AVERAGE    88

..........................................................


THE PORTLAND ME CLIMATE NORMALS FOR TODAY
                         NORMAL    RECORD    YEAR
 MAXIMUM TEMPERATURE (F)   79        95      1989
 MINIMUM TEMPERATURE (F)   60        45      1976


SUNRISE AND SUNSET
JULY 26 2015..........SUNRISE   524 AM EDT   SUNSET   811 PM EDT
JULY 27 2015..........SUNRISE   525 AM EDT   SUNSET   810 PM EDT


-  INDICATES NEGATIVE NUMBERS.
R  INDICATES RECORD WAS SET OR TIED.
MM INDICATES DATA IS MISSING.
T  INDICATES TRACE AMOUNT.




$$
