670
CDUS41 KGYX 102143
CLIPWM


CLIMATE REPORT
NATIONAL WEATHER SERVICE GRAY ME
443 PM EST SAT FEB 10 2018


...................................

...THE PORTLAND ME CLIMATE SUMMARY FOR FEBRUARY 10 2018...
VALID TODAY AS OF 0400 PM LOCAL TIME.

CLIMATE NORMAL PERIOD 1981 TO 2010
CLIMATE RECORD PERIOD 1941 TO 2018


WEATHER ITEM   OBSERVED TIME   RECORD YEAR NORMAL DEPARTURE LAST
                VALUE   (LST)  VALUE       VALUE  FROM      YEAR
                                                  NORMAL
..................................................................
TEMPERATURE (F)
 TODAY
  MAXIMUM         40    259 PM  52    1955  34      6       14
  MINIMUM         24   1207 AM -19    1948  15      9        3
  AVERAGE         32                        24      8        9

PRECIPITATION (IN)
  TODAY            0.04          2.95 1885   0.11  -0.07      T
  MONTH TO DATE    2.26                      1.08   1.18     1.16
  SINCE DEC 1      9.01                      8.48   0.53    10.12
  SINCE JAN 1      5.55                      4.46   1.09     4.81

SNOWFALL (IN)
  TODAY            0.3           9.0  2005   0.5   -0.2       T
  MONTH TO DATE    8.3                       4.6    3.7     12.2
  SINCE DEC 1     48.5                      37.0   11.5     38.2
  SINCE JUL 1     48.6                      38.9    9.7     38.7
  SNOW DEPTH       6

DEGREE DAYS
 HEATING
  TODAY           33                        41     -8       56
  MONTH TO DATE  405                       415    -10      404
  SINCE DEC 1   3015                      2860    155     2622
  SINCE JUL 1   4180                      4351   -171     3874

 COOLING
  TODAY            0                         0      0        0
  MONTH TO DATE    0                         0      0        0
  SINCE DEC 1      0                         0      0        0
  SINCE JAN 1      0                         0      0        0
..................................................................


WIND (MPH)
  HIGHEST WIND SPEED    13   HIGHEST WIND DIRECTION     S (180)
  HIGHEST GUST SPEED    17   HIGHEST GUST DIRECTION     S (180)
  AVERAGE WIND SPEED     2.9


SKY COVER
  POSSIBLE SUNSHINE  MM
  AVERAGE SKY COVER 1.0


WEATHER CONDITIONS
 THE FOLLOWING WEATHER WAS RECORDED TODAY.
  LIGHT RAIN
  LIGHT SNOW
  FOG


RELATIVE HUMIDITY (PERCENT)
 HIGHEST   100           200 PM
 LOWEST     81          1200 AM
 AVERAGE    91

..........................................................


THE PORTLAND ME CLIMATE NORMALS FOR TOMORROW
                         NORMAL    RECORD    YEAR
 MAXIMUM TEMPERATURE (F)   34        52      1981
 MINIMUM TEMPERATURE (F)   15       -17      1948


SUNRISE AND SUNSET
FEBRUARY 10 2018......SUNRISE   647 AM EST   SUNSET   505 PM EST
FEBRUARY 11 2018......SUNRISE   645 AM EST   SUNSET   506 PM EST


-  INDICATES NEGATIVE NUMBERS.
R  INDICATES RECORD WAS SET OR TIED.
MM INDICATES DATA IS MISSING.
T  INDICATES TRACE AMOUNT.




$$
