434
CDUS41 KGYX 200904
CLIPWM


CLIMATE REPORT
NATIONAL WEATHER SERVICE GRAY ME
404 AM EST MON FEB 20 2017


...................................

...THE PORTLAND ME CLIMATE SUMMARY FOR FEBRUARY 19 2017...

CLIMATE NORMAL PERIOD 1981 TO 2010
CLIMATE RECORD PERIOD 1941 TO 2017


WEATHER ITEM   OBSERVED TIME   RECORD YEAR NORMAL DEPARTURE LAST
                VALUE   (LST)  VALUE       VALUE  FROM      YEAR
                                                  NORMAL
..................................................................
TEMPERATURE (F)
 YESTERDAY
  MAXIMUM         55    200 PM  57    1954  36     19       36
  MINIMUM         28    334 AM -10    1979  17     11       14
  AVERAGE         42                        26     16       25

PRECIPITATION (IN)
  YESTERDAY        0.00          2.75 1960   0.12  -0.12      T
  MONTH TO DATE    4.13                      2.14   1.99     2.70
  SINCE DEC 1     13.09                      9.54   3.55    11.41
  SINCE JAN 1      7.78                      5.52   2.26     6.07

SNOWFALL (IN)
  YESTERDAY        0.0          15.3  1960   0.4   -0.4       T
  MONTH TO DATE   39.9                       8.3   31.6     19.3
  SINCE DEC 1     65.9                      40.7   25.2     39.8
  SINCE JUL 1     66.4                      42.6   23.8     39.8
  SNOW DEPTH      MM

DEGREE DAYS
 HEATING
  YESTERDAY       23                        39    -16       40
  MONTH TO DATE  763                       771     -8      744
  SINCE DEC 1   2981                      3216   -235     2745
  SINCE JUL 1   4233                      4707   -474     3991

 COOLING
  YESTERDAY        0                         0      0        0
  MONTH TO DATE    0                         0      0        0
  SINCE DEC 1      0                         0      0        0
  SINCE JAN 1      0                         0      0        0
..................................................................


WIND (MPH)
  RESULTANT WIND SPEED   5   RESULTANT WIND DIRECTION   W (260)
  HIGHEST WIND SPEED    18   HIGHEST WIND DIRECTION    NW (320)
  HIGHEST GUST SPEED    25   HIGHEST GUST DIRECTION    NW (320)
  AVERAGE WIND SPEED     6.3


SKY COVER
  AVERAGE SKY COVER 0.4


WEATHER CONDITIONS
 THE FOLLOWING WEATHER WAS RECORDED YESTERDAY.
  NO SIGNIFICANT WEATHER WAS OBSERVED.


RELATIVE HUMIDITY (PERCENT)
 HIGHEST    85           400 AM
 LOWEST     41           300 PM
 AVERAGE    63

..........................................................


THE PORTLAND ME CLIMATE NORMALS FOR TODAY
                         NORMAL    RECORD    YEAR
 MAXIMUM TEMPERATURE (F)   36        61      1994
 MINIMUM TEMPERATURE (F)   18       -12      1966


SUNRISE AND SUNSET
FEBRUARY 20 2017......SUNRISE   632 AM EST   SUNSET   519 PM EST
FEBRUARY 21 2017......SUNRISE   630 AM EST   SUNSET   520 PM EST


-  INDICATES NEGATIVE NUMBERS.
R  INDICATES RECORD WAS SET OR TIED.
MM INDICATES DATA IS MISSING.
T  INDICATES TRACE AMOUNT.




$$
