770
CDUS41 KGYX 300922
CLIPWM


CLIMATE REPORT
NATIONAL WEATHER SERVICE GRAY ME
421 AM EST SAT JAN 30 2016


...................................

...THE PORTLAND ME CLIMATE SUMMARY FOR JANUARY 29 2016...

CLIMATE NORMAL PERIOD 1981 TO 2010
CLIMATE RECORD PERIOD 1941 TO 2016


WEATHER ITEM   OBSERVED TIME   RECORD YEAR NORMAL DEPARTURE LAST
                VALUE   (LST)  VALUE       VALUE  FROM      YEAR
                                                  NORMAL
..................................................................
TEMPERATURE (F)
 YESTERDAY
  MAXIMUM         35    618 PM  49    1989  31      4       30
  MINIMUM         29    451 AM  -7    1963  13     16       -3
  AVERAGE         32                        22     10       14

PRECIPITATION (IN)
  YESTERDAY        T             1.84 1900   0.10  -0.10     0.00
  MONTH TO DATE    3.36                      3.17   0.19     4.24
  SINCE DEC 1      8.70                      7.19   1.51    10.51
  SINCE JAN 1      3.36                      3.17   0.19     4.24

SNOWFALL (IN)
  YESTERDAY        T             9.0  1957   0.6   -0.6      0.0
  MONTH TO DATE   13.2                      18.1   -4.9     35.1
  SINCE DEC 1     20.5                      31.3  -10.8     38.7
  SINCE JUL 1     20.5                      33.2  -12.7     49.0
  SNOW DEPTH       4

DEGREE DAYS
 HEATING
  YESTERDAY       33                        43    -10       51
  MONTH TO DATE 1116                      1237   -121     1267
  SINCE DEC 1   1947                      2358   -411     2228
  SINCE JUL 1   3193                      3849   -656     3539

 COOLING
  YESTERDAY        0                         0      0        0
  MONTH TO DATE    0                         0      0        0
  SINCE DEC 1      0                         0      0        0
  SINCE JAN 1      0                         0      0        0
..................................................................


WIND (MPH)
  RESULTANT WIND SPEED   3   RESULTANT WIND DIRECTION   N (340)
  HIGHEST WIND SPEED    10   HIGHEST WIND DIRECTION    NW (330)
  HIGHEST GUST SPEED    13   HIGHEST GUST DIRECTION    NW (320)
  AVERAGE WIND SPEED     3.9


SKY COVER
  AVERAGE SKY COVER 0.9


WEATHER CONDITIONS
 THE FOLLOWING WEATHER WAS RECORDED YESTERDAY.
  LIGHT SNOW
  SLEET
  FOG


RELATIVE HUMIDITY (PERCENT)
 HIGHEST   100           500 AM
 LOWEST     78          1200 AM
 AVERAGE    89

..........................................................


THE PORTLAND ME CLIMATE NORMALS FOR TODAY
                         NORMAL    RECORD    YEAR
 MAXIMUM TEMPERATURE (F)   32        52      2013
 MINIMUM TEMPERATURE (F)   13       -14      1948


SUNRISE AND SUNSET
JANUARY 30 2016.......SUNRISE   700 AM EST   SUNSET   449 PM EST
JANUARY 31 2016.......SUNRISE   659 AM EST   SUNSET   450 PM EST


-  INDICATES NEGATIVE NUMBERS.
R  INDICATES RECORD WAS SET OR TIED.
MM INDICATES DATA IS MISSING.
T  INDICATES TRACE AMOUNT.




$$
