000
CDUS41 KGYX 072043
CLIPWM


CLIMATE REPORT
NATIONAL WEATHER SERVICE GRAY ME
443 PM EDT WED JUN 7 2017


...................................

...THE PORTLAND ME CLIMATE SUMMARY FOR JUNE 7 2017...
VALID TODAY AS OF 0400 PM LOCAL TIME.

CLIMATE NORMAL PERIOD 1981 TO 2010
CLIMATE RECORD PERIOD 1941 TO 2017


WEATHER ITEM   OBSERVED TIME   RECORD YEAR NORMAL DEPARTURE LAST
                VALUE   (LST)  VALUE       VALUE  FROM      YEAR
                                                  NORMAL
..................................................................
TEMPERATURE (F)
 TODAY
  MAXIMUM         69   1125 AM  95    1999  71     -2       73
  MINIMUM         48   1250 AM  35    1961  51     -3       53
  AVERAGE         59                        61     -2       63

PRECIPITATION (IN)
  TODAY            0.03          1.83 2006   0.14  -0.11     0.18
  MONTH TO DATE    1.05                      0.98   0.07     2.64
  SINCE JUN 1      1.05                      0.98   0.07     2.64
  SINCE JAN 1     25.09                     20.18   4.91    18.15

SNOWFALL (IN)
  TODAY           MM             0.0  2002   0.0   MM        0.0
                                      2001
                                      2000
  MONTH TO DATE    0.0                       0.0    0.0      0.0
  SINCE JUN 1      0.0                       0.0    0.0      0.0
  SINCE JUL 1     95.3                      61.9   33.4     51.8
  SNOW DEPTH       0

DEGREE DAYS
 HEATING
  TODAY            6                         5      1        2
  MONTH TO DATE   59                        41     18       26
  SINCE JUN 1     59                        41     18       26
  SINCE JUL 1   6579                      7042   -463     6145

 COOLING
  TODAY            0                         1     -1        0
  MONTH TO DATE    0                         7     -7        4
  SINCE JUN 1      0                         7     -7        4
  SINCE JAN 1     17                        14      3       20
..................................................................


WIND (MPH)
  HIGHEST WIND SPEED    15   HIGHEST WIND DIRECTION     S (180)
  HIGHEST GUST SPEED    19   HIGHEST GUST DIRECTION     S (170)
  AVERAGE WIND SPEED     5.7


SKY COVER
  POSSIBLE SUNSHINE  MM
  AVERAGE SKY COVER 0.5


WEATHER CONDITIONS
 THE FOLLOWING WEATHER WAS RECORDED TODAY.
  LIGHT RAIN
  FOG


RELATIVE HUMIDITY (PERCENT)
 HIGHEST   100           300 AM
 LOWEST     45          1100 AM
 AVERAGE    73

..........................................................


THE PORTLAND ME CLIMATE NORMALS FOR TOMORROW
                         NORMAL    RECORD    YEAR
 MAXIMUM TEMPERATURE (F)   71        90      1999
 MINIMUM TEMPERATURE (F)   51        38      1951


SUNRISE AND SUNSET
JUNE  7 2017..........SUNRISE   500 AM EDT   SUNSET   820 PM EDT
JUNE  8 2017..........SUNRISE   500 AM EDT   SUNSET   821 PM EDT


-  INDICATES NEGATIVE NUMBERS.
R  INDICATES RECORD WAS SET OR TIED.
MM INDICATES DATA IS MISSING.
T  INDICATES TRACE AMOUNT.




$$
