000
CDUS41 KGYX 200804
CLIPWM


CLIMATE REPORT
NATIONAL WEATHER SERVICE GRAY ME
404 AM EDT MON MAR 20 2017


...................................

...THE PORTLAND ME CLIMATE SUMMARY FOR MARCH 19 2017...

CLIMATE NORMAL PERIOD 1981 TO 2010
CLIMATE RECORD PERIOD 1941 TO 2017


WEATHER ITEM   OBSERVED TIME   RECORD YEAR NORMAL DEPARTURE LAST
                VALUE   (LST)  VALUE       VALUE  FROM      YEAR
                                                  NORMAL
..................................................................
TEMPERATURE (F)
 YESTERDAY
  MAXIMUM         40    353 PM  70    2012  43     -3       42
  MINIMUM         26   1246 AM -10    1967  26      0       23
  AVERAGE         33                        34     -1       33

PRECIPITATION (IN)
  YESTERDAY        0.00          2.28 1983   0.15  -0.15     0.00
  MONTH TO DATE    1.78                      2.49  -0.71     2.92
  SINCE MAR 1      1.78                      2.49  -0.71     2.92
  SINCE JAN 1      9.98                      9.12   0.86    10.46

SNOWFALL (IN)
  YESTERDAY        0.0           8.7  2013   0.5   -0.5      0.0
  MONTH TO DATE   17.6                       9.0    8.6      0.5
  SINCE MAR 1     17.6                       9.0    8.6      0.5
  SINCE JUL 1     83.8                      55.4   28.4     41.5
  SNOW DEPTH       9

DEGREE DAYS
 HEATING
  YESTERDAY       32                        31      1       32
  MONTH TO DATE  741                       635    106      511
  SINCE MAR 1    741                       635    106      511
  SINCE JUL 1   5219                      5677   -458     4802

 COOLING
  YESTERDAY        0                         0      0        0
  MONTH TO DATE    0                         0      0        0
  SINCE MAR 1      0                         0      0        0
  SINCE JAN 1      0                         0      0        0
..................................................................


WIND (MPH)
  RESULTANT WIND SPEED   8   RESULTANT WIND DIRECTION  NE (30)
  HIGHEST WIND SPEED    21   HIGHEST WIND DIRECTION    NE (60)
  HIGHEST GUST SPEED    29   HIGHEST GUST DIRECTION     E (80)
  AVERAGE WIND SPEED     9.9


SKY COVER
  AVERAGE SKY COVER 0.6


WEATHER CONDITIONS
 THE FOLLOWING WEATHER WAS RECORDED YESTERDAY.
  NO SIGNIFICANT WEATHER WAS OBSERVED.


RELATIVE HUMIDITY (PERCENT)
 HIGHEST    75           100 AM
 LOWEST     43          1100 PM
 AVERAGE    59

..........................................................


THE PORTLAND ME CLIMATE NORMALS FOR TODAY
                         NORMAL    RECORD    YEAR
 MAXIMUM TEMPERATURE (F)   43        70      2010
 MINIMUM TEMPERATURE (F)   26         4      1949


SUNRISE AND SUNSET
MARCH 20 2017.........SUNRISE   644 AM EDT   SUNSET   654 PM EDT
MARCH 21 2017.........SUNRISE   642 AM EDT   SUNSET   655 PM EDT


-  INDICATES NEGATIVE NUMBERS.
R  INDICATES RECORD WAS SET OR TIED.
MM INDICATES DATA IS MISSING.
T  INDICATES TRACE AMOUNT.




$$
