000
CDUS41 KGYX 080833
CLIPWM


CLIMATE REPORT
NATIONAL WEATHER SERVICE GRAY ME
433 AM EDT FRI JUL 8 2016


...................................

...THE PORTLAND ME CLIMATE SUMMARY FOR JULY 7 2016...

CLIMATE NORMAL PERIOD 1981 TO 2010
CLIMATE RECORD PERIOD 1941 TO 2016


WEATHER ITEM   OBSERVED TIME   RECORD YEAR NORMAL DEPARTURE LAST
                VALUE   (LST)  VALUE       VALUE  FROM      YEAR
                                                  NORMAL
..................................................................
TEMPERATURE (F)
 YESTERDAY
  MAXIMUM         69    354 PM  93    1993  78     -9       76
  MINIMUM         60    851 AM  40    1965  59      1       58
  AVERAGE         65                        69     -4       67

PRECIPITATION (IN)
  YESTERDAY        0.01          1.57 2009   0.12  -0.11     0.04
  MONTH TO DATE    0.08                      0.78  -0.70     0.30
  SINCE JUN 1      4.50                      4.57  -0.07     6.70
  SINCE JAN 1     20.01                     23.77  -3.76    23.31

SNOWFALL (IN)
  YESTERDAY        0.0           0.0  2002   0.0    0.0      0.0
                                      2001
                                      2000
  MONTH TO DATE    0.0                       0.0    0.0      0.0
  SINCE JUN 1      0.0                       0.0    0.0      0.0
  SINCE JUL 1      0.0                       0.0    0.0      0.0
  SNOW DEPTH       0

DEGREE DAYS
 HEATING
  YESTERDAY        0                         1     -1        0
  MONTH TO DATE    0                         7     -7        4
  SINCE JUN 1     66                       113    -47      148
  SINCE JUL 1      0                         7     -7        4

 COOLING
  YESTERDAY        0                         4     -4        2
  MONTH TO DATE   32                        28      4       17
  SINCE JUN 1     64                        85    -21       60
  SINCE JAN 1     80                        92    -12      100
..................................................................


WIND (MPH)
  RESULTANT WIND SPEED   7   RESULTANT WIND DIRECTION  NE (60)
  HIGHEST WIND SPEED    14   HIGHEST WIND DIRECTION    NE (60)
  HIGHEST GUST SPEED    17   HIGHEST GUST DIRECTION    NE (50)
  AVERAGE WIND SPEED     6.8


SKY COVER
  AVERAGE SKY COVER 0.8


WEATHER CONDITIONS
 THE FOLLOWING WEATHER WAS RECORDED YESTERDAY.
  LIGHT RAIN
  FOG


RELATIVE HUMIDITY (PERCENT)
 HIGHEST    93          1100 PM
 LOWEST     73           100 PM
 AVERAGE    83

..........................................................


THE PORTLAND ME CLIMATE NORMALS FOR TODAY
                         NORMAL    RECORD    YEAR
 MAXIMUM TEMPERATURE (F)   78        93      1981
 MINIMUM TEMPERATURE (F)   59        46      1969


SUNRISE AND SUNSET
JULY  8 2016..........SUNRISE   508 AM EDT   SUNSET   824 PM EDT
JULY  9 2016..........SUNRISE   509 AM EDT   SUNSET   824 PM EDT


-  INDICATES NEGATIVE NUMBERS.
R  INDICATES RECORD WAS SET OR TIED.
MM INDICATES DATA IS MISSING.
T  INDICATES TRACE AMOUNT.




$$
