000
CDUS41 KGYX 140838
CLIPWM


CLIMATE REPORT
NATIONAL WEATHER SERVICE GRAY ME
438 AM EDT SAT MAY 14 2016


...................................

...THE PORTLAND ME CLIMATE SUMMARY FOR MAY 13 2016...

CLIMATE NORMAL PERIOD 1981 TO 2010
CLIMATE RECORD PERIOD 1941 TO 2016


WEATHER ITEM   OBSERVED TIME   RECORD YEAR NORMAL DEPARTURE LAST
                VALUE   (LST)  VALUE       VALUE  FROM      YEAR
                                                  NORMAL
..................................................................
TEMPERATURE (F)
 YESTERDAY
  MAXIMUM         62    932 AM  83    1991  63     -1       64
  MINIMUM         46    253 AM  28    1962  43      3       44
  AVERAGE         54                        53      1       54

PRECIPITATION (IN)
  YESTERDAY        0.19          2.77 2006   0.12   0.07      T
  MONTH TO DATE    1.74                      1.70   0.04     0.74
  SINCE MAR 1      7.67                     10.26  -2.59     7.56
  SINCE JAN 1     15.21                     16.89  -1.68    15.04

SNOWFALL (IN)
  YESTERDAY        0.0           T    1914   0.0    0.0      0.0
  MONTH TO DATE    0.0                       0.1   -0.1      0.0
  SINCE MAR 1     10.8                      15.6   -4.8      5.3
  SINCE JUL 1     51.8                      62.0  -10.2     94.5
  SNOW DEPTH       0

DEGREE DAYS
 HEATING
  YESTERDAY       11                        12     -1       11
  MONTH TO DATE  203                       181     22      112
  SINCE MAR 1   1704                      1787    -83     1784
  SINCE JUL 1   5995                      6829   -834     6838

 COOLING
  YESTERDAY        0                         0      0        0
  MONTH TO DATE    0                         0      0        3
  SINCE MAR 1      0                         0      0        3
  SINCE JAN 1      0                         0      0        3
..................................................................


WIND (MPH)
  RESULTANT WIND SPEED   4   RESULTANT WIND DIRECTION   S (160)
  HIGHEST WIND SPEED    16   HIGHEST WIND DIRECTION     S (160)
  HIGHEST GUST SPEED    20   HIGHEST GUST DIRECTION    SE (150)
  AVERAGE WIND SPEED     5.1


SKY COVER
  AVERAGE SKY COVER 0.7


WEATHER CONDITIONS
 THE FOLLOWING WEATHER WAS RECORDED YESTERDAY.
  RAIN
  LIGHT RAIN
  FOG
  FOG W/VISIBILITY <= 1/4 MILE


RELATIVE HUMIDITY (PERCENT)
 HIGHEST   100           500 PM
 LOWEST     60           800 AM
 AVERAGE    80

..........................................................


THE PORTLAND ME CLIMATE NORMALS FOR TODAY
                         NORMAL    RECORD    YEAR
 MAXIMUM TEMPERATURE (F)   63        81      1961
 MINIMUM TEMPERATURE (F)   44        28      1951


SUNRISE AND SUNSET
MAY 14 2016...........SUNRISE   517 AM EDT   SUNSET   759 PM EDT
MAY 15 2016...........SUNRISE   516 AM EDT   SUNSET   800 PM EDT


-  INDICATES NEGATIVE NUMBERS.
R  INDICATES RECORD WAS SET OR TIED.
MM INDICATES DATA IS MISSING.
T  INDICATES TRACE AMOUNT.




$$
