000
CDUS41 KGYX 070908
CLIPWM


CLIMATE REPORT
NATIONAL WEATHER SERVICE GRAY ME
408 AM EST TUE FEB 7 2017


...................................

...THE PORTLAND ME CLIMATE SUMMARY FOR FEBRUARY 6 2017...

CLIMATE NORMAL PERIOD 1981 TO 2010
CLIMATE RECORD PERIOD 1941 TO 2017


WEATHER ITEM   OBSERVED TIME   RECORD YEAR NORMAL DEPARTURE LAST
                VALUE   (LST)  VALUE       VALUE  FROM      YEAR
                                                  NORMAL
..................................................................
TEMPERATURE (F)
 YESTERDAY
  MAXIMUM         33    250 AM  48    2012  33      0       35
  MINIMUM         23    906 PM -13    1988  14      9       11
  AVERAGE         28                        24      4       23

PRECIPITATION (IN)
  YESTERDAY        0.00          1.98 1896   0.11  -0.11     0.00
  MONTH TO DATE    0.03                      0.65  -0.62     1.32
  SINCE DEC 1      8.99                      8.05   0.94    10.03
  SINCE JAN 1      3.68                      4.03  -0.35     4.69

SNOWFALL (IN)
  YESTERDAY        0.0           7.2  1942   0.4   -0.4      0.0
  MONTH TO DATE    0.4                       2.8   -2.4      8.8
  SINCE DEC 1     26.4                      35.2   -8.8     29.3
  SINCE JUL 1     26.9                      37.1  -10.2     29.3
  SNOW DEPTH       0

DEGREE DAYS
 HEATING
  YESTERDAY       37                        41     -4       42
  MONTH TO DATE  228                       251    -23      166
  SINCE DEC 1   2446                      2696   -250     2167
  SINCE JUL 1   3698                      4187   -489     3413

 COOLING
  YESTERDAY        0                         0      0        0
  MONTH TO DATE    0                         0      0        0
  SINCE DEC 1      0                         0      0        0
  SINCE JAN 1      0                         0      0        0
..................................................................


WIND (MPH)
  RESULTANT WIND SPEED  10   RESULTANT WIND DIRECTION   W (290)
  HIGHEST WIND SPEED    25   HIGHEST WIND DIRECTION     W (290)
  HIGHEST GUST SPEED    37   HIGHEST GUST DIRECTION    NW (300)
  AVERAGE WIND SPEED    11.3


SKY COVER
  AVERAGE SKY COVER 0.6


WEATHER CONDITIONS
 THE FOLLOWING WEATHER WAS RECORDED YESTERDAY.
  NO SIGNIFICANT WEATHER WAS OBSERVED.


RELATIVE HUMIDITY (PERCENT)
 HIGHEST    63           100 AM
 LOWEST     21           100 PM
 AVERAGE    42

..........................................................


THE PORTLAND ME CLIMATE NORMALS FOR TODAY
                         NORMAL    RECORD    YEAR
 MAXIMUM TEMPERATURE (F)   33        49      1951
 MINIMUM TEMPERATURE (F)   15       -16      1993


SUNRISE AND SUNSET
FEBRUARY  7 2017......SUNRISE   650 AM EST   SUNSET   501 PM EST
FEBRUARY  8 2017......SUNRISE   649 AM EST   SUNSET   502 PM EST


-  INDICATES NEGATIVE NUMBERS.
R  INDICATES RECORD WAS SET OR TIED.
MM INDICATES DATA IS MISSING.
T  INDICATES TRACE AMOUNT.




$$
