000
CDUS41 KGYX 072059
CLIPWM


CLIMATE REPORT
NATIONAL WEATHER SERVICE GRAY ME
459 PM EDT THU SEP 7 2017


...................................

...THE PORTLAND ME CLIMATE SUMMARY FOR SEPTEMBER 7 2017...
VALID TODAY AS OF 0400 PM LOCAL TIME.

CLIMATE NORMAL PERIOD 1981 TO 2010
CLIMATE RECORD PERIOD 1941 TO 2017


WEATHER ITEM   OBSERVED TIME   RECORD YEAR NORMAL DEPARTURE LAST
                VALUE   (LST)  VALUE       VALUE  FROM      YEAR
                                                  NORMAL
..................................................................
TEMPERATURE (F)
 TODAY
  MAXIMUM         74    253 PM  95    1945  73      1       71
  MINIMUM         59    550 AM  33    1962  54      5       63
  AVERAGE         67                        63      4       67

PRECIPITATION (IN)
  TODAY            0.61          1.73 2008   0.10   0.51     0.05
  MONTH TO DATE    2.15                      0.72   1.43     0.07
  SINCE SEP 1      2.15                      0.72   1.43     0.07
  SINCE JAN 1     32.85                     30.46   2.39    23.60

SNOWFALL (IN)
  TODAY            0.0           0.0  2002   0.0    0.0      0.0
                                      2001
                                      2000
  MONTH TO DATE    0.0                       0.0    0.0      0.0
  SINCE SEP 1      0.0                       0.0    0.0      0.0
  SINCE JUL 1      0.0                       0.0    0.0      0.0
  SNOW DEPTH       0

DEGREE DAYS
 HEATING
  TODAY            0                         3     -3        0
  MONTH TO DATE   24                        19      5        4
  SINCE SEP 1     24                        19      5        4
  SINCE JUL 1     57                        64     -7       18

 COOLING
  TODAY            2                         2      0        2
  MONTH TO DATE   10                        14     -4       14
  SINCE SEP 1     10                        14     -4       14
  SINCE JAN 1    374                       342     32      499
..................................................................


WIND (MPH)
  HIGHEST WIND SPEED    17   HIGHEST WIND DIRECTION     W (260)
  HIGHEST GUST SPEED    23   HIGHEST GUST DIRECTION    SW (240)
  AVERAGE WIND SPEED     9.2


SKY COVER
  POSSIBLE SUNSHINE  MM
  AVERAGE SKY COVER 0.9


WEATHER CONDITIONS
 THE FOLLOWING WEATHER WAS RECORDED TODAY.
  HEAVY RAIN
  RAIN
  LIGHT RAIN
  FOG


RELATIVE HUMIDITY (PERCENT)
 HIGHEST    97           800 AM
 LOWEST     49           300 PM
 AVERAGE    73

..........................................................


THE PORTLAND ME CLIMATE NORMALS FOR TOMORROW
                         NORMAL    RECORD    YEAR
 MAXIMUM TEMPERATURE (F)   73        93      1960
 MINIMUM TEMPERATURE (F)   53        34      1955


SUNRISE AND SUNSET
SEPTEMBER  7 2017.....SUNRISE   612 AM EDT   SUNSET   706 PM EDT
SEPTEMBER  8 2017.....SUNRISE   613 AM EDT   SUNSET   704 PM EDT


-  INDICATES NEGATIVE NUMBERS.
R  INDICATES RECORD WAS SET OR TIED.
MM INDICATES DATA IS MISSING.
T  INDICATES TRACE AMOUNT.




$$
