000
CDUS41 KGYX 200802
CLIPWM


CLIMATE REPORT
NATIONAL WEATHER SERVICE GRAY ME
402 AM EDT WED APR 20 2016


...................................

...THE PORTLAND ME CLIMATE SUMMARY FOR APRIL 19 2016...

CLIMATE NORMAL PERIOD 1981 TO 2010
CLIMATE RECORD PERIOD 1941 TO 2016


WEATHER ITEM   OBSERVED TIME   RECORD YEAR NORMAL DEPARTURE LAST
                VALUE   (LST)  VALUE       VALUE  FROM      YEAR
                                                  NORMAL
..................................................................
TEMPERATURE (F)
 YESTERDAY
  MAXIMUM         57    514 PM  75    1973  55      2       57
  MINIMUM         41   1152 PM  24    1962  36      5       36
  AVERAGE         49                        45      4       47

PRECIPITATION (IN)
  YESTERDAY        0.16          2.19 1924   0.13   0.03     0.00
  MONTH TO DATE    1.15                      2.76  -1.61     1.17
  SINCE MAR 1      5.52                      7.00  -1.48     2.96
  SINCE JAN 1     13.06                     13.63  -0.57    10.44

SNOWFALL (IN)
  YESTERDAY        0.0           7.5  1925   0.1   -0.1      0.0
  MONTH TO DATE    1.5                       2.5   -1.0      2.9
  SINCE MAR 1      8.6                      15.2   -6.6      5.3
  SINCE JUL 1     49.6                      61.6  -12.0     94.5
  SNOW DEPTH       0

DEGREE DAYS
 HEATING
  YESTERDAY       16                        20     -4       18
  MONTH TO DATE  451                       435     16      419
  SINCE MAR 1   1287                      1411   -124     1489
  SINCE JUL 1   5578                      6453   -875     6543

 COOLING
  YESTERDAY        0                         0      0        0
  MONTH TO DATE    0                         0      0        0
  SINCE MAR 1      0                         0      0        0
  SINCE JAN 1      0                         0      0        0
..................................................................


WIND (MPH)
  RESULTANT WIND SPEED   2   RESULTANT WIND DIRECTION   N (350)
  HIGHEST WIND SPEED    20   HIGHEST WIND DIRECTION     N (340)
  HIGHEST GUST SPEED    26   HIGHEST GUST DIRECTION     N (350)
  AVERAGE WIND SPEED     6.5


SKY COVER
  AVERAGE SKY COVER 0.7


WEATHER CONDITIONS
 THE FOLLOWING WEATHER WAS RECORDED YESTERDAY.
  LIGHT RAIN
  FOG


RELATIVE HUMIDITY (PERCENT)
 HIGHEST    89          1200 AM
 LOWEST     27           600 PM
 AVERAGE    58

..........................................................


THE PORTLAND ME CLIMATE NORMALS FOR TODAY
                         NORMAL    RECORD    YEAR
 MAXIMUM TEMPERATURE (F)   55        85      2005
 MINIMUM TEMPERATURE (F)   36        24      1960


SUNRISE AND SUNSET
APRIL 20 2016.........SUNRISE   550 AM EDT   SUNSET   731 PM EDT
APRIL 21 2016.........SUNRISE   548 AM EDT   SUNSET   732 PM EDT


-  INDICATES NEGATIVE NUMBERS.
R  INDICATES RECORD WAS SET OR TIED.
MM INDICATES DATA IS MISSING.
T  INDICATES TRACE AMOUNT.




$$
