000
CDUS41 KGYX 290828
CLIPWM


CLIMATE REPORT
NATIONAL WEATHER SERVICE GRAY ME
428 AM EDT MON JUN 29 2015


...................................

...THE PORTLAND ME CLIMATE SUMMARY FOR JUNE 28 2015...

CLIMATE NORMAL PERIOD 1981 TO 2010
CLIMATE RECORD PERIOD 1941 TO 2015


WEATHER ITEM   OBSERVED TIME   RECORD YEAR NORMAL DEPARTURE LAST
                VALUE   (LST)  VALUE       VALUE  FROM      YEAR
                                                  NORMAL
..................................................................
TEMPERATURE (F)
 YESTERDAY
  MAXIMUM         59    229 AM  98    1991  77    -18       85
  MINIMUM         52    920 PM  42    1995  57     -5       52
  AVERAGE         56                        67    -11       69

PRECIPITATION (IN)
  YESTERDAY        1.58R         1.18 1968   0.11   1.47     0.00
  MONTH TO DATE    6.40                      3.57   2.83     4.30
  SINCE JUN 1      6.40                      3.57   2.83     4.30
  SINCE JAN 1     23.01                     22.77   0.24    23.52

SNOWFALL (IN)
  YESTERDAY        0.0           0.0  2002   0.0    0.0      0.0
                                      2001
                                      2000
  MONTH TO DATE    0.0                       0.0    0.0      0.0
  SINCE JUN 1      0.0                       0.0    0.0      0.0
  SINCE JUL 1     94.5                      61.9   32.6     83.4
  SNOW DEPTH       0

DEGREE DAYS
 HEATING
  YESTERDAY        9                         1      8        0
  MONTH TO DATE  139                       103     36       77
  SINCE JUN 1    139                       103     36       77
  SINCE JUL 1   7071                      7104    -33     7438

 COOLING
  YESTERDAY        0                         3     -3        4
  MONTH TO DATE   39                        52    -13       43
  SINCE JUN 1     39                        52    -13       43
  SINCE JAN 1     79                        59     20       43
..................................................................


WIND (MPH)
  RESULTANT WIND SPEED  12   RESULTANT WIND DIRECTION  NE (60)
  HIGHEST WIND SPEED    26   HIGHEST WIND DIRECTION    NE (60)
  HIGHEST GUST SPEED    36   HIGHEST GUST DIRECTION    NE (60)
  AVERAGE WIND SPEED    13.6


SKY COVER
  AVERAGE SKY COVER 1.0


WEATHER CONDITIONS
 THE FOLLOWING WEATHER WAS RECORDED YESTERDAY.
  RAIN
  LIGHT RAIN
  FOG


RELATIVE HUMIDITY (PERCENT)
 HIGHEST   100           300 AM
 LOWEST     87          1200 AM
 AVERAGE    94

..........................................................


THE PORTLAND ME CLIMATE NORMALS FOR TODAY
                         NORMAL    RECORD    YEAR
 MAXIMUM TEMPERATURE (F)   77        96      1944
 MINIMUM TEMPERATURE (F)   57        45      1970


SUNRISE AND SUNSET
JUNE 29 2015..........SUNRISE   502 AM EDT   SUNSET   827 PM EDT
JUNE 30 2015..........SUNRISE   503 AM EDT   SUNSET   827 PM EDT


-  INDICATES NEGATIVE NUMBERS.
R  INDICATES RECORD WAS SET OR TIED.
MM INDICATES DATA IS MISSING.
T  INDICATES TRACE AMOUNT.




$$
