000
CDUS41 KGYX 190726
CLIPWM


CLIMATE REPORT
NATIONAL WEATHER SERVICE GRAY ME
226 AM EST THU FEB 19 2015


...................................

...THE PORTLAND ME CLIMATE SUMMARY FOR FEBRUARY 18 2015...

CLIMATE NORMAL PERIOD 1981 TO 2010
CLIMATE RECORD PERIOD 1941 TO 2015


WEATHER ITEM   OBSERVED TIME   RECORD YEAR NORMAL DEPARTURE LAST
                VALUE   (LST)  VALUE       VALUE  FROM      YEAR
                                                  NORMAL
..................................................................
TEMPERATURE (F)
 YESTERDAY
  MAXIMUM         32   1159 PM  60    1981  35     -3       25
  MINIMUM          6    702 AM -16    1958  17    -11       -2
  AVERAGE         19                        26     -7       12

PRECIPITATION (IN)
  YESTERDAY        0.02          2.37 1952   0.11  -0.09     0.76
  MONTH TO DATE    2.26                      2.02   0.24     3.21
  SINCE DEC 1     13.20                      9.42   3.78    11.70
  SINCE JAN 1      6.93                      5.40   1.53     7.26

SNOWFALL (IN)
  YESTERDAY        0.4          16.0  1900   0.4    0.0      7.6
  MONTH TO DATE   25.4                       7.9   17.5     32.2
  SINCE DEC 1     69.7                      40.3   29.4     76.0
  SINCE JUL 1     80.0                      42.2   37.8     76.5
  SNOW DEPTH      20

DEGREE DAYS
 HEATING
  YESTERDAY       46                        39      7       53
  MONTH TO DATE  944                       732    212      800
  SINCE DEC 1   3260                      3177     83     3393
  SINCE JUL 1   4571                      4668    -97     4844

 COOLING
  YESTERDAY        0                         0      0        0
  MONTH TO DATE    0                         0      0        0
  SINCE DEC 1      0                         0      0        0
  SINCE JAN 1      0                         0      0        0
..................................................................


WIND (MPH)
  RESULTANT WIND SPEED   2   RESULTANT WIND DIRECTION   N (350)
  HIGHEST WIND SPEED    15   HIGHEST WIND DIRECTION     E (100)
  HIGHEST GUST SPEED    19   HIGHEST GUST DIRECTION     E (110)
  AVERAGE WIND SPEED     4.4


SKY COVER
  AVERAGE SKY COVER 0.9


WEATHER CONDITIONS
 THE FOLLOWING WEATHER WAS RECORDED YESTERDAY.
  LIGHT SNOW
  FOG
  HAZE


RELATIVE HUMIDITY (PERCENT)
 HIGHEST    80           700 AM
 LOWEST     39          1200 PM
 AVERAGE    60

..........................................................


THE PORTLAND ME CLIMATE NORMALS FOR TODAY
                         NORMAL    RECORD    YEAR
 MAXIMUM TEMPERATURE (F)   36        57      1954
 MINIMUM TEMPERATURE (F)   17       -10      1979


SUNRISE AND SUNSET
FEBRUARY 19 2015......SUNRISE   634 AM EST   SUNSET   517 PM EST
FEBRUARY 20 2015......SUNRISE   633 AM EST   SUNSET   518 PM EST


-  INDICATES NEGATIVE NUMBERS.
R  INDICATES RECORD WAS SET OR TIED.
MM INDICATES DATA IS MISSING.
T  INDICATES TRACE AMOUNT.




$$
