000
CDUS41 KGYX 262145
CLIPWM


CLIMATE REPORT
NATIONAL WEATHER SERVICE GRAY ME
445 PM EST SAT NOV 26 2016


...................................

...THE PORTLAND ME CLIMATE SUMMARY FOR NOVEMBER 26 2016...
VALID TODAY AS OF 0400 PM LOCAL TIME.

CLIMATE NORMAL PERIOD 1981 TO 2010
CLIMATE RECORD PERIOD 1941 TO 2016


WEATHER ITEM   OBSERVED TIME   RECORD YEAR NORMAL DEPARTURE LAST
                VALUE   (LST)  VALUE       VALUE  FROM      YEAR
                                                  NORMAL
..................................................................
TEMPERATURE (F)
 TODAY
  MAXIMUM         47   1222 PM  60    1988  44      3       51
  MINIMUM         33    750 AM  12    1957  28      5       24
  AVERAGE         40                        36      4       38

PRECIPITATION (IN)
  TODAY            0.00          3.16 1877   0.16  -0.16     0.00
  MONTH TO DATE    2.63                      4.33  -1.70     2.09
  SINCE SEP 1     11.85                     12.89  -1.04    11.51
  SINCE JAN 1     35.38                     42.63  -7.25    38.27

SNOWFALL (IN)
  TODAY            0.0           7.4  2014   0.2   -0.2      0.0
  MONTH TO DATE    0.5                       1.4   -0.9       T
  SINCE SEP 1      0.5                       1.4   -0.9       T
  SINCE JUL 1      0.5                       1.4   -0.9       T
  SNOW DEPTH      MM

DEGREE DAYS
 HEATING
  TODAY           25                        29     -4       27
  MONTH TO DATE  580                       648    -68      564
  SINCE SEP 1   1122                      1327   -205     1133
  SINCE JUL 1   1136                      1372   -236     1143

 COOLING
  TODAY            0                         0      0        0
  MONTH TO DATE    0                         0      0        0
  SINCE SEP 1     68                        31     37       97
  SINCE JAN 1    553                       359    194      492
..................................................................


WIND (MPH)
  HIGHEST WIND SPEED     8   HIGHEST WIND DIRECTION     N (10)
  HIGHEST GUST SPEED    10   HIGHEST GUST DIRECTION    NW (300)
  AVERAGE WIND SPEED     3.9


SKY COVER
  POSSIBLE SUNSHINE  MM
  AVERAGE SKY COVER 0.9


WEATHER CONDITIONS
 THE FOLLOWING WEATHER WAS RECORDED TODAY.
  FOG
  FOG W/VISIBILITY <= 1/4 MILE
  HAZE


RELATIVE HUMIDITY (PERCENT)
 HIGHEST   100          1200 AM
 LOWEST     76          1200 PM
 AVERAGE    88

..........................................................


THE PORTLAND ME CLIMATE NORMALS FOR TOMORROW
                         NORMAL    RECORD    YEAR
 MAXIMUM TEMPERATURE (F)   44        61      2015
                                             1976
 MINIMUM TEMPERATURE (F)   28         6      1957


SUNRISE AND SUNSET
NOVEMBER 26 2016......SUNRISE   650 AM EST   SUNSET   408 PM EST
NOVEMBER 27 2016......SUNRISE   651 AM EST   SUNSET   407 PM EST


-  INDICATES NEGATIVE NUMBERS.
R  INDICATES RECORD WAS SET OR TIED.
MM INDICATES DATA IS MISSING.
T  INDICATES TRACE AMOUNT.




$$
