000
CDUS41 KGYX 160846
CLIPWM


CLIMATE REPORT
NATIONAL WEATHER SERVICE GRAY ME
446 AM EDT SUN JUL 16 2017


...................................

...THE PORTLAND ME CLIMATE SUMMARY FOR JULY 15 2017...

CLIMATE NORMAL PERIOD 1981 TO 2010
CLIMATE RECORD PERIOD 1941 TO 2017


WEATHER ITEM   OBSERVED TIME   RECORD YEAR NORMAL DEPARTURE LAST
                VALUE   (LST)  VALUE       VALUE  FROM      YEAR
                                                  NORMAL
..................................................................
TEMPERATURE (F)
 YESTERDAY
  MAXIMUM         73    238 PM  92    1952  79     -6       91
  MINIMUM         60    422 AM  43    1950  60      0       69
  AVERAGE         67                        69     -2       80

PRECIPITATION (IN)
  YESTERDAY        T             1.34 2007   0.12  -0.12     0.00
  MONTH TO DATE    0.24                      1.73  -1.49     1.09
  SINCE JUN 1      2.86                      5.52  -2.66     5.51
  SINCE JAN 1     26.90                     24.72   2.18    21.02

SNOWFALL (IN)
  YESTERDAY        0.0           0.0  2002   0.0    0.0      0.0
                                      2001
                                      2000
  MONTH TO DATE    0.0                       0.0    0.0      0.0
  SINCE JUN 1      0.0                       0.0    0.0      0.0
  SINCE JUL 1      0.0                       0.0    0.0      0.0
  SNOW DEPTH       0

DEGREE DAYS
 HEATING
  YESTERDAY        0                         0      0        0
  MONTH TO DATE    5                        12     -7       13
  SINCE JUN 1     90                       118    -28       79
  SINCE JUL 1      5                        12     -7       13

 COOLING
  YESTERDAY        2                         5     -3       15
  MONTH TO DATE   67                        65      2       73
  SINCE JUN 1    159                       122     37      105
  SINCE JAN 1    176                       129     47      121
..................................................................


WIND (MPH)
  RESULTANT WIND SPEED   4   RESULTANT WIND DIRECTION   S (170)
  HIGHEST WIND SPEED    13   HIGHEST WIND DIRECTION    SE (150)
  HIGHEST GUST SPEED    15   HIGHEST GUST DIRECTION    SE (150)
  AVERAGE WIND SPEED     4.5


SKY COVER
  AVERAGE SKY COVER 0.8


WEATHER CONDITIONS
 THE FOLLOWING WEATHER WAS RECORDED YESTERDAY.
  LIGHT RAIN


RELATIVE HUMIDITY (PERCENT)
 HIGHEST    87           700 PM
 LOWEST     68           100 PM
 AVERAGE    78

..........................................................


THE PORTLAND ME CLIMATE NORMALS FOR TODAY
                         NORMAL    RECORD    YEAR
 MAXIMUM TEMPERATURE (F)   79        96      1968
 MINIMUM TEMPERATURE (F)   60        43      1946


SUNRISE AND SUNSET
JULY 16 2017..........SUNRISE   515 AM EDT   SUNSET   820 PM EDT
JULY 17 2017..........SUNRISE   516 AM EDT   SUNSET   819 PM EDT


-  INDICATES NEGATIVE NUMBERS.
R  INDICATES RECORD WAS SET OR TIED.
MM INDICATES DATA IS MISSING.
T  INDICATES TRACE AMOUNT.




$$
