000
CDUS41 KGYX 110912
CLIPWM


CLIMATE REPORT
NATIONAL WEATHER SERVICE GRAY ME
412 AM EST SAT MAR 11 2017


...................................

...THE PORTLAND ME CLIMATE SUMMARY FOR MARCH 10 2017...

CLIMATE NORMAL PERIOD 1981 TO 2010
CLIMATE RECORD PERIOD 1941 TO 2017


WEATHER ITEM   OBSERVED TIME   RECORD YEAR NORMAL DEPARTURE LAST
                VALUE   (LST)  VALUE       VALUE  FROM      YEAR
                                                  NORMAL
..................................................................
TEMPERATURE (F)
 YESTERDAY
  MAXIMUM         31   1210 AM  66    2016  40     -9       66
  MINIMUM         17   1159 PM  -8    1972  23     -6       41
  AVERAGE         24                        32     -8       54

PRECIPITATION (IN)
  YESTERDAY        0.05          2.10 1891   0.13  -0.08     0.71
  MONTH TO DATE    0.34                      1.29  -0.95     1.69
  SINCE MAR 1      0.34                      1.29  -0.95     1.69
  SINCE JAN 1      8.54                      7.92   0.62     9.23

SNOWFALL (IN)
  YESTERDAY        1.2          10.5  1964   0.4    0.8      0.0
  MONTH TO DATE    1.2                       4.9   -3.7      0.5
  SINCE MAR 1      1.2                       4.9   -3.7      0.5
  SINCE JUL 1     67.4                      51.3   16.1     41.5
  SNOW DEPTH       1

DEGREE DAYS
 HEATING
  YESTERDAY       41                        33      8       11
  MONTH TO DATE  350                       347      3      302
  SINCE MAR 1    350                       347      3      302
  SINCE JUL 1   4828                      5389   -561     4593

 COOLING
  YESTERDAY        0                         0      0        0
  MONTH TO DATE    0                         0      0        0
  SINCE MAR 1      0                         0      0        0
  SINCE JAN 1      0                         0      0        0
..................................................................


WIND (MPH)
  RESULTANT WIND SPEED   4   RESULTANT WIND DIRECTION  NE (30)
  HIGHEST WIND SPEED    22   HIGHEST WIND DIRECTION     N (340)
  HIGHEST GUST SPEED    33   HIGHEST GUST DIRECTION     N (340)
  AVERAGE WIND SPEED     7.0


SKY COVER
  AVERAGE SKY COVER 0.8


WEATHER CONDITIONS
 THE FOLLOWING WEATHER WAS RECORDED YESTERDAY.
  SNOW
  LIGHT SNOW
  FOG
  BLOWING SNOW


RELATIVE HUMIDITY (PERCENT)
 HIGHEST    88           800 PM
 LOWEST     39          1200 AM
 AVERAGE    64

..........................................................


THE PORTLAND ME CLIMATE NORMALS FOR TODAY
                         NORMAL    RECORD    YEAR
 MAXIMUM TEMPERATURE (F)   40        62      1990
 MINIMUM TEMPERATURE (F)   23        -1      1953


SUNRISE AND SUNSET
MARCH 11 2017.........SUNRISE   600 AM EST   SUNSET   543 PM EST
MARCH 12 2017.........SUNRISE   658 AM EDT   SUNSET   644 PM EDT


-  INDICATES NEGATIVE NUMBERS.
R  INDICATES RECORD WAS SET OR TIED.
MM INDICATES DATA IS MISSING.
T  INDICATES TRACE AMOUNT.




$$
