000
CDUS41 KGYX 220835
CLIPWM


CLIMATE REPORT
NATIONAL WEATHER SERVICE GRAY ME
434 AM EDT WED JUL 22 2015


...................................

...THE PORTLAND ME CLIMATE SUMMARY FOR JULY 21 2015...

CLIMATE NORMAL PERIOD 1981 TO 2010
CLIMATE RECORD PERIOD 1941 TO 2015


WEATHER ITEM   OBSERVED TIME   RECORD YEAR NORMAL DEPARTURE LAST
                VALUE   (LST)  VALUE       VALUE  FROM      YEAR
                                                  NORMAL
..................................................................
TEMPERATURE (F)
 YESTERDAY
  MAXIMUM         70    210 PM  99    1977  79     -9       76
  MINIMUM         60   1159 PM  43    1950  60      0       54
  AVERAGE         65                        70     -5       65

PRECIPITATION (IN)
  YESTERDAY        0.01          1.53 1988   0.12  -0.11     0.00
  MONTH TO DATE    1.05                      2.45  -1.40     4.14
  SINCE JUN 1      7.45                      6.24   1.21     8.44
  SINCE JAN 1     24.06                     25.44  -1.38    27.66

SNOWFALL (IN)
  YESTERDAY        0.0           0.0  2002   0.0    0.0      0.0
                                      2001
                                      2000
  MONTH TO DATE    0.0                       0.0    0.0      0.0
  SINCE JUN 1      0.0                       0.0    0.0      0.0
  SINCE JUL 1      0.0                       0.0    0.0      0.0
  SNOW DEPTH       0

DEGREE DAYS
 HEATING
  YESTERDAY        0                         0      0        0
  MONTH TO DATE    6                        12     -6        0
  SINCE JUN 1    150                       118     32       77
  SINCE JUL 1      6                        12     -6        0

 COOLING
  YESTERDAY        0                         5     -5        0
  MONTH TO DATE   87                        95     -8      119
  SINCE JUN 1    130                       152    -22      175
  SINCE JAN 1    170                       159     11      175
..................................................................


WIND (MPH)
  RESULTANT WIND SPEED   5   RESULTANT WIND DIRECTION   E (90)
  HIGHEST WIND SPEED    12   HIGHEST WIND DIRECTION     N (360)
  HIGHEST GUST SPEED    14   HIGHEST GUST DIRECTION     E (90)
  AVERAGE WIND SPEED     6.0


SKY COVER
  AVERAGE SKY COVER 0.9


WEATHER CONDITIONS
 THE FOLLOWING WEATHER WAS RECORDED YESTERDAY.
  THUNDERSTORM
  LIGHT RAIN
  FOG
  FOG W/VISIBILITY <= 1/4 MILE


RELATIVE HUMIDITY (PERCENT)
 HIGHEST   100          1200 AM
 LOWEST     84          1200 PM
 AVERAGE    92

..........................................................


THE PORTLAND ME CLIMATE NORMALS FOR TODAY
                         NORMAL    RECORD    YEAR
 MAXIMUM TEMPERATURE (F)   79       100      2011
 MINIMUM TEMPERATURE (F)   60        46      1950


SUNRISE AND SUNSET
JULY 22 2015..........SUNRISE   520 AM EDT   SUNSET   815 PM EDT
JULY 23 2015..........SUNRISE   521 AM EDT   SUNSET   814 PM EDT


-  INDICATES NEGATIVE NUMBERS.
R  INDICATES RECORD WAS SET OR TIED.
MM INDICATES DATA IS MISSING.
T  INDICATES TRACE AMOUNT.




$$
