287
CDUS41 KGYX 110911
CLIPWM


CLIMATE REPORT
NATIONAL WEATHER SERVICE GRAY ME
411 AM EST SAT FEB 11 2017


...................................

...THE PORTLAND ME CLIMATE SUMMARY FOR FEBRUARY 10 2017...

CLIMATE NORMAL PERIOD 1981 TO 2010
CLIMATE RECORD PERIOD 1941 TO 2017


WEATHER ITEM   OBSERVED TIME   RECORD YEAR NORMAL DEPARTURE LAST
                VALUE   (LST)  VALUE       VALUE  FROM      YEAR
                                                  NORMAL
..................................................................
TEMPERATURE (F)
 YESTERDAY
  MAXIMUM         14    248 PM  52    1955  34    -20       34
  MINIMUM          3    652 AM -19    1948  15    -12       13
  AVERAGE          9                        24    -15       24

PRECIPITATION (IN)
  YESTERDAY        0.00          2.95 1885   0.11  -0.11     0.00
  MONTH TO DATE    1.16                      1.08   0.08     1.62
  SINCE DEC 1     10.12                      8.48   1.64    10.33
  SINCE JAN 1      4.81                      4.46   0.35     4.99

SNOWFALL (IN)
  YESTERDAY       MM             9.0  2005   0.5   MM        0.0
  MONTH TO DATE   12.4                       4.6    7.8     14.0
  SINCE DEC 1     38.4                      37.0    1.4     34.5
  SINCE JUL 1     38.9                      38.9    0.0     34.5
  SNOW DEPTH       7

DEGREE DAYS
 HEATING
  YESTERDAY       56                        41     15       41
  MONTH TO DATE  404                       415    -11      327
  SINCE DEC 1   2622                      2860   -238     2328
  SINCE JUL 1   3874                      4351   -477     3574

 COOLING
  YESTERDAY        0                         0      0        0
  MONTH TO DATE    0                         0      0        0
  SINCE DEC 1      0                         0      0        0
  SINCE JAN 1      0                         0      0        0
..................................................................


WIND (MPH)
  RESULTANT WIND SPEED   9   RESULTANT WIND DIRECTION  NW (310)
  HIGHEST WIND SPEED    29   HIGHEST WIND DIRECTION    NW (320)
  HIGHEST GUST SPEED    38   HIGHEST GUST DIRECTION    NW (310)
  AVERAGE WIND SPEED     8.8


SKY COVER
  AVERAGE SKY COVER 0.4


WEATHER CONDITIONS
 THE FOLLOWING WEATHER WAS RECORDED YESTERDAY.
  LIGHT SNOW
  HAZE
  BLOWING SNOW


RELATIVE HUMIDITY (PERCENT)
 HIGHEST    68           700 AM
 LOWEST     34           400 PM
 AVERAGE    51

..........................................................


THE PORTLAND ME CLIMATE NORMALS FOR TODAY
                         NORMAL    RECORD    YEAR
 MAXIMUM TEMPERATURE (F)   34        52      1981
 MINIMUM TEMPERATURE (F)   15       -17      1948


SUNRISE AND SUNSET
FEBRUARY 11 2017......SUNRISE   645 AM EST   SUNSET   506 PM EST
FEBRUARY 12 2017......SUNRISE   644 AM EST   SUNSET   508 PM EST


-  INDICATES NEGATIVE NUMBERS.
R  INDICATES RECORD WAS SET OR TIED.
MM INDICATES DATA IS MISSING.
T  INDICATES TRACE AMOUNT.




$$
