000
CDUS41 KGYX 120904
CLIPWM


CLIMATE REPORT
NATIONAL WEATHER SERVICE GRAY ME
404 AM EST FRI DEC 12 2014


...................................

...THE PORTLAND ME CLIMATE SUMMARY FOR DECEMBER 11 2014...

CLIMATE NORMAL PERIOD 1981 TO 2010
CLIMATE RECORD PERIOD 1941 TO 2014


WEATHER ITEM   OBSERVED TIME   RECORD YEAR NORMAL DEPARTURE LAST
                VALUE   (LST)  VALUE       VALUE  FROM      YEAR
                                                  NORMAL
..................................................................
TEMPERATURE (F)
 YESTERDAY
  MAXIMUM         42    558 AM  60    1966  39      3       30
  MINIMUM         33   1159 PM  -6    1958  22     11       17
  AVERAGE         38                        30      8       24

PRECIPITATION (IN)
  YESTERDAY        0.11          2.01 1887   0.14  -0.03     0.01
  MONTH TO DATE    3.80                      1.54   2.26     1.00
  SINCE DEC 1      3.80                      1.54   2.26     1.00
  SINCE JAN 1     53.40                     44.77   8.63    40.43

SNOWFALL (IN)
  YESTERDAY        0.2           4.4  1882   0.4   -0.2       T
  MONTH TO DATE    2.4                       3.5   -1.1      1.4
  SINCE DEC 1      2.4                       3.5   -1.1      1.4
  SINCE JUL 1     12.7                       5.4    7.3      1.9
  SNOW DEPTH       0

DEGREE DAYS
 HEATING
  YESTERDAY       27                        34     -7       41
  MONTH TO DATE  366                       358      8      372
  SINCE DEC 1    366                       358      8      372
  SINCE JUL 1   1677                      1849   -172     1823

 COOLING
  YESTERDAY        0                         0      0        0
  MONTH TO DATE    0                         0      0        0
  SINCE DEC 1      0                         0      0        0
  SINCE JAN 1    351                       359     -8      454
..................................................................


WIND (MPH)
  RESULTANT WIND SPEED   4   RESULTANT WIND DIRECTION   S (190)
  HIGHEST WIND SPEED    15   HIGHEST WIND DIRECTION     S (190)
  HIGHEST GUST SPEED    20   HIGHEST GUST DIRECTION     S (190)
  AVERAGE WIND SPEED     6.9


SKY COVER
  AVERAGE SKY COVER 1.0


WEATHER CONDITIONS
 THE FOLLOWING WEATHER WAS RECORDED YESTERDAY.
  LIGHT RAIN
  SNOW
  LIGHT SNOW
  FOG


RELATIVE HUMIDITY (PERCENT)
 HIGHEST   100          1200 AM
 LOWEST     85          1200 PM
 AVERAGE    93

..........................................................


THE PORTLAND ME CLIMATE NORMALS FOR TODAY
                         NORMAL    RECORD    YEAR
 MAXIMUM TEMPERATURE (F)   39        64      1979
 MINIMUM TEMPERATURE (F)   22       -15      1977


SUNRISE AND SUNSET
DECEMBER 12 2014......SUNRISE   705 AM EST   SUNSET   404 PM EST
DECEMBER 13 2014......SUNRISE   706 AM EST   SUNSET   405 PM EST


-  INDICATES NEGATIVE NUMBERS.
R  INDICATES RECORD WAS SET OR TIED.
MM INDICATES DATA IS MISSING.
T  INDICATES TRACE AMOUNT.




$$
