000
CDUS41 KGYX 100802
CLIPWM


CLIMATE REPORT
NATIONAL WEATHER SERVICE GRAY ME
402 AM EDT WED SEP 10 2014


...................................

...THE PORTLAND ME CLIMATE SUMMARY FOR SEPTEMBER 9 2014...

CLIMATE NORMAL PERIOD 1981 TO 2010
CLIMATE RECORD PERIOD 1941 TO 2014


WEATHER ITEM   OBSERVED TIME   RECORD YEAR NORMAL DEPARTURE LAST
                VALUE   (LST)  VALUE       VALUE  FROM      YEAR
                                                  NORMAL
..................................................................
TEMPERATURE (F)
 YESTERDAY
  MAXIMUM         64    101 PM  93    2002  73     -9       69
  MINIMUM         49    548 AM  37    1952  53     -4       40
  AVERAGE         57                        63     -6       55

PRECIPITATION (IN)
  YESTERDAY        0.00          3.12 1969   0.11  -0.11     0.00
  MONTH TO DATE    0.30                      0.94  -0.64     2.68
  SINCE SEP 1      0.30                      0.94  -0.64     2.68
  SINCE JAN 1     38.50                     30.68   7.82    30.90

SNOWFALL (IN)
  YESTERDAY        0.0           0.0  2002   0.0    0.0      0.0
                                      2001
                                      2000
  MONTH TO DATE    0.0                       0.0    0.0      0.0
  SINCE SEP 1      0.0                       0.0    0.0      0.0
  SINCE JUL 1      0.0                       0.0    0.0      0.0
  SNOW DEPTH       0

DEGREE DAYS
 HEATING
  YESTERDAY        8                         4      4       10
  MONTH TO DATE   13                        26    -13       35
  SINCE SEP 1     13                        26    -13       35
  SINCE JUL 1     37                        71    -34       53

 COOLING
  YESTERDAY        0                         1     -1        0
  MONTH TO DATE   42                        16     26       18
  SINCE SEP 1     42                        16     26       18
  SINCE JAN 1    340                       344     -4      435
..................................................................


WIND (MPH)
  RESULTANT WIND SPEED   5   RESULTANT WIND DIRECTION   E (70)
  HIGHEST WIND SPEED    14   HIGHEST WIND DIRECTION     E (90)
  HIGHEST GUST SPEED    17   HIGHEST GUST DIRECTION     E (90)
  AVERAGE WIND SPEED     6.7


SKY COVER
  AVERAGE SKY COVER 0.4


WEATHER CONDITIONS
 THE FOLLOWING WEATHER WAS RECORDED YESTERDAY.
  NO SIGNIFICANT WEATHER WAS OBSERVED.


RELATIVE HUMIDITY (PERCENT)
 HIGHEST    96          1200 AM
 LOWEST     60          1000 AM
 AVERAGE    78

..........................................................


THE PORTLAND ME CLIMATE NORMALS FOR TODAY
                         NORMAL    RECORD    YEAR
 MAXIMUM TEMPERATURE (F)   72        89      2002
 MINIMUM TEMPERATURE (F)   53        37      1953


SUNRISE AND SUNSET
SEPTEMBER 10 2014.....SUNRISE   615 AM EDT   SUNSET   701 PM EDT
SEPTEMBER 11 2014.....SUNRISE   616 AM EDT   SUNSET   659 PM EDT


-  INDICATES NEGATIVE NUMBERS.
R  INDICATES RECORD WAS SET OR TIED.
MM INDICATES DATA IS MISSING.
T  INDICATES TRACE AMOUNT.




$$
