000
CDUS41 KGYX 202047
CLIPWM


CLIMATE REPORT
NATIONAL WEATHER SERVICE GRAY ME
447 PM EDT FRI MAY 20 2016


...................................

...THE PORTLAND ME CLIMATE SUMMARY FOR MAY 20 2016...
VALID TODAY AS OF 0400 PM LOCAL TIME.

CLIMATE NORMAL PERIOD 1981 TO 2010
CLIMATE RECORD PERIOD 1941 TO 2016


WEATHER ITEM   OBSERVED TIME   RECORD YEAR NORMAL DEPARTURE LAST
                VALUE   (LST)  VALUE       VALUE  FROM      YEAR
                                                  NORMAL
..................................................................
TEMPERATURE (F)
 TODAY
  MAXIMUM         74   1238 PM  86    1959  65      9       67
  MINIMUM         46    426 AM  32    2002  45      1       45
                                      1955
  AVERAGE         60                        55      5       56

PRECIPITATION (IN)
  TODAY            0.00          2.31 1928   0.13  -0.13     0.00
  MONTH TO DATE    1.76                      2.58  -0.82     0.95
  SINCE MAR 1      7.69                     11.14  -3.45     7.77
  SINCE JAN 1     15.23                     17.77  -2.54    15.25

SNOWFALL (IN)
  TODAY            0.0           T    1912   0.0    0.0      0.0
  MONTH TO DATE    0.0                       0.1   -0.1      0.0
  SINCE MAR 1     10.8                      15.6   -4.8      5.3
  SINCE JUL 1     51.8                      62.0  -10.2     94.5
  SNOW DEPTH       0

DEGREE DAYS
 HEATING
  TODAY            5                        10     -5        9
  MONTH TO DATE  274                       259     15      171
  SINCE MAR 1   1775                      1865    -90     1843
  SINCE JUL 1   6066                      6907   -841     6897

 COOLING
  TODAY            0                         0      0        0
  MONTH TO DATE    0                         0      0        3
  SINCE MAR 1      0                         0      0        3
  SINCE JAN 1      0                         0      0        3
..................................................................


WIND (MPH)
  HIGHEST WIND SPEED    16   HIGHEST WIND DIRECTION     S (170)
  HIGHEST GUST SPEED    20   HIGHEST GUST DIRECTION     S (180)
  AVERAGE WIND SPEED     5.9


SKY COVER
  POSSIBLE SUNSHINE  MM
  AVERAGE SKY COVER 0.4


WEATHER CONDITIONS
 THE FOLLOWING WEATHER WAS RECORDED TODAY.
  NO SIGNIFICANT WEATHER WAS OBSERVED.


RELATIVE HUMIDITY (PERCENT)
 HIGHEST    93           100 AM
 LOWEST     29          1200 PM
 AVERAGE    61

..........................................................


THE PORTLAND ME CLIMATE NORMALS FOR TOMORROW
                         NORMAL    RECORD    YEAR
 MAXIMUM TEMPERATURE (F)   65        91      2009
 MINIMUM TEMPERATURE (F)   46        33      1976


SUNRISE AND SUNSET
MAY 20 2016...........SUNRISE   511 AM EDT   SUNSET   805 PM EDT
MAY 21 2016...........SUNRISE   510 AM EDT   SUNSET   806 PM EDT


-  INDICATES NEGATIVE NUMBERS.
R  INDICATES RECORD WAS SET OR TIED.
MM INDICATES DATA IS MISSING.
T  INDICATES TRACE AMOUNT.




$$
