000
CDUS41 KGYX 030802
CLIPWM


CLIMATE REPORT
NATIONAL WEATHER SERVICE GRAY ME
402 AM EDT THU APR 3 2014


...................................

...THE PORTLAND ME CLIMATE SUMMARY FOR APRIL 2 2014...

CLIMATE NORMAL PERIOD 1981 TO 2010
CLIMATE RECORD PERIOD 1941 TO 2014


WEATHER ITEM   OBSERVED TIME   RECORD YEAR NORMAL DEPARTURE LAST
                VALUE   (LST)  VALUE       VALUE  FROM      YEAR
                                                  NORMAL
..................................................................
TEMPERATURE (F)
 YESTERDAY
  MAXIMUM         42   1134 AM  70    1967  48     -6       39
  MINIMUM         25   1151 PM  13    1964  30     -5       28
  AVERAGE         34                        39     -5       34

PRECIPITATION (IN)
  YESTERDAY        0.00          5.21 1973   0.15  -0.15     0.00
  MONTH TO DATE    0.00                      0.29  -0.29     0.63
  SINCE MAR 1      4.31                      4.53  -0.22     2.32
  SINCE JAN 1     12.63                     11.16   1.47     9.75

SNOWFALL (IN)
  YESTERDAY        0.0          12.5  1887   0.2   -0.2      0.0
  MONTH TO DATE    0.0                       0.4   -0.4      0.0
  SINCE MAR 1      3.7                      13.1   -9.4     13.2
  SINCE JUL 1     82.2                      59.5   22.7     97.8
  SNOW DEPTH       1

DEGREE DAYS
 HEATING
  YESTERDAY       31                        26      5       31
  MONTH TO DATE   57                        52      5       52
  SINCE MAR 1   1227                      1028    199      980
  SINCE JUL 1   6466                      6070    396     5579

 COOLING
  YESTERDAY        0                         0      0        0
  MONTH TO DATE    0                         0      0        0
  SINCE MAR 1      0                         0      0        0
  SINCE JAN 1      0                         0      0        0
..................................................................


WIND (MPH)
  RESULTANT WIND SPEED   2   RESULTANT WIND DIRECTION   S (160)
  HIGHEST WIND SPEED    13   HIGHEST WIND DIRECTION    SE (150)
  HIGHEST GUST SPEED    14   HIGHEST GUST DIRECTION    NE (50)
  AVERAGE WIND SPEED     4.1


SKY COVER
  AVERAGE SKY COVER 0.3


WEATHER CONDITIONS
 THE FOLLOWING WEATHER WAS RECORDED YESTERDAY.
  NO SIGNIFICANT WEATHER WAS OBSERVED.


RELATIVE HUMIDITY (PERCENT)
 HIGHEST    92          1100 PM
 LOWEST     32           900 AM
 AVERAGE    62

..........................................................


THE PORTLAND ME CLIMATE NORMALS FOR TODAY
                         NORMAL    RECORD    YEAR
 MAXIMUM TEMPERATURE (F)   48        67      1967
 MINIMUM TEMPERATURE (F)   31        11      1954


SUNRISE AND SUNSET
APRIL  3 2014.........SUNRISE   619 AM EDT   SUNSET   710 PM EDT
APRIL  4 2014.........SUNRISE   618 AM EDT   SUNSET   712 PM EDT


-  INDICATES NEGATIVE NUMBERS.
R  INDICATES RECORD WAS SET OR TIED.
MM INDICATES DATA IS MISSING.
T  INDICATES TRACE AMOUNT.




$$
