000
CDUS41 KGYX 030807
CLIPWM


CLIMATE REPORT
NATIONAL WEATHER SERVICE GRAY ME
407 AM EDT FRI NOV 3 2017


...................................

...THE PORTLAND ME CLIMATE SUMMARY FOR NOVEMBER 2 2017...

CLIMATE NORMAL PERIOD 1981 TO 2010
CLIMATE RECORD PERIOD 1941 TO 2017


WEATHER ITEM   OBSERVED TIME   RECORD YEAR NORMAL DEPARTURE LAST
                VALUE   (LST)  VALUE       VALUE  FROM      YEAR
                                                  NORMAL
..................................................................
TEMPERATURE (F)
 YESTERDAY
  MAXIMUM         59    948 PM  73    1950  53      6       61
  MINIMUM         52    439 AM  20    1960  34     18       42
  AVERAGE         56                        44     12       52

PRECIPITATION (IN)
  YESTERDAY        T             2.50 1988   0.18  -0.18     0.00
  MONTH TO DATE    T                         0.36  -0.36     0.00
  SINCE SEP 1      7.37                      8.92  -1.55     9.22
  SINCE JAN 1     38.07                     38.66  -0.59    32.75

SNOWFALL (IN)
  YESTERDAY        0.0           2.8  1906   0.0    0.0      0.0
  MONTH TO DATE    0.0                       0.0    0.0      0.0
  SINCE SEP 1      0.0                       T      0.0      0.0
  SINCE JUL 1      0.0                       T      0.0      0.0
  SNOW DEPTH       0

DEGREE DAYS
 HEATING
  YESTERDAY        9                        21    -12       13
  MONTH TO DATE   32                        42    -10       40
  SINCE SEP 1    371                       721   -350      582
  SINCE JUL 1    404                       766   -362      596

 COOLING
  YESTERDAY        0                         0      0        0
  MONTH TO DATE    0                         0      0        0
  SINCE SEP 1     69                        31     38       68
  SINCE JAN 1    433                       359     74      553
..................................................................


WIND (MPH)
  RESULTANT WIND SPEED   9   RESULTANT WIND DIRECTION   S (180)
  HIGHEST WIND SPEED    17   HIGHEST WIND DIRECTION     S (190)
  HIGHEST GUST SPEED    24   HIGHEST GUST DIRECTION    SW (210)
  AVERAGE WIND SPEED     9.1


SKY COVER
  AVERAGE SKY COVER 0.9


WEATHER CONDITIONS
 THE FOLLOWING WEATHER WAS RECORDED YESTERDAY.
  LIGHT RAIN
  FOG


RELATIVE HUMIDITY (PERCENT)
 HIGHEST   100          1000 PM
 LOWEST     77           200 AM
 AVERAGE    89

..........................................................


THE PORTLAND ME CLIMATE NORMALS FOR TODAY
                         NORMAL    RECORD    YEAR
 MAXIMUM TEMPERATURE (F)   52        73      1990
 MINIMUM TEMPERATURE (F)   34        15      2002


SUNRISE AND SUNSET
NOVEMBER  3 2017......SUNRISE   720 AM EDT   SUNSET   529 PM EDT
NOVEMBER  4 2017......SUNRISE   721 AM EDT   SUNSET   528 PM EDT


-  INDICATES NEGATIVE NUMBERS.
R  INDICATES RECORD WAS SET OR TIED.
MM INDICATES DATA IS MISSING.
T  INDICATES TRACE AMOUNT.




$$
