000
CDUS41 KGYX 022041
CLIPWM


CLIMATE REPORT
NATIONAL WEATHER SERVICE GRAY ME
441 PM EDT SUN JUL 2 2017


...................................

...THE PORTLAND ME CLIMATE SUMMARY FOR JULY 2 2017...
VALID TODAY AS OF 0400 PM LOCAL TIME.

CLIMATE NORMAL PERIOD 1981 TO 2010
CLIMATE RECORD PERIOD 1941 TO 2017


WEATHER ITEM   OBSERVED TIME   RECORD YEAR NORMAL DEPARTURE LAST
                VALUE   (LST)  VALUE       VALUE  FROM      YEAR
                                                  NORMAL
..................................................................
TEMPERATURE (F)
 TODAY
  MAXIMUM         87    254 PM  98    1941  78      9       78
  MINIMUM         65    136 AM  41    1961  58      7       55
  AVERAGE         76                        68      8       67

PRECIPITATION (IN)
  TODAY            T             1.41 2009   0.11  -0.11      T
  MONTH TO DATE    T                         0.22  -0.22     0.07
  SINCE JUN 1      2.62                      4.01  -1.39     4.49
  SINCE JAN 1     26.66                     23.21   3.45    20.00

SNOWFALL (IN)
  TODAY            0.0           0.0  2002   0.0    0.0      0.0
                                      2001
                                      2000
  MONTH TO DATE    0.0                       0.0    0.0      0.0
  SINCE JUN 1      0.0                       0.0    0.0      0.0
  SINCE JUL 1      0.0                       0.0    0.0      0.0
  SNOW DEPTH       0

DEGREE DAYS
 HEATING
  TODAY            0                         1     -1        0
  MONTH TO DATE    0                         2     -2        0
  SINCE JUN 1     85                       108    -23       66
  SINCE JUL 1      0                         2     -2        0

 COOLING
  TODAY           11                         4      7        2
  MONTH TO DATE   18                         8     10        6
  SINCE JUN 1    110                        65     45       38
  SINCE JAN 1    127                        72     55       54
..................................................................


WIND (MPH)
  HIGHEST WIND SPEED    21   HIGHEST WIND DIRECTION     W (280)
  HIGHEST GUST SPEED    28   HIGHEST GUST DIRECTION     W (290)
  AVERAGE WIND SPEED     9.3


SKY COVER
  POSSIBLE SUNSHINE  MM
  AVERAGE SKY COVER 0.3


WEATHER CONDITIONS
 THE FOLLOWING WEATHER WAS RECORDED TODAY.
  LIGHT RAIN
  FOG


RELATIVE HUMIDITY (PERCENT)
 HIGHEST   100           500 AM
 LOWEST     36           300 PM
 AVERAGE    68

..........................................................


THE PORTLAND ME CLIMATE NORMALS FOR TOMORROW
                         NORMAL    RECORD    YEAR
 MAXIMUM TEMPERATURE (F)   78        95      2002
                                             1949
 MINIMUM TEMPERATURE (F)   58        40      1962


SUNRISE AND SUNSET
JULY  2 2017..........SUNRISE   504 AM EDT   SUNSET   826 PM EDT
JULY  3 2017..........SUNRISE   505 AM EDT   SUNSET   826 PM EDT


-  INDICATES NEGATIVE NUMBERS.
R  INDICATES RECORD WAS SET OR TIED.
MM INDICATES DATA IS MISSING.
T  INDICATES TRACE AMOUNT.




$$
