000
CDUS41 KGYX 190808
CLIPWM


CLIMATE REPORT
NATIONAL WEATHER SERVICE GRAY ME
408 AM EDT SUN JUL 19 2015


...................................

...THE PORTLAND ME CLIMATE SUMMARY FOR JULY 18 2015...

CLIMATE NORMAL PERIOD 1981 TO 2010
CLIMATE RECORD PERIOD 1941 TO 2015


WEATHER ITEM   OBSERVED TIME   RECORD YEAR NORMAL DEPARTURE LAST
                VALUE   (LST)  VALUE       VALUE  FROM      YEAR
                                                  NORMAL
..................................................................
TEMPERATURE (F)
 YESTERDAY
  MAXIMUM         70    351 PM  95    1982  79     -9       79
  MINIMUM         63    557 AM  44    1946  60      3       55
  AVERAGE         67                        70     -3       67

PRECIPITATION (IN)
  YESTERDAY        0.10          1.12 2008   0.12  -0.02     0.00
  MONTH TO DATE    0.42                      2.09  -1.67     4.14
  SINCE JUN 1      6.82                      5.88   0.94     8.44
  SINCE JAN 1     23.43                     25.08  -1.65    27.66

SNOWFALL (IN)
  YESTERDAY        0.0           0.0  2002   0.0    0.0      0.0
                                      2001
                                      2000
  MONTH TO DATE    0.0                       0.0    0.0      0.0
  SINCE JUN 1      0.0                       0.0    0.0      0.0
  SINCE JUL 1      0.0                       0.0    0.0      0.0
  SNOW DEPTH       0

DEGREE DAYS
 HEATING
  YESTERDAY        0                         0      0        0
  MONTH TO DATE    6                        12     -6        0
  SINCE JUN 1    150                       118     32       77
  SINCE JUL 1      6                        12     -6        0

 COOLING
  YESTERDAY        2                         5     -3        2
  MONTH TO DATE   71                        80     -9      117
  SINCE JUN 1    114                       137    -23      173
  SINCE JAN 1    154                       144     10      173
..................................................................


WIND (MPH)
  RESULTANT WIND SPEED   7   RESULTANT WIND DIRECTION   S (180)
  HIGHEST WIND SPEED    15   HIGHEST WIND DIRECTION     S (190)
  HIGHEST GUST SPEED    21   HIGHEST GUST DIRECTION     S (170)
  AVERAGE WIND SPEED     6.9


SKY COVER
  AVERAGE SKY COVER 1.0


WEATHER CONDITIONS
 THE FOLLOWING WEATHER WAS RECORDED YESTERDAY.
  LIGHT RAIN
  FOG


RELATIVE HUMIDITY (PERCENT)
 HIGHEST    93           100 AM
 LOWEST     81           200 PM
 AVERAGE    87

..........................................................


THE PORTLAND ME CLIMATE NORMALS FOR TODAY
                         NORMAL    RECORD    YEAR
 MAXIMUM TEMPERATURE (F)   79        95      2013
 MINIMUM TEMPERATURE (F)   60        47      1956


SUNRISE AND SUNSET
JULY 19 2015..........SUNRISE   517 AM EDT   SUNSET   818 PM EDT
JULY 20 2015..........SUNRISE   518 AM EDT   SUNSET   817 PM EDT


-  INDICATES NEGATIVE NUMBERS.
R  INDICATES RECORD WAS SET OR TIED.
MM INDICATES DATA IS MISSING.
T  INDICATES TRACE AMOUNT.




$$
