000
CDUS41 KGYX 150835
CLIPWM


CLIMATE REPORT
NATIONAL WEATHER SERVICE GRAY ME
435 AM EDT FRI MAY 15 2015


...................................

...THE PORTLAND ME CLIMATE SUMMARY FOR MAY 14 2015...

CLIMATE NORMAL PERIOD 1981 TO 2010
CLIMATE RECORD PERIOD 1941 TO 2015


WEATHER ITEM   OBSERVED TIME   RECORD YEAR NORMAL DEPARTURE LAST
                VALUE   (LST)  VALUE       VALUE  FROM      YEAR
                                                  NORMAL
..................................................................
TEMPERATURE (F)
 YESTERDAY
  MAXIMUM         68    107 PM  81    1961  63      5       55
  MINIMUM         40    407 AM  28    1951  44     -4       45
  AVERAGE         54                        53      1       50

PRECIPITATION (IN)
  YESTERDAY        0.00          0.70 1893   0.12  -0.12     0.00
                                      1964
  MONTH TO DATE    0.74                      1.82  -1.08     1.39
  SINCE MAR 1      7.56                     10.38  -2.82     8.42
  SINCE JAN 1     15.04                     17.01  -1.97    16.74

SNOWFALL (IN)
  YESTERDAY        0.0           0.0  2002   0.0    0.0      0.0
                                      2001
                                      2000
  MONTH TO DATE    0.0                       0.1   -0.1       T
  SINCE MAR 1      5.3                      15.6  -10.3      4.9
  SINCE JUL 1     94.5                      62.0   32.5     83.4
  SNOW DEPTH       0

DEGREE DAYS
 HEATING
  YESTERDAY       11                        12     -1       15
  MONTH TO DATE  123                       193    -70      153
  SINCE MAR 1   1795                      1799     -4     1965
  SINCE JUL 1   6849                      6841      8     7204

 COOLING
  YESTERDAY        0                         0      0        0
  MONTH TO DATE    3                         0      3        0
  SINCE MAR 1      3                         0      3        0
  SINCE JAN 1      3                         0      3        0
..................................................................


WIND (MPH)
  RESULTANT WIND SPEED   3   RESULTANT WIND DIRECTION   W (270)
  HIGHEST WIND SPEED    18   HIGHEST WIND DIRECTION     S (200)
  HIGHEST GUST SPEED    23   HIGHEST GUST DIRECTION     S (180)
  AVERAGE WIND SPEED     8.1


SKY COVER
  AVERAGE SKY COVER 0.1


WEATHER CONDITIONS
 THE FOLLOWING WEATHER WAS RECORDED YESTERDAY.
  NO SIGNIFICANT WEATHER WAS OBSERVED.


RELATIVE HUMIDITY (PERCENT)
 HIGHEST    71          1100 PM
 LOWEST     22          1200 PM
 AVERAGE    47

..........................................................


THE PORTLAND ME CLIMATE NORMALS FOR TODAY
                         NORMAL    RECORD    YEAR
 MAXIMUM TEMPERATURE (F)   63        85      2004
 MINIMUM TEMPERATURE (F)   44        27      1947


SUNRISE AND SUNSET
MAY 15 2015...........SUNRISE   517 AM EDT   SUNSET   759 PM EDT
MAY 16 2015...........SUNRISE   515 AM EDT   SUNSET   800 PM EDT


-  INDICATES NEGATIVE NUMBERS.
R  INDICATES RECORD WAS SET OR TIED.
MM INDICATES DATA IS MISSING.
T  INDICATES TRACE AMOUNT.




$$
