766
CDUS41 KGYX 210903
CLIPWM


CLIMATE REPORT
NATIONAL WEATHER SERVICE GRAY ME
403 AM EST TUE FEB 21 2017


...................................

...THE PORTLAND ME CLIMATE SUMMARY FOR FEBRUARY 20 2017...

CLIMATE NORMAL PERIOD 1981 TO 2010
CLIMATE RECORD PERIOD 1941 TO 2017


WEATHER ITEM   OBSERVED TIME   RECORD YEAR NORMAL DEPARTURE LAST
                VALUE   (LST)  VALUE       VALUE  FROM      YEAR
                                                  NORMAL
..................................................................
TEMPERATURE (F)
 YESTERDAY
  MAXIMUM         42   1203 AM  61    1994  36      6       53
  MINIMUM         25   1105 PM -12    1966  18      7       29
  AVERAGE         34                        27      7       41

PRECIPITATION (IN)
  YESTERDAY        0.00          2.17 1934   0.11  -0.11     0.14
  MONTH TO DATE    4.13                      2.25   1.88     2.84
  SINCE DEC 1     13.09                      9.65   3.44    11.55
  SINCE JAN 1      7.78                      5.63   2.15     6.21

SNOWFALL (IN)
  YESTERDAY        0.0          14.5  1934   0.4   -0.4      0.3
  MONTH TO DATE   39.9                       8.7   31.2     19.6
  SINCE DEC 1     65.9                      41.1   24.8     40.1
  SINCE JUL 1     66.4                      43.0   23.4     40.1
  SNOW DEPTH      10

DEGREE DAYS
 HEATING
  YESTERDAY       31                        38     -7       24
  MONTH TO DATE  794                       809    -15      768
  SINCE DEC 1   3012                      3254   -242     2769
  SINCE JUL 1   4264                      4745   -481     4015

 COOLING
  YESTERDAY        0                         0      0        0
  MONTH TO DATE    0                         0      0        0
  SINCE DEC 1      0                         0      0        0
  SINCE JAN 1      0                         0      0        0
..................................................................


WIND (MPH)
  RESULTANT WIND SPEED  11   RESULTANT WIND DIRECTION   N (350)
  HIGHEST WIND SPEED    21   HIGHEST WIND DIRECTION     N (350)
  HIGHEST GUST SPEED    32   HIGHEST GUST DIRECTION     N (350)
  AVERAGE WIND SPEED    12.1


SKY COVER
  AVERAGE SKY COVER 0.3


WEATHER CONDITIONS
 THE FOLLOWING WEATHER WAS RECORDED YESTERDAY.
  NO SIGNIFICANT WEATHER WAS OBSERVED.


RELATIVE HUMIDITY (PERCENT)
 HIGHEST    65          1200 AM
 LOWEST     34           300 PM
 AVERAGE    50

..........................................................


THE PORTLAND ME CLIMATE NORMALS FOR TODAY
                         NORMAL    RECORD    YEAR
 MAXIMUM TEMPERATURE (F)   36        59      1953
 MINIMUM TEMPERATURE (F)   18        -9      1966


SUNRISE AND SUNSET
FEBRUARY 21 2017......SUNRISE   630 AM EST   SUNSET   520 PM EST
FEBRUARY 22 2017......SUNRISE   629 AM EST   SUNSET   521 PM EST


-  INDICATES NEGATIVE NUMBERS.
R  INDICATES RECORD WAS SET OR TIED.
MM INDICATES DATA IS MISSING.
T  INDICATES TRACE AMOUNT.




$$
