000
CDUS41 KGYX 090818
CLIPWM


CLIMATE REPORT
NATIONAL WEATHER SERVICE GRAY ME
418 AM EDT SUN APR 9 2017


...................................

...THE PORTLAND ME CLIMATE SUMMARY FOR APRIL 8 2017...

CLIMATE NORMAL PERIOD 1981 TO 2010
CLIMATE RECORD PERIOD 1941 TO 2017


WEATHER ITEM   OBSERVED TIME   RECORD YEAR NORMAL DEPARTURE LAST
                VALUE   (LST)  VALUE       VALUE  FROM      YEAR
                                                  NORMAL
..................................................................
TEMPERATURE (F)
 YESTERDAY
  MAXIMUM         49   1221 PM  67    1999  50     -1       55
  MINIMUM         37   1018 PM  19    1982  32      5       35
  AVERAGE         43                        41      2       45

PRECIPITATION (IN)
  YESTERDAY        0.00          1.09 1899   0.15  -0.15     0.00
  MONTH TO DATE    3.31                      1.17   2.14     0.70
  SINCE MAR 1      6.81                      5.41   1.40     5.07
  SINCE JAN 1     15.01                     12.04   2.97    12.61

SNOWFALL (IN)
  YESTERDAY        0.0           5.4  1894   0.2   -0.2      0.0
  MONTH TO DATE    7.9                       1.4    6.5      1.5
  SINCE MAR 1     29.1                      14.1   15.0      8.6
  SINCE JUL 1     95.3                      60.5   34.8     49.6
  SNOW DEPTH       0

DEGREE DAYS
 HEATING
  YESTERDAY       22                        24     -2       20
  MONTH TO DATE  200                       199      1      220
  SINCE MAR 1   1314                      1175    139     1056
  SINCE JUL 1   5792                      6217   -425     5347

 COOLING
  YESTERDAY        0                         0      0        0
  MONTH TO DATE    0                         0      0        0
  SINCE MAR 1      0                         0      0        0
  SINCE JAN 1      0                         0      0        0
..................................................................


WIND (MPH)
  RESULTANT WIND SPEED  11   RESULTANT WIND DIRECTION   W (290)
  HIGHEST WIND SPEED    22   HIGHEST WIND DIRECTION    NW (300)
  HIGHEST GUST SPEED    30   HIGHEST GUST DIRECTION    NW (310)
  AVERAGE WIND SPEED    11.9


SKY COVER
  AVERAGE SKY COVER 0.9


WEATHER CONDITIONS
 THE FOLLOWING WEATHER WAS RECORDED YESTERDAY.
  NO SIGNIFICANT WEATHER WAS OBSERVED.


RELATIVE HUMIDITY (PERCENT)
 HIGHEST    76          1200 AM
 LOWEST     42          1200 PM
 AVERAGE    59

..........................................................


THE PORTLAND ME CLIMATE NORMALS FOR TODAY
                         NORMAL    RECORD    YEAR
 MAXIMUM TEMPERATURE (F)   51        64      1945
 MINIMUM TEMPERATURE (F)   33        18      1977


SUNRISE AND SUNSET
APRIL  9 2017.........SUNRISE   608 AM EDT   SUNSET   718 PM EDT
APRIL 10 2017.........SUNRISE   607 AM EDT   SUNSET   719 PM EDT


-  INDICATES NEGATIVE NUMBERS.
R  INDICATES RECORD WAS SET OR TIED.
MM INDICATES DATA IS MISSING.
T  INDICATES TRACE AMOUNT.




$$
