000
CDUS41 KGYX 030818
CLIPWM


CLIMATE REPORT
NATIONAL WEATHER SERVICE GRAY ME
418 AM EDT THU JUL 3 2014


...................................

...THE PORTLAND ME CLIMATE SUMMARY FOR JULY 2 2014...

CLIMATE NORMAL PERIOD 1981 TO 2010
CLIMATE RECORD PERIOD 1941 TO 2014


WEATHER ITEM   OBSERVED TIME   RECORD YEAR NORMAL DEPARTURE LAST
                VALUE   (LST)  VALUE       VALUE  FROM      YEAR
                                                  NORMAL
..................................................................
TEMPERATURE (F)
 YESTERDAY
  MAXIMUM         84    241 PM  98    1941  78      6       66
  MINIMUM         67   1158 PM  41    1961  58      9       56
  AVERAGE         76                        68      8       61

PRECIPITATION (IN)
  YESTERDAY        0.56          1.41 2009   0.11   0.45     0.07
  MONTH TO DATE    0.56                      0.22   0.34     1.24
  SINCE JUN 1      4.86                      4.01   0.85     8.56
  SINCE JAN 1     24.08                     23.21   0.87    24.36

SNOWFALL (IN)
  YESTERDAY        0.0           0.0  2002   0.0    0.0      0.0
                                      2001
                                      2000
  MONTH TO DATE    0.0                       0.0    0.0      0.0
  SINCE JUN 1      0.0                       0.0    0.0      0.0
  SINCE JUL 1      0.0                       0.0    0.0      0.0
  SNOW DEPTH       0

DEGREE DAYS
 HEATING
  YESTERDAY        0                         1     -1        4
  MONTH TO DATE    0                         2     -2        4
  SINCE JUN 1     77                       108    -31       85
  SINCE JUL 1      0                         2     -2        4

 COOLING
  YESTERDAY       11                         4      7        0
  MONTH TO DATE   22                         8     14        6
  SINCE JUN 1     78                        65     13       89
  SINCE JAN 1     78                        72      6      104
..................................................................


WIND (MPH)
  RESULTANT WIND SPEED   7   RESULTANT WIND DIRECTION   S (190)
  HIGHEST WIND SPEED    30   HIGHEST WIND DIRECTION     W (280)
  HIGHEST GUST SPEED    43   HIGHEST GUST DIRECTION     W (280)
  AVERAGE WIND SPEED     7.5


SKY COVER
  AVERAGE SKY COVER 0.5


WEATHER CONDITIONS
 THE FOLLOWING WEATHER WAS RECORDED YESTERDAY.
  THUNDERSTORM
  HEAVY RAIN
  RAIN
  LIGHT RAIN
  FOG


RELATIVE HUMIDITY (PERCENT)
 HIGHEST   100          1100 PM
 LOWEST     65          1100 AM
 AVERAGE    83

..........................................................


THE PORTLAND ME CLIMATE NORMALS FOR TODAY
                         NORMAL    RECORD    YEAR
 MAXIMUM TEMPERATURE (F)   78        95      2002
                                             1949
 MINIMUM TEMPERATURE (F)   58        40      1962


SUNRISE AND SUNSET
JULY  3 2014..........SUNRISE   505 AM EDT   SUNSET   826 PM EDT
JULY  4 2014..........SUNRISE   505 AM EDT   SUNSET   826 PM EDT


-  INDICATES NEGATIVE NUMBERS.
R  INDICATES RECORD WAS SET OR TIED.
MM INDICATES DATA IS MISSING.
T  INDICATES TRACE AMOUNT.




$$
