000
CDUS41 KGYX 040850
CLIPWM


CLIMATE REPORT
NATIONAL WEATHER SERVICE GRAY ME
350 AM EST THU FEB 4 2016


...................................

...THE PORTLAND ME CLIMATE SUMMARY FOR FEBRUARY 3 2016...

CLIMATE NORMAL PERIOD 1981 TO 2010
CLIMATE RECORD PERIOD 1941 TO 2016


WEATHER ITEM   OBSERVED TIME   RECORD YEAR NORMAL DEPARTURE LAST
                VALUE   (LST)  VALUE       VALUE  FROM      YEAR
                                                  NORMAL
..................................................................
TEMPERATURE (F)
 YESTERDAY
  MAXIMUM         50    811 PM  59    1991  32     18       20
  MINIMUM         31    711 AM -25    1971  14     17        0
  AVERAGE         41                        23     18       10

PRECIPITATION (IN)
  YESTERDAY        0.79          1.62 1880   0.10   0.69     0.00
  MONTH TO DATE    0.79                      0.32   0.47     0.89
  SINCE DEC 1      9.50                      7.72   1.78    11.83
  SINCE JAN 1      4.16                      3.70   0.46     5.56

SNOWFALL (IN)
  YESTERDAY        T             9.3  1969   0.4   -0.4      0.0
  MONTH TO DATE    T                         1.4   -1.4      9.1
  SINCE DEC 1     20.5                      33.8  -13.3     53.4
  SINCE JUL 1     20.5                      35.7  -15.2     63.7
  SNOW DEPTH       T

DEGREE DAYS
 HEATING
  YESTERDAY       24                        42    -18       55
  MONTH TO DATE   72                       126    -54      164
  SINCE DEC 1   2073                      2571   -498     2480
  SINCE JUL 1   3319                      4062   -743     3791

 COOLING
  YESTERDAY        0                         0      0        0
  MONTH TO DATE    0                         0      0        0
  SINCE DEC 1      0                         0      0        0
  SINCE JAN 1      0                         0      0        0
..................................................................


WIND (MPH)
  RESULTANT WIND SPEED   3   RESULTANT WIND DIRECTION   S (180)
  HIGHEST WIND SPEED    22   HIGHEST WIND DIRECTION     S (200)
  HIGHEST GUST SPEED    31   HIGHEST GUST DIRECTION     S (190)
  AVERAGE WIND SPEED     8.9


SKY COVER
  AVERAGE SKY COVER 0.8


WEATHER CONDITIONS
 THE FOLLOWING WEATHER WAS RECORDED YESTERDAY.
  RAIN
  LIGHT RAIN
  SLEET
  FOG


RELATIVE HUMIDITY (PERCENT)
 HIGHEST   100           300 PM
 LOWEST     61          1200 AM
 AVERAGE    81

..........................................................


THE PORTLAND ME CLIMATE NORMALS FOR TODAY
                         NORMAL    RECORD    YEAR
 MAXIMUM TEMPERATURE (F)   32        50      1991
 MINIMUM TEMPERATURE (F)   14       -19      1971


SUNRISE AND SUNSET
FEBRUARY  4 2016......SUNRISE   655 AM EST   SUNSET   456 PM EST
FEBRUARY  5 2016......SUNRISE   654 AM EST   SUNSET   457 PM EST


-  INDICATES NEGATIVE NUMBERS.
R  INDICATES RECORD WAS SET OR TIED.
MM INDICATES DATA IS MISSING.
T  INDICATES TRACE AMOUNT.




$$
