000
CDUS41 KGYX 132048
CLIPWM


CLIMATE REPORT
NATIONAL WEATHER SERVICE GRAY ME
448 PM EDT WED APR 13 2016


...................................

...THE PORTLAND ME CLIMATE SUMMARY FOR APRIL 13 2016...
VALID TODAY AS OF 0400 PM LOCAL TIME.

CLIMATE NORMAL PERIOD 1981 TO 2010
CLIMATE RECORD PERIOD 1941 TO 2016


WEATHER ITEM   OBSERVED TIME   RECORD YEAR NORMAL DEPARTURE LAST
                VALUE   (LST)  VALUE       VALUE  FROM      YEAR
                                                  NORMAL
..................................................................
TEMPERATURE (F)
 TODAY
  MAXIMUM         54    245 PM  74    1968  52      2       66
  MINIMUM         28    438 AM  21    1976  34     -6       33
  AVERAGE         41                        43     -2       50

PRECIPITATION (IN)
  TODAY            0.00          2.32 1933   0.15  -0.15     0.00
  MONTH TO DATE    0.96                      1.92  -0.96     1.02
  SINCE MAR 1      5.33                      6.16  -0.83     2.81
  SINCE JAN 1     12.87                     12.79   0.08    10.29

SNOWFALL (IN)
  TODAY            0.0          11.4  1933   0.2   -0.2      0.0
  MONTH TO DATE    1.5                       2.0   -0.5      2.9
  SINCE MAR 1      8.6                      14.7   -6.1      5.3
  SINCE JUL 1     49.6                      61.1  -11.5     94.5
  SNOW DEPTH       0

DEGREE DAYS
 HEATING
  TODAY           24                        22      2       15
  MONTH TO DATE  347                       312     35      328
  SINCE MAR 1   1183                      1288   -105     1398
  SINCE JUL 1   5474                      6330   -856     6452

 COOLING
  TODAY            0                         0      0        0
  MONTH TO DATE    0                         0      0        0
  SINCE MAR 1      0                         0      0        0
  SINCE JAN 1      0                         0      0        0
..................................................................


WIND (MPH)
  HIGHEST WIND SPEED    16   HIGHEST WIND DIRECTION     N (360)
  HIGHEST GUST SPEED    22   HIGHEST GUST DIRECTION     N (340)
  AVERAGE WIND SPEED     6.2


SKY COVER
  POSSIBLE SUNSHINE  MM
  AVERAGE SKY COVER 0.1


WEATHER CONDITIONS
 THE FOLLOWING WEATHER WAS RECORDED TODAY.
  NO SIGNIFICANT WEATHER WAS OBSERVED.


RELATIVE HUMIDITY (PERCENT)
 HIGHEST    85           100 AM
 LOWEST     28           300 PM
 AVERAGE    57

..........................................................


THE PORTLAND ME CLIMATE NORMALS FOR TOMORROW
                         NORMAL    RECORD    YEAR
 MAXIMUM TEMPERATURE (F)   53        77      1941
 MINIMUM TEMPERATURE (F)   34        21      1992


SUNRISE AND SUNSET
APRIL 13 2016.........SUNRISE   601 AM EDT   SUNSET   723 PM EDT
APRIL 14 2016.........SUNRISE   559 AM EDT   SUNSET   724 PM EDT


-  INDICATES NEGATIVE NUMBERS.
R  INDICATES RECORD WAS SET OR TIED.
MM INDICATES DATA IS MISSING.
T  INDICATES TRACE AMOUNT.




$$
