000
CDUS41 KGYX 280903
CLIPWM


CLIMATE REPORT
NATIONAL WEATHER SERVICE GRAY ME
403 AM EST TUE NOV 28 2017


...................................

...THE PORTLAND ME CLIMATE SUMMARY FOR NOVEMBER 27 2017...

CLIMATE NORMAL PERIOD 1981 TO 2010
CLIMATE RECORD PERIOD 1941 TO 2017


WEATHER ITEM   OBSERVED TIME   RECORD YEAR NORMAL DEPARTURE LAST
                VALUE   (LST)  VALUE       VALUE  FROM      YEAR
                                                  NORMAL
..................................................................
TEMPERATURE (F)
 YESTERDAY
  MAXIMUM         43   1250 PM  61    2015  44     -1       41
                                      1976
  MINIMUM         20   1159 PM   6    1957  28     -8       28
  AVERAGE         32                        36     -4       35

PRECIPITATION (IN)
  YESTERDAY        0.00          2.48 2013   0.15  -0.15      T
  MONTH TO DATE    2.10                      4.48  -2.38     2.66
  SINCE SEP 1      9.47                     13.04  -3.57    11.88
  SINCE JAN 1     40.17                     42.78  -2.61    35.41

SNOWFALL (IN)
  YESTERDAY        0.0          11.2  1898   0.1   -0.1      0.0
  MONTH TO DATE    0.1                       1.5   -1.4      0.5
  SINCE SEP 1      0.1                       1.5   -1.4      0.5
  SINCE JUL 1      0.1                       1.5   -1.4      0.5
  SNOW DEPTH       0

DEGREE DAYS
 HEATING
  YESTERDAY       33                        29      4       30
  MONTH TO DATE  705                       677     28      610
  SINCE SEP 1   1044                      1356   -312     1152
  SINCE JUL 1   1077                      1401   -324     1166

 COOLING
  YESTERDAY        0                         0      0        0
  MONTH TO DATE    0                         0      0        0
  SINCE SEP 1     69                        31     38       68
  SINCE JAN 1    433                       359     74      553
..................................................................


WIND (MPH)
  RESULTANT WIND SPEED   4   RESULTANT WIND DIRECTION   W (270)
  HIGHEST WIND SPEED    21   HIGHEST WIND DIRECTION     W (280)
  HIGHEST GUST SPEED    31   HIGHEST GUST DIRECTION     W (290)
  AVERAGE WIND SPEED     9.2


SKY COVER
  AVERAGE SKY COVER 0.6


WEATHER CONDITIONS
 THE FOLLOWING WEATHER WAS RECORDED YESTERDAY.
  NO SIGNIFICANT WEATHER WAS OBSERVED.


RELATIVE HUMIDITY (PERCENT)
 HIGHEST    72           200 AM
 LOWEST     39           100 PM
 AVERAGE    56

..........................................................


THE PORTLAND ME CLIMATE NORMALS FOR TODAY
                         NORMAL    RECORD    YEAR
 MAXIMUM TEMPERATURE (F)   44        64      1990
 MINIMUM TEMPERATURE (F)   27         6      1940


SUNRISE AND SUNSET
NOVEMBER 28 2017......SUNRISE   652 AM EST   SUNSET   407 PM EST
NOVEMBER 29 2017......SUNRISE   653 AM EST   SUNSET   406 PM EST


-  INDICATES NEGATIVE NUMBERS.
R  INDICATES RECORD WAS SET OR TIED.
MM INDICATES DATA IS MISSING.
T  INDICATES TRACE AMOUNT.




$$
