139
CDUS41 KGYX 132201
CLIPWM


CLIMATE REPORT
NATIONAL WEATHER SERVICE GRAY ME
501 PM EST FRI JAN 13 2017


...................................

...THE PORTLAND ME CLIMATE SUMMARY FOR JANUARY 13 2017...
VALID TODAY AS OF 0500 PM LOCAL TIME.

CLIMATE NORMAL PERIOD 1981 TO 2010
CLIMATE RECORD PERIOD 1941 TO 2017


WEATHER ITEM   OBSERVED TIME   RECORD YEAR NORMAL DEPARTURE LAST
                VALUE   (LST)  VALUE       VALUE  FROM      YEAR
                                                  NORMAL
..................................................................
TEMPERATURE (F)
 TODAY
  MAXIMUM         52R   234 AM  48    1972  31     21       27
                                      1995
  MINIMUM         35    259 PM -15    1971  13     22       16
  AVERAGE         44                        22     22       22

PRECIPITATION (IN)
  TODAY            0.00          1.22 1979   0.11  -0.11     0.01
  MONTH TO DATE    1.82                      1.44   0.38     2.70
  SINCE DEC 1      7.13                      5.46   1.67     8.04
  SINCE JAN 1      1.82                      1.44   0.38     2.70

SNOWFALL (IN)
  TODAY            0.0           8.2  1979   0.7   -0.7      0.6
  MONTH TO DATE    1.1                       8.2   -7.1      7.2
  SINCE DEC 1     20.0                      21.4   -1.4     14.5
  SINCE JUL 1     20.5                      23.3   -2.8     14.5
  SNOW DEPTH       T

DEGREE DAYS
 HEATING
  TODAY           21                        43    -22       43
  MONTH TO DATE  463                       549    -86      466
  SINCE DEC 1   1598                      1670    -72     1297
  SINCE JUL 1   2850                      3161   -311     2543

 COOLING
  TODAY            0                         0      0        0
  MONTH TO DATE    0                         0      0        0
  SINCE DEC 1      0                         0      0        0
  SINCE JAN 1      0                         0      0        0
..................................................................


WIND (MPH)
  HIGHEST WIND SPEED    28   HIGHEST WIND DIRECTION    NW (330)
  HIGHEST GUST SPEED    38   HIGHEST GUST DIRECTION    NW (330)
  AVERAGE WIND SPEED    13.2


SKY COVER
  POSSIBLE SUNSHINE  MM
  AVERAGE SKY COVER 0.2


WEATHER CONDITIONS
 THE FOLLOWING WEATHER WAS RECORDED TODAY.
  NO SIGNIFICANT WEATHER WAS OBSERVED.


RELATIVE HUMIDITY (PERCENT)
 HIGHEST    93           100 AM
 LOWEST     29           400 PM
 AVERAGE    61

..........................................................


THE PORTLAND ME CLIMATE NORMALS FOR TOMORROW
                         NORMAL    RECORD    YEAR
 MAXIMUM TEMPERATURE (F)   31        59      2013
 MINIMUM TEMPERATURE (F)   13       -16      1954
                                             1957


SUNRISE AND SUNSET
JANUARY 13 2017.......SUNRISE   712 AM EST   SUNSET   428 PM EST
JANUARY 14 2017.......SUNRISE   712 AM EST   SUNSET   429 PM EST


-  INDICATES NEGATIVE NUMBERS.
R  INDICATES RECORD WAS SET OR TIED.
MM INDICATES DATA IS MISSING.
T  INDICATES TRACE AMOUNT.




$$
