000
CDUS41 KGYX 110844
CLIPWM


CLIMATE REPORT
NATIONAL WEATHER SERVICE GRAY ME
444 AM EDT TUE APR 11 2017


...................................

...THE PORTLAND ME CLIMATE SUMMARY FOR APRIL 10 2017...

CLIMATE NORMAL PERIOD 1981 TO 2010
CLIMATE RECORD PERIOD 1941 TO 2017


WEATHER ITEM   OBSERVED TIME   RECORD YEAR NORMAL DEPARTURE LAST
                VALUE   (LST)  VALUE       VALUE  FROM      YEAR
                                                  NORMAL
..................................................................
TEMPERATURE (F)
 YESTERDAY
  MAXIMUM         66        MM  73    1955  51     15       47
  MINIMUM         33        MM  17    1977  33      0       27
  AVERAGE         50                        42      8       37

PRECIPITATION (IN)
  YESTERDAY        0.00          2.88 1980   0.15  -0.15     0.00
  MONTH TO DATE    3.31                      1.47   1.84     0.70
  SINCE MAR 1      6.81                      5.71   1.10     5.07
  SINCE JAN 1     15.01                     12.34   2.67    12.61

SNOWFALL (IN)
  YESTERDAY        0.0          15.0  1906   0.1   -0.1      0.0
  MONTH TO DATE    7.9                       1.6    6.3      1.5
  SINCE MAR 1     29.1                      14.3   14.8      8.6
  SINCE JUL 1     95.3                      60.7   34.6     49.6
  SNOW DEPTH       0

DEGREE DAYS
 HEATING
  YESTERDAY       15                        23     -8       28
  MONTH TO DATE  236                       245     -9      276
  SINCE MAR 1   1350                      1221    129     1112
  SINCE JUL 1   5828                      6263   -435     5403

 COOLING
  YESTERDAY        0                         0      0        0
  MONTH TO DATE    0                         0      0        0
  SINCE MAR 1      0                         0      0        0
  SINCE JAN 1      0                         0      0        0
..................................................................


WIND (MPH)
  RESULTANT WIND SPEED   6   RESULTANT WIND DIRECTION   S (180)
  HIGHEST WIND SPEED    14   HIGHEST WIND DIRECTION     S (190)
  HIGHEST GUST SPEED    22   HIGHEST GUST DIRECTION     S (180)
  AVERAGE WIND SPEED     6.1


SKY COVER
  AVERAGE SKY COVER 0.3


WEATHER CONDITIONS
 THE FOLLOWING WEATHER WAS RECORDED YESTERDAY.
  NO SIGNIFICANT WEATHER WAS OBSERVED.


RELATIVE HUMIDITY (PERCENT)
 HIGHEST    92           600 AM
 LOWEST     32           200 PM
 AVERAGE    62

..........................................................


THE PORTLAND ME CLIMATE NORMALS FOR TODAY
                         NORMAL    RECORD    YEAR
 MAXIMUM TEMPERATURE (F)   52        77      1947
 MINIMUM TEMPERATURE (F)   33        17      1948


SUNRISE AND SUNSET
APRIL 11 2017.........SUNRISE   605 AM EDT   SUNSET   720 PM EDT
APRIL 12 2017.........SUNRISE   603 AM EDT   SUNSET   721 PM EDT


-  INDICATES NEGATIVE NUMBERS.
R  INDICATES RECORD WAS SET OR TIED.
MM INDICATES DATA IS MISSING.
T  INDICATES TRACE AMOUNT.




$$
