000
CDUS41 KGYX 092048
CLIPWM


CLIMATE REPORT
NATIONAL WEATHER SERVICE GRAY ME
448 PM EDT SAT JUL 9 2016


...................................

...THE PORTLAND ME CLIMATE SUMMARY FOR JULY 9 2016...
VALID TODAY AS OF 0400 PM LOCAL TIME.

CLIMATE NORMAL PERIOD 1981 TO 2010
CLIMATE RECORD PERIOD 1941 TO 2016


WEATHER ITEM   OBSERVED TIME   RECORD YEAR NORMAL DEPARTURE LAST
                VALUE   (LST)  VALUE       VALUE  FROM      YEAR
                                                  NORMAL
..................................................................
TEMPERATURE (F)
 TODAY
  MAXIMUM         59    205 PM  92    1988  79    -20       72
  MINIMUM         57   1205 PM  46    1969  59     -2       58
  AVERAGE         58                        69    -11       65

PRECIPITATION (IN)
  TODAY            0.05          2.56 1884   0.12  -0.07      T
  MONTH TO DATE    0.13                      1.01  -0.88     0.30
  SINCE JUN 1      4.55                      4.80  -0.25     6.70
  SINCE JAN 1     20.06                     24.00  -3.94    23.31

SNOWFALL (IN)
  TODAY            0.0           0.0  2002   0.0    0.0      0.0
                                      2001
                                      2000
  MONTH TO DATE    0.0                       0.0    0.0      0.0
  SINCE JUN 1      0.0                       0.0    0.0      0.0
  SINCE JUL 1      0.0                       0.0    0.0      0.0
  SNOW DEPTH       0

DEGREE DAYS
 HEATING
  TODAY            7                         1      6        0
  MONTH TO DATE    8                         9     -1        4
  SINCE JUN 1     74                       115    -41      148
  SINCE JUL 1      8                         9     -1        4

 COOLING
  TODAY            0                         4     -4        0
  MONTH TO DATE   32                        36     -4       25
  SINCE JUN 1     64                        93    -29       68
  SINCE JAN 1     80                       100    -20      108
..................................................................


WIND (MPH)
  HIGHEST WIND SPEED    15   HIGHEST WIND DIRECTION     E (80)
  HIGHEST GUST SPEED    19   HIGHEST GUST DIRECTION     E (90)
  AVERAGE WIND SPEED     9.4


SKY COVER
  POSSIBLE SUNSHINE  MM
  AVERAGE SKY COVER 1.0


WEATHER CONDITIONS
 THE FOLLOWING WEATHER WAS RECORDED TODAY.
  LIGHT RAIN
  FOG


RELATIVE HUMIDITY (PERCENT)
 HIGHEST    93          1200 AM
 LOWEST     93          1200 AM
 AVERAGE    93

..........................................................


THE PORTLAND ME CLIMATE NORMALS FOR TOMORROW
                         NORMAL    RECORD    YEAR
 MAXIMUM TEMPERATURE (F)   79        98      1993
 MINIMUM TEMPERATURE (F)   59        44      1954


SUNRISE AND SUNSET
JULY  9 2016..........SUNRISE   509 AM EDT   SUNSET   824 PM EDT
JULY 10 2016..........SUNRISE   510 AM EDT   SUNSET   823 PM EDT


-  INDICATES NEGATIVE NUMBERS.
R  INDICATES RECORD WAS SET OR TIED.
MM INDICATES DATA IS MISSING.
T  INDICATES TRACE AMOUNT.




$$
