000
CDUS41 KGYX 180806
CLIPWM


CLIMATE REPORT
NATIONAL WEATHER SERVICE GRAY ME
406 AM EDT WED MAY 18 2016


...................................

...THE PORTLAND ME CLIMATE SUMMARY FOR MAY 17 2016...

CLIMATE NORMAL PERIOD 1981 TO 2010
CLIMATE RECORD PERIOD 1941 TO 2016


WEATHER ITEM   OBSERVED TIME   RECORD YEAR NORMAL DEPARTURE LAST
                VALUE   (LST)  VALUE       VALUE  FROM      YEAR
                                                  NORMAL
..................................................................
TEMPERATURE (F)
 YESTERDAY
  MAXIMUM         69    413 PM  90    1977  64      5       74
  MINIMUM         40    351 AM  27    1957  45     -5       48
  AVERAGE         55                        54      1       61

PRECIPITATION (IN)
  YESTERDAY        0.00          4.78 1916   0.12  -0.12     0.03
  MONTH TO DATE    1.76                      2.19  -0.43     0.77
  SINCE MAR 1      7.69                     10.75  -3.06     7.59
  SINCE JAN 1     15.23                     17.38  -2.15    15.07

SNOWFALL (IN)
  YESTERDAY        0.0           0.0  2002   0.0    0.0      0.0
                                      2001
                                      2000
  MONTH TO DATE    0.0                       0.1   -0.1      0.0
  SINCE MAR 1     10.8                      15.6   -4.8      5.3
  SINCE JUL 1     51.8                      62.0  -10.2     94.5
  SNOW DEPTH       0

DEGREE DAYS
 HEATING
  YESTERDAY       10                        11     -1        4
  MONTH TO DATE  248                       227     21      144
  SINCE MAR 1   1749                      1833    -84     1816
  SINCE JUL 1   6040                      6875   -835     6870

 COOLING
  YESTERDAY        0                         0      0        0
  MONTH TO DATE    0                         0      0        3
  SINCE MAR 1      0                         0      0        3
  SINCE JAN 1      0                         0      0        3
..................................................................


WIND (MPH)
  RESULTANT WIND SPEED   9   RESULTANT WIND DIRECTION   W (280)
  HIGHEST WIND SPEED    23   HIGHEST WIND DIRECTION    NW (300)
  HIGHEST GUST SPEED    29   HIGHEST GUST DIRECTION    NW (310)
  AVERAGE WIND SPEED    10.2


SKY COVER
  AVERAGE SKY COVER 0.5


WEATHER CONDITIONS
 THE FOLLOWING WEATHER WAS RECORDED YESTERDAY.
  NO SIGNIFICANT WEATHER WAS OBSERVED.


RELATIVE HUMIDITY (PERCENT)
 HIGHEST    64           400 AM
 LOWEST     23           400 PM
 AVERAGE    44

..........................................................


THE PORTLAND ME CLIMATE NORMALS FOR TODAY
                         NORMAL    RECORD    YEAR
 MAXIMUM TEMPERATURE (F)   64        82      1949
 MINIMUM TEMPERATURE (F)   45        31      1981


SUNRISE AND SUNSET
MAY 18 2016...........SUNRISE   513 AM EDT   SUNSET   803 PM EDT
MAY 19 2016...........SUNRISE   512 AM EDT   SUNSET   804 PM EDT


-  INDICATES NEGATIVE NUMBERS.
R  INDICATES RECORD WAS SET OR TIED.
MM INDICATES DATA IS MISSING.
T  INDICATES TRACE AMOUNT.




$$
