819
CDUS41 KGYX 092140
CLIPWM


CLIMATE REPORT
NATIONAL WEATHER SERVICE GRAY ME
440 PM EST THU NOV 9 2017


...................................

...THE PORTLAND ME CLIMATE SUMMARY FOR NOVEMBER 9 2017...
VALID TODAY AS OF 0400 PM LOCAL TIME.

CLIMATE NORMAL PERIOD 1981 TO 2010
CLIMATE RECORD PERIOD 1941 TO 2017


WEATHER ITEM   OBSERVED TIME   RECORD YEAR NORMAL DEPARTURE LAST
                VALUE   (LST)  VALUE       VALUE  FROM      YEAR
                                                  NORMAL
..................................................................
TEMPERATURE (F)
 TODAY
  MAXIMUM         45    206 PM  69    2006  50     -5       61
  MINIMUM         22    637 AM  14    1952  33    -11       37
  AVERAGE         34                        42     -8       49

PRECIPITATION (IN)
  TODAY            0.00          1.53 1977   0.16  -0.16      T
  MONTH TO DATE    0.35                      1.53  -1.18     0.80
  SINCE SEP 1      7.72                     10.09  -2.37    10.02
  SINCE JAN 1     38.42                     39.83  -1.41    33.55

SNOWFALL (IN)
  TODAY            0.0           1.8  1921   0.0    0.0      0.0
  MONTH TO DATE    T                         0.2   -0.2      0.0
  SINCE SEP 1      T                         0.2   -0.2      0.0
  SINCE JUL 1      T                         0.2   -0.2      0.0
  SNOW DEPTH       0

DEGREE DAYS
 HEATING
  TODAY           31                        23      8       16
  MONTH TO DATE  173                       200    -27      190
  SINCE SEP 1    512                       879   -367      732
  SINCE JUL 1    545                       924   -379      746

 COOLING
  TODAY            0                         0      0        0
  MONTH TO DATE    0                         0      0        0
  SINCE SEP 1     69                        31     38       68
  SINCE JAN 1    433                       359     74      553
..................................................................


WIND (MPH)
  HIGHEST WIND SPEED    16   HIGHEST WIND DIRECTION    SE (140)
  HIGHEST GUST SPEED    22   HIGHEST GUST DIRECTION    SE (150)
  AVERAGE WIND SPEED     6.1


SKY COVER
  POSSIBLE SUNSHINE  MM
  AVERAGE SKY COVER 0.2


WEATHER CONDITIONS
 THE FOLLOWING WEATHER WAS RECORDED TODAY.
  NO SIGNIFICANT WEATHER WAS OBSERVED.


RELATIVE HUMIDITY (PERCENT)
 HIGHEST    88          1200 AM
 LOWEST     45          1100 AM
 AVERAGE    67

..........................................................


THE PORTLAND ME CLIMATE NORMALS FOR TOMORROW
                         NORMAL    RECORD    YEAR
 MAXIMUM TEMPERATURE (F)   50        64      2009
 MINIMUM TEMPERATURE (F)   33        15      1995


SUNRISE AND SUNSET
NOVEMBER  9 2017......SUNRISE   628 AM EST   SUNSET   422 PM EST
NOVEMBER 10 2017......SUNRISE   629 AM EST   SUNSET   421 PM EST


-  INDICATES NEGATIVE NUMBERS.
R  INDICATES RECORD WAS SET OR TIED.
MM INDICATES DATA IS MISSING.
T  INDICATES TRACE AMOUNT.




$$
