000
CDUS41 KGYX 160820
CLIPWM


CLIMATE REPORT
NATIONAL WEATHER SERVICE GRAY ME
420 AM EDT THU OCT 16 2014


...................................

...THE PORTLAND ME CLIMATE SUMMARY FOR OCTOBER 15 2014...

CLIMATE NORMAL PERIOD 1981 TO 2010
CLIMATE RECORD PERIOD 1941 TO 2014


WEATHER ITEM   OBSERVED TIME   RECORD YEAR NORMAL DEPARTURE LAST
                VALUE   (LST)  VALUE       VALUE  FROM      YEAR
                                                  NORMAL
..................................................................
TEMPERATURE (F)
 YESTERDAY
  MAXIMUM         76R  1240 PM  76    1963  59     17       63
  MINIMUM         62    708 AM  24    1980  39     23       51
  AVERAGE         69                        49     20       57

PRECIPITATION (IN)
  YESTERDAY        0.00          3.51 2010   0.16  -0.16     0.00
  MONTH TO DATE    0.35                      2.30  -1.95     0.51
  SINCE SEP 1      1.22                      5.99  -4.77     7.23
  SINCE JAN 1     39.42                     35.73   3.69    35.45

SNOWFALL (IN)
  YESTERDAY        0.0           0.8  1961   0.0    0.0      0.0
  MONTH TO DATE    0.0                       0.0    0.0      0.0
  SINCE SEP 1      0.0                       0.0    0.0      0.0
  SINCE JUL 1      0.0                       0.0    0.0      0.0
  SNOW DEPTH       0

DEGREE DAYS
 HEATING
  YESTERDAY        0                        16    -16        8
  MONTH TO DATE  132                       204    -72      151
  SINCE SEP 1    318                       380    -62      337
  SINCE JUL 1    342                       425    -83      355

 COOLING
  YESTERDAY        4                         0      4        0
  MONTH TO DATE    5                         0      5        0
  SINCE SEP 1     50                        30     20       37
  SINCE JAN 1    348                       358    -10      454
..................................................................


WIND (MPH)
  RESULTANT WIND SPEED   7   RESULTANT WIND DIRECTION   S (180)
  HIGHEST WIND SPEED    14   HIGHEST WIND DIRECTION    SE (150)
  HIGHEST GUST SPEED    18   HIGHEST GUST DIRECTION     S (180)
  AVERAGE WIND SPEED     6.8


SKY COVER
  AVERAGE SKY COVER 0.7


WEATHER CONDITIONS
 THE FOLLOWING WEATHER WAS RECORDED YESTERDAY.
  FOG


RELATIVE HUMIDITY (PERCENT)
 HIGHEST    93          1200 AM
 LOWEST     73          1100 AM
 AVERAGE    83

..........................................................


THE PORTLAND ME CLIMATE NORMALS FOR TODAY
                         NORMAL    RECORD    YEAR
 MAXIMUM TEMPERATURE (F)   59        84      1963
 MINIMUM TEMPERATURE (F)   39        25      1950


SUNRISE AND SUNSET
OCTOBER 16 2014.......SUNRISE   657 AM EDT   SUNSET   556 PM EDT
OCTOBER 17 2014.......SUNRISE   658 AM EDT   SUNSET   555 PM EDT


-  INDICATES NEGATIVE NUMBERS.
R  INDICATES RECORD WAS SET OR TIED.
MM INDICATES DATA IS MISSING.
T  INDICATES TRACE AMOUNT.




$$
