000
CDUS41 KGYX 080803
CLIPWM


CLIMATE REPORT
NATIONAL WEATHER SERVICE GRAY ME
403 AM EDT MON SEP 8 2014


...................................

...THE PORTLAND ME CLIMATE SUMMARY FOR SEPTEMBER 7 2014...

CLIMATE NORMAL PERIOD 1981 TO 2010
CLIMATE RECORD PERIOD 1941 TO 2014


WEATHER ITEM   OBSERVED TIME   RECORD YEAR NORMAL DEPARTURE LAST
                VALUE   (LST)  VALUE       VALUE  FROM      YEAR
                                                  NORMAL
..................................................................
TEMPERATURE (F)
 YESTERDAY
  MAXIMUM         75    251 PM  95    1945  73      2       79
  MINIMUM         56   1156 PM  33    1962  54      2       48
  AVERAGE         66                        63      3       64

PRECIPITATION (IN)
  YESTERDAY        0.07          1.73 2008   0.10  -0.03      T
  MONTH TO DATE    0.30                      0.72  -0.42     2.67
  SINCE SEP 1      0.30                      0.72  -0.42     2.67
  SINCE JAN 1     38.50                     30.46   8.04    30.89

SNOWFALL (IN)
  YESTERDAY        0.0           0.0  2002   0.0    0.0      0.0
                                      2001
                                      2000
  MONTH TO DATE    0.0                       0.0    0.0      0.0
  SINCE SEP 1      0.0                       0.0    0.0      0.0
  SINCE JUL 1      0.0                       0.0    0.0      0.0
  SNOW DEPTH       0

DEGREE DAYS
 HEATING
  YESTERDAY        0                         3     -3        1
  MONTH TO DATE    0                        19    -19       17
  SINCE SEP 1      0                        19    -19       17
  SINCE JUL 1     24                        64    -40       35

 COOLING
  YESTERDAY        1                         2     -1        0
  MONTH TO DATE   42                        14     28       18
  SINCE SEP 1     42                        14     28       18
  SINCE JAN 1    340                       342     -2      435
..................................................................


WIND (MPH)
  RESULTANT WIND SPEED   1   RESULTANT WIND DIRECTION  NW (330)
  HIGHEST WIND SPEED    14   HIGHEST WIND DIRECTION    NW (310)
  HIGHEST GUST SPEED    19   HIGHEST GUST DIRECTION     N (350)
  AVERAGE WIND SPEED     4.3


SKY COVER
  AVERAGE SKY COVER 0.3


WEATHER CONDITIONS
 THE FOLLOWING WEATHER WAS RECORDED YESTERDAY.
  LIGHT RAIN
  FOG


RELATIVE HUMIDITY (PERCENT)
 HIGHEST    93           100 AM
 LOWEST     38           100 PM
 AVERAGE    66

..........................................................


THE PORTLAND ME CLIMATE NORMALS FOR TODAY
                         NORMAL    RECORD    YEAR
 MAXIMUM TEMPERATURE (F)   73        93      1960
 MINIMUM TEMPERATURE (F)   53        34      1955


SUNRISE AND SUNSET
SEPTEMBER  8 2014.....SUNRISE   613 AM EDT   SUNSET   704 PM EDT
SEPTEMBER  9 2014.....SUNRISE   614 AM EDT   SUNSET   703 PM EDT


-  INDICATES NEGATIVE NUMBERS.
R  INDICATES RECORD WAS SET OR TIED.
MM INDICATES DATA IS MISSING.
T  INDICATES TRACE AMOUNT.




$$
