000
CDUS41 KGYX 272141
CLIPWM


CLIMATE REPORT
NATIONAL WEATHER SERVICE GRAY ME
441 PM EST WED JAN 27 2016


...................................

...THE PORTLAND ME CLIMATE SUMMARY FOR JANUARY 27 2016...
VALID TODAY AS OF 0400 PM LOCAL TIME.

CLIMATE NORMAL PERIOD 1981 TO 2010
CLIMATE RECORD PERIOD 1941 TO 2016


WEATHER ITEM   OBSERVED TIME   RECORD YEAR NORMAL DEPARTURE LAST
                VALUE   (LST)  VALUE       VALUE  FROM      YEAR
                                                  NORMAL
..................................................................
TEMPERATURE (F)
 TODAY
  MAXIMUM         46    116 PM  57    1974  31     15       17
  MINIMUM         39    856 AM -18    1994  13     26       11
  AVERAGE         43                        22     21       14

PRECIPITATION (IN)
  TODAY            0.00          2.37 2015   0.10  -0.10     2.37
  MONTH TO DATE    3.36                      2.96   0.40     4.17
  SINCE DEC 1      8.70                      6.98   1.72    10.44
  SINCE JAN 1      3.36                      2.96   0.40     4.17

SNOWFALL (IN)
  TODAY            0.0          22.8  2015   0.5   -0.5     22.2
  MONTH TO DATE   13.2                      16.9   -3.7     33.5
  SINCE DEC 1     20.5                      30.1   -9.6     37.1
  SINCE JUL 1     20.5                      32.0  -11.5     47.4
  SNOW DEPTH       4

DEGREE DAYS
 HEATING
  TODAY           22                        43    -21       51
  MONTH TO DATE 1037                      1151   -114     1168
  SINCE DEC 1   1868                      2272   -404     2129
  SINCE JUL 1   3114                      3763   -649     3440

 COOLING
  TODAY            0                         0      0        0
  MONTH TO DATE    0                         0      0        0
  SINCE DEC 1      0                         0      0        0
  SINCE JAN 1      0                         0      0        0
..................................................................


WIND (MPH)
  HIGHEST WIND SPEED    20   HIGHEST WIND DIRECTION     W (260)
  HIGHEST GUST SPEED    27   HIGHEST GUST DIRECTION     W (280)
  AVERAGE WIND SPEED     9.5


SKY COVER
  POSSIBLE SUNSHINE  MM
  AVERAGE SKY COVER 0.6


WEATHER CONDITIONS
 THE FOLLOWING WEATHER WAS RECORDED TODAY.
  NO SIGNIFICANT WEATHER WAS OBSERVED.


RELATIVE HUMIDITY (PERCENT)
 HIGHEST    70          1200 AM
 LOWEST     40           200 PM
 AVERAGE    55

..........................................................


THE PORTLAND ME CLIMATE NORMALS FOR TOMORROW
                         NORMAL    RECORD    YEAR
 MAXIMUM TEMPERATURE (F)   31        52      2006
 MINIMUM TEMPERATURE (F)   13       -12      2003


SUNRISE AND SUNSET
JANUARY 27 2016.......SUNRISE   703 AM EST   SUNSET   445 PM EST
JANUARY 28 2016.......SUNRISE   702 AM EST   SUNSET   446 PM EST


-  INDICATES NEGATIVE NUMBERS.
R  INDICATES RECORD WAS SET OR TIED.
MM INDICATES DATA IS MISSING.
T  INDICATES TRACE AMOUNT.




$$
