000
CDUS41 KGYX 200904
CLIPWM


CLIMATE REPORT
NATIONAL WEATHER SERVICE GRAY ME
404 AM EST SUN NOV 20 2016


...................................

...THE PORTLAND ME CLIMATE SUMMARY FOR NOVEMBER 19 2016...

CLIMATE NORMAL PERIOD 1981 TO 2010
CLIMATE RECORD PERIOD 1941 TO 2016


WEATHER ITEM   OBSERVED TIME   RECORD YEAR NORMAL DEPARTURE LAST
                VALUE   (LST)  VALUE       VALUE  FROM      YEAR
                                                  NORMAL
..................................................................
TEMPERATURE (F)
 YESTERDAY
  MAXIMUM         57    139 PM  70    1953  47     10       53
  MINIMUM         40    705 AM   9    1956  30     10       30
  AVERAGE         49                        38     11       42

PRECIPITATION (IN)
  YESTERDAY        0.01          2.70 1926   0.17  -0.16     0.00
  MONTH TO DATE    2.09                      3.20  -1.11     0.34
  SINCE SEP 1     11.31                     11.76  -0.45     9.76
  SINCE JAN 1     34.84                     41.50  -6.66    36.52

SNOWFALL (IN)
  YESTERDAY        0.0           3.8  1901   0.1   -0.1      0.0
  MONTH TO DATE    0.0                       0.7   -0.7      0.0
  SINCE SEP 1      0.0                       0.7   -0.7      0.0
  SINCE JUL 1      0.0                       0.7   -0.7      0.0
  SNOW DEPTH       0

DEGREE DAYS
 HEATING
  YESTERDAY       16                        27    -11       23
  MONTH TO DATE  378                       452    -74      360
  SINCE SEP 1    920                      1131   -211      929
  SINCE JUL 1    934                      1176   -242      939

 COOLING
  YESTERDAY        0                         0      0        0
  MONTH TO DATE    0                         0      0        0
  SINCE SEP 1     68                        31     37       97
  SINCE JAN 1    553                       359    194      492
..................................................................


WIND (MPH)
  RESULTANT WIND SPEED   3   RESULTANT WIND DIRECTION  NE (40)
  HIGHEST WIND SPEED    12   HIGHEST WIND DIRECTION     N (20)
  HIGHEST GUST SPEED    15   HIGHEST GUST DIRECTION    NE (30)
  AVERAGE WIND SPEED     5.5


SKY COVER
  AVERAGE SKY COVER 0.3


WEATHER CONDITIONS
 THE FOLLOWING WEATHER WAS RECORDED YESTERDAY.
  LIGHT RAIN
  FOG


RELATIVE HUMIDITY (PERCENT)
 HIGHEST   100          1100 PM
 LOWEST     57           100 PM
 AVERAGE    79

..........................................................


THE PORTLAND ME CLIMATE NORMALS FOR TODAY
                         NORMAL    RECORD    YEAR
 MAXIMUM TEMPERATURE (F)   46        71      1991
 MINIMUM TEMPERATURE (F)   30        10      1980


SUNRISE AND SUNSET
NOVEMBER 20 2016......SUNRISE   642 AM EST   SUNSET   411 PM EST
NOVEMBER 21 2016......SUNRISE   644 AM EST   SUNSET   411 PM EST


-  INDICATES NEGATIVE NUMBERS.
R  INDICATES RECORD WAS SET OR TIED.
MM INDICATES DATA IS MISSING.
T  INDICATES TRACE AMOUNT.




$$
