000
CDUS41 KGYX 012041
CLIPWM


CLIMATE REPORT
NATIONAL WEATHER SERVICE GRAY ME
441 PM EDT TUE JUL 1 2014


...................................

...THE PORTLAND ME CLIMATE SUMMARY FOR JULY 1 2014...
VALID TODAY AS OF 0400 PM LOCAL TIME.

CLIMATE NORMAL PERIOD 1981 TO 2010
CLIMATE RECORD PERIOD 1941 TO 2014


WEATHER ITEM   OBSERVED TIME   RECORD YEAR NORMAL DEPARTURE LAST
                VALUE   (LST)  VALUE       VALUE  FROM      YEAR
                                                  NORMAL
..................................................................
TEMPERATURE (F)
 TODAY
  MAXIMUM         83   1218 PM  93    1971  77      6       78
  MINIMUM         68    453 AM  45    1943  58     10       64
  AVERAGE         76                        68      8       71

PRECIPITATION (IN)
  TODAY            0.00          2.38 1979   0.11  -0.11     1.17
  MONTH TO DATE    0.00                      0.11  -0.11     1.17
  SINCE JUN 1      4.30                      3.90   0.40     8.49
  SINCE JAN 1     23.52                     23.10   0.42    24.29

SNOWFALL (IN)
  TODAY            0.0           0.0  2002   0.0    0.0      0.0
                                      2001
                                      2000
  MONTH TO DATE    0.0                       0.0    0.0      0.0
  SINCE JUN 1      0.0                       0.0    0.0      0.0
  SINCE JUL 1      0.0                       0.0    0.0      0.0
  SNOW DEPTH       0

DEGREE DAYS
 HEATING
  TODAY            0                         1     -1        0
  MONTH TO DATE    0                         1     -1        0
  SINCE JUN 1     77                       107    -30       81
  SINCE JUL 1      0                         1     -1        0

 COOLING
  TODAY           11                         4      7        6
  MONTH TO DATE   11                         4      7        6
  SINCE JUN 1     67                        61      6       89
  SINCE JAN 1     67                        68     -1      104
..................................................................


WIND (MPH)
  HIGHEST WIND SPEED    16   HIGHEST WIND DIRECTION     S (190)
  HIGHEST GUST SPEED    22   HIGHEST GUST DIRECTION     S (190)
  AVERAGE WIND SPEED     8.6


SKY COVER
  POSSIBLE SUNSHINE  MM
  AVERAGE SKY COVER 0.5


WEATHER CONDITIONS
 THE FOLLOWING WEATHER WAS RECORDED TODAY.
  NO SIGNIFICANT WEATHER WAS OBSERVED.


RELATIVE HUMIDITY (PERCENT)
 HIGHEST    87           500 AM
 LOWEST     62           300 PM
 AVERAGE    75

..........................................................


THE PORTLAND ME CLIMATE NORMALS FOR TOMORROW
                         NORMAL    RECORD    YEAR
 MAXIMUM TEMPERATURE (F)   78        98      1941
 MINIMUM TEMPERATURE (F)   58        41      1961


SUNRISE AND SUNSET
JULY  1 2014..........SUNRISE   504 AM EDT   SUNSET   827 PM EDT
JULY  2 2014..........SUNRISE   504 AM EDT   SUNSET   826 PM EDT


-  INDICATES NEGATIVE NUMBERS.
R  INDICATES RECORD WAS SET OR TIED.
MM INDICATES DATA IS MISSING.
T  INDICATES TRACE AMOUNT.




$$
