995
CDUS41 KGYX 090904
CLIPWM


CLIMATE REPORT
NATIONAL WEATHER SERVICE GRAY ME
404 AM EST MON JAN 9 2017


...................................

...THE PORTLAND ME CLIMATE SUMMARY FOR JANUARY 8 2017...

CLIMATE NORMAL PERIOD 1981 TO 2010
CLIMATE RECORD PERIOD 1941 TO 2017


WEATHER ITEM   OBSERVED TIME   RECORD YEAR NORMAL DEPARTURE LAST
                VALUE   (LST)  VALUE       VALUE  FROM      YEAR
                                                  NORMAL
..................................................................
TEMPERATURE (F)
 YESTERDAY
  MAXIMUM         21    215 PM  61    2008  31    -10       39
  MINIMUM          9   1158 PM -16    1942  14     -5       17
  AVERAGE         15                        22     -7       28

PRECIPITATION (IN)
  YESTERDAY        0.01          1.74 1923   0.10  -0.09      T
  MONTH TO DATE    1.28                      0.89   0.39     0.01
  SINCE DEC 1      6.59                      4.91   1.68     5.35
  SINCE JAN 1      1.28                      0.89   0.39     0.01

SNOWFALL (IN)
  YESTERDAY        0.0          10.2  1996   0.6   -0.6      0.0
  MONTH TO DATE    1.1                       4.9   -3.8      0.3
  SINCE DEC 1     20.0                      18.1    1.9      7.6
  SINCE JUL 1     20.5                      20.0    0.5      7.6
  SNOW DEPTH       2

DEGREE DAYS
 HEATING
  YESTERDAY       50                        42      8       37
  MONTH TO DATE  305                       334    -29      302
  SINCE DEC 1   1440                      1455    -15     1133
  SINCE JUL 1   2692                      2946   -254     2379

 COOLING
  YESTERDAY        0                         0      0        0
  MONTH TO DATE    0                         0      0        0
  SINCE DEC 1      0                         0      0        0
  SINCE JAN 1      0                         0      0        0
..................................................................


WIND (MPH)
  RESULTANT WIND SPEED  10   RESULTANT WIND DIRECTION  NW (320)
  HIGHEST WIND SPEED    18   HIGHEST WIND DIRECTION     N (340)
  HIGHEST GUST SPEED    23   HIGHEST GUST DIRECTION     N (340)
  AVERAGE WIND SPEED    10.3


SKY COVER
  AVERAGE SKY COVER 0.5


WEATHER CONDITIONS
 THE FOLLOWING WEATHER WAS RECORDED YESTERDAY.
  LIGHT SNOW
  FOG
  HAZE


RELATIVE HUMIDITY (PERCENT)
 HIGHEST    88           100 AM
 LOWEST     39           200 PM
 AVERAGE    64

..........................................................


THE PORTLAND ME CLIMATE NORMALS FOR TODAY
                         NORMAL    RECORD    YEAR
 MAXIMUM TEMPERATURE (F)   31        54      2008
                                             1978
 MINIMUM TEMPERATURE (F)   14       -19      1968


SUNRISE AND SUNSET
JANUARY  9 2017.......SUNRISE   714 AM EST   SUNSET   423 PM EST
JANUARY 10 2017.......SUNRISE   714 AM EST   SUNSET   425 PM EST


-  INDICATES NEGATIVE NUMBERS.
R  INDICATES RECORD WAS SET OR TIED.
MM INDICATES DATA IS MISSING.
T  INDICATES TRACE AMOUNT.




$$
