000
CDUS41 KGYX 202045
CLIPWM


CLIMATE REPORT
NATIONAL WEATHER SERVICE GRAY ME
445 PM EDT TUE SEP 20 2016


...................................

...THE PORTLAND ME CLIMATE SUMMARY FOR SEPTEMBER 20 2016...
VALID TODAY AS OF 0400 PM LOCAL TIME.

CLIMATE NORMAL PERIOD 1981 TO 2010
CLIMATE RECORD PERIOD 1941 TO 2016


WEATHER ITEM   OBSERVED TIME   RECORD YEAR NORMAL DEPARTURE LAST
                VALUE   (LST)  VALUE       VALUE  FROM      YEAR
                                                  NORMAL
..................................................................
TEMPERATURE (F)
 TODAY
  MAXIMUM         76   1154 AM  87    1985  68      8       72
  MINIMUM         64    735 AM  27    1964  49     15       48
  AVERAGE         70                        59     11       60

PRECIPITATION (IN)
  TODAY            0.00          2.04 1987   0.12  -0.12     0.01
  MONTH TO DATE    0.57                      2.30  -1.73     1.16
  SINCE SEP 1      0.57                      2.30  -1.73     1.16
  SINCE JAN 1     24.10                     32.04  -7.94    27.92

SNOWFALL (IN)
  TODAY            0.0           0.0  2002   0.0    0.0      0.0
                                      2001
                                      2000
  MONTH TO DATE    0.0                       0.0    0.0      0.0
  SINCE SEP 1      0.0                       0.0    0.0      0.0
  SINCE JUL 1      0.0                       0.0    0.0      0.0
  SNOW DEPTH       0

DEGREE DAYS
 HEATING
  TODAY            0                         7     -7        5
  MONTH TO DATE   27                        85    -58       14
  SINCE SEP 1     27                        85    -58       14
  SINCE JUL 1     41                       130    -89       24

 COOLING
  TODAY            5                         1      4        0
  MONTH TO DATE   59                        27     32       93
  SINCE SEP 1     59                        27     32       93
  SINCE JAN 1    544                       355    189      488
..................................................................


WIND (MPH)
  HIGHEST WIND SPEED    15   HIGHEST WIND DIRECTION     S (190)
  HIGHEST GUST SPEED    20   HIGHEST GUST DIRECTION     S (190)
  AVERAGE WIND SPEED     4.5


SKY COVER
  POSSIBLE SUNSHINE  MM
  AVERAGE SKY COVER 0.8


WEATHER CONDITIONS
 THE FOLLOWING WEATHER WAS RECORDED TODAY.
  FOG
  FOG W/VISIBILITY <= 1/4 MILE


RELATIVE HUMIDITY (PERCENT)
 HIGHEST   100          1200 AM
 LOWEST     73          1100 AM
 AVERAGE    87

..........................................................


THE PORTLAND ME CLIMATE NORMALS FOR TOMORROW
                         NORMAL    RECORD    YEAR
 MAXIMUM TEMPERATURE (F)   68        91      1978
 MINIMUM TEMPERATURE (F)   48        30      1964


SUNRISE AND SUNSET
SEPTEMBER 20 2016.....SUNRISE   627 AM EDT   SUNSET   641 PM EDT
SEPTEMBER 21 2016.....SUNRISE   628 AM EDT   SUNSET   640 PM EDT


-  INDICATES NEGATIVE NUMBERS.
R  INDICATES RECORD WAS SET OR TIED.
MM INDICATES DATA IS MISSING.
T  INDICATES TRACE AMOUNT.




$$
