000
CDUS41 KGYX 120804
CLIPWM


CLIMATE REPORT
NATIONAL WEATHER SERVICE GRAY ME
403 AM EDT FRI AUG 12 2016


...................................

...THE PORTLAND ME CLIMATE SUMMARY FOR AUGUST 11 2016...

CLIMATE NORMAL PERIOD 1981 TO 2010
CLIMATE RECORD PERIOD 1941 TO 2016


WEATHER ITEM   OBSERVED TIME   RECORD YEAR NORMAL DEPARTURE LAST
                VALUE   (LST)  VALUE       VALUE  FROM      YEAR
                                                  NORMAL
..................................................................
TEMPERATURE (F)
 YESTERDAY
  MAXIMUM         90    338 PM  99    1944  79     11       67
  MINIMUM         66    535 AM  41    1963  59      7       64
  AVERAGE         78                        69      9       66

PRECIPITATION (IN)
  YESTERDAY        0.00          1.76 1902   0.11  -0.11     1.12
  MONTH TO DATE    0.16                      1.16  -1.00     1.32
  SINCE JUN 1      6.28                      8.56  -2.28     8.98
  SINCE JAN 1     21.79                     27.76  -5.97    25.59

SNOWFALL (IN)
  YESTERDAY        0.0           0.0  2002   0.0    0.0      0.0
                                      2001
                                      2000
  MONTH TO DATE    0.0                       0.0    0.0      0.0
  SINCE JUN 1      0.0                       0.0    0.0      0.0
  SINCE JUL 1      0.0                       0.0    0.0      0.0
  SNOW DEPTH       0

DEGREE DAYS
 HEATING
  YESTERDAY        0                         1     -1        0
  MONTH TO DATE    1                         2     -1        0
  SINCE JUN 1     80                       125    -45      154
  SINCE JUL 1     14                        19     -5       10

 COOLING
  YESTERDAY       13                         4      9        1
  MONTH TO DATE   72                        52     20       43
  SINCE JUN 1    320                       253     67      229
  SINCE JAN 1    336                       260     76      269
..................................................................


WIND (MPH)
  RESULTANT WIND SPEED   4   RESULTANT WIND DIRECTION   S (180)
  HIGHEST WIND SPEED    15   HIGHEST WIND DIRECTION     S (160)
  HIGHEST GUST SPEED    21   HIGHEST GUST DIRECTION     S (170)
  AVERAGE WIND SPEED     4.5


SKY COVER
  AVERAGE SKY COVER 0.5


WEATHER CONDITIONS
 THE FOLLOWING WEATHER WAS RECORDED YESTERDAY.
  FOG
  FOG W/VISIBILITY <= 1/4 MILE


RELATIVE HUMIDITY (PERCENT)
 HIGHEST   100          1200 AM
 LOWEST     53           400 PM
 AVERAGE    77

..........................................................


THE PORTLAND ME CLIMATE NORMALS FOR TODAY
                         NORMAL    RECORD    YEAR
 MAXIMUM TEMPERATURE (F)   78        99      1944
 MINIMUM TEMPERATURE (F)   59        44      1950


SUNRISE AND SUNSET
AUGUST 12 2016........SUNRISE   543 AM EDT   SUNSET   749 PM EDT
AUGUST 13 2016........SUNRISE   544 AM EDT   SUNSET   747 PM EDT


-  INDICATES NEGATIVE NUMBERS.
R  INDICATES RECORD WAS SET OR TIED.
MM INDICATES DATA IS MISSING.
T  INDICATES TRACE AMOUNT.




$$
