000
CDUS41 KGYX 010905
CLIPWM


CLIMATE REPORT
NATIONAL WEATHER SERVICE GRAY ME
404 AM EST THU DEC 1 2016


...................................

...THE PORTLAND ME CLIMATE SUMMARY FOR NOVEMBER 30 2016...

CLIMATE NORMAL PERIOD 1981 TO 2010
CLIMATE RECORD PERIOD 1941 TO 2016


WEATHER ITEM   OBSERVED TIME   RECORD YEAR NORMAL DEPARTURE LAST
                VALUE   (LST)  VALUE       VALUE  FROM      YEAR
                                                  NORMAL
..................................................................
TEMPERATURE (F)
 YESTERDAY
  MAXIMUM         42    631 PM  62    2006  43     -1       32
  MINIMUM         34    727 AM  11    1958  27      7       19
  AVERAGE         38                        35      3       26

PRECIPITATION (IN)
  YESTERDAY        0.19          2.69 1944   0.15   0.04     0.00
  MONTH TO DATE    4.06                      4.93  -0.87     2.30
  SINCE SEP 1     13.28                     13.49  -0.21    11.72
  SINCE JAN 1     36.81                     43.23  -6.42    38.48

SNOWFALL (IN)
  YESTERDAY       MM             5.1  1892   0.2   MM        0.0
  MONTH TO DATE    0.5                       1.9   -1.4       T
  SINCE SEP 1      0.5                       1.9   -1.4       T
  SINCE JUL 1      0.5                       1.9   -1.4       T
  SNOW DEPTH       0

DEGREE DAYS
 HEATING
  YESTERDAY       27                        30     -3       39
  MONTH TO DATE  696                       767    -71      667
  SINCE SEP 1   1238                      1446   -208     1236
  SINCE JUL 1   1252                      1491   -239     1246

 COOLING
  YESTERDAY        0                         0      0        0
  MONTH TO DATE    0                         0      0        0
  SINCE SEP 1     68                        31     37       97
  SINCE JAN 1    553                       359    194      492
..................................................................


WIND (MPH)
  RESULTANT WIND SPEED   5   RESULTANT WIND DIRECTION   N (20)
  HIGHEST WIND SPEED    15   HIGHEST WIND DIRECTION    NE (60)
  HIGHEST GUST SPEED    20   HIGHEST GUST DIRECTION    NE (40)
  AVERAGE WIND SPEED     7.0


SKY COVER
  AVERAGE SKY COVER 0.9


WEATHER CONDITIONS
 THE FOLLOWING WEATHER WAS RECORDED YESTERDAY.
  RAIN
  LIGHT RAIN
  FOG


RELATIVE HUMIDITY (PERCENT)
 HIGHEST   100           200 AM
 LOWEST     82          1200 PM
 AVERAGE    91

..........................................................


THE PORTLAND ME CLIMATE NORMALS FOR TODAY
                         NORMAL    RECORD    YEAR
 MAXIMUM TEMPERATURE (F)   42        66      2001
 MINIMUM TEMPERATURE (F)   26         9      1989


SUNRISE AND SUNSET
DECEMBER  1 2016......SUNRISE   655 AM EST   SUNSET   405 PM EST
DECEMBER  2 2016......SUNRISE   656 AM EST   SUNSET   405 PM EST


-  INDICATES NEGATIVE NUMBERS.
R  INDICATES RECORD WAS SET OR TIED.
MM INDICATES DATA IS MISSING.
T  INDICATES TRACE AMOUNT.




$$
