065
CDUS41 KGYX 250803
CLIPWM


CLIMATE REPORT
NATIONAL WEATHER SERVICE GRAY ME
402 AM EDT TUE APR 25 2017


...................................

...THE PORTLAND ME CLIMATE SUMMARY FOR APRIL 24 2017...

CLIMATE NORMAL PERIOD 1981 TO 2010
CLIMATE RECORD PERIOD 1941 TO 2017


WEATHER ITEM   OBSERVED TIME   RECORD YEAR NORMAL DEPARTURE LAST
                VALUE   (LST)  VALUE       VALUE  FROM      YEAR
                                                  NORMAL
..................................................................
TEMPERATURE (F)
 YESTERDAY
  MAXIMUM         62        MM  75    2001  57      5       57
                                      1994
  MINIMUM         35        MM  25    1945  37     -2       33
  AVERAGE         49                        47      2       45

PRECIPITATION (IN)
  YESTERDAY        0.00          2.76 1983   0.14  -0.14     0.00
  MONTH TO DATE    4.19                      3.45   0.74     1.16
  SINCE MAR 1      7.69                      7.69   0.00     5.53
  SINCE JAN 1     15.89                     14.32   1.57    13.07

SNOWFALL (IN)
  YESTERDAY        0.0           5.5  1906   0.1   -0.1      0.0
  MONTH TO DATE    7.9                       2.7    5.2      1.5
  SINCE MAR 1     29.1                      15.4   13.7      8.6
  SINCE JUL 1     95.3                      61.8   33.5     49.6
  SNOW DEPTH       0

DEGREE DAYS
 HEATING
  YESTERDAY       16                        18     -2       20
  MONTH TO DATE  469                       528    -59      523
  SINCE MAR 1   1583                      1504     79     1359
  SINCE JUL 1   6061                      6546   -485     5650

 COOLING
  YESTERDAY        0                         0      0        0
  MONTH TO DATE    2                         0      2        0
  SINCE MAR 1      2                         0      2        0
  SINCE JAN 1      2                         0      2        0
..................................................................


WIND (MPH)
  RESULTANT WIND SPEED   6   RESULTANT WIND DIRECTION   E (90)
  HIGHEST WIND SPEED    15   HIGHEST WIND DIRECTION     E (80)
  HIGHEST GUST SPEED    20   HIGHEST GUST DIRECTION     E (90)
  AVERAGE WIND SPEED     6.4


SKY COVER
  AVERAGE SKY COVER 0.2


WEATHER CONDITIONS
 THE FOLLOWING WEATHER WAS RECORDED YESTERDAY.
  NO SIGNIFICANT WEATHER WAS OBSERVED.


RELATIVE HUMIDITY (PERCENT)
 HIGHEST    92           300 AM
 LOWEST     42          1200 PM
 AVERAGE    67

..........................................................


THE PORTLAND ME CLIMATE NORMALS FOR TODAY
                         NORMAL    RECORD    YEAR
 MAXIMUM TEMPERATURE (F)   57        79      1942
 MINIMUM TEMPERATURE (F)   38        21      1965


SUNRISE AND SUNSET
APRIL 25 2017.........SUNRISE   542 AM EDT   SUNSET   737 PM EDT
APRIL 26 2017.........SUNRISE   541 AM EDT   SUNSET   738 PM EDT


-  INDICATES NEGATIVE NUMBERS.
R  INDICATES RECORD WAS SET OR TIED.
MM INDICATES DATA IS MISSING.
T  INDICATES TRACE AMOUNT.




$$
