443
CDUS41 KGYX 280802
CLIPWM


CLIMATE REPORT
NATIONAL WEATHER SERVICE GRAY ME
402 AM EDT SUN MAY 28 2017


...................................

...THE PORTLAND ME CLIMATE SUMMARY FOR MAY 27 2017...

CLIMATE NORMAL PERIOD 1981 TO 2010
CLIMATE RECORD PERIOD 1941 TO 2017


WEATHER ITEM   OBSERVED TIME   RECORD YEAR NORMAL DEPARTURE LAST
                VALUE   (LST)  VALUE       VALUE  FROM      YEAR
                                                  NORMAL
..................................................................
TEMPERATURE (F)
 YESTERDAY
  MAXIMUM         63    112 PM  85    2008  67     -4       59
                                      1959
  MINIMUM         48   1159 PM  32    1969  48      0       52
  AVERAGE         56                        57     -1       56

PRECIPITATION (IN)
  YESTERDAY        T             1.93 1890   0.13  -0.13     0.11
  MONTH TO DATE    5.40                      3.50   1.90     1.95
  SINCE MAR 1     15.30                     12.06   3.24     7.88
  SINCE JAN 1     23.50                     18.69   4.81    15.42

SNOWFALL (IN)
  YESTERDAY        0.0           0.0  2002   0.0    0.0      0.0
                                      2001
                                      2000
  MONTH TO DATE    0.0                       0.1   -0.1      0.0
  SINCE MAR 1     29.1                      15.6   13.5     10.8
  SINCE JUL 1     95.3                      62.0   33.3     51.8
  SNOW DEPTH       0

DEGREE DAYS
 HEATING
  YESTERDAY        9                         8      1        9
  MONTH TO DATE  331                       323      8      312
  SINCE MAR 1   1989                      1929     60     1813
  SINCE JUL 1   6467                      6971   -504     6104

 COOLING
  YESTERDAY        0                         0      0        0
  MONTH TO DATE   15                         0     15        2
  SINCE MAR 1     17                         0     17        2
  SINCE JAN 1     17                         0     17        2
..................................................................


WIND (MPH)
  RESULTANT WIND SPEED   2   RESULTANT WIND DIRECTION   E (110)
  HIGHEST WIND SPEED    15   HIGHEST WIND DIRECTION     S (160)
  HIGHEST GUST SPEED    19   HIGHEST GUST DIRECTION     S (170)
  AVERAGE WIND SPEED     7.4


SKY COVER
  AVERAGE SKY COVER 0.6


WEATHER CONDITIONS
 THE FOLLOWING WEATHER WAS RECORDED YESTERDAY.
  LIGHT RAIN
  FOG


RELATIVE HUMIDITY (PERCENT)
 HIGHEST   100           400 AM
 LOWEST     60          1100 AM
 AVERAGE    80

..........................................................


THE PORTLAND ME CLIMATE NORMALS FOR TODAY
                         NORMAL    RECORD    YEAR
 MAXIMUM TEMPERATURE (F)   67        90      1988
 MINIMUM TEMPERATURE (F)   48        35      1968


SUNRISE AND SUNSET
MAY 28 2017...........SUNRISE   505 AM EDT   SUNSET   813 PM EDT
MAY 29 2017...........SUNRISE   504 AM EDT   SUNSET   814 PM EDT


-  INDICATES NEGATIVE NUMBERS.
R  INDICATES RECORD WAS SET OR TIED.
MM INDICATES DATA IS MISSING.
T  INDICATES TRACE AMOUNT.




$$
