000
CDUS41 KGYX 072046
CLIPWM


CLIMATE REPORT
NATIONAL WEATHER SERVICE GRAY ME
446 PM EDT FRI JUL 7 2017


...................................

...THE PORTLAND ME CLIMATE SUMMARY FOR JULY 7 2017...
VALID TODAY AS OF 0400 PM LOCAL TIME.

CLIMATE NORMAL PERIOD 1981 TO 2010
CLIMATE RECORD PERIOD 1941 TO 2017


WEATHER ITEM   OBSERVED TIME   RECORD YEAR NORMAL DEPARTURE LAST
                VALUE   (LST)  VALUE       VALUE  FROM      YEAR
                                                  NORMAL
..................................................................
TEMPERATURE (F)
 TODAY
  MAXIMUM         73   1003 AM  93    1993  78     -5       69
  MINIMUM         62    417 AM  40    1965  59      3       60
  AVERAGE         68                        69     -1       65

PRECIPITATION (IN)
  TODAY            0.01          1.57 2009   0.12  -0.11     0.01
  MONTH TO DATE    0.01                      0.78  -0.77     0.08
  SINCE JUN 1      2.63                      4.57  -1.94     4.50
  SINCE JAN 1     26.67                     23.77   2.90    20.01

SNOWFALL (IN)
  TODAY            0.0           0.0  2002   0.0    0.0      0.0
                                      2001
                                      2000
  MONTH TO DATE    0.0                       0.0    0.0      0.0
  SINCE JUN 1      0.0                       0.0    0.0      0.0
  SINCE JUL 1      0.0                       0.0    0.0      0.0
  SNOW DEPTH       0

DEGREE DAYS
 HEATING
  TODAY            0                         1     -1        0
  MONTH TO DATE    0                         7     -7        0
  SINCE JUN 1     85                       113    -28       66
  SINCE JUL 1      0                         7     -7        0

 COOLING
  TODAY            3                         4     -1        0
  MONTH TO DATE   39                        28     11       32
  SINCE JUN 1    131                        85     46       64
  SINCE JAN 1    148                        92     56       80
..................................................................


WIND (MPH)
  HIGHEST WIND SPEED    14   HIGHEST WIND DIRECTION    SW (210)
  HIGHEST GUST SPEED    19   HIGHEST GUST DIRECTION     S (200)
  AVERAGE WIND SPEED     5.9


SKY COVER
  POSSIBLE SUNSHINE  MM
  AVERAGE SKY COVER 0.4


WEATHER CONDITIONS
 THE FOLLOWING WEATHER WAS RECORDED TODAY.
  LIGHT RAIN


RELATIVE HUMIDITY (PERCENT)
 HIGHEST    84           500 AM
 LOWEST     57          1000 AM
 AVERAGE    71

..........................................................


THE PORTLAND ME CLIMATE NORMALS FOR TOMORROW
                         NORMAL    RECORD    YEAR
 MAXIMUM TEMPERATURE (F)   78        93      1981
 MINIMUM TEMPERATURE (F)   59        46      1969


SUNRISE AND SUNSET
JULY  7 2017..........SUNRISE   507 AM EDT   SUNSET   825 PM EDT
JULY  8 2017..........SUNRISE   508 AM EDT   SUNSET   824 PM EDT


-  INDICATES NEGATIVE NUMBERS.
R  INDICATES RECORD WAS SET OR TIED.
MM INDICATES DATA IS MISSING.
T  INDICATES TRACE AMOUNT.




$$
