000
CDUS41 KGYX 152143
CLIPWM


CLIMATE REPORT
NATIONAL WEATHER SERVICE GRAY ME
443 PM EST TUE NOV 15 2016


...................................

...THE PORTLAND ME CLIMATE SUMMARY FOR NOVEMBER 15 2016...
VALID TODAY AS OF 0400 PM LOCAL TIME.

CLIMATE NORMAL PERIOD 1981 TO 2010
CLIMATE RECORD PERIOD 1941 TO 2016


WEATHER ITEM   OBSERVED TIME   RECORD YEAR NORMAL DEPARTURE LAST
                VALUE   (LST)  VALUE       VALUE  FROM      YEAR
                                                  NORMAL
..................................................................
TEMPERATURE (F)
 TODAY
  MAXIMUM         50    259 PM  65    1994  48      2       53
  MINIMUM         38    139 AM  16    1971  31      7       26
  AVERAGE         44                        40      4       40

PRECIPITATION (IN)
  TODAY            T             1.95 1871   0.17  -0.17     0.00
  MONTH TO DATE    0.80                      2.52  -1.72     0.34
  SINCE SEP 1     10.02                     11.08  -1.06     9.76
  SINCE JAN 1     33.55                     40.82  -7.27    36.52

SNOWFALL (IN)
  TODAY            0.0           1.9  1972   0.1   -0.1      0.0
  MONTH TO DATE    0.0                       0.5   -0.5      0.0
  SINCE SEP 1      0.0                       0.5   -0.5      0.0
  SINCE JUL 1      0.0                       0.5   -0.5      0.0
  SNOW DEPTH       0

DEGREE DAYS
 HEATING
  TODAY           21                        25     -4       25
  MONTH TO DATE  322                       347    -25      253
  SINCE SEP 1    864                      1026   -162      822
  SINCE JUL 1    878                      1071   -193      832

 COOLING
  TODAY            0                         0      0        0
  MONTH TO DATE    0                         0      0        0
  SINCE SEP 1     68                        31     37       97
  SINCE JAN 1    553                       359    194      492
..................................................................


WIND (MPH)
  HIGHEST WIND SPEED    13   HIGHEST WIND DIRECTION    NE (40)
  HIGHEST GUST SPEED    17   HIGHEST GUST DIRECTION    NE (30)
  AVERAGE WIND SPEED     6.1


SKY COVER
  POSSIBLE SUNSHINE  MM
  AVERAGE SKY COVER 0.6


WEATHER CONDITIONS
 THE FOLLOWING WEATHER WAS RECORDED TODAY.
  NO SIGNIFICANT WEATHER WAS OBSERVED.


RELATIVE HUMIDITY (PERCENT)
 HIGHEST    85          1200 AM
 LOWEST     70           400 AM
 AVERAGE    78

..........................................................


THE PORTLAND ME CLIMATE NORMALS FOR TOMORROW
                         NORMAL    RECORD    YEAR
 MAXIMUM TEMPERATURE (F)   48        68      1990
 MINIMUM TEMPERATURE (F)   31        12      1972


SUNRISE AND SUNSET
NOVEMBER 15 2016......SUNRISE   636 AM EST   SUNSET   416 PM EST
NOVEMBER 16 2016......SUNRISE   637 AM EST   SUNSET   415 PM EST


-  INDICATES NEGATIVE NUMBERS.
R  INDICATES RECORD WAS SET OR TIED.
MM INDICATES DATA IS MISSING.
T  INDICATES TRACE AMOUNT.




$$
