536
CDUS41 KGYX 150807
CLIPWM


CLIMATE REPORT
NATIONAL WEATHER SERVICE GRAY ME
407 AM EDT WED MAR 15 2017


...................................

...THE PORTLAND ME CLIMATE SUMMARY FOR MARCH 14 2017...

CLIMATE NORMAL PERIOD 1981 TO 2010
CLIMATE RECORD PERIOD 1941 TO 2017


WEATHER ITEM   OBSERVED TIME   RECORD YEAR NORMAL DEPARTURE LAST
                VALUE   (LST)  VALUE       VALUE  FROM      YEAR
                                                  NORMAL
..................................................................
TEMPERATURE (F)
 YESTERDAY
  MAXIMUM         29    942 PM  70    1946  41    -12       40
  MINIMUM         20   1249 AM  -2    1948  24     -4       30
  AVERAGE         25                        33     -8       35

PRECIPITATION (IN)
  YESTERDAY        0.98          2.27 2010   0.13   0.85     0.03
  MONTH TO DATE    1.32                      1.80  -0.48     1.85
  SINCE MAR 1      1.32                      1.80  -0.48     1.85
  SINCE JAN 1      9.52                      8.43   1.09     9.39

SNOWFALL (IN)
  YESTERDAY       16.3 R        10.6  1961   0.5   15.8       T
  MONTH TO DATE   17.5                       6.8   10.7      0.5
  SINCE MAR 1     17.5                       6.8   10.7      0.5
  SINCE JUL 1     83.7                      53.2   30.5     41.5
  SNOW DEPTH       T

DEGREE DAYS
 HEATING
  YESTERDAY       40                        32      8       30
  MONTH TO DATE  543                       478     65      394
  SINCE MAR 1    543                       478     65      394
  SINCE JUL 1   5021                      5520   -499     4685

 COOLING
  YESTERDAY        0                         0      0        0
  MONTH TO DATE    0                         0      0        0
  SINCE MAR 1      0                         0      0        0
  SINCE JAN 1      0                         0      0        0
..................................................................


WIND (MPH)
  RESULTANT WIND SPEED  15   RESULTANT WIND DIRECTION  NE (40)
  HIGHEST WIND SPEED    40   HIGHEST WIND DIRECTION    NE (30)
  HIGHEST GUST SPEED    59   HIGHEST GUST DIRECTION    NE (40)
  AVERAGE WIND SPEED    16.6


SKY COVER
  AVERAGE SKY COVER 0.9


WEATHER CONDITIONS
 THE FOLLOWING WEATHER WAS RECORDED YESTERDAY.
  HEAVY SNOW
  SNOW
  LIGHT SNOW
  FOG
  FOG W/VISIBILITY <= 1/4 MILE


RELATIVE HUMIDITY (PERCENT)
 HIGHEST    92          1000 AM
 LOWEST     68          1200 AM
 AVERAGE    80

..........................................................


THE PORTLAND ME CLIMATE NORMALS FOR TODAY
                         NORMAL    RECORD    YEAR
 MAXIMUM TEMPERATURE (F)   42        67      1945
 MINIMUM TEMPERATURE (F)   25         2      1993


SUNRISE AND SUNSET
MARCH 15 2017.........SUNRISE   653 AM EDT   SUNSET   648 PM EDT
MARCH 16 2017.........SUNRISE   651 AM EDT   SUNSET   649 PM EDT


-  INDICATES NEGATIVE NUMBERS.
R  INDICATES RECORD WAS SET OR TIED.
MM INDICATES DATA IS MISSING.
T  INDICATES TRACE AMOUNT.




$$
