000
CDUS41 KGYX 102200
CLIPWM


CLIMATE REPORT
NATIONAL WEATHER SERVICE GRAY ME
500 PM EST FRI NOV 10 2017


...................................

...THE PORTLAND ME CLIMATE SUMMARY FOR NOVEMBER 10 2017...
VALID TODAY AS OF 0500 PM LOCAL TIME.

CLIMATE NORMAL PERIOD 1981 TO 2010
CLIMATE RECORD PERIOD 1941 TO 2017


WEATHER ITEM   OBSERVED TIME   RECORD YEAR NORMAL DEPARTURE LAST
                VALUE   (LST)  VALUE       VALUE  FROM      YEAR
                                                  NORMAL
..................................................................
TEMPERATURE (F)
 TODAY
  MAXIMUM         49    222 AM  64    2009  50     -1       49
  MINIMUM         28    259 PM  15    1995  33     -5       26
  AVERAGE         39                        41     -2       38

PRECIPITATION (IN)
  TODAY            0.03          4.70 1990   0.16  -0.13     0.00
  MONTH TO DATE    0.38                      1.69  -1.31     0.80
  SINCE SEP 1      7.75                     10.25  -2.50    10.02
  SINCE JAN 1     38.45                     39.99  -1.54    33.55

SNOWFALL (IN)
  TODAY            0.0           6.2  1898   0.1   -0.1      0.0
  MONTH TO DATE    T                         0.3   -0.3      0.0
  SINCE SEP 1      T                         0.3   -0.3      0.0
  SINCE JUL 1      T                         0.3   -0.3      0.0
  SNOW DEPTH       0

DEGREE DAYS
 HEATING
  TODAY           26                        24      2       27
  MONTH TO DATE  198                       224    -26      217
  SINCE SEP 1    537                       903   -366      759
  SINCE JUL 1    570                       948   -378      773

 COOLING
  TODAY            0                         0      0        0
  MONTH TO DATE    0                         0      0        0
  SINCE SEP 1     69                        31     38       68
  SINCE JAN 1    433                       359     74      553
..................................................................


WIND (MPH)
  HIGHEST WIND SPEED    31   HIGHEST WIND DIRECTION     W (270)
  HIGHEST GUST SPEED    43   HIGHEST GUST DIRECTION     W (280)
  AVERAGE WIND SPEED    18.4


SKY COVER
  POSSIBLE SUNSHINE  MM
  AVERAGE SKY COVER 0.6


WEATHER CONDITIONS
 THE FOLLOWING WEATHER WAS RECORDED TODAY.
  LIGHT RAIN
  FOG


RELATIVE HUMIDITY (PERCENT)
 HIGHEST    92           500 AM
 LOWEST     29           400 PM
 AVERAGE    61

..........................................................


THE PORTLAND ME CLIMATE NORMALS FOR TOMORROW
                         NORMAL    RECORD    YEAR
 MAXIMUM TEMPERATURE (F)   50        65      2002
 MINIMUM TEMPERATURE (F)   32        11      1956


SUNRISE AND SUNSET
NOVEMBER 10 2017......SUNRISE   629 AM EST   SUNSET   421 PM EST
NOVEMBER 11 2017......SUNRISE   630 AM EST   SUNSET   420 PM EST


-  INDICATES NEGATIVE NUMBERS.
R  INDICATES RECORD WAS SET OR TIED.
MM INDICATES DATA IS MISSING.
T  INDICATES TRACE AMOUNT.




$$
