000
CDUS41 KGYX 200806
CLIPWM


CLIMATE REPORT
NATIONAL WEATHER SERVICE GRAY ME
406 AM EDT SAT JUN 20 2015


...................................

...THE PORTLAND ME CLIMATE SUMMARY FOR JUNE 19 2015...

CLIMATE NORMAL PERIOD 1981 TO 2010
CLIMATE RECORD PERIOD 1941 TO 2015


WEATHER ITEM   OBSERVED TIME   RECORD YEAR NORMAL DEPARTURE LAST
                VALUE   (LST)  VALUE       VALUE  FROM      YEAR
                                                  NORMAL
..................................................................
TEMPERATURE (F)
 YESTERDAY
  MAXIMUM         80    116 PM  94    1995  75      5       81
  MINIMUM         57   1159 PM  38    1956  55      2       55
  AVERAGE         69                        65      4       68

PRECIPITATION (IN)
  YESTERDAY        0.11          3.21 2009   0.12  -0.01     0.00
  MONTH TO DATE    2.46                      2.56  -0.10     2.61
  SINCE JUN 1      2.46                      2.56  -0.10     2.61
  SINCE JAN 1     19.07                     21.76  -2.69    21.83

SNOWFALL (IN)
  YESTERDAY        0.0           0.0  2002   0.0    0.0      0.0
                                      2001
                                      2000
  MONTH TO DATE    0.0                       0.0    0.0      0.0
  SINCE JUN 1      0.0                       0.0    0.0      0.0
  SINCE JUL 1     94.5                      61.9   32.6     83.4
  SNOW DEPTH       0

DEGREE DAYS
 HEATING
  YESTERDAY        0                         3     -3        0
  MONTH TO DATE  112                        87     25       60
  SINCE JUN 1    112                        87     25       60
  SINCE JUL 1   7044                      7088    -44     7421

 COOLING
  YESTERDAY        4                         2      2        3
  MONTH TO DATE   32                        27      5       30
  SINCE JUN 1     32                        27      5       30
  SINCE JAN 1     72                        34     38       30
..................................................................


WIND (MPH)
  RESULTANT WIND SPEED   7   RESULTANT WIND DIRECTION   N (340)
  HIGHEST WIND SPEED    18   HIGHEST WIND DIRECTION     N (350)
  HIGHEST GUST SPEED    25   HIGHEST GUST DIRECTION    NW (320)
  AVERAGE WIND SPEED     8.3


SKY COVER
  AVERAGE SKY COVER 0.6


WEATHER CONDITIONS
 THE FOLLOWING WEATHER WAS RECORDED YESTERDAY.
  LIGHT RAIN
  FOG


RELATIVE HUMIDITY (PERCENT)
 HIGHEST    87           800 AM
 LOWEST     35           500 PM
 AVERAGE    61

..........................................................


THE PORTLAND ME CLIMATE NORMALS FOR TODAY
                         NORMAL    RECORD    YEAR
 MAXIMUM TEMPERATURE (F)   75        93      2012
                                             1964
 MINIMUM TEMPERATURE (F)   55        43      1980


SUNRISE AND SUNSET
JUNE 20 2015..........SUNRISE   500 AM EDT   SUNSET   826 PM EDT
JUNE 21 2015..........SUNRISE   500 AM EDT   SUNSET   826 PM EDT


-  INDICATES NEGATIVE NUMBERS.
R  INDICATES RECORD WAS SET OR TIED.
MM INDICATES DATA IS MISSING.
T  INDICATES TRACE AMOUNT.




$$
