000
CDUS41 KGYX 082042
CLIPWM


CLIMATE REPORT
NATIONAL WEATHER SERVICE GRAY ME
442 PM EDT MON MAY 8 2017


...................................

...THE PORTLAND ME CLIMATE SUMMARY FOR MAY 8 2017...
VALID TODAY AS OF 0400 PM LOCAL TIME.

CLIMATE NORMAL PERIOD 1981 TO 2010
CLIMATE RECORD PERIOD 1941 TO 2017


WEATHER ITEM   OBSERVED TIME   RECORD YEAR NORMAL DEPARTURE LAST
                VALUE   (LST)  VALUE       VALUE  FROM      YEAR
                                                  NORMAL
..................................................................
TEMPERATURE (F)
 TODAY
  MAXIMUM         53    205 PM  85    1964  61     -8       56
  MINIMUM         45   1039 AM  27    1962  42      3       41
  AVERAGE         49                        51     -2       49

PRECIPITATION (IN)
  TODAY            0.05          1.48 1994   0.13  -0.08     0.03
  MONTH TO DATE    1.33                      1.08   0.25     1.55
  SINCE MAR 1     11.23                      9.64   1.59     7.48
  SINCE JAN 1     19.43                     16.27   3.16    15.02

SNOWFALL (IN)
  TODAY            0.0           1.3  1966   0.0    0.0      0.0
  MONTH TO DATE    0.0                       0.0    0.0      0.0
  SINCE MAR 1     29.1                      15.5   13.6     10.8
  SINCE JUL 1     95.3                      61.9   33.4     51.8
  SNOW DEPTH       0

DEGREE DAYS
 HEATING
  TODAY           16                        14      2       16
  MONTH TO DATE  126                       118      8      143
  SINCE MAR 1   1783                      1724     59     1644
  SINCE JUL 1   6261                      6766   -505     5935

 COOLING
  TODAY            0                         0      0        0
  MONTH TO DATE    0                         0      0        0
  SINCE MAR 1      2                         0      2        0
  SINCE JAN 1      2                         0      2        0
..................................................................


WIND (MPH)
  HIGHEST WIND SPEED    16   HIGHEST WIND DIRECTION    SW (220)
  HIGHEST GUST SPEED    23   HIGHEST GUST DIRECTION     W (280)
  AVERAGE WIND SPEED     8.0


SKY COVER
  POSSIBLE SUNSHINE  MM
  AVERAGE SKY COVER 0.9


WEATHER CONDITIONS
 THE FOLLOWING WEATHER WAS RECORDED TODAY.
  LIGHT RAIN
  FOG


RELATIVE HUMIDITY (PERCENT)
 HIGHEST    93          1200 AM
 LOWEST     46           200 PM
 AVERAGE    70

..........................................................


THE PORTLAND ME CLIMATE NORMALS FOR TOMORROW
                         NORMAL    RECORD    YEAR
 MAXIMUM TEMPERATURE (F)   61        92      1979
 MINIMUM TEMPERATURE (F)   42        23      1956


SUNRISE AND SUNSET
MAY  8 2017...........SUNRISE   524 AM EDT   SUNSET   752 PM EDT
MAY  9 2017...........SUNRISE   523 AM EDT   SUNSET   753 PM EDT


-  INDICATES NEGATIVE NUMBERS.
R  INDICATES RECORD WAS SET OR TIED.
MM INDICATES DATA IS MISSING.
T  INDICATES TRACE AMOUNT.




$$
