000
CDUS41 KGYX 290803
CLIPWM


CLIMATE REPORT
NATIONAL WEATHER SERVICE GRAY ME
402 AM EDT SAT MAR 29 2014


...................................

...THE PORTLAND ME CLIMATE SUMMARY FOR MARCH 28 2014...

CLIMATE NORMAL PERIOD 1981 TO 2010
CLIMATE RECORD PERIOD 1941 TO 2014


WEATHER ITEM   OBSERVED TIME   RECORD YEAR NORMAL DEPARTURE LAST
                VALUE   (LST)  VALUE       VALUE  FROM      YEAR
                                                  NORMAL
..................................................................
TEMPERATURE (F)
 YESTERDAY
  MAXIMUM         48    244 PM  75    1998  46      2       49
  MINIMUM         34    630 AM  12    1982  29      5       35
  AVERAGE         41                        37      4       42

PRECIPITATION (IN)
  YESTERDAY        0.02          1.97 2005   0.15  -0.13      T
  MONTH TO DATE    1.95                      3.82  -1.87     1.69
  SINCE MAR 1      1.95                      3.82  -1.87     1.69
  SINCE JAN 1     10.27                     10.45  -0.18     9.12

SNOWFALL (IN)
  YESTERDAY        0.0           8.4  1932   0.3   -0.3      0.0
  MONTH TO DATE    3.3                      12.0   -8.7     13.2
  SINCE MAR 1      3.3                      12.0   -8.7     13.2
  SINCE JUL 1     81.8                      58.4   23.4     97.8
  SNOW DEPTH       2

DEGREE DAYS
 HEATING
  YESTERDAY       24                        28     -4       23
  MONTH TO DATE 1088                       896    192      859
  SINCE MAR 1   1088                       896    192      859
  SINCE JUL 1   6327                      5938    389     5458

 COOLING
  YESTERDAY        0                         0      0        0
  MONTH TO DATE    0                         0      0        0
  SINCE MAR 1      0                         0      0        0
  SINCE JAN 1      0                         0      0        0
..................................................................


WIND (MPH)
  RESULTANT WIND SPEED   7   RESULTANT WIND DIRECTION   S (200)
  HIGHEST WIND SPEED    18   HIGHEST WIND DIRECTION     S (200)
  HIGHEST GUST SPEED    24   HIGHEST GUST DIRECTION     S (190)
  AVERAGE WIND SPEED     7.6


SKY COVER
  AVERAGE SKY COVER 0.9


WEATHER CONDITIONS
 THE FOLLOWING WEATHER WAS RECORDED YESTERDAY.
  LIGHT RAIN
  LIGHT SNOW
  FOG


RELATIVE HUMIDITY (PERCENT)
 HIGHEST   100           800 PM
 LOWEST     40           100 AM
 AVERAGE    70

..........................................................


THE PORTLAND ME CLIMATE NORMALS FOR TODAY
                         NORMAL    RECORD    YEAR
 MAXIMUM TEMPERATURE (F)   46        86      1946
 MINIMUM TEMPERATURE (F)   29        10      1974


SUNRISE AND SUNSET
MARCH 29 2014.........SUNRISE   628 AM EDT   SUNSET   704 PM EDT
MARCH 30 2014.........SUNRISE   627 AM EDT   SUNSET   706 PM EDT


-  INDICATES NEGATIVE NUMBERS.
R  INDICATES RECORD WAS SET OR TIED.
MM INDICATES DATA IS MISSING.
T  INDICATES TRACE AMOUNT.




$$
