000
CDUS41 KGYX 290903
CLIPWM


CLIMATE REPORT
NATIONAL WEATHER SERVICE GRAY ME
403 AM EST FRI JAN 29 2016


...................................

...THE PORTLAND ME CLIMATE SUMMARY FOR JANUARY 28 2016...

CLIMATE NORMAL PERIOD 1981 TO 2010
CLIMATE RECORD PERIOD 1941 TO 2016


WEATHER ITEM   OBSERVED TIME   RECORD YEAR NORMAL DEPARTURE LAST
                VALUE   (LST)  VALUE       VALUE  FROM      YEAR
                                                  NORMAL
..................................................................
TEMPERATURE (F)
 YESTERDAY
  MAXIMUM         37    833 PM  52    2006  31      6       26
  MINIMUM         16    556 AM -12    2003  13      3        7
  AVERAGE         27                        22      5       17

PRECIPITATION (IN)
  YESTERDAY        0.00          1.35 1994   0.11  -0.11     0.07
  MONTH TO DATE    3.36                      3.07   0.29     4.24
  SINCE DEC 1      8.70                      7.09   1.61    10.51
  SINCE JAN 1      3.36                      3.07   0.29     4.24

SNOWFALL (IN)
  YESTERDAY        0.0          10.0  1885   0.6   -0.6      1.6
  MONTH TO DATE   13.2                      17.5   -4.3     35.1
  SINCE DEC 1     20.5                      30.7  -10.2     38.7
  SINCE JUL 1     20.5                      32.6  -12.1     49.0
  SNOW DEPTH       4

DEGREE DAYS
 HEATING
  YESTERDAY       38                        43     -5       48
  MONTH TO DATE 1083                      1194   -111     1216
  SINCE DEC 1   1914                      2315   -401     2177
  SINCE JUL 1   3160                      3806   -646     3488

 COOLING
  YESTERDAY        0                         0      0        0
  MONTH TO DATE    0                         0      0        0
  SINCE DEC 1      0                         0      0        0
  SINCE JAN 1      0                         0      0        0
..................................................................


WIND (MPH)
  RESULTANT WIND SPEED   3   RESULTANT WIND DIRECTION  SW (210)
  HIGHEST WIND SPEED    16   HIGHEST WIND DIRECTION     S (170)
  HIGHEST GUST SPEED    22   HIGHEST GUST DIRECTION     S (190)
  AVERAGE WIND SPEED     4.6


SKY COVER
  AVERAGE SKY COVER 0.2


WEATHER CONDITIONS
 THE FOLLOWING WEATHER WAS RECORDED YESTERDAY.
  NO SIGNIFICANT WEATHER WAS OBSERVED.


RELATIVE HUMIDITY (PERCENT)
 HIGHEST    84           200 AM
 LOWEST     52           100 PM
 AVERAGE    68

..........................................................


THE PORTLAND ME CLIMATE NORMALS FOR TODAY
                         NORMAL    RECORD    YEAR
 MAXIMUM TEMPERATURE (F)   31        49      1989
 MINIMUM TEMPERATURE (F)   13        -7      1963


SUNRISE AND SUNSET
JANUARY 29 2016.......SUNRISE   701 AM EST   SUNSET   448 PM EST
JANUARY 30 2016.......SUNRISE   700 AM EST   SUNSET   449 PM EST


-  INDICATES NEGATIVE NUMBERS.
R  INDICATES RECORD WAS SET OR TIED.
MM INDICATES DATA IS MISSING.
T  INDICATES TRACE AMOUNT.




$$
