000
CDUS41 KGYX 100805
CLIPWM


CLIMATE REPORT
NATIONAL WEATHER SERVICE GRAY ME
405 AM EDT TUE MAY 10 2016


...................................

...THE PORTLAND ME CLIMATE SUMMARY FOR MAY 9 2016...

CLIMATE NORMAL PERIOD 1981 TO 2010
CLIMATE RECORD PERIOD 1941 TO 2016


WEATHER ITEM   OBSERVED TIME   RECORD YEAR NORMAL DEPARTURE LAST
                VALUE   (LST)  VALUE       VALUE  FROM      YEAR
                                                  NORMAL
..................................................................
TEMPERATURE (F)
 YESTERDAY
  MAXIMUM         57    330 PM  92    1979  61     -4       59
  MINIMUM         38    123 AM  23    1956  42     -4       44
  AVERAGE         48                        52     -4       52

PRECIPITATION (IN)
  YESTERDAY        0.00          1.80 1954   0.12  -0.12     0.00
  MONTH TO DATE    1.55                      1.20   0.35     0.00
  SINCE MAR 1      7.48                      9.76  -2.28     6.82
  SINCE JAN 1     15.02                     16.39  -1.37    14.30

SNOWFALL (IN)
  YESTERDAY        0.0           0.6  1966   0.1   -0.1      0.0
  MONTH TO DATE    0.0                       0.1   -0.1      0.0
  SINCE MAR 1     10.8                      15.6   -4.8      5.3
  SINCE JUL 1     51.8                      62.0  -10.2     94.5
  SNOW DEPTH       0

DEGREE DAYS
 HEATING
  YESTERDAY       17                        13      4       13
  MONTH TO DATE  160                       131     29       94
  SINCE MAR 1   1661                      1737    -76     1766
  SINCE JUL 1   5952                      6779   -827     6820

 COOLING
  YESTERDAY        0                         0      0        0
  MONTH TO DATE    0                         0      0        0
  SINCE MAR 1      0                         0      0        0
  SINCE JAN 1      0                         0      0        0
..................................................................


WIND (MPH)
  RESULTANT WIND SPEED  11   RESULTANT WIND DIRECTION   W (280)
  HIGHEST WIND SPEED    28   HIGHEST WIND DIRECTION     W (290)
  HIGHEST GUST SPEED    38   HIGHEST GUST DIRECTION     W (280)
  AVERAGE WIND SPEED    12.2


SKY COVER
  AVERAGE SKY COVER 0.5


WEATHER CONDITIONS
 THE FOLLOWING WEATHER WAS RECORDED YESTERDAY.
  NO SIGNIFICANT WEATHER WAS OBSERVED.


RELATIVE HUMIDITY (PERCENT)
 HIGHEST    64           500 AM
 LOWEST     26           200 PM
 AVERAGE    45

..........................................................


THE PORTLAND ME CLIMATE NORMALS FOR TODAY
                         NORMAL    RECORD    YEAR
 MAXIMUM TEMPERATURE (F)   62        88      1979
 MINIMUM TEMPERATURE (F)   42        24      1947


SUNRISE AND SUNSET
MAY 10 2016...........SUNRISE   521 AM EDT   SUNSET   755 PM EDT
MAY 11 2016...........SUNRISE   520 AM EDT   SUNSET   756 PM EDT


-  INDICATES NEGATIVE NUMBERS.
R  INDICATES RECORD WAS SET OR TIED.
MM INDICATES DATA IS MISSING.
T  INDICATES TRACE AMOUNT.




$$
