000
CDUS41 KGYX 050812
CLIPWM


CLIMATE REPORT
NATIONAL WEATHER SERVICE GRAY ME
412 AM EDT TUE JUL 5 2016


...................................

...THE PORTLAND ME CLIMATE SUMMARY FOR JULY 4 2016...

CLIMATE NORMAL PERIOD 1981 TO 2010
CLIMATE RECORD PERIOD 1941 TO 2016


WEATHER ITEM   OBSERVED TIME   RECORD YEAR NORMAL DEPARTURE LAST
                VALUE   (LST)  VALUE       VALUE  FROM      YEAR
                                                  NORMAL
..................................................................
TEMPERATURE (F)
 YESTERDAY
  MAXIMUM         86    246 PM  90    2010  78      8       71
                                      2002
                                      1949
  MINIMUM         57    403 AM  42    1962  58     -1       53
  AVERAGE         72                        68      4       62

PRECIPITATION (IN)
  YESTERDAY        0.00          1.41 2014   0.11  -0.11      T
  MONTH TO DATE    0.07                      0.43  -0.36     0.26
  SINCE JUN 1      4.49                      4.22   0.27     6.66
  SINCE JAN 1     20.00                     23.42  -3.42    23.27

SNOWFALL (IN)
  YESTERDAY        0.0           0.0  2002   0.0    0.0      0.0
                                      2001
                                      2000
  MONTH TO DATE    0.0                       0.0    0.0      0.0
  SINCE JUN 1      0.0                       0.0    0.0      0.0
  SINCE JUL 1      0.0                       0.0    0.0      0.0
  SNOW DEPTH       0

DEGREE DAYS
 HEATING
  YESTERDAY        0                         1     -1        3
  MONTH TO DATE    0                         4     -4        4
  SINCE JUN 1     66                       110    -44      148
  SINCE JUL 1      0                         4     -4        4

 COOLING
  YESTERDAY        7                         4      3        0
  MONTH TO DATE   16                        16      0        5
  SINCE JUN 1     48                        73    -25       48
  SINCE JAN 1     64                        80    -16       88
..................................................................


WIND (MPH)
  RESULTANT WIND SPEED   6   RESULTANT WIND DIRECTION  SW (240)
  HIGHEST WIND SPEED    17   HIGHEST WIND DIRECTION     W (260)
  HIGHEST GUST SPEED    24   HIGHEST GUST DIRECTION    SW (210)
  AVERAGE WIND SPEED     7.4


SKY COVER
  AVERAGE SKY COVER 0.2


WEATHER CONDITIONS
 THE FOLLOWING WEATHER WAS RECORDED YESTERDAY.
  NO SIGNIFICANT WEATHER WAS OBSERVED.


RELATIVE HUMIDITY (PERCENT)
 HIGHEST    75           200 AM
 LOWEST     31           100 PM
 AVERAGE    53

..........................................................


THE PORTLAND ME CLIMATE NORMALS FOR TODAY
                         NORMAL    RECORD    YEAR
 MAXIMUM TEMPERATURE (F)   78        94      1999
 MINIMUM TEMPERATURE (F)   59        44      1961


SUNRISE AND SUNSET
JULY  5 2016..........SUNRISE   506 AM EDT   SUNSET   825 PM EDT
JULY  6 2016..........SUNRISE   507 AM EDT   SUNSET   825 PM EDT


-  INDICATES NEGATIVE NUMBERS.
R  INDICATES RECORD WAS SET OR TIED.
MM INDICATES DATA IS MISSING.
T  INDICATES TRACE AMOUNT.




$$
