000
CDUS41 KGYX 210802
CLIPWM


CLIMATE REPORT
NATIONAL WEATHER SERVICE GRAY ME
402 AM EDT THU APR 21 2016


...................................

...THE PORTLAND ME CLIMATE SUMMARY FOR APRIL 20 2016...

CLIMATE NORMAL PERIOD 1981 TO 2010
CLIMATE RECORD PERIOD 1941 TO 2016


WEATHER ITEM   OBSERVED TIME   RECORD YEAR NORMAL DEPARTURE LAST
                VALUE   (LST)  VALUE       VALUE  FROM      YEAR
                                                  NORMAL
..................................................................
TEMPERATURE (F)
 YESTERDAY
  MAXIMUM         59    454 PM  85    2005  55      4       48
  MINIMUM         37   1158 PM  24    1960  36      1       36
  AVERAGE         48                        46      2       42

PRECIPITATION (IN)
  YESTERDAY        0.00          2.20 2015   0.14  -0.14     2.20
  MONTH TO DATE    1.15                      2.90  -1.75     3.37
  SINCE MAR 1      5.52                      7.14  -1.62     5.16
  SINCE JAN 1     13.06                     13.77  -0.71    12.64

SNOWFALL (IN)
  YESTERDAY        0.0           3.2  1925   0.0    0.0      0.0
  MONTH TO DATE    1.5                       2.5   -1.0      2.9
  SINCE MAR 1      8.6                      15.2   -6.6      5.3
  SINCE JUL 1     49.6                      61.6  -12.0     94.5
  SNOW DEPTH       0

DEGREE DAYS
 HEATING
  YESTERDAY       17                        19     -2       23
  MONTH TO DATE  468                       454     14      442
  SINCE MAR 1   1304                      1430   -126     1512
  SINCE JUL 1   5595                      6472   -877     6566

 COOLING
  YESTERDAY        0                         0      0        0
  MONTH TO DATE    0                         0      0        0
  SINCE MAR 1      0                         0      0        0
  SINCE JAN 1      0                         0      0        0
..................................................................


WIND (MPH)
  RESULTANT WIND SPEED   7   RESULTANT WIND DIRECTION  NW (330)
  HIGHEST WIND SPEED    22   HIGHEST WIND DIRECTION     N (360)
  HIGHEST GUST SPEED    27   HIGHEST GUST DIRECTION     N (360)
  AVERAGE WIND SPEED     9.9


SKY COVER
  AVERAGE SKY COVER 0.3


WEATHER CONDITIONS
 THE FOLLOWING WEATHER WAS RECORDED YESTERDAY.
  NO SIGNIFICANT WEATHER WAS OBSERVED.


RELATIVE HUMIDITY (PERCENT)
 HIGHEST    70           400 AM
 LOWEST     19           500 PM
 AVERAGE    45

..........................................................


THE PORTLAND ME CLIMATE NORMALS FOR TODAY
                         NORMAL    RECORD    YEAR
 MAXIMUM TEMPERATURE (F)   56        85      1957
 MINIMUM TEMPERATURE (F)   37        23      1962


SUNRISE AND SUNSET
APRIL 21 2016.........SUNRISE   548 AM EDT   SUNSET   732 PM EDT
APRIL 22 2016.........SUNRISE   546 AM EDT   SUNSET   734 PM EDT


-  INDICATES NEGATIVE NUMBERS.
R  INDICATES RECORD WAS SET OR TIED.
MM INDICATES DATA IS MISSING.
T  INDICATES TRACE AMOUNT.




$$
