000
CDUS41 KGYX 070802
CLIPWM


CLIMATE REPORT
NATIONAL WEATHER SERVICE GRAY ME
401 AM EDT SAT MAY 7 2016


...................................

...THE PORTLAND ME CLIMATE SUMMARY FOR MAY 6 2016...

CLIMATE NORMAL PERIOD 1981 TO 2010
CLIMATE RECORD PERIOD 1941 TO 2016


WEATHER ITEM   OBSERVED TIME   RECORD YEAR NORMAL DEPARTURE LAST
                VALUE   (LST)  VALUE       VALUE  FROM      YEAR
                                                  NORMAL
..................................................................
TEMPERATURE (F)
 YESTERDAY
  MAXIMUM         61    247 PM  84    1976  61      0       72
  MINIMUM         45   1151 PM  28    1961  41      4       42
  AVERAGE         53                        51      2       57

PRECIPITATION (IN)
  YESTERDAY        0.04          2.23 1991   0.13  -0.09     0.00
  MONTH TO DATE    1.52                      0.82   0.70     0.00
  SINCE MAR 1      7.45                      9.38  -1.93     6.82
  SINCE JAN 1     14.99                     16.01  -1.02    14.30

SNOWFALL (IN)
  YESTERDAY        0.0           T    2014   0.0    0.0      0.0
                                      1917
  MONTH TO DATE    0.0                       0.0    0.0      0.0
  SINCE MAR 1     10.8                      15.5   -4.7      5.3
  SINCE JUL 1     51.8                      61.9  -10.1     94.5
  SNOW DEPTH       0

DEGREE DAYS
 HEATING
  YESTERDAY       12                        14     -2        8
  MONTH TO DATE  109                        90     19       67
  SINCE MAR 1   1610                      1696    -86     1739
  SINCE JUL 1   5901                      6738   -837     6793

 COOLING
  YESTERDAY        0                         0      0        0
  MONTH TO DATE    0                         0      0        0
  SINCE MAR 1      0                         0      0        0
  SINCE JAN 1      0                         0      0        0
..................................................................


WIND (MPH)
  RESULTANT WIND SPEED   3   RESULTANT WIND DIRECTION  NE (60)
  HIGHEST WIND SPEED    16   HIGHEST WIND DIRECTION     N (20)
  HIGHEST GUST SPEED    24   HIGHEST GUST DIRECTION     N (360)
  AVERAGE WIND SPEED     7.4


SKY COVER
  AVERAGE SKY COVER 0.8


WEATHER CONDITIONS
 THE FOLLOWING WEATHER WAS RECORDED YESTERDAY.
  LIGHT RAIN


RELATIVE HUMIDITY (PERCENT)
 HIGHEST    86          1200 AM
 LOWEST     60           100 PM
 AVERAGE    73

..........................................................


THE PORTLAND ME CLIMATE NORMALS FOR TODAY
                         NORMAL    RECORD    YEAR
 MAXIMUM TEMPERATURE (F)   61        84      2015
 MINIMUM TEMPERATURE (F)   41        28      1967


SUNRISE AND SUNSET
MAY  7 2016...........SUNRISE   525 AM EDT   SUNSET   751 PM EDT
MAY  8 2016...........SUNRISE   524 AM EDT   SUNSET   752 PM EDT


-  INDICATES NEGATIVE NUMBERS.
R  INDICATES RECORD WAS SET OR TIED.
MM INDICATES DATA IS MISSING.
T  INDICATES TRACE AMOUNT.




$$
