000
CDUS41 KGYX 190611
CLIPWM


CLIMATE REPORT
NATIONAL WEATHER SERVICE GRAY ME
211 AM EDT FRI MAY 19 2017


...................................

...THE PORTLAND ME CLIMATE SUMMARY FOR MAY 18 2017...

CLIMATE NORMAL PERIOD 1981 TO 2010
CLIMATE RECORD PERIOD 1941 TO 2017


WEATHER ITEM   OBSERVED TIME   RECORD YEAR NORMAL DEPARTURE LAST
                VALUE   (LST)  VALUE       VALUE  FROM      YEAR
                                                  NORMAL
..................................................................
TEMPERATURE (F)
 YESTERDAY
  MAXIMUM         93R   309 PM  82    1949  64     29       62
  MINIMUM         59    443 AM  31    1981  45     14       45
  AVERAGE         76                        54     22       54

PRECIPITATION (IN)
  YESTERDAY        T             1.44 1945   0.13  -0.13      T
  MONTH TO DATE    2.10                      2.32  -0.22     1.76
  SINCE MAR 1     12.00                     10.88   1.12     7.69
  SINCE JAN 1     20.20                     17.51   2.69    15.23

SNOWFALL (IN)
  YESTERDAY        0.0           T    2002   0.0    0.0      0.0
                                      1939
  MONTH TO DATE    0.0                       0.1   -0.1      0.0
  SINCE MAR 1     29.1                      15.6   13.5     10.8
  SINCE JUL 1     95.3                      62.0   33.3     51.8
  SNOW DEPTH       0

DEGREE DAYS
 HEATING
  YESTERDAY        0                        11    -11       11
  MONTH TO DATE  251                       238     13      259
  SINCE MAR 1   1909                      1844     65     1760
  SINCE JUL 1   6387                      6886   -499     6051

 COOLING
  YESTERDAY       11                         0     11        0
  MONTH TO DATE   11                         0     11        0
  SINCE MAR 1     13                         0     13        0
  SINCE JAN 1     13                         0     13        0
..................................................................


WIND (MPH)
  RESULTANT WIND SPEED   6   RESULTANT WIND DIRECTION  SW (220)
  HIGHEST WIND SPEED    23   HIGHEST WIND DIRECTION     S (160)
  HIGHEST GUST SPEED    30   HIGHEST GUST DIRECTION     S (160)
  AVERAGE WIND SPEED     8.1


SKY COVER
  AVERAGE SKY COVER 0.4


WEATHER CONDITIONS
 THE FOLLOWING WEATHER WAS RECORDED YESTERDAY.
  NO SIGNIFICANT WEATHER WAS OBSERVED.


RELATIVE HUMIDITY (PERCENT)
 HIGHEST    78           400 AM
 LOWEST     26           100 PM
 AVERAGE    52

..........................................................


THE PORTLAND ME CLIMATE NORMALS FOR TODAY
                         NORMAL    RECORD    YEAR
 MAXIMUM TEMPERATURE (F)   64        86      1949
 MINIMUM TEMPERATURE (F)   45        28      1951


SUNRISE AND SUNSET
MAY 19 2017...........SUNRISE   512 AM EDT   SUNSET   804 PM EDT
MAY 20 2017...........SUNRISE   511 AM EDT   SUNSET   805 PM EDT


-  INDICATES NEGATIVE NUMBERS.
R  INDICATES RECORD WAS SET OR TIED.
MM INDICATES DATA IS MISSING.
T  INDICATES TRACE AMOUNT.




$$
