000
CDUS41 KGYX 060909
CLIPWM


CLIMATE REPORT
NATIONAL WEATHER SERVICE GRAY ME
409 AM EST MON FEB 6 2017


...................................

...THE PORTLAND ME CLIMATE SUMMARY FOR FEBRUARY 5 2017...

CLIMATE NORMAL PERIOD 1981 TO 2010
CLIMATE RECORD PERIOD 1941 TO 2017


WEATHER ITEM   OBSERVED TIME   RECORD YEAR NORMAL DEPARTURE LAST
                VALUE   (LST)  VALUE       VALUE  FROM      YEAR
                                                  NORMAL
..................................................................
TEMPERATURE (F)
 YESTERDAY
  MAXIMUM         39    416 PM  51    2005  33      6       42
  MINIMUM         22    637 AM -13    1978  14      8       20
  AVERAGE         31                        23      8       31

PRECIPITATION (IN)
  YESTERDAY        0.00          2.45 1920   0.11  -0.11     0.53
  MONTH TO DATE    0.03                      0.54  -0.51     1.32
  SINCE DEC 1      8.99                      7.94   1.05    10.03
  SINCE JAN 1      3.68                      3.92  -0.24     4.69

SNOWFALL (IN)
  YESTERDAY        0.0          12.7  2001   0.5   -0.5      8.8
  MONTH TO DATE    0.4                       2.4   -2.0      8.8
  SINCE DEC 1     26.4                      34.8   -8.4     29.3
  SINCE JUL 1     26.9                      36.7   -9.8     29.3
  SNOW DEPTH       T

DEGREE DAYS
 HEATING
  YESTERDAY       34                        42     -8       34
  MONTH TO DATE  191                       210    -19      124
  SINCE DEC 1   2409                      2655   -246     2125
  SINCE JUL 1   3661                      4146   -485     3371

 COOLING
  YESTERDAY        0                         0      0        0
  MONTH TO DATE    0                         0      0        0
  SINCE DEC 1      0                         0      0        0
  SINCE JAN 1      0                         0      0        0
..................................................................


WIND (MPH)
  RESULTANT WIND SPEED   7   RESULTANT WIND DIRECTION  SW (220)
  HIGHEST WIND SPEED    18   HIGHEST WIND DIRECTION    SW (220)
  HIGHEST GUST SPEED    24   HIGHEST GUST DIRECTION    SW (230)
  AVERAGE WIND SPEED     7.8


SKY COVER
  AVERAGE SKY COVER 0.7


WEATHER CONDITIONS
 THE FOLLOWING WEATHER WAS RECORDED YESTERDAY.
  NO SIGNIFICANT WEATHER WAS OBSERVED.


RELATIVE HUMIDITY (PERCENT)
 HIGHEST    57           600 AM
 LOWEST     32           100 PM
 AVERAGE    45

..........................................................


THE PORTLAND ME CLIMATE NORMALS FOR TODAY
                         NORMAL    RECORD    YEAR
 MAXIMUM TEMPERATURE (F)   33        48      2012
 MINIMUM TEMPERATURE (F)   14       -13      1988


SUNRISE AND SUNSET
FEBRUARY  6 2017......SUNRISE   652 AM EST   SUNSET   500 PM EST
FEBRUARY  7 2017......SUNRISE   650 AM EST   SUNSET   501 PM EST


-  INDICATES NEGATIVE NUMBERS.
R  INDICATES RECORD WAS SET OR TIED.
MM INDICATES DATA IS MISSING.
T  INDICATES TRACE AMOUNT.




$$
