000
CDUS41 KGYX 260805
CLIPWM


CLIMATE REPORT
NATIONAL WEATHER SERVICE GRAY ME
404 AM EDT FRI JUN 26 2015


...................................

...THE PORTLAND ME CLIMATE SUMMARY FOR JUNE 25 2015...

CLIMATE NORMAL PERIOD 1981 TO 2010
CLIMATE RECORD PERIOD 1941 TO 2015


WEATHER ITEM   OBSERVED TIME   RECORD YEAR NORMAL DEPARTURE LAST
                VALUE   (LST)  VALUE       VALUE  FROM      YEAR
                                                  NORMAL
..................................................................
TEMPERATURE (F)
 YESTERDAY
  MAXIMUM         78    400 PM  94    2005  76      2       82
                                      1943
  MINIMUM         56    416 AM  44    1953  56      0       62
  AVERAGE         67                        66      1       72

PRECIPITATION (IN)
  YESTERDAY        0.00          1.59 1984   0.12  -0.12     0.92
  MONTH TO DATE    4.81                      3.24   1.57     3.53
  SINCE JUN 1      4.81                      3.24   1.57     3.53
  SINCE JAN 1     21.42                     22.44  -1.02    22.75

SNOWFALL (IN)
  YESTERDAY        0.0           0.0  2002   0.0    0.0      0.0
                                      2001
                                      2000
  MONTH TO DATE    0.0                       0.0    0.0      0.0
  SINCE JUN 1      0.0                       0.0    0.0      0.0
  SINCE JUL 1     94.5                      61.9   32.6     83.4
  SNOW DEPTH       0

DEGREE DAYS
 HEATING
  YESTERDAY        0                         2     -2        0
  MONTH TO DATE  120                        99     21       76
  SINCE JUN 1    120                        99     21       76
  SINCE JUL 1   7052                      7100    -48     7437

 COOLING
  YESTERDAY        2                         3     -1        7
  MONTH TO DATE   39                        43     -4       38
  SINCE JUN 1     39                        43     -4       38
  SINCE JAN 1     79                        50     29       38
..................................................................


WIND (MPH)
  RESULTANT WIND SPEED   1   RESULTANT WIND DIRECTION   W (280)
  HIGHEST WIND SPEED    15   HIGHEST WIND DIRECTION     S (170)
  HIGHEST GUST SPEED    18   HIGHEST GUST DIRECTION     S (160)
  AVERAGE WIND SPEED     5.7


SKY COVER
  AVERAGE SKY COVER 0.3


WEATHER CONDITIONS
 THE FOLLOWING WEATHER WAS RECORDED YESTERDAY.
  NO SIGNIFICANT WEATHER WAS OBSERVED.


RELATIVE HUMIDITY (PERCENT)
 HIGHEST    84           900 PM
 LOWEST     50           400 PM
 AVERAGE    67

..........................................................


THE PORTLAND ME CLIMATE NORMALS FOR TODAY
                         NORMAL    RECORD    YEAR
 MAXIMUM TEMPERATURE (F)   76        94      2007
 MINIMUM TEMPERATURE (F)   57        41      1979


SUNRISE AND SUNSET
JUNE 26 2015..........SUNRISE   501 AM EDT   SUNSET   827 PM EDT
JUNE 27 2015..........SUNRISE   502 AM EDT   SUNSET   827 PM EDT


-  INDICATES NEGATIVE NUMBERS.
R  INDICATES RECORD WAS SET OR TIED.
MM INDICATES DATA IS MISSING.
T  INDICATES TRACE AMOUNT.




$$
