000
CDUS41 KGYX 142043
CLIPWM


CLIMATE REPORT
NATIONAL WEATHER SERVICE GRAY ME
443 PM EDT THU SEP 14 2017


...................................

...THE PORTLAND ME CLIMATE SUMMARY FOR SEPTEMBER 14 2017...
VALID TODAY AS OF 0400 PM LOCAL TIME.

CLIMATE NORMAL PERIOD 1981 TO 2010
CLIMATE RECORD PERIOD 1941 TO 2017


WEATHER ITEM   OBSERVED TIME   RECORD YEAR NORMAL DEPARTURE LAST
                VALUE   (LST)  VALUE       VALUE  FROM      YEAR
                                                  NORMAL
..................................................................
TEMPERATURE (F)
 TODAY
  MAXIMUM         80   1201 PM  88    1993  71      9       86
  MINIMUM         55    231 AM  28    1963  51      4       56
  AVERAGE         68                        61      7       71

PRECIPITATION (IN)
  TODAY            0.00          1.79 1944   0.13  -0.13      T
  MONTH TO DATE    2.16                      1.55   0.61     0.23
  SINCE SEP 1      2.16                      1.55   0.61     0.23
  SINCE JAN 1     32.86                     31.29   1.57    23.76

SNOWFALL (IN)
  TODAY            0.0           0.0  2002   0.0    0.0      0.0
                                      2001
                                      2000
  MONTH TO DATE    0.0                       0.0    0.0      0.0
  SINCE SEP 1      0.0                       0.0    0.0      0.0
  SINCE JUL 1      0.0                       0.0    0.0      0.0
  SNOW DEPTH       0

DEGREE DAYS
 HEATING
  TODAY            0                         5     -5        0
  MONTH TO DATE   36                        48    -12       10
  SINCE SEP 1     36                        48    -12       10
  SINCE JUL 1     69                        93    -24       24

 COOLING
  TODAY            3                         1      2        6
  MONTH TO DATE   13                        21     -8       45
  SINCE SEP 1     13                        21     -8       45
  SINCE JAN 1    377                       349     28      530
..................................................................


WIND (MPH)
  HIGHEST WIND SPEED    12   HIGHEST WIND DIRECTION     S (160)
  HIGHEST GUST SPEED    18   HIGHEST GUST DIRECTION    SE (140)
  AVERAGE WIND SPEED     3.4


SKY COVER
  POSSIBLE SUNSHINE  MM
  AVERAGE SKY COVER 0.5


WEATHER CONDITIONS
 THE FOLLOWING WEATHER WAS RECORDED TODAY.
  NO SIGNIFICANT WEATHER WAS OBSERVED.


RELATIVE HUMIDITY (PERCENT)
 HIGHEST    93           200 AM
 LOWEST     58          1100 AM
 AVERAGE    76

..........................................................


THE PORTLAND ME CLIMATE NORMALS FOR TOMORROW
                         NORMAL    RECORD    YEAR
 MAXIMUM TEMPERATURE (F)   70        90      1993
 MINIMUM TEMPERATURE (F)   51        29      1963


SUNRISE AND SUNSET
SEPTEMBER 14 2017.....SUNRISE   620 AM EDT   SUNSET   653 PM EDT
SEPTEMBER 15 2017.....SUNRISE   621 AM EDT   SUNSET   651 PM EDT


-  INDICATES NEGATIVE NUMBERS.
R  INDICATES RECORD WAS SET OR TIED.
MM INDICATES DATA IS MISSING.
T  INDICATES TRACE AMOUNT.




$$
