029
CDUS41 KGYX 130823
CLIPWM


CLIMATE REPORT
NATIONAL WEATHER SERVICE GRAY ME
423 AM EDT MON MAR 13 2017


...................................

...THE PORTLAND ME CLIMATE SUMMARY FOR MARCH 12 2017...

CLIMATE NORMAL PERIOD 1981 TO 2010
CLIMATE RECORD PERIOD 1941 TO 2017


WEATHER ITEM   OBSERVED TIME   RECORD YEAR NORMAL DEPARTURE LAST
                VALUE   (LST)  VALUE       VALUE  FROM      YEAR
                                                  NORMAL
..................................................................
TEMPERATURE (F)
 YESTERDAY
  MAXIMUM         25    335 PM  63    1973  41    -16       49
  MINIMUM          1R   405 AM   3    1984  24    -23       27
  AVERAGE         13                        32    -19       38

PRECIPITATION (IN)
  YESTERDAY        0.00          1.60 1985   0.12  -0.12     0.00
  MONTH TO DATE    0.34                      1.54  -1.20     1.82
  SINCE MAR 1      0.34                      1.54  -1.20     1.82
  SINCE JAN 1      8.54                      8.17   0.37     9.36

SNOWFALL (IN)
  YESTERDAY        0.0          10.8  1959   0.5   -0.5      0.0
  MONTH TO DATE    1.2                       5.9   -4.7      0.5
  SINCE MAR 1      1.2                       5.9   -4.7      0.5
  SINCE JUL 1     67.4                      52.3   15.1     41.5
  SNOW DEPTH       T

DEGREE DAYS
 HEATING
  YESTERDAY       52                        33     19       27
  MONTH TO DATE  457                       413     44      349
  SINCE MAR 1    457                       413     44      349
  SINCE JUL 1   4935                      5455   -520     4640

 COOLING
  YESTERDAY        0                         0      0        0
  MONTH TO DATE    0                         0      0        0
  SINCE MAR 1      0                         0      0        0
  SINCE JAN 1      0                         0      0        0
..................................................................


WIND (MPH)
  RESULTANT WIND SPEED   8   RESULTANT WIND DIRECTION  NW (310)
  HIGHEST WIND SPEED    21   HIGHEST WIND DIRECTION     W (290)
  HIGHEST GUST SPEED    29   HIGHEST GUST DIRECTION    NW (300)
  AVERAGE WIND SPEED     9.2


SKY COVER
  AVERAGE SKY COVER 0.0


WEATHER CONDITIONS
 THE FOLLOWING WEATHER WAS RECORDED YESTERDAY.
  NO SIGNIFICANT WEATHER WAS OBSERVED.


RELATIVE HUMIDITY (PERCENT)
 HIGHEST    57           400 AM
 LOWEST     31           200 PM
 AVERAGE    44

..........................................................


THE PORTLAND ME CLIMATE NORMALS FOR TODAY
                         NORMAL    RECORD    YEAR
 MAXIMUM TEMPERATURE (F)   41        65      1946
 MINIMUM TEMPERATURE (F)   24         0      1941


SUNRISE AND SUNSET
MARCH 13 2017.........SUNRISE   657 AM EDT   SUNSET   645 PM EDT
MARCH 14 2017.........SUNRISE   655 AM EDT   SUNSET   647 PM EDT


-  INDICATES NEGATIVE NUMBERS.
R  INDICATES RECORD WAS SET OR TIED.
MM INDICATES DATA IS MISSING.
T  INDICATES TRACE AMOUNT.




$$
