000
CDUS41 KGYX 012052
CLIPWM


CLIMATE REPORT
NATIONAL WEATHER SERVICE GRAY ME
452 PM EDT SAT JUL 1 2017


...................................

...THE PORTLAND ME CLIMATE SUMMARY FOR JULY 1 2017...
VALID TODAY AS OF 0400 PM LOCAL TIME.

CLIMATE NORMAL PERIOD 1981 TO 2010
CLIMATE RECORD PERIOD 1941 TO 2017


WEATHER ITEM   OBSERVED TIME   RECORD YEAR NORMAL DEPARTURE LAST
                VALUE   (LST)  VALUE       VALUE  FROM      YEAR
                                                  NORMAL
..................................................................
TEMPERATURE (F)
 TODAY
  MAXIMUM         79    921 AM  93    1971  77      2       79
  MINIMUM         64    235 AM  45    1943  58      6       58
  AVERAGE         72                        68      4       69

PRECIPITATION (IN)
  TODAY            0.00          2.38 1979   0.11  -0.11     0.07
  MONTH TO DATE    0.00                      0.11  -0.11     0.07
  SINCE JUN 1      2.62                      3.90  -1.28     4.49
  SINCE JAN 1     26.66                     23.10   3.56    20.00

SNOWFALL (IN)
  TODAY            0.0           0.0  2002   0.0    0.0      0.0
                                      2001
                                      2000
  MONTH TO DATE    0.0                       0.0    0.0      0.0
  SINCE JUN 1      0.0                       0.0    0.0      0.0
  SINCE JUL 1      0.0                       0.0    0.0      0.0
  SNOW DEPTH       0

DEGREE DAYS
 HEATING
  TODAY            0                         1     -1        0
  MONTH TO DATE    0                         1     -1        0
  SINCE JUN 1     85                       107    -22       66
  SINCE JUL 1      0                         1     -1        0

 COOLING
  TODAY            7                         4      3        4
  MONTH TO DATE    7                         4      3        4
  SINCE JUN 1     99                        61     38       36
  SINCE JAN 1    116                        68     48       52
..................................................................


WIND (MPH)
  HIGHEST WIND SPEED    16   HIGHEST WIND DIRECTION    SE (150)
  HIGHEST GUST SPEED    19   HIGHEST GUST DIRECTION    SE (150)
  AVERAGE WIND SPEED     6.3


SKY COVER
  POSSIBLE SUNSHINE  MM
  AVERAGE SKY COVER 0.8


WEATHER CONDITIONS
 THE FOLLOWING WEATHER WAS RECORDED TODAY.
  FOG
  FOG W/VISIBILITY <= 1/4 MILE


RELATIVE HUMIDITY (PERCENT)
 HIGHEST   100          1200 AM
 LOWEST     74           900 AM
 AVERAGE    87

..........................................................


THE PORTLAND ME CLIMATE NORMALS FOR TOMORROW
                         NORMAL    RECORD    YEAR
 MAXIMUM TEMPERATURE (F)   78        98      1941
 MINIMUM TEMPERATURE (F)   58        41      1961


SUNRISE AND SUNSET
JULY  1 2017..........SUNRISE   504 AM EDT   SUNSET   826 PM EDT
JULY  2 2017..........SUNRISE   504 AM EDT   SUNSET   826 PM EDT


-  INDICATES NEGATIVE NUMBERS.
R  INDICATES RECORD WAS SET OR TIED.
MM INDICATES DATA IS MISSING.
T  INDICATES TRACE AMOUNT.




$$
