000
CDUS41 KGYX 082101
CLIPWM


CLIMATE REPORT
NATIONAL WEATHER SERVICE GRAY ME
501 PM EDT MON SEP 8 2014


...................................

...THE PORTLAND ME CLIMATE SUMMARY FOR SEPTEMBER 8 2014...
VALID TODAY AS OF 0500 PM LOCAL TIME.

CLIMATE NORMAL PERIOD 1981 TO 2010
CLIMATE RECORD PERIOD 1941 TO 2014


WEATHER ITEM   OBSERVED TIME   RECORD YEAR NORMAL DEPARTURE LAST
                VALUE   (LST)  VALUE       VALUE  FROM      YEAR
                                                  NORMAL
..................................................................
TEMPERATURE (F)
 TODAY
  MAXIMUM         69   1016 AM  93    1960  73     -4       69
  MINIMUM         50    451 AM  34    1955  53     -3       45
  AVERAGE         60                        63     -3       57

PRECIPITATION (IN)
  TODAY            0.00          1.69 1913   0.11  -0.11     0.01
  MONTH TO DATE    0.30                      0.83  -0.53     2.68
  SINCE SEP 1      0.30                      0.83  -0.53     2.68
  SINCE JAN 1     38.50                     30.57   7.93    30.90

SNOWFALL (IN)
  TODAY            0.0           0.0  2002   0.0    0.0      0.0
                                      2001
                                      2000
  MONTH TO DATE    0.0                       0.0    0.0      0.0
  SINCE SEP 1      0.0                       0.0    0.0      0.0
  SINCE JUL 1      0.0                       0.0    0.0      0.0
  SNOW DEPTH       0

DEGREE DAYS
 HEATING
  TODAY            5                         3      2        8
  MONTH TO DATE    5                        22    -17       25
  SINCE SEP 1      5                        22    -17       25
  SINCE JUL 1     29                        67    -38       43

 COOLING
  TODAY            0                         1     -1        0
  MONTH TO DATE   42                        15     27       18
  SINCE SEP 1     42                        15     27       18
  SINCE JAN 1    340                       343     -3      435
..................................................................


WIND (MPH)
  HIGHEST WIND SPEED    13   HIGHEST WIND DIRECTION    SE (140)
  HIGHEST GUST SPEED    17   HIGHEST GUST DIRECTION    SE (130)
  AVERAGE WIND SPEED     5.6


SKY COVER
  POSSIBLE SUNSHINE  MM
  AVERAGE SKY COVER 0.1


WEATHER CONDITIONS
 THE FOLLOWING WEATHER WAS RECORDED TODAY.
  NO SIGNIFICANT WEATHER WAS OBSERVED.


RELATIVE HUMIDITY (PERCENT)
 HIGHEST    93           200 AM
 LOWEST     44           300 PM
 AVERAGE    69

..........................................................


THE PORTLAND ME CLIMATE NORMALS FOR TOMORROW
                         NORMAL    RECORD    YEAR
 MAXIMUM TEMPERATURE (F)   73        93      2002
 MINIMUM TEMPERATURE (F)   53        37      1952


SUNRISE AND SUNSET
SEPTEMBER  8 2014.....SUNRISE   613 AM EDT   SUNSET   704 PM EDT
SEPTEMBER  9 2014.....SUNRISE   614 AM EDT   SUNSET   703 PM EDT


-  INDICATES NEGATIVE NUMBERS.
R  INDICATES RECORD WAS SET OR TIED.
MM INDICATES DATA IS MISSING.
T  INDICATES TRACE AMOUNT.




$$
