000
CDUS41 KGYX 192146
CLIPWM


CLIMATE REPORT
NATIONAL WEATHER SERVICE GRAY ME
446 PM EST THU FEB 19 2015


...................................

...THE PORTLAND ME CLIMATE SUMMARY FOR FEBRUARY 19 2015...
VALID TODAY AS OF 0400 PM LOCAL TIME.

CLIMATE NORMAL PERIOD 1981 TO 2010
CLIMATE RECORD PERIOD 1941 TO 2015


WEATHER ITEM   OBSERVED TIME   RECORD YEAR NORMAL DEPARTURE LAST
                VALUE   (LST)  VALUE       VALUE  FROM      YEAR
                                                  NORMAL
..................................................................
TEMPERATURE (F)
 TODAY
  MAXIMUM         33    225 AM  57    1954  36     -3       34
  MINIMUM         20    646 AM -10    1979  17      3       10
  AVERAGE         27                        26      1       22

PRECIPITATION (IN)
  TODAY            0.16          2.75 1960   0.12   0.04     0.22
  MONTH TO DATE    2.42                      2.14   0.28     3.43
  SINCE DEC 1     13.36                      9.54   3.82    11.92
  SINCE JAN 1      7.09                      5.52   1.57     7.48

SNOWFALL (IN)
  TODAY           MM            15.3  1960   0.4   MM        1.7
  MONTH TO DATE   25.4                       8.3   17.1     33.9
  SINCE DEC 1     69.7                      40.7   29.0     77.7
  SINCE JUL 1     80.0                      42.6   37.4     78.2
  SNOW DEPTH       0

DEGREE DAYS
 HEATING
  TODAY           38                        39     -1       43
  MONTH TO DATE  982                       771    211      843
  SINCE DEC 1   3298                      3216     82     3436
  SINCE JUL 1   4609                      4707    -98     4887

 COOLING
  TODAY            0                         0      0        0
  MONTH TO DATE    0                         0      0        0
  SINCE DEC 1      0                         0      0        0
  SINCE JAN 1      0                         0      0        0
..................................................................


WIND (MPH)
  HIGHEST WIND SPEED    17   HIGHEST WIND DIRECTION     E (110)
  HIGHEST GUST SPEED    22   HIGHEST GUST DIRECTION     E (100)
  AVERAGE WIND SPEED     6.8


SKY COVER
  POSSIBLE SUNSHINE  MM
  AVERAGE SKY COVER 0.8


WEATHER CONDITIONS
 THE FOLLOWING WEATHER WAS RECORDED TODAY.
  HEAVY SNOW
  SNOW
  LIGHT SNOW
  FOG
  FOG W/VISIBILITY <= 1/4 MILE
  HAZE


RELATIVE HUMIDITY (PERCENT)
 HIGHEST    92           700 AM
 LOWEST     58           200 PM
 AVERAGE    75

..........................................................


THE PORTLAND ME CLIMATE NORMALS FOR TOMORROW
                         NORMAL    RECORD    YEAR
 MAXIMUM TEMPERATURE (F)   36        61      1994
 MINIMUM TEMPERATURE (F)   18       -12      1966


SUNRISE AND SUNSET
FEBRUARY 19 2015......SUNRISE   634 AM EST   SUNSET   517 PM EST
FEBRUARY 20 2015......SUNRISE   633 AM EST   SUNSET   518 PM EST


-  INDICATES NEGATIVE NUMBERS.
R  INDICATES RECORD WAS SET OR TIED.
MM INDICATES DATA IS MISSING.
T  INDICATES TRACE AMOUNT.




$$
