000
CDUS41 KGYX 030920
CLIPWM


CLIMATE REPORT
NATIONAL WEATHER SERVICE GRAY ME
420 AM EST WED JAN 3 2018


...................................

...THE PORTLAND ME CLIMATE SUMMARY FOR JANUARY 2 2018...

CLIMATE NORMAL PERIOD 1981 TO 2010
CLIMATE RECORD PERIOD 1941 TO 2018


WEATHER ITEM   OBSERVED TIME   RECORD YEAR NORMAL DEPARTURE LAST
                VALUE   (LST)  VALUE       VALUE  FROM      YEAR
                                                  NORMAL
..................................................................
TEMPERATURE (F)
 YESTERDAY
  MAXIMUM         12    408 PM  50    1979  32    -20       38
  MINIMUM        -16    726 AM -17    1968  15    -31       16
  AVERAGE         -2                        24    -26       27

PRECIPITATION (IN)
  YESTERDAY        0.00          1.55 1932   0.11  -0.11     0.00
  MONTH TO DATE    T                         0.22  -0.22     0.05
  SINCE DEC 1      3.46                      4.24  -0.78     5.36
  SINCE JAN 1      T                         0.22  -0.22     0.05

SNOWFALL (IN)
  YESTERDAY        0.0          13.0  1987   0.6   -0.6      0.0
  MONTH TO DATE    0.0                       1.2   -1.2       T
  SINCE DEC 1     21.2                      14.4    6.8     18.9
  SINCE JUL 1     21.3                      16.3    5.0     19.4
  SNOW DEPTH       9

DEGREE DAYS
 HEATING
  YESTERDAY       67                        41     26       38
  MONTH TO DATE  135                        82     53       71
  SINCE DEC 1   1418                      1203    215     1206
  SINCE JUL 1   2583                      2694   -111     2458

 COOLING
  YESTERDAY        0                         0      0        0
  MONTH TO DATE    0                         0      0        0
  SINCE DEC 1      0                         0      0        0
  SINCE JAN 1      0                         0      0        0
..................................................................


WIND (MPH)
  RESULTANT WIND SPEED   4   RESULTANT WIND DIRECTION   W (280)
  HIGHEST WIND SPEED    13   HIGHEST WIND DIRECTION     W (290)
  HIGHEST GUST SPEED    16   HIGHEST GUST DIRECTION     W (290)
  AVERAGE WIND SPEED     6.0


SKY COVER
  AVERAGE SKY COVER 0.2


WEATHER CONDITIONS
 THE FOLLOWING WEATHER WAS RECORDED YESTERDAY.
  NO SIGNIFICANT WEATHER WAS OBSERVED.


RELATIVE HUMIDITY (PERCENT)
 HIGHEST    83          1200 AM
 LOWEST     46           100 PM
 AVERAGE    65

..........................................................


THE PORTLAND ME CLIMATE NORMALS FOR TODAY
                         NORMAL    RECORD    YEAR
 MAXIMUM TEMPERATURE (F)   32        59      2000
 MINIMUM TEMPERATURE (F)   15       -16      1957


SUNRISE AND SUNSET
JANUARY  3 2018.......SUNRISE   715 AM EST   SUNSET   417 PM EST
JANUARY  4 2018.......SUNRISE   715 AM EST   SUNSET   418 PM EST


-  INDICATES NEGATIVE NUMBERS.
R  INDICATES RECORD WAS SET OR TIED.
MM INDICATES DATA IS MISSING.
T  INDICATES TRACE AMOUNT.




$$
