000
CDUS41 KGYX 250810
CLIPWM


CLIMATE REPORT
NATIONAL WEATHER SERVICE GRAY ME
410 AM EDT THU JUN 25 2015


...................................

...THE PORTLAND ME CLIMATE SUMMARY FOR JUNE 24 2015...

CLIMATE NORMAL PERIOD 1981 TO 2010
CLIMATE RECORD PERIOD 1941 TO 2015


WEATHER ITEM   OBSERVED TIME   RECORD YEAR NORMAL DEPARTURE LAST
                VALUE   (LST)  VALUE       VALUE  FROM      YEAR
                                                  NORMAL
..................................................................
TEMPERATURE (F)
 YESTERDAY
  MAXIMUM         82    243 PM  93    1976  76      6       72
  MINIMUM         56    406 AM  40    1941  56      0       60
  AVERAGE         69                        66      3       66

PRECIPITATION (IN)
  YESTERDAY        0.00          1.77 1906   0.11  -0.11     0.00
  MONTH TO DATE    4.81                      3.12   1.69     2.61
  SINCE JUN 1      4.81                      3.12   1.69     2.61
  SINCE JAN 1     21.42                     22.32  -0.90    21.83

SNOWFALL (IN)
  YESTERDAY        0.0           0.0  2002   0.0    0.0      0.0
                                      2001
                                      2000
  MONTH TO DATE    0.0                       0.0    0.0      0.0
  SINCE JUN 1      0.0                       0.0    0.0      0.0
  SINCE JUL 1     94.5                      61.9   32.6     83.4
  SNOW DEPTH       0

DEGREE DAYS
 HEATING
  YESTERDAY        0                         2     -2        0
  MONTH TO DATE  120                        97     23       76
  SINCE JUN 1    120                        97     23       76
  SINCE JUL 1   7052                      7098    -46     7437

 COOLING
  YESTERDAY        4                         3      1        1
  MONTH TO DATE   37                        40     -3       31
  SINCE JUN 1     37                        40     -3       31
  SINCE JAN 1     77                        47     30       31
..................................................................


WIND (MPH)
  RESULTANT WIND SPEED   5   RESULTANT WIND DIRECTION  NW (310)
  HIGHEST WIND SPEED    16   HIGHEST WIND DIRECTION    NW (310)
  HIGHEST GUST SPEED    24   HIGHEST GUST DIRECTION     N (340)
  AVERAGE WIND SPEED     6.0


SKY COVER
  AVERAGE SKY COVER 0.1


WEATHER CONDITIONS
 THE FOLLOWING WEATHER WAS RECORDED YESTERDAY.
  FOG


RELATIVE HUMIDITY (PERCENT)
 HIGHEST   100          1200 AM
 LOWEST     28           200 PM
 AVERAGE    64

..........................................................


THE PORTLAND ME CLIMATE NORMALS FOR TODAY
                         NORMAL    RECORD    YEAR
 MAXIMUM TEMPERATURE (F)   76        94      2005
                                             1943
 MINIMUM TEMPERATURE (F)   56        44      1953


SUNRISE AND SUNSET
JUNE 25 2015..........SUNRISE   501 AM EDT   SUNSET   827 PM EDT
JUNE 26 2015..........SUNRISE   501 AM EDT   SUNSET   827 PM EDT


-  INDICATES NEGATIVE NUMBERS.
R  INDICATES RECORD WAS SET OR TIED.
MM INDICATES DATA IS MISSING.
T  INDICATES TRACE AMOUNT.




$$
