000
CDUS41 KGYX 122049
CLIPWM


CLIMATE REPORT
NATIONAL WEATHER SERVICE GRAY ME
448 PM EDT WED APR 12 2017


...................................

...THE PORTLAND ME CLIMATE SUMMARY FOR APRIL 12 2017...
VALID TODAY AS OF 0400 PM LOCAL TIME.

CLIMATE NORMAL PERIOD 1981 TO 2010
CLIMATE RECORD PERIOD 1941 TO 2017


WEATHER ITEM   OBSERVED TIME   RECORD YEAR NORMAL DEPARTURE LAST
                VALUE   (LST)  VALUE       VALUE  FROM      YEAR
                                                  NORMAL
..................................................................
TEMPERATURE (F)
 TODAY
  MAXIMUM         60        MM  80    1945  52      8       52
  MINIMUM         48        MM  17    1976  34     14       32
  AVERAGE         54                        43     11       42

PRECIPITATION (IN)
  TODAY            0.12          1.48 1993   0.15  -0.03     0.25
  MONTH TO DATE    3.43                      1.77   1.66     0.96
  SINCE MAR 1      6.93                      6.01   0.92     5.33
  SINCE JAN 1     15.13                     12.64   2.49    12.87

SNOWFALL (IN)
  TODAY           MM             6.7  1894   0.1   MM        0.0
  MONTH TO DATE    7.9                       1.8    6.1      1.5
  SINCE MAR 1     29.1                      14.5   14.6      8.6
  SINCE JUL 1     95.3                      60.9   34.4     49.6
  SNOW DEPTH       0

DEGREE DAYS
 HEATING
  TODAY           11                        22    -11       23
  MONTH TO DATE  253                       290    -37      323
  SINCE MAR 1   1367                      1266    101     1159
  SINCE JUL 1   5845                      6308   -463     5450

 COOLING
  TODAY            0                         0      0        0
  MONTH TO DATE    0                         0      0        0
  SINCE MAR 1      0                         0      0        0
  SINCE JAN 1      0                         0      0        0
..................................................................


WIND (MPH)
  HIGHEST WIND SPEED     9   HIGHEST WIND DIRECTION     E (90)
  HIGHEST GUST SPEED    MM   HIGHEST GUST DIRECTION    MM
  AVERAGE WIND SPEED     3.7


SKY COVER
  POSSIBLE SUNSHINE  MM
  AVERAGE SKY COVER 0.6


WEATHER CONDITIONS
 THE FOLLOWING WEATHER WAS RECORDED TODAY.
  RAIN
  LIGHT RAIN
  FOG


RELATIVE HUMIDITY (PERCENT)
 HIGHEST    93           600 AM
 LOWEST     57          1100 AM
 AVERAGE    75

..........................................................


THE PORTLAND ME CLIMATE NORMALS FOR TOMORROW
                         NORMAL    RECORD    YEAR
 MAXIMUM TEMPERATURE (F)   52        74      1968
 MINIMUM TEMPERATURE (F)   34        21      1976


SUNRISE AND SUNSET
APRIL 12 2017.........SUNRISE   603 AM EDT   SUNSET   721 PM EDT
APRIL 13 2017.........SUNRISE   602 AM EDT   SUNSET   723 PM EDT


-  INDICATES NEGATIVE NUMBERS.
R  INDICATES RECORD WAS SET OR TIED.
MM INDICATES DATA IS MISSING.
T  INDICATES TRACE AMOUNT.




$$
