000
CDUS41 KGYX 180801
CLIPWM


CLIMATE REPORT
NATIONAL WEATHER SERVICE GRAY ME
401 AM EDT SAT JUL 18 2015


...................................

...THE PORTLAND ME CLIMATE SUMMARY FOR JULY 17 2015...

CLIMATE NORMAL PERIOD 1981 TO 2010
CLIMATE RECORD PERIOD 1941 TO 2015


WEATHER ITEM   OBSERVED TIME   RECORD YEAR NORMAL DEPARTURE LAST
                VALUE   (LST)  VALUE       VALUE  FROM      YEAR
                                                  NORMAL
..................................................................
TEMPERATURE (F)
 YESTERDAY
  MAXIMUM         74    209 PM  97    1999  79     -5       77
  MINIMUM         51    420 AM  41    1946  60     -9       61
  AVERAGE         63                        70     -7       69

PRECIPITATION (IN)
  YESTERDAY        T             2.53 1979   0.12  -0.12     0.00
  MONTH TO DATE    0.32                      1.97  -1.65     4.14
  SINCE JUN 1      6.72                      5.76   0.96     8.44
  SINCE JAN 1     23.33                     24.96  -1.63    27.66

SNOWFALL (IN)
  YESTERDAY        0.0           0.0  2002   0.0    0.0      0.0
                                      2001
                                      2000
  MONTH TO DATE    0.0                       0.0    0.0      0.0
  SINCE JUN 1      0.0                       0.0    0.0      0.0
  SINCE JUL 1      0.0                       0.0    0.0      0.0
  SNOW DEPTH       0

DEGREE DAYS
 HEATING
  YESTERDAY        2                         0      2        0
  MONTH TO DATE    6                        12     -6        0
  SINCE JUN 1    150                       118     32       77
  SINCE JUL 1      6                        12     -6        0

 COOLING
  YESTERDAY        0                         5     -5        4
  MONTH TO DATE   69                        75     -6      115
  SINCE JUN 1    112                       132    -20      171
  SINCE JAN 1    152                       139     13      171
..................................................................


WIND (MPH)
  RESULTANT WIND SPEED   3   RESULTANT WIND DIRECTION  SE (140)
  HIGHEST WIND SPEED    13   HIGHEST WIND DIRECTION    SE (150)
  HIGHEST GUST SPEED    15   HIGHEST GUST DIRECTION    SE (150)
  AVERAGE WIND SPEED     4.3


SKY COVER
  AVERAGE SKY COVER 0.5


WEATHER CONDITIONS
 THE FOLLOWING WEATHER WAS RECORDED YESTERDAY.
  LIGHT RAIN
  HAZE


RELATIVE HUMIDITY (PERCENT)
 HIGHEST    93           800 PM
 LOWEST     46           200 PM
 AVERAGE    70

..........................................................


THE PORTLAND ME CLIMATE NORMALS FOR TODAY
                         NORMAL    RECORD    YEAR
 MAXIMUM TEMPERATURE (F)   79        95      1982
 MINIMUM TEMPERATURE (F)   60        44      1946


SUNRISE AND SUNSET
JULY 18 2015..........SUNRISE   516 AM EDT   SUNSET   818 PM EDT
JULY 19 2015..........SUNRISE   517 AM EDT   SUNSET   818 PM EDT


-  INDICATES NEGATIVE NUMBERS.
R  INDICATES RECORD WAS SET OR TIED.
MM INDICATES DATA IS MISSING.
T  INDICATES TRACE AMOUNT.




$$
