000
CDUS41 KGYX 112041
CLIPWM


CLIMATE REPORT
NATIONAL WEATHER SERVICE GRAY ME
441 PM EDT MON AUG 11 2014


...................................

...THE PORTLAND ME CLIMATE SUMMARY FOR AUGUST 11 2014...
VALID TODAY AS OF 0400 PM LOCAL TIME.

CLIMATE NORMAL PERIOD 1981 TO 2010
CLIMATE RECORD PERIOD 1941 TO 2014


WEATHER ITEM   OBSERVED TIME   RECORD YEAR NORMAL DEPARTURE LAST
                VALUE   (LST)  VALUE       VALUE  FROM      YEAR
                                                  NORMAL
..................................................................
TEMPERATURE (F)
 TODAY
  MAXIMUM         81   1200 PM  99    1944  79      2       78
  MINIMUM         57    353 AM  41    1963  59     -2       52
  AVERAGE         69                        69      0       65

PRECIPITATION (IN)
  TODAY            0.00          1.76 1902   0.11  -0.11     0.00
  MONTH TO DATE    0.67                      1.16  -0.49     1.46
  SINCE JUN 1     11.09                      8.56   2.53    12.14
  SINCE JAN 1     30.31                     27.76   2.55    27.94

SNOWFALL (IN)
  TODAY            0.0           0.0  2002   0.0    0.0      0.0
                                      2001
                                      2000
  MONTH TO DATE    0.0                       0.0    0.0      0.0
  SINCE JUN 1      0.0                       0.0    0.0      0.0
  SINCE JUL 1      0.0                       0.0    0.0      0.0
  SNOW DEPTH       0

DEGREE DAYS
 HEATING
  TODAY            0                         1     -1        0
  MONTH TO DATE    1                         2     -1        7
  SINCE JUN 1     78                       125    -47       95
  SINCE JUL 1      1                        19    -18       14

 COOLING
  TODAY            4                         4      0        0
  MONTH TO DATE   39                        52    -13       25
  SINCE JUN 1    254                       253      1      325
  SINCE JAN 1    254                       260     -6      340
..................................................................


WIND (MPH)
  HIGHEST WIND SPEED    12   HIGHEST WIND DIRECTION     S (160)
  HIGHEST GUST SPEED    14   HIGHEST GUST DIRECTION     S (160)
  AVERAGE WIND SPEED     3.9


SKY COVER
  POSSIBLE SUNSHINE  MM
  AVERAGE SKY COVER 0.1


WEATHER CONDITIONS
 THE FOLLOWING WEATHER WAS RECORDED TODAY.
  NO SIGNIFICANT WEATHER WAS OBSERVED.


RELATIVE HUMIDITY (PERCENT)
 HIGHEST    93          1200 AM
 LOWEST     56          1000 AM
 AVERAGE    75

..........................................................


THE PORTLAND ME CLIMATE NORMALS FOR TOMORROW
                         NORMAL    RECORD    YEAR
 MAXIMUM TEMPERATURE (F)   78        99      1944
 MINIMUM TEMPERATURE (F)   59        44      1950


SUNRISE AND SUNSET
AUGUST 11 2014........SUNRISE   541 AM EDT   SUNSET   751 PM EDT
AUGUST 12 2014........SUNRISE   542 AM EDT   SUNSET   749 PM EDT


-  INDICATES NEGATIVE NUMBERS.
R  INDICATES RECORD WAS SET OR TIED.
MM INDICATES DATA IS MISSING.
T  INDICATES TRACE AMOUNT.




$$
