000
CDUS41 KGYX 200802
CLIPWM


CLIMATE REPORT
NATIONAL WEATHER SERVICE GRAY ME
402 AM EDT SAT MAY 20 2017


...................................

...THE PORTLAND ME CLIMATE SUMMARY FOR MAY 19 2017...

CLIMATE NORMAL PERIOD 1981 TO 2010
CLIMATE RECORD PERIOD 1941 TO 2017


WEATHER ITEM   OBSERVED TIME   RECORD YEAR NORMAL DEPARTURE LAST
                VALUE   (LST)  VALUE       VALUE  FROM      YEAR
                                                  NORMAL
..................................................................
TEMPERATURE (F)
 YESTERDAY
  MAXIMUM         85   1136 AM  86    1949  64     21       66
  MINIMUM         53   1156 PM  28    1951  45      8       44
  AVERAGE         69                        55     14       55

PRECIPITATION (IN)
  YESTERDAY        0.00          1.50 1901   0.13  -0.13      T
  MONTH TO DATE    2.10                      2.45  -0.35     1.76
  SINCE MAR 1     12.00                     11.01   0.99     7.69
  SINCE JAN 1     20.20                     17.64   2.56    15.23

SNOWFALL (IN)
  YESTERDAY        0.0           0.0  2002   0.0    0.0      0.0
                                      2001
                                      2000
  MONTH TO DATE    0.0                       0.1   -0.1      0.0
  SINCE MAR 1     29.1                      15.6   13.5     10.8
  SINCE JUL 1     95.3                      62.0   33.3     51.8
  SNOW DEPTH       0

DEGREE DAYS
 HEATING
  YESTERDAY        0                        11    -11       10
  MONTH TO DATE  251                       249      2      269
  SINCE MAR 1   1909                      1855     54     1770
  SINCE JUL 1   6387                      6897   -510     6061

 COOLING
  YESTERDAY        4                         0      4        0
  MONTH TO DATE   15                         0     15        0
  SINCE MAR 1     17                         0     17        0
  SINCE JAN 1     17                         0     17        0
..................................................................


WIND (MPH)
  RESULTANT WIND SPEED  10   RESULTANT WIND DIRECTION  NW (300)
  HIGHEST WIND SPEED    26   HIGHEST WIND DIRECTION     W (290)
  HIGHEST GUST SPEED    36   HIGHEST GUST DIRECTION     N (360)
  AVERAGE WIND SPEED    14.0


SKY COVER
  AVERAGE SKY COVER 0.3


WEATHER CONDITIONS
 THE FOLLOWING WEATHER WAS RECORDED YESTERDAY.
  NO SIGNIFICANT WEATHER WAS OBSERVED.


RELATIVE HUMIDITY (PERCENT)
 HIGHEST    73           400 AM
 LOWEST     34          1200 PM
 AVERAGE    54

..........................................................


THE PORTLAND ME CLIMATE NORMALS FOR TODAY
                         NORMAL    RECORD    YEAR
 MAXIMUM TEMPERATURE (F)   65        86      1959
 MINIMUM TEMPERATURE (F)   45        32      2002
                                             1955


SUNRISE AND SUNSET
MAY 20 2017...........SUNRISE   511 AM EDT   SUNSET   805 PM EDT
MAY 21 2017...........SUNRISE   510 AM EDT   SUNSET   806 PM EDT


-  INDICATES NEGATIVE NUMBERS.
R  INDICATES RECORD WAS SET OR TIED.
MM INDICATES DATA IS MISSING.
T  INDICATES TRACE AMOUNT.




$$
