000
CDUS41 KGYX 040915
CLIPWM


CLIMATE REPORT
NATIONAL WEATHER SERVICE GRAY ME
415 AM EST WED JAN 4 2017


...................................

...THE PORTLAND ME CLIMATE SUMMARY FOR JANUARY 3 2017...

CLIMATE NORMAL PERIOD 1981 TO 2010
CLIMATE RECORD PERIOD 1941 TO 2017


WEATHER ITEM   OBSERVED TIME   RECORD YEAR NORMAL DEPARTURE LAST
                VALUE   (LST)  VALUE       VALUE  FROM      YEAR
                                                  NORMAL
..................................................................
TEMPERATURE (F)
 YESTERDAY
  MAXIMUM         40   1248 PM  59    2000  32      8       40
  MINIMUM         26   1205 AM -16    1957  15     11       26
  AVERAGE         33                        23     10       33

PRECIPITATION (IN)
  YESTERDAY        1.01          2.24 1936   0.12   0.89     0.00
  MONTH TO DATE    1.06                      0.34   0.72     0.01
  SINCE DEC 1      6.37                      4.36   2.01     5.35
  SINCE JAN 1      1.06                      0.34   0.72     0.01

SNOWFALL (IN)
  YESTERDAY        T             9.1  1996   0.6   -0.6      0.0
  MONTH TO DATE    T                         1.8   -1.8      0.3
  SINCE DEC 1     18.9                      15.0    3.9      7.6
  SINCE JUL 1     19.4                      16.9    2.5      7.6
  SNOW DEPTH       3

DEGREE DAYS
 HEATING
  YESTERDAY       32                        42    -10       32
  MONTH TO DATE  103                       124    -21       93
  SINCE DEC 1   1238                      1245     -7      924
  SINCE JUL 1   2490                      2736   -246     2170

 COOLING
  YESTERDAY        0                         0      0        0
  MONTH TO DATE    0                         0      0        0
  SINCE DEC 1      0                         0      0        0
  SINCE JAN 1      0                         0      0        0
..................................................................


WIND (MPH)
  RESULTANT WIND SPEED  10   RESULTANT WIND DIRECTION  NE (60)
  HIGHEST WIND SPEED    23   HIGHEST WIND DIRECTION     E (80)
  HIGHEST GUST SPEED    34   HIGHEST GUST DIRECTION     E (100)
  AVERAGE WIND SPEED    11.0


SKY COVER
  AVERAGE SKY COVER 1.0


WEATHER CONDITIONS
 THE FOLLOWING WEATHER WAS RECORDED YESTERDAY.
  RAIN
  LIGHT RAIN
  SNOW
  SLEET
  FOG


RELATIVE HUMIDITY (PERCENT)
 HIGHEST    92           400 PM
 LOWEST     78           100 AM
 AVERAGE    85

..........................................................


THE PORTLAND ME CLIMATE NORMALS FOR TODAY
                         NORMAL    RECORD    YEAR
 MAXIMUM TEMPERATURE (F)   32        64      1950
 MINIMUM TEMPERATURE (F)   14       -18      1981


SUNRISE AND SUNSET
JANUARY  4 2017.......SUNRISE   715 AM EST   SUNSET   418 PM EST
JANUARY  5 2017.......SUNRISE   715 AM EST   SUNSET   419 PM EST


-  INDICATES NEGATIVE NUMBERS.
R  INDICATES RECORD WAS SET OR TIED.
MM INDICATES DATA IS MISSING.
T  INDICATES TRACE AMOUNT.




$$
