000
CDUS41 KGYX 170816
CLIPWM


CLIMATE REPORT
NATIONAL WEATHER SERVICE GRAY ME
415 AM EDT TUE MAR 17 2015


...................................

...THE PORTLAND ME CLIMATE SUMMARY FOR MARCH 16 2015...

CLIMATE NORMAL PERIOD 1981 TO 2010
CLIMATE RECORD PERIOD 1941 TO 2015


WEATHER ITEM   OBSERVED TIME   RECORD YEAR NORMAL DEPARTURE LAST
                VALUE   (LST)  VALUE       VALUE  FROM      YEAR
                                                  NORMAL
..................................................................
TEMPERATURE (F)
 YESTERDAY
  MAXIMUM         45    413 PM  59    1973  42      3       37
  MINIMUM         23    601 AM   5    1956  25     -2       14
  AVERAGE         34                        33      1       26

PRECIPITATION (IN)
  YESTERDAY        0.00          3.30 1937   0.14  -0.14     0.00
  MONTH TO DATE    1.20                      2.07  -0.87     1.16
  SINCE MAR 1      1.20                      2.07  -0.87     1.16
  SINCE JAN 1      8.68                      8.70  -0.02     9.48

SNOWFALL (IN)
  YESTERDAY        0.0           7.0  1899   0.5   -0.5      0.0
  MONTH TO DATE    2.1                       7.7   -5.6      2.5
  SINCE MAR 1      2.1                       7.7   -5.6      2.5
  SINCE JUL 1     91.3                      54.1   37.2     81.0
  SNOW DEPTH      14

DEGREE DAYS
 HEATING
  YESTERDAY       31                        32     -1       39
  MONTH TO DATE  571                       542     29      647
  SINCE MAR 1    571                       542     29      647
  SINCE JUL 1   5625                      5584     41     5886

 COOLING
  YESTERDAY        0                         0      0        0
  MONTH TO DATE    0                         0      0        0
  SINCE MAR 1      0                         0      0        0
  SINCE JAN 1      0                         0      0        0
..................................................................


WIND (MPH)
  RESULTANT WIND SPEED   9   RESULTANT WIND DIRECTION  NW (320)
  HIGHEST WIND SPEED    23   HIGHEST WIND DIRECTION     N (340)
  HIGHEST GUST SPEED    34   HIGHEST GUST DIRECTION    NW (330)
  AVERAGE WIND SPEED     9.2


SKY COVER
  AVERAGE SKY COVER 0.3


WEATHER CONDITIONS
 THE FOLLOWING WEATHER WAS RECORDED YESTERDAY.
  NO SIGNIFICANT WEATHER WAS OBSERVED.


RELATIVE HUMIDITY (PERCENT)
 HIGHEST    63          1000 PM
 LOWEST     22           400 PM
 AVERAGE    43

..........................................................


THE PORTLAND ME CLIMATE NORMALS FOR TODAY
                         NORMAL    RECORD    YEAR
 MAXIMUM TEMPERATURE (F)   42        64      2010
 MINIMUM TEMPERATURE (F)   25        -3      1967


SUNRISE AND SUNSET
MARCH 17 2015.........SUNRISE   650 AM EDT   SUNSET   650 PM EDT
MARCH 18 2015.........SUNRISE   649 AM EDT   SUNSET   651 PM EDT


-  INDICATES NEGATIVE NUMBERS.
R  INDICATES RECORD WAS SET OR TIED.
MM INDICATES DATA IS MISSING.
T  INDICATES TRACE AMOUNT.




$$
