000
CDUS41 KGYX 210801
CLIPWM


CLIMATE REPORT
NATIONAL WEATHER SERVICE GRAY ME
401 AM EDT SUN SEP 21 2014


...................................

...THE PORTLAND ME CLIMATE SUMMARY FOR SEPTEMBER 20 2014...

CLIMATE NORMAL PERIOD 1981 TO 2010
CLIMATE RECORD PERIOD 1941 TO 2014


WEATHER ITEM   OBSERVED TIME   RECORD YEAR NORMAL DEPARTURE LAST
                VALUE   (LST)  VALUE       VALUE  FROM      YEAR
                                                  NORMAL
..................................................................
TEMPERATURE (F)
 YESTERDAY
  MAXIMUM         64    930 PM  87    1985  68     -4       74
  MINIMUM         36    541 AM  27    1964  49    -13       47
  AVERAGE         50                        59     -9       61

PRECIPITATION (IN)
  YESTERDAY        0.00          2.04 1987   0.12  -0.12     0.00
  MONTH TO DATE    0.53                      2.30  -1.77     6.38
  SINCE SEP 1      0.53                      2.30  -1.77     6.38
  SINCE JAN 1     38.73                     32.04   6.69    34.60

SNOWFALL (IN)
  YESTERDAY        0.0           0.0  2002   0.0    0.0      0.0
                                      2001
                                      2000
  MONTH TO DATE    0.0                       0.0    0.0      0.0
  SINCE SEP 1      0.0                       0.0    0.0      0.0
  SINCE JUL 1      0.0                       0.0    0.0      0.0
  SNOW DEPTH       0

DEGREE DAYS
 HEATING
  YESTERDAY       15                         7      8        4
  MONTH TO DATE  124                        85     39       92
  SINCE SEP 1    124                        85     39       92
  SINCE JUL 1    148                       130     18      110

 COOLING
  YESTERDAY        0                         1     -1        0
  MONTH TO DATE   42                        27     15       37
  SINCE SEP 1     42                        27     15       37
  SINCE JAN 1    340                       355    -15      454
..................................................................


WIND (MPH)
  RESULTANT WIND SPEED   7   RESULTANT WIND DIRECTION   S (200)
  HIGHEST WIND SPEED    20   HIGHEST WIND DIRECTION     S (190)
  HIGHEST GUST SPEED    27   HIGHEST GUST DIRECTION     S (190)
  AVERAGE WIND SPEED     8.3


SKY COVER
  AVERAGE SKY COVER 0.6


WEATHER CONDITIONS
 THE FOLLOWING WEATHER WAS RECORDED YESTERDAY.
  NO SIGNIFICANT WEATHER WAS OBSERVED.


RELATIVE HUMIDITY (PERCENT)
 HIGHEST    89          1200 AM
 LOWEST     60          1200 PM
 AVERAGE    75

..........................................................


THE PORTLAND ME CLIMATE NORMALS FOR TODAY
                         NORMAL    RECORD    YEAR
 MAXIMUM TEMPERATURE (F)   68        91      1978
 MINIMUM TEMPERATURE (F)   48        30      1964


SUNRISE AND SUNSET
SEPTEMBER 21 2014.....SUNRISE   627 AM EDT   SUNSET   641 PM EDT
SEPTEMBER 22 2014.....SUNRISE   628 AM EDT   SUNSET   639 PM EDT


-  INDICATES NEGATIVE NUMBERS.
R  INDICATES RECORD WAS SET OR TIED.
MM INDICATES DATA IS MISSING.
T  INDICATES TRACE AMOUNT.




$$
