000
CDUS41 KGYX 070815
CLIPWM


CLIMATE REPORT
NATIONAL WEATHER SERVICE GRAY ME
315 AM EST TUE NOV 7 2017


...................................

...THE PORTLAND ME CLIMATE SUMMARY FOR NOVEMBER 6 2017...

CLIMATE NORMAL PERIOD 1981 TO 2010
CLIMATE RECORD PERIOD 1941 TO 2017


WEATHER ITEM   OBSERVED TIME   RECORD YEAR NORMAL DEPARTURE LAST
                VALUE   (LST)  VALUE       VALUE  FROM      YEAR
                                                  NORMAL
..................................................................
TEMPERATURE (F)
 YESTERDAY
  MAXIMUM         62    454 PM  69    2015  51     11       49
  MINIMUM         44   1148 PM  20    1953  33     11       36
  AVERAGE         53                        42     11       43

PRECIPITATION (IN)
  YESTERDAY        0.32          1.90 1990   0.16   0.16      T
  MONTH TO DATE    0.35                      1.04  -0.69     0.80
  SINCE SEP 1      7.72                      9.60  -1.88    10.02
  SINCE JAN 1     38.42                     39.34  -0.92    33.55

SNOWFALL (IN)
  YESTERDAY        0.0           2.0  1894   0.0    0.0      0.0
  MONTH TO DATE    0.0                       0.1   -0.1      0.0
  SINCE SEP 1      0.0                       0.1   -0.1      0.0
  SINCE JUL 1      0.0                       0.1   -0.1      0.0
  SNOW DEPTH       0

DEGREE DAYS
 HEATING
  YESTERDAY       12                        23    -11       22
  MONTH TO DATE   89                       131    -42      129
  SINCE SEP 1    428                       810   -382      671
  SINCE JUL 1    461                       855   -394      685

 COOLING
  YESTERDAY        0                         0      0        0
  MONTH TO DATE    0                         0      0        0
  SINCE SEP 1     69                        31     38       68
  SINCE JAN 1    433                       359     74      553
..................................................................


WIND (MPH)
  RESULTANT WIND SPEED   5   RESULTANT WIND DIRECTION   S (200)
  HIGHEST WIND SPEED    20   HIGHEST WIND DIRECTION    NW (330)
  HIGHEST GUST SPEED    32   HIGHEST GUST DIRECTION     N (350)
  AVERAGE WIND SPEED     7.3


SKY COVER
  AVERAGE SKY COVER 0.8


WEATHER CONDITIONS
 THE FOLLOWING WEATHER WAS RECORDED YESTERDAY.
  RAIN
  LIGHT RAIN
  FOG


RELATIVE HUMIDITY (PERCENT)
 HIGHEST   100           200 AM
 LOWEST     71          1000 PM
 AVERAGE    86

..........................................................


THE PORTLAND ME CLIMATE NORMALS FOR TODAY
                         NORMAL    RECORD    YEAR
 MAXIMUM TEMPERATURE (F)   51        65      2015
 MINIMUM TEMPERATURE (F)   33        19      1962


SUNRISE AND SUNSET
NOVEMBER  7 2017......SUNRISE   625 AM EST   SUNSET   424 PM EST
NOVEMBER  8 2017......SUNRISE   626 AM EST   SUNSET   423 PM EST


-  INDICATES NEGATIVE NUMBERS.
R  INDICATES RECORD WAS SET OR TIED.
MM INDICATES DATA IS MISSING.
T  INDICATES TRACE AMOUNT.




$$
