000
CDUS41 KGYX 040802
CLIPWM


CLIMATE REPORT
NATIONAL WEATHER SERVICE GRAY ME
401 AM EDT THU AUG 4 2016


...................................

...THE PORTLAND ME CLIMATE SUMMARY FOR AUGUST 3 2016...

CLIMATE NORMAL PERIOD 1981 TO 2010
CLIMATE RECORD PERIOD 1941 TO 2016


WEATHER ITEM   OBSERVED TIME   RECORD YEAR NORMAL DEPARTURE LAST
                VALUE   (LST)  VALUE       VALUE  FROM      YEAR
                                                  NORMAL
..................................................................
TEMPERATURE (F)
 YESTERDAY
  MAXIMUM         84   1105 AM  91    2002  79      5       81
                                      1990
  MINIMUM         55    446 AM  45    1976  60     -5       64
  AVERAGE         70                        69      1       73

PRECIPITATION (IN)
  YESTERDAY        0.00          2.81 2008   0.10  -0.10     0.15
  MONTH TO DATE    0.06                      0.32  -0.26     0.15
  SINCE JUN 1      6.18                      7.72  -1.54     7.81
  SINCE JAN 1     21.69                     26.92  -5.23    24.42

SNOWFALL (IN)
  YESTERDAY        0.0           0.0  2002   0.0    0.0      0.0
                                      2001
                                      2000
  MONTH TO DATE    0.0                       0.0    0.0      0.0
  SINCE JUN 1      0.0                       0.0    0.0      0.0
  SINCE JUL 1      0.0                       0.0    0.0      0.0
  SNOW DEPTH       0

DEGREE DAYS
 HEATING
  YESTERDAY        0                         0      0        0
  MONTH TO DATE    0                         0      0        0
  SINCE JUN 1     79                       123    -44      154
  SINCE JUL 1     13                        17     -4       10

 COOLING
  YESTERDAY        5                         5      0        8
  MONTH TO DATE   11                        15     -4       22
  SINCE JUN 1    259                       216     43      208
  SINCE JAN 1    275                       223     52      248
..................................................................


WIND (MPH)
  RESULTANT WIND SPEED   4   RESULTANT WIND DIRECTION   S (190)
  HIGHEST WIND SPEED    16   HIGHEST WIND DIRECTION     S (180)
  HIGHEST GUST SPEED    21   HIGHEST GUST DIRECTION     S (190)
  AVERAGE WIND SPEED     5.6


SKY COVER
  AVERAGE SKY COVER 0.2


WEATHER CONDITIONS
 THE FOLLOWING WEATHER WAS RECORDED YESTERDAY.
  NO SIGNIFICANT WEATHER WAS OBSERVED.


RELATIVE HUMIDITY (PERCENT)
 HIGHEST    97          1200 AM
 LOWEST     34          1100 AM
 AVERAGE    66

..........................................................


THE PORTLAND ME CLIMATE NORMALS FOR TODAY
                         NORMAL    RECORD    YEAR
 MAXIMUM TEMPERATURE (F)   79        93      1988
 MINIMUM TEMPERATURE (F)   60        45      1959


SUNRISE AND SUNSET
AUGUST  4 2016........SUNRISE   534 AM EDT   SUNSET   800 PM EDT
AUGUST  5 2016........SUNRISE   535 AM EDT   SUNSET   758 PM EDT


-  INDICATES NEGATIVE NUMBERS.
R  INDICATES RECORD WAS SET OR TIED.
MM INDICATES DATA IS MISSING.
T  INDICATES TRACE AMOUNT.




$$
