000
CDUS41 KGYX 122045
CLIPWM


CLIMATE REPORT
NATIONAL WEATHER SERVICE GRAY ME
445 PM EDT SUN OCT 12 2014


...................................

...THE PORTLAND ME CLIMATE SUMMARY FOR OCTOBER 12 2014...
VALID TODAY AS OF 0400 PM LOCAL TIME.

CLIMATE NORMAL PERIOD 1981 TO 2010
CLIMATE RECORD PERIOD 1941 TO 2014


WEATHER ITEM   OBSERVED TIME   RECORD YEAR NORMAL DEPARTURE LAST
                VALUE   (LST)  VALUE       VALUE  FROM      YEAR
                                                  NORMAL
..................................................................
TEMPERATURE (F)
 TODAY
  MAXIMUM         63    155 PM  81    1954  60      3       57
  MINIMUM         36    541 AM  18    1964  40     -4       45
  AVERAGE         50                        50      0       51

PRECIPITATION (IN)
  TODAY            0.00          3.91 2007   0.15  -0.15     0.00
  MONTH TO DATE    0.35                      1.83  -1.48     0.51
  SINCE SEP 1      1.22                      5.52  -4.30     7.23
  SINCE JAN 1     39.42                     35.26   4.16    35.45

SNOWFALL (IN)
  TODAY            0.0           T    1934   0.0    0.0      0.0
  MONTH TO DATE    0.0                       0.0    0.0      0.0
  SINCE SEP 1      0.0                       0.0    0.0      0.0
  SINCE JUL 1      0.0                       0.0    0.0      0.0
  SNOW DEPTH       0

DEGREE DAYS
 HEATING
  TODAY           15                        15      0       14
  MONTH TO DATE  116                       157    -41      110
  SINCE SEP 1    302                       333    -31      296
  SINCE JUL 1    326                       378    -52      314

 COOLING
  TODAY            0                         0      0        0
  MONTH TO DATE    1                         0      1        0
  SINCE SEP 1     46                        30     16       37
  SINCE JAN 1    344                       358    -14      454
..................................................................


WIND (MPH)
  HIGHEST WIND SPEED    16   HIGHEST WIND DIRECTION     N (340)
  HIGHEST GUST SPEED    20   HIGHEST GUST DIRECTION     N (350)
  AVERAGE WIND SPEED     7.3


SKY COVER
  POSSIBLE SUNSHINE  MM
  AVERAGE SKY COVER 0.2


WEATHER CONDITIONS
 THE FOLLOWING WEATHER WAS RECORDED TODAY.
  NO SIGNIFICANT WEATHER WAS OBSERVED.


RELATIVE HUMIDITY (PERCENT)
 HIGHEST    92           500 AM
 LOWEST     36           100 PM
 AVERAGE    64

..........................................................


THE PORTLAND ME CLIMATE NORMALS FOR TOMORROW
                         NORMAL    RECORD    YEAR
 MAXIMUM TEMPERATURE (F)   60        84      1954
 MINIMUM TEMPERATURE (F)   40        26      1958


SUNRISE AND SUNSET
OCTOBER 12 2014.......SUNRISE   652 AM EDT   SUNSET   603 PM EDT
OCTOBER 13 2014.......SUNRISE   653 AM EDT   SUNSET   601 PM EDT


-  INDICATES NEGATIVE NUMBERS.
R  INDICATES RECORD WAS SET OR TIED.
MM INDICATES DATA IS MISSING.
T  INDICATES TRACE AMOUNT.




$$
