000
CDUS41 KGYX 122043
CLIPWM


CLIMATE REPORT
NATIONAL WEATHER SERVICE GRAY ME
443 PM EDT TUE APR 12 2016


...................................

...THE PORTLAND ME CLIMATE SUMMARY FOR APRIL 12 2016...
VALID TODAY AS OF 0400 PM LOCAL TIME.

CLIMATE NORMAL PERIOD 1981 TO 2010
CLIMATE RECORD PERIOD 1941 TO 2016


WEATHER ITEM   OBSERVED TIME   RECORD YEAR NORMAL DEPARTURE LAST
                VALUE   (LST)  VALUE       VALUE  FROM      YEAR
                                                  NORMAL
..................................................................
TEMPERATURE (F)
 TODAY
  MAXIMUM         52    150 PM  80    1945  52      0       68
  MINIMUM         46    343 AM  17    1976  34     12       29
  AVERAGE         49                        43      6       49

PRECIPITATION (IN)
  TODAY            0.25          1.48 1993   0.15   0.10     0.00
  MONTH TO DATE    0.96                      1.77  -0.81     1.02
  SINCE MAR 1      5.33                      6.01  -0.68     2.81
  SINCE JAN 1     12.87                     12.64   0.23    10.29

SNOWFALL (IN)
  TODAY            0.0           6.7  1894   0.1   -0.1      0.0
  MONTH TO DATE    1.5                       1.8   -0.3      2.9
  SINCE MAR 1      8.6                      14.5   -5.9      5.3
  SINCE JUL 1     49.6                      60.9  -11.3     94.5
  SNOW DEPTH       0

DEGREE DAYS
 HEATING
  TODAY           16                        22     -6       16
  MONTH TO DATE  316                       290     26      313
  SINCE MAR 1   1152                      1266   -114     1383
  SINCE JUL 1   5443                      6308   -865     6437

 COOLING
  TODAY            0                         0      0        0
  MONTH TO DATE    0                         0      0        0
  SINCE MAR 1      0                         0      0        0
  SINCE JAN 1      0                         0      0        0
..................................................................


WIND (MPH)
  HIGHEST WIND SPEED    16   HIGHEST WIND DIRECTION     S (190)
  HIGHEST GUST SPEED    22   HIGHEST GUST DIRECTION     S (190)
  AVERAGE WIND SPEED     8.9


SKY COVER
  POSSIBLE SUNSHINE  MM
  AVERAGE SKY COVER 0.8


WEATHER CONDITIONS
 THE FOLLOWING WEATHER WAS RECORDED TODAY.
  LIGHT RAIN
  FOG
  HAZE


RELATIVE HUMIDITY (PERCENT)
 HIGHEST    93           200 AM
 LOWEST     86           500 AM
 AVERAGE    90

..........................................................


THE PORTLAND ME CLIMATE NORMALS FOR TOMORROW
                         NORMAL    RECORD    YEAR
 MAXIMUM TEMPERATURE (F)   52        74      1968
 MINIMUM TEMPERATURE (F)   34        21      1976


SUNRISE AND SUNSET
APRIL 12 2016.........SUNRISE   603 AM EDT   SUNSET   722 PM EDT
APRIL 13 2016.........SUNRISE   601 AM EDT   SUNSET   723 PM EDT


-  INDICATES NEGATIVE NUMBERS.
R  INDICATES RECORD WAS SET OR TIED.
MM INDICATES DATA IS MISSING.
T  INDICATES TRACE AMOUNT.




$$
