000
CDUS41 KGYX 292148
CLIPWM


CLIMATE REPORT
NATIONAL WEATHER SERVICE GRAY ME
447 PM EST THU DEC 29 2016


...................................

...THE PORTLAND ME CLIMATE SUMMARY FOR DECEMBER 29 2016...
VALID TODAY AS OF 0400 PM LOCAL TIME.

CLIMATE NORMAL PERIOD 1981 TO 2010
CLIMATE RECORD PERIOD 1941 TO 2016


WEATHER ITEM   OBSERVED TIME   RECORD YEAR NORMAL DEPARTURE LAST
                VALUE   (LST)  VALUE       VALUE  FROM      YEAR
                                                  NORMAL
..................................................................
TEMPERATURE (F)
 TODAY
  MAXIMUM         27    259 PM  56    1984  33     -6       23
  MINIMUM         23    518 AM  -9    1963  16      7       17
  AVERAGE         25                        25      0       20

PRECIPITATION (IN)
  TODAY            0.04          1.78 1966   0.11  -0.07     1.12
  MONTH TO DATE    3.39                      3.79  -0.40     5.12
  SINCE DEC 1      3.39                      3.79  -0.40     5.12
  SINCE JAN 1     40.20                     47.02  -6.82    43.60

SNOWFALL (IN)
  TODAY           MM            14.2  1976   0.6   MM        7.0
  MONTH TO DATE   11.0                      12.1   -1.1      7.0
  SINCE DEC 1     11.0                      12.1   -1.1      7.0
  SINCE JUL 1     11.5                      14.0   -2.5      7.0
  SNOW DEPTH       T

DEGREE DAYS
 HEATING
  TODAY           40                        40      0       45
  MONTH TO DATE 1064                      1038     26      760
  SINCE DEC 1   1064                      1038     26      760
  SINCE JUL 1   2316                      2529   -213     2006

 COOLING
  TODAY            0                         0      0        0
  MONTH TO DATE    0                         0      0        0
  SINCE DEC 1      0                         0      0        0
  SINCE JAN 1    553                       359    194      492
..................................................................


WIND (MPH)
  HIGHEST WIND SPEED    12   HIGHEST WIND DIRECTION     W (290)
  HIGHEST GUST SPEED    15   HIGHEST GUST DIRECTION     W (290)
  AVERAGE WIND SPEED     6.0


SKY COVER
  POSSIBLE SUNSHINE  MM
  AVERAGE SKY COVER 0.8


WEATHER CONDITIONS
 THE FOLLOWING WEATHER WAS RECORDED TODAY.
  SNOW
  LIGHT SNOW
  FOG


RELATIVE HUMIDITY (PERCENT)
 HIGHEST    92           300 PM
 LOWEST     57          1200 AM
 AVERAGE    75

..........................................................


THE PORTLAND ME CLIMATE NORMALS FOR TOMORROW
                         NORMAL    RECORD    YEAR
 MAXIMUM TEMPERATURE (F)   33        55      1984
 MINIMUM TEMPERATURE (F)   16       -16      1963


SUNRISE AND SUNSET
DECEMBER 29 2016......SUNRISE   714 AM EST   SUNSET   413 PM EST
DECEMBER 30 2016......SUNRISE   715 AM EST   SUNSET   414 PM EST


-  INDICATES NEGATIVE NUMBERS.
R  INDICATES RECORD WAS SET OR TIED.
MM INDICATES DATA IS MISSING.
T  INDICATES TRACE AMOUNT.




$$
