000
CDUS41 KGYX 200806
CLIPWM


CLIMATE REPORT
NATIONAL WEATHER SERVICE GRAY ME
405 AM EDT TUE SEP 20 2016


...................................

...THE PORTLAND ME CLIMATE SUMMARY FOR SEPTEMBER 19 2016...

CLIMATE NORMAL PERIOD 1981 TO 2010
CLIMATE RECORD PERIOD 1941 TO 2016


WEATHER ITEM   OBSERVED TIME   RECORD YEAR NORMAL DEPARTURE LAST
                VALUE   (LST)  VALUE       VALUE  FROM      YEAR
                                                  NORMAL
..................................................................
TEMPERATURE (F)
 YESTERDAY
  MAXIMUM         73   1216 PM  87    1983  69      4       75
  MINIMUM         65   1159 PM  31    1964  49     16       57
  AVERAGE         69                        59     10       66

PRECIPITATION (IN)
  YESTERDAY        0.23          1.57 1889   0.13   0.10     0.00
  MONTH TO DATE    0.57                      2.18  -1.61     1.15
  SINCE SEP 1      0.57                      2.18  -1.61     1.15
  SINCE JAN 1     24.10                     31.92  -7.82    27.91

SNOWFALL (IN)
  YESTERDAY        0.0           0.0  2002   0.0    0.0      0.0
                                      2001
                                      2000
  MONTH TO DATE    0.0                       0.0    0.0      0.0
  SINCE SEP 1      0.0                       0.0    0.0      0.0
  SINCE JUL 1      0.0                       0.0    0.0      0.0
  SNOW DEPTH       0

DEGREE DAYS
 HEATING
  YESTERDAY        0                         7     -7        0
  MONTH TO DATE   27                        78    -51        9
  SINCE SEP 1     27                        78    -51        9
  SINCE JUL 1     41                       123    -82       19

 COOLING
  YESTERDAY        4                         1      3        1
  MONTH TO DATE   54                        26     28       93
  SINCE SEP 1     54                        26     28       93
  SINCE JAN 1    539                       354    185      488
..................................................................


WIND (MPH)
  RESULTANT WIND SPEED   2   RESULTANT WIND DIRECTION  SE (140)
  HIGHEST WIND SPEED     9   HIGHEST WIND DIRECTION    NW (330)
  HIGHEST GUST SPEED    12   HIGHEST GUST DIRECTION    NW (330)
  AVERAGE WIND SPEED     2.9


SKY COVER
  AVERAGE SKY COVER 0.8


WEATHER CONDITIONS
 THE FOLLOWING WEATHER WAS RECORDED YESTERDAY.
  THUNDERSTORM
  RAIN
  LIGHT RAIN
  FOG
  FOG W/VISIBILITY <= 1/4 MILE


RELATIVE HUMIDITY (PERCENT)
 HIGHEST   100          1200 AM
 LOWEST     84           300 PM
 AVERAGE    92

..........................................................


THE PORTLAND ME CLIMATE NORMALS FOR TODAY
                         NORMAL    RECORD    YEAR
 MAXIMUM TEMPERATURE (F)   68        87      1985
 MINIMUM TEMPERATURE (F)   49        27      1964


SUNRISE AND SUNSET
SEPTEMBER 20 2016.....SUNRISE   627 AM EDT   SUNSET   641 PM EDT
SEPTEMBER 21 2016.....SUNRISE   628 AM EDT   SUNSET   640 PM EDT


-  INDICATES NEGATIVE NUMBERS.
R  INDICATES RECORD WAS SET OR TIED.
MM INDICATES DATA IS MISSING.
T  INDICATES TRACE AMOUNT.




$$
