000
CDUS41 KGYX 162153
CLIPWM


CLIMATE REPORT
NATIONAL WEATHER SERVICE GRAY ME
453 PM EST WED NOV 16 2016


...................................

...THE PORTLAND ME CLIMATE SUMMARY FOR NOVEMBER 16 2016...
VALID TODAY AS OF 0400 PM LOCAL TIME.

CLIMATE NORMAL PERIOD 1981 TO 2010
CLIMATE RECORD PERIOD 1941 TO 2016


WEATHER ITEM   OBSERVED TIME   RECORD YEAR NORMAL DEPARTURE LAST
                VALUE   (LST)  VALUE       VALUE  FROM      YEAR
                                                  NORMAL
..................................................................
TEMPERATURE (F)
 TODAY
  MAXIMUM         55    822 AM  68    1990  48      7       54
  MINIMUM         52   1143 AM  12    1972  31     21       28
  AVERAGE         54                        39     15       41

PRECIPITATION (IN)
  TODAY            0.18          2.66 1983   0.17   0.01     0.00
  MONTH TO DATE    2.08                      2.69  -0.61     0.34
  SINCE SEP 1     11.30                     11.25   0.05     9.76
  SINCE JAN 1     34.83                     40.99  -6.16    36.52

SNOWFALL (IN)
  TODAY            0.0          10.2  1997   0.0    0.0      0.0
  MONTH TO DATE    0.0                       0.5   -0.5      0.0
  SINCE SEP 1      0.0                       0.5   -0.5      0.0
  SINCE JUL 1      0.0                       0.5   -0.5      0.0
  SNOW DEPTH       0

DEGREE DAYS
 HEATING
  TODAY           11                        26    -15       24
  MONTH TO DATE  331                       373    -42      277
  SINCE SEP 1    873                      1052   -179      846
  SINCE JUL 1    887                      1097   -210      856

 COOLING
  TODAY            0                         0      0        0
  MONTH TO DATE    0                         0      0        0
  SINCE SEP 1     68                        31     37       97
  SINCE JAN 1    553                       359    194      492
..................................................................


WIND (MPH)
  HIGHEST WIND SPEED    16   HIGHEST WIND DIRECTION    SE (130)
  HIGHEST GUST SPEED    23   HIGHEST GUST DIRECTION    SE (130)
  AVERAGE WIND SPEED     8.0


SKY COVER
  POSSIBLE SUNSHINE  MM
  AVERAGE SKY COVER 1.0


WEATHER CONDITIONS
 THE FOLLOWING WEATHER WAS RECORDED TODAY.
  RAIN
  LIGHT RAIN
  FOG
  FOG W/VISIBILITY <= 1/4 MILE


RELATIVE HUMIDITY (PERCENT)
 HIGHEST   100           500 AM
 LOWEST     89          1200 PM
 AVERAGE    95

..........................................................


THE PORTLAND ME CLIMATE NORMALS FOR TOMORROW
                         NORMAL    RECORD    YEAR
 MAXIMUM TEMPERATURE (F)   48        63      1942
 MINIMUM TEMPERATURE (F)   31         8      1972


SUNRISE AND SUNSET
NOVEMBER 16 2016......SUNRISE   637 AM EST   SUNSET   415 PM EST
NOVEMBER 17 2016......SUNRISE   638 AM EST   SUNSET   414 PM EST


-  INDICATES NEGATIVE NUMBERS.
R  INDICATES RECORD WAS SET OR TIED.
MM INDICATES DATA IS MISSING.
T  INDICATES TRACE AMOUNT.




$$
