000
CDUS41 KGYX 110325
CLIPWM


CLIMATE REPORT
NATIONAL WEATHER SERVICE GRAY ME
1125 PM EDT WED SEP 10 2014


...................................

...THE PORTLAND ME CLIMATE SUMMARY FOR SEPTEMBER 10 2014...
VALID TODAY AS OF 0500 PM LOCAL TIME.

CLIMATE NORMAL PERIOD 1981 TO 2010
CLIMATE RECORD PERIOD 1941 TO 2014


WEATHER ITEM   OBSERVED TIME   RECORD YEAR NORMAL DEPARTURE LAST
                VALUE   (LST)  VALUE       VALUE  FROM      YEAR
                                                  NORMAL
..................................................................
TEMPERATURE (F)
 TODAY
  MAXIMUM         67        MM  89    2002  72     -5       66
  MINIMUM         55        MM  37    1953  53      2       54
  AVERAGE         61                        62     -1       60

PRECIPITATION (IN)
  TODAY            0.00          3.00 1999   0.11  -0.11     0.06
  MONTH TO DATE    0.30                      1.05  -0.75     2.74
  SINCE SEP 1      0.30                      1.05  -0.75     2.74
  SINCE JAN 1     38.50                     30.79   7.71    30.96

SNOWFALL (IN)
  TODAY            0.0           0.0  2002   0.0    0.0      0.0
                                      2001
                                      2000
  MONTH TO DATE    0.0                       0.0    0.0      0.0
  SINCE SEP 1      0.0                       0.0    0.0      0.0
  SINCE JUL 1      0.0                       0.0    0.0      0.0
  SNOW DEPTH       0

DEGREE DAYS
 HEATING
  TODAY            4                         4      0        5
  MONTH TO DATE   17                        30    -13       40
  SINCE SEP 1     17                        30    -13       40
  SINCE JUL 1     41                        75    -34       58

 COOLING
  TODAY            0                         1     -1        0
  MONTH TO DATE   42                        17     25       18
  SINCE SEP 1     42                        17     25       18
  SINCE JAN 1    340                       345     -5      435
..................................................................


WIND (MPH)
  HIGHEST WIND SPEED    12   HIGHEST WIND DIRECTION     E (90)
  HIGHEST GUST SPEED    MM   HIGHEST GUST DIRECTION    MM
  AVERAGE WIND SPEED     6.3


SKY COVER
  POSSIBLE SUNSHINE  MM
  AVERAGE SKY COVER 0.7


WEATHER CONDITIONS
 THE FOLLOWING WEATHER WAS RECORDED TODAY.
  FOG


RELATIVE HUMIDITY (PERCENT)
 HIGHEST    93          1200 AM
 LOWEST     68          1200 PM
 AVERAGE    81

..........................................................


THE PORTLAND ME CLIMATE NORMALS FOR TOMORROW
                         NORMAL    RECORD    YEAR
 MAXIMUM TEMPERATURE (F)   72        95      1983
 MINIMUM TEMPERATURE (F)   52        35      1963


SUNRISE AND SUNSET
SEPTEMBER 10 2014.....SUNRISE   615 AM EDT   SUNSET   701 PM EDT
SEPTEMBER 11 2014.....SUNRISE   616 AM EDT   SUNSET   659 PM EDT


-  INDICATES NEGATIVE NUMBERS.
R  INDICATES RECORD WAS SET OR TIED.
MM INDICATES DATA IS MISSING.
T  INDICATES TRACE AMOUNT.




$$
