000
CDUS41 KGYX 022052
CLIPWM


CLIMATE REPORT
NATIONAL WEATHER SERVICE GRAY ME
452 PM EDT FRI JUN 2 2017


...................................

...THE PORTLAND ME CLIMATE SUMMARY FOR JUNE 2 2017...
VALID TODAY AS OF 0400 PM LOCAL TIME.

CLIMATE NORMAL PERIOD 1981 TO 2010
CLIMATE RECORD PERIOD 1941 TO 2017


WEATHER ITEM   OBSERVED TIME   RECORD YEAR NORMAL DEPARTURE LAST
                VALUE   (LST)  VALUE       VALUE  FROM      YEAR
                                                  NORMAL
..................................................................
TEMPERATURE (F)
 TODAY
  MAXIMUM         68    253 PM  86    1990  69     -1       63
  MINIMUM         46    403 AM  36    1945  50     -4       51
  AVERAGE         57                        59     -2       57

PRECIPITATION (IN)
  TODAY            0.00          3.63 2012   0.14  -0.14     0.00
  MONTH TO DATE    0.11                      0.28  -0.17     0.00
  SINCE JUN 1      0.11                      0.28  -0.17     0.00
  SINCE JAN 1     24.15                     19.48   4.67    15.51

SNOWFALL (IN)
  TODAY            0.0           0.0  2002   0.0    0.0      0.0
                                      2001
                                      2000
  MONTH TO DATE    0.0                       0.0    0.0      0.0
  SINCE JUN 1      0.0                       0.0    0.0      0.0
  SINCE JUL 1     95.3                      61.9   33.4     51.8
  SNOW DEPTH       0

DEGREE DAYS
 HEATING
  TODAY            8                         6      2        8
  MONTH TO DATE   12                        13     -1        9
  SINCE JUN 1     12                        13     -1        9
  SINCE JUL 1   6532                      7014   -482     6128

 COOLING
  TODAY            0                         1     -1        0
  MONTH TO DATE    0                         2     -2        0
  SINCE JUN 1      0                         2     -2        0
  SINCE JAN 1     17                         9      8       16
..................................................................


WIND (MPH)
  HIGHEST WIND SPEED    15   HIGHEST WIND DIRECTION     W (290)
  HIGHEST GUST SPEED    22   HIGHEST GUST DIRECTION     W (270)
  AVERAGE WIND SPEED     8.6


SKY COVER
  POSSIBLE SUNSHINE  MM
  AVERAGE SKY COVER 0.3


WEATHER CONDITIONS
 THE FOLLOWING WEATHER WAS RECORDED TODAY.
  NO SIGNIFICANT WEATHER WAS OBSERVED.


RELATIVE HUMIDITY (PERCENT)
 HIGHEST    77           200 AM
 LOWEST     35           300 PM
 AVERAGE    56

..........................................................


THE PORTLAND ME CLIMATE NORMALS FOR TOMORROW
                         NORMAL    RECORD    YEAR
 MAXIMUM TEMPERATURE (F)   69        88      1943
 MINIMUM TEMPERATURE (F)   50        39      1973


SUNRISE AND SUNSET
JUNE  2 2017..........SUNRISE   502 AM EDT   SUNSET   817 PM EDT
JUNE  3 2017..........SUNRISE   502 AM EDT   SUNSET   818 PM EDT


-  INDICATES NEGATIVE NUMBERS.
R  INDICATES RECORD WAS SET OR TIED.
MM INDICATES DATA IS MISSING.
T  INDICATES TRACE AMOUNT.




$$
