000
CDUS41 KGYX 262042
CLIPWM


CLIMATE REPORT
NATIONAL WEATHER SERVICE GRAY ME
442 PM EDT WED MAR 26 2014


...................................

...THE PORTLAND ME CLIMATE SUMMARY FOR MARCH 26 2014...
VALID TODAY AS OF 0400 PM LOCAL TIME.

CLIMATE NORMAL PERIOD 1981 TO 2010
CLIMATE RECORD PERIOD 1941 TO 2014


WEATHER ITEM   OBSERVED TIME   RECORD YEAR NORMAL DEPARTURE LAST
                VALUE   (LST)  VALUE       VALUE  FROM      YEAR
                                                  NORMAL
..................................................................
TEMPERATURE (F)
 TODAY
  MAXIMUM         34    259 PM  74    1986  45    -11       50
  MINIMUM         26    831 AM  -5    1960  28     -2       32
  AVERAGE         30                        37     -7       41

PRECIPITATION (IN)
  TODAY            0.00          1.50 1876   0.15  -0.15     0.00
  MONTH TO DATE    1.93                      3.53  -1.60     1.61
  SINCE MAR 1      1.93                      3.53  -1.60     1.61
  SINCE JAN 1     10.25                     10.16   0.09     9.04

SNOWFALL (IN)
  TODAY            0.0           3.0  1888   0.3   -0.3      0.0
  MONTH TO DATE    3.3                      11.4   -8.1     13.2
  SINCE MAR 1      3.3                      11.4   -8.1     13.2
  SINCE JUL 1     81.8                      57.8   24.0     97.8
  SNOW DEPTH       3

DEGREE DAYS
 HEATING
  TODAY           35                        28      7       24
  MONTH TO DATE 1026                       840    186      811
  SINCE MAR 1   1026                       840    186      811
  SINCE JUL 1   6265                      5882    383     5410

 COOLING
  TODAY            0                         0      0        0
  MONTH TO DATE    0                         0      0        0
  SINCE MAR 1      0                         0      0        0
  SINCE JAN 1      0                         0      0        0
..................................................................


WIND (MPH)
  HIGHEST WIND SPEED    37   HIGHEST WIND DIRECTION    NW (320)
  HIGHEST GUST SPEED    48   HIGHEST GUST DIRECTION    NW (330)
  AVERAGE WIND SPEED    19.6


SKY COVER
  POSSIBLE SUNSHINE  MM
  AVERAGE SKY COVER 0.8


WEATHER CONDITIONS
 THE FOLLOWING WEATHER WAS RECORDED TODAY.
  NO SIGNIFICANT WEATHER WAS OBSERVED.


RELATIVE HUMIDITY (PERCENT)
 HIGHEST    63           400 AM
 LOWEST     31          1100 AM
 AVERAGE    47

..........................................................


THE PORTLAND ME CLIMATE NORMALS FOR TOMORROW
                         NORMAL    RECORD    YEAR
 MAXIMUM TEMPERATURE (F)   46        74      1998
 MINIMUM TEMPERATURE (F)   28        10      1956


SUNRISE AND SUNSET
MARCH 26 2014.........SUNRISE   634 AM EDT   SUNSET   701 PM EDT
MARCH 27 2014.........SUNRISE   632 AM EDT   SUNSET   702 PM EDT


-  INDICATES NEGATIVE NUMBERS.
R  INDICATES RECORD WAS SET OR TIED.
MM INDICATES DATA IS MISSING.
T  INDICATES TRACE AMOUNT.




$$
