000
CDUS41 KGYX 222141
CLIPWM


CLIMATE REPORT
NATIONAL WEATHER SERVICE GRAY ME
441 PM EST THU JAN 22 2015


...................................

...THE PORTLAND ME CLIMATE SUMMARY FOR JANUARY 22 2015...
VALID TODAY AS OF 0400 PM LOCAL TIME.

CLIMATE NORMAL PERIOD 1981 TO 2010
CLIMATE RECORD PERIOD 1941 TO 2015


WEATHER ITEM   OBSERVED TIME   RECORD YEAR NORMAL DEPARTURE LAST
                VALUE   (LST)  VALUE       VALUE  FROM      YEAR
                                                  NORMAL
..................................................................
TEMPERATURE (F)
 TODAY
  MAXIMUM         37    259 PM  51    1957  31      6       17
                                      1959
  MINIMUM         22    757 AM -19    1984  13      9        4
  AVERAGE         30                        22      8       11

PRECIPITATION (IN)
  TODAY            0.00          1.80 1958   0.11  -0.11     0.00
  MONTH TO DATE    1.53                      2.42  -0.89     4.00
  SINCE DEC 1      7.80                      6.44   1.36     8.44
  SINCE JAN 1      1.53                      2.42  -0.89     4.00

SNOWFALL (IN)
  TODAY            0.0           6.3  1907   0.6   -0.6      0.0
  MONTH TO DATE    7.8                      13.9   -6.1     17.4
  SINCE DEC 1     11.4                      27.1  -15.7     43.6
  SINCE JUL 1     21.7                      29.0   -7.3     44.1
  SNOW DEPTH       2

DEGREE DAYS
 HEATING
  TODAY           35                        43     -8       54
  MONTH TO DATE  948                       936     12      921
  SINCE DEC 1   1909                      2057   -148     2172
  SINCE JUL 1   3220                      3548   -328     3623

 COOLING
  TODAY            0                         0      0        0
  MONTH TO DATE    0                         0      0        0
  SINCE DEC 1      0                         0      0        0
  SINCE JAN 1      0                         0      0        0
..................................................................


WIND (MPH)
  HIGHEST WIND SPEED    10   HIGHEST WIND DIRECTION     N (360)
  HIGHEST GUST SPEED    13   HIGHEST GUST DIRECTION     N (360)
  AVERAGE WIND SPEED     4.8


SKY COVER
  POSSIBLE SUNSHINE  MM
  AVERAGE SKY COVER 0.4


WEATHER CONDITIONS
 THE FOLLOWING WEATHER WAS RECORDED TODAY.
  NO SIGNIFICANT WEATHER WAS OBSERVED.


RELATIVE HUMIDITY (PERCENT)
 HIGHEST    68          1200 AM
 LOWEST     39          1200 PM
 AVERAGE    54

..........................................................


THE PORTLAND ME CLIMATE NORMALS FOR TOMORROW
                         NORMAL    RECORD    YEAR
 MAXIMUM TEMPERATURE (F)   31        53      1957
 MINIMUM TEMPERATURE (F)   13       -15      1976


SUNRISE AND SUNSET
JANUARY 22 2015.......SUNRISE   707 AM EST   SUNSET   439 PM EST
JANUARY 23 2015.......SUNRISE   707 AM EST   SUNSET   440 PM EST


-  INDICATES NEGATIVE NUMBERS.
R  INDICATES RECORD WAS SET OR TIED.
MM INDICATES DATA IS MISSING.
T  INDICATES TRACE AMOUNT.




$$
