000
CDUS41 KGYX 012043
CLIPWM


CLIMATE REPORT
NATIONAL WEATHER SERVICE GRAY ME
443 PM EDT TUE AUG 1 2017


...................................

...THE PORTLAND ME CLIMATE SUMMARY FOR AUGUST 1 2017...
VALID TODAY AS OF 0400 PM LOCAL TIME.

CLIMATE NORMAL PERIOD 1981 TO 2010
CLIMATE RECORD PERIOD 1941 TO 2017


WEATHER ITEM   OBSERVED TIME   RECORD YEAR NORMAL DEPARTURE LAST
                VALUE   (LST)  VALUE       VALUE  FROM      YEAR
                                                  NORMAL
..................................................................
TEMPERATURE (F)
 TODAY
  MAXIMUM         86   1129 AM  98    1975  79      7       71
  MINIMUM         63    509 AM  43    1953  60      3       65
  AVERAGE         75                        70      5       68

PRECIPITATION (IN)
  TODAY            0.00          1.00 2003   0.11  -0.11     0.06
  MONTH TO DATE    0.00                      0.11  -0.11     0.06
  SINCE JUN 1      3.67                      7.51  -3.84     6.18
  SINCE JAN 1     27.71                     26.71   1.00    21.69

SNOWFALL (IN)
  TODAY            0.0           0.0  2002   0.0    0.0      0.0
                                      2001
                                      2000
  MONTH TO DATE    0.0                       0.0    0.0      0.0
  SINCE JUN 1      0.0                       0.0    0.0      0.0
  SINCE JUL 1      0.0                       0.0    0.0      0.0
  SNOW DEPTH       0

DEGREE DAYS
 HEATING
  TODAY            0                         0      0        0
  MONTH TO DATE    0                         0      0        0
  SINCE JUN 1     98                       123    -25       79
  SINCE JUL 1     13                        17     -4       13

 COOLING
  TODAY           10                         5      5        3
  MONTH TO DATE   10                         5      5        3
  SINCE JUN 1    246                       206     40      251
  SINCE JAN 1    263                       213     50      267
..................................................................


WIND (MPH)
  HIGHEST WIND SPEED    17   HIGHEST WIND DIRECTION     S (180)
  HIGHEST GUST SPEED    24   HIGHEST GUST DIRECTION    SE (140)
  AVERAGE WIND SPEED     5.5


SKY COVER
  POSSIBLE SUNSHINE  MM
  AVERAGE SKY COVER 0.2


WEATHER CONDITIONS
 THE FOLLOWING WEATHER WAS RECORDED TODAY.
  NO SIGNIFICANT WEATHER WAS OBSERVED.


RELATIVE HUMIDITY (PERCENT)
 HIGHEST    93           100 AM
 LOWEST     43          1100 AM
 AVERAGE    68

..........................................................


THE PORTLAND ME CLIMATE NORMALS FOR TOMORROW
                         NORMAL    RECORD    YEAR
 MAXIMUM TEMPERATURE (F)   79       103      1975
 MINIMUM TEMPERATURE (F)   60        40      1953


SUNRISE AND SUNSET
AUGUST  1 2017........SUNRISE   531 AM EDT   SUNSET   804 PM EDT
AUGUST  2 2017........SUNRISE   532 AM EDT   SUNSET   803 PM EDT


-  INDICATES NEGATIVE NUMBERS.
R  INDICATES RECORD WAS SET OR TIED.
MM INDICATES DATA IS MISSING.
T  INDICATES TRACE AMOUNT.




$$
