000
CDUS41 KGYX 142151
CLIPWM


CLIMATE REPORT
NATIONAL WEATHER SERVICE GRAY ME
451 PM EST SUN DEC 14 2014


...................................

...THE PORTLAND ME CLIMATE SUMMARY FOR DECEMBER 14 2014...
VALID TODAY AS OF 0400 PM LOCAL TIME.

CLIMATE NORMAL PERIOD 1981 TO 2010
CLIMATE RECORD PERIOD 1941 TO 2014


WEATHER ITEM   OBSERVED TIME   RECORD YEAR NORMAL DEPARTURE LAST
                VALUE   (LST)  VALUE       VALUE  FROM      YEAR
                                                  NORMAL
..................................................................
TEMPERATURE (F)
 TODAY
  MAXIMUM         46    250 PM  55    2006  38      8       14
  MINIMUM         36    519 AM  -6    1976  21     15        3
  AVERAGE         41                        29     12        9

PRECIPITATION (IN)
  TODAY            0.00          1.74 1917   0.13  -0.13     0.15
  MONTH TO DATE    3.86                      1.94   1.92     1.15
  SINCE DEC 1      3.86                      1.94   1.92     1.15
  SINCE JAN 1     53.46                     45.17   8.29    40.58

SNOWFALL (IN)
  TODAY            0.0           7.1  1917   0.4   -0.4      1.8
  MONTH TO DATE    2.4                       4.7   -2.3      3.2
  SINCE DEC 1      2.4                       4.7   -2.3      3.2
  SINCE JUL 1     12.7                       6.6    6.1      3.7
  SNOW DEPTH       T

DEGREE DAYS
 HEATING
  TODAY           24                        36    -12       56
  MONTH TO DATE  448                       464    -16      526
  SINCE DEC 1    448                       464    -16      526
  SINCE JUL 1   1759                      1955   -196     1977

 COOLING
  TODAY            0                         0      0        0
  MONTH TO DATE    0                         0      0        0
  SINCE DEC 1      0                         0      0        0
  SINCE JAN 1    351                       359     -8      454
..................................................................


WIND (MPH)
  HIGHEST WIND SPEED    14   HIGHEST WIND DIRECTION    NW (320)
  HIGHEST GUST SPEED    17   HIGHEST GUST DIRECTION    NW (310)
  AVERAGE WIND SPEED     8.8


SKY COVER
  POSSIBLE SUNSHINE  MM
  AVERAGE SKY COVER 0.7


WEATHER CONDITIONS
 THE FOLLOWING WEATHER WAS RECORDED TODAY.
  NO SIGNIFICANT WEATHER WAS OBSERVED.


RELATIVE HUMIDITY (PERCENT)
 HIGHEST    75           100 AM
 LOWEST     49           200 PM
 AVERAGE    62

..........................................................


THE PORTLAND ME CLIMATE NORMALS FOR TOMORROW
                         NORMAL    RECORD    YEAR
 MAXIMUM TEMPERATURE (F)   38        57      2008
 MINIMUM TEMPERATURE (F)   21        -3      1989


SUNRISE AND SUNSET
DECEMBER 14 2014......SUNRISE   707 AM EST   SUNSET   405 PM EST
DECEMBER 15 2014......SUNRISE   708 AM EST   SUNSET   405 PM EST


-  INDICATES NEGATIVE NUMBERS.
R  INDICATES RECORD WAS SET OR TIED.
MM INDICATES DATA IS MISSING.
T  INDICATES TRACE AMOUNT.




$$
