000
CDUS41 KGYX 070923
CLIPWM


CLIMATE REPORT
NATIONAL WEATHER SERVICE GRAY ME
423 AM EST TUE MAR 7 2017


...................................

...THE PORTLAND ME CLIMATE SUMMARY FOR MARCH 6 2017...

CLIMATE NORMAL PERIOD 1981 TO 2010
CLIMATE RECORD PERIOD 1941 TO 2017


WEATHER ITEM   OBSERVED TIME   RECORD YEAR NORMAL DEPARTURE LAST
                VALUE   (LST)  VALUE       VALUE  FROM      YEAR
                                                  NORMAL
..................................................................
TEMPERATURE (F)
 YESTERDAY
  MAXIMUM         40    325 PM  60    1974  39      1       39
  MINIMUM          5    612 AM -13    1948  22    -17       24
  AVERAGE         23                        30     -7       32

PRECIPITATION (IN)
  YESTERDAY        0.00          2.78 1920   0.12  -0.12     0.00
  MONTH TO DATE    0.08                      0.75  -0.67     0.92
  SINCE MAR 1      0.08                      0.75  -0.67     0.92
  SINCE JAN 1      8.28                      7.38   0.90     8.46

SNOWFALL (IN)
  YESTERDAY        0.0          17.4  1887   0.5   -0.5      0.0
  MONTH TO DATE    0.0                       3.0   -3.0      0.2
  SINCE MAR 1      0.0                       3.0   -3.0      0.2
  SINCE JUL 1     66.2                      49.4   16.8     41.2
  SNOW DEPTH       T

DEGREE DAYS
 HEATING
  YESTERDAY       42                        35      7       33
  MONTH TO DATE  227                       212     15      220
  SINCE MAR 1    227                       212     15      220
  SINCE JUL 1   4705                      5254   -549     4511

 COOLING
  YESTERDAY        0                         0      0        0
  MONTH TO DATE    0                         0      0        0
  SINCE MAR 1      0                         0      0        0
  SINCE JAN 1      0                         0      0        0
..................................................................


WIND (MPH)
  RESULTANT WIND SPEED   3   RESULTANT WIND DIRECTION   W (290)
  HIGHEST WIND SPEED    12   HIGHEST WIND DIRECTION    NW (320)
  HIGHEST GUST SPEED    15   HIGHEST GUST DIRECTION    NW (300)
  AVERAGE WIND SPEED     4.7


SKY COVER
  AVERAGE SKY COVER 0.0


WEATHER CONDITIONS
 THE FOLLOWING WEATHER WAS RECORDED YESTERDAY.
  NO SIGNIFICANT WEATHER WAS OBSERVED.


RELATIVE HUMIDITY (PERCENT)
 HIGHEST    63           700 AM
 LOWEST      9           100 PM
 AVERAGE    36

..........................................................


THE PORTLAND ME CLIMATE NORMALS FOR TODAY
                         NORMAL    RECORD    YEAR
 MAXIMUM TEMPERATURE (F)   39        68      1974
 MINIMUM TEMPERATURE (F)   22        -6      2007


SUNRISE AND SUNSET
MARCH  7 2017.........SUNRISE   607 AM EST   SUNSET   538 PM EST
MARCH  8 2017.........SUNRISE   605 AM EST   SUNSET   539 PM EST


-  INDICATES NEGATIVE NUMBERS.
R  INDICATES RECORD WAS SET OR TIED.
MM INDICATES DATA IS MISSING.
T  INDICATES TRACE AMOUNT.




$$
