000
CDUS41 KGYX 050802
CLIPWM


CLIMATE REPORT
NATIONAL WEATHER SERVICE GRAY ME
402 AM EDT WED JUL 5 2017


...................................

...THE PORTLAND ME CLIMATE SUMMARY FOR JULY 4 2017...

CLIMATE NORMAL PERIOD 1981 TO 2010
CLIMATE RECORD PERIOD 1941 TO 2017


WEATHER ITEM   OBSERVED TIME   RECORD YEAR NORMAL DEPARTURE LAST
                VALUE   (LST)  VALUE       VALUE  FROM      YEAR
                                                  NORMAL
..................................................................
TEMPERATURE (F)
 YESTERDAY
  MAXIMUM         82    145 PM  90    2010  78      4       86
                                      2002
                                      1949
  MINIMUM         57    401 AM  42    1962  58     -1       57
  AVERAGE         70                        68      2       72

PRECIPITATION (IN)
  YESTERDAY        0.00          1.41 2014   0.11  -0.11     0.00
  MONTH TO DATE    T                         0.43  -0.43     0.07
  SINCE JUN 1      2.62                      4.22  -1.60     4.49
  SINCE JAN 1     26.66                     23.42   3.24    20.00

SNOWFALL (IN)
  YESTERDAY        0.0           0.0  2002   0.0    0.0      0.0
                                      2001
                                      2000
  MONTH TO DATE    0.0                       0.0    0.0      0.0
  SINCE JUN 1      0.0                       0.0    0.0      0.0
  SINCE JUL 1      0.0                       0.0    0.0      0.0
  SNOW DEPTH       0

DEGREE DAYS
 HEATING
  YESTERDAY        0                         1     -1        0
  MONTH TO DATE    0                         4     -4        0
  SINCE JUN 1     85                       110    -25       66
  SINCE JUL 1      0                         4     -4        0

 COOLING
  YESTERDAY        5                         4      1        7
  MONTH TO DATE   31                        16     15       16
  SINCE JUN 1    123                        73     50       48
  SINCE JAN 1    140                        80     60       64
..................................................................


WIND (MPH)
  RESULTANT WIND SPEED   6   RESULTANT WIND DIRECTION  NW (320)
  HIGHEST WIND SPEED    17   HIGHEST WIND DIRECTION    NW (320)
  HIGHEST GUST SPEED    24   HIGHEST GUST DIRECTION    NW (310)
  AVERAGE WIND SPEED     6.9


SKY COVER
  AVERAGE SKY COVER 0.3


WEATHER CONDITIONS
 THE FOLLOWING WEATHER WAS RECORDED YESTERDAY.
  NO SIGNIFICANT WEATHER WAS OBSERVED.


RELATIVE HUMIDITY (PERCENT)
 HIGHEST    78           500 AM
 LOWEST     31          1200 PM
 AVERAGE    55

..........................................................


THE PORTLAND ME CLIMATE NORMALS FOR TODAY
                         NORMAL    RECORD    YEAR
 MAXIMUM TEMPERATURE (F)   78        94      1999
 MINIMUM TEMPERATURE (F)   59        44      1961


SUNRISE AND SUNSET
JULY  5 2017..........SUNRISE   506 AM EDT   SUNSET   825 PM EDT
JULY  6 2017..........SUNRISE   507 AM EDT   SUNSET   825 PM EDT


-  INDICATES NEGATIVE NUMBERS.
R  INDICATES RECORD WAS SET OR TIED.
MM INDICATES DATA IS MISSING.
T  INDICATES TRACE AMOUNT.




$$
