000
CDUS41 KGYX 120902
CLIPWM


CLIMATE REPORT
NATIONAL WEATHER SERVICE GRAY ME
402 AM EST SAT NOV 12 2016


...................................

...THE PORTLAND ME CLIMATE SUMMARY FOR NOVEMBER 11 2016...

CLIMATE NORMAL PERIOD 1981 TO 2010
CLIMATE RECORD PERIOD 1941 TO 2016


WEATHER ITEM   OBSERVED TIME   RECORD YEAR NORMAL DEPARTURE LAST
                VALUE   (LST)  VALUE       VALUE  FROM      YEAR
                                                  NORMAL
..................................................................
TEMPERATURE (F)
 YESTERDAY
  MAXIMUM         55   1050 AM  65    2002  50      5       47
  MINIMUM         36   1159 PM  11    1956  32      4       43
  AVERAGE         46                        41      5       45

PRECIPITATION (IN)
  YESTERDAY        0.00          2.09 1984   0.16  -0.16     0.05
  MONTH TO DATE    0.80                      1.85  -1.05     0.08
  SINCE SEP 1     10.02                     10.41  -0.39     9.50
  SINCE JAN 1     33.55                     40.15  -6.60    36.26

SNOWFALL (IN)
  YESTERDAY        0.0           2.6  1899   0.0    0.0      0.0
  MONTH TO DATE    0.0                       0.3   -0.3      0.0
  SINCE SEP 1      0.0                       0.3   -0.3      0.0
  SINCE JUL 1      0.0                       0.3   -0.3      0.0
  SNOW DEPTH       0

DEGREE DAYS
 HEATING
  YESTERDAY       19                        24     -5       20
  MONTH TO DATE  236                       248    -12      171
  SINCE SEP 1    778                       927   -149      740
  SINCE JUL 1    792                       972   -180      750

 COOLING
  YESTERDAY        0                         0      0        0
  MONTH TO DATE    0                         0      0        0
  SINCE SEP 1     68                        31     37       97
  SINCE JAN 1    553                       359    194      492
..................................................................


WIND (MPH)
  RESULTANT WIND SPEED  14   RESULTANT WIND DIRECTION   W (290)
  HIGHEST WIND SPEED    36   HIGHEST WIND DIRECTION    NW (310)
  HIGHEST GUST SPEED    45   HIGHEST GUST DIRECTION    NW (310)
  AVERAGE WIND SPEED    16.7


SKY COVER
  AVERAGE SKY COVER 0.3


WEATHER CONDITIONS
 THE FOLLOWING WEATHER WAS RECORDED YESTERDAY.
  NO SIGNIFICANT WEATHER WAS OBSERVED.


RELATIVE HUMIDITY (PERCENT)
 HIGHEST    62           700 AM
 LOWEST     38           200 PM
 AVERAGE    50

..........................................................


THE PORTLAND ME CLIMATE NORMALS FOR TODAY
                         NORMAL    RECORD    YEAR
 MAXIMUM TEMPERATURE (F)   49        65      1982
 MINIMUM TEMPERATURE (F)   32        16      1976


SUNRISE AND SUNSET
NOVEMBER 12 2016......SUNRISE   632 AM EST   SUNSET   418 PM EST
NOVEMBER 13 2016......SUNRISE   633 AM EST   SUNSET   417 PM EST


-  INDICATES NEGATIVE NUMBERS.
R  INDICATES RECORD WAS SET OR TIED.
MM INDICATES DATA IS MISSING.
T  INDICATES TRACE AMOUNT.




$$
