000
CDUS41 KGYX 100916
CLIPWM


CLIMATE REPORT
NATIONAL WEATHER SERVICE GRAY ME
416 AM EST FRI FEB 10 2017


...................................

...THE PORTLAND ME CLIMATE SUMMARY FOR FEBRUARY 9 2017...

CLIMATE NORMAL PERIOD 1981 TO 2010
CLIMATE RECORD PERIOD 1941 TO 2017


WEATHER ITEM   OBSERVED TIME   RECORD YEAR NORMAL DEPARTURE LAST
                VALUE   (LST)  VALUE       VALUE  FROM      YEAR
                                                  NORMAL
..................................................................
TEMPERATURE (F)
 YESTERDAY
  MAXIMUM         32   1240 AM  55    1990  33     -1       26
  MINIMUM         10   1159 PM -15    1948  15     -5       13
  AVERAGE         21                        24     -3       20

PRECIPITATION (IN)
  YESTERDAY        0.43          1.90 1969   0.10   0.33     0.06
  MONTH TO DATE    1.16                      0.97   0.19     1.62
  SINCE DEC 1     10.12                      8.37   1.75    10.33
  SINCE JAN 1      4.81                      4.35   0.46     4.99

SNOWFALL (IN)
  YESTERDAY        7.7          17.0  1969   0.4    7.3      0.8
  MONTH TO DATE   12.4                       4.1    8.3     14.0
  SINCE DEC 1     38.4                      36.5    1.9     34.5
  SINCE JUL 1     38.9                      38.4    0.5     34.5
  SNOW DEPTH       2

DEGREE DAYS
 HEATING
  YESTERDAY       44                        41      3       45
  MONTH TO DATE  348                       374    -26      286
  SINCE DEC 1   2566                      2819   -253     2287
  SINCE JUL 1   3818                      4310   -492     3533

 COOLING
  YESTERDAY        0                         0      0        0
  MONTH TO DATE    0                         0      0        0
  SINCE DEC 1      0                         0      0        0
  SINCE JAN 1      0                         0      0        0
..................................................................


WIND (MPH)
  RESULTANT WIND SPEED  13   RESULTANT WIND DIRECTION   N (10)
  HIGHEST WIND SPEED    31   HIGHEST WIND DIRECTION    NW (320)
  HIGHEST GUST SPEED    39   HIGHEST GUST DIRECTION     N (340)
  AVERAGE WIND SPEED    15.6


SKY COVER
  AVERAGE SKY COVER 0.9


WEATHER CONDITIONS
 THE FOLLOWING WEATHER WAS RECORDED YESTERDAY.
  HEAVY SNOW
  SNOW
  LIGHT SNOW
  FOG
  FOG W/VISIBILITY <= 1/4 MILE
  HAZE
  BLOWING SNOW


RELATIVE HUMIDITY (PERCENT)
 HIGHEST    88           200 PM
 LOWEST     57           700 AM
 AVERAGE    73

..........................................................


THE PORTLAND ME CLIMATE NORMALS FOR TODAY
                         NORMAL    RECORD    YEAR
 MAXIMUM TEMPERATURE (F)   34        52      1955
 MINIMUM TEMPERATURE (F)   15       -19      1948


SUNRISE AND SUNSET
FEBRUARY 10 2017......SUNRISE   646 AM EST   SUNSET   505 PM EST
FEBRUARY 11 2017......SUNRISE   645 AM EST   SUNSET   506 PM EST


-  INDICATES NEGATIVE NUMBERS.
R  INDICATES RECORD WAS SET OR TIED.
MM INDICATES DATA IS MISSING.
T  INDICATES TRACE AMOUNT.




$$
