000
CDUS41 KGYX 072201
CLIPWM


CLIMATE REPORT
NATIONAL WEATHER SERVICE GRAY ME
501 PM EST WED FEB 7 2018


...................................

...THE PORTLAND ME CLIMATE SUMMARY FOR FEBRUARY 7 2018...
VALID TODAY AS OF 0500 PM LOCAL TIME.

CLIMATE NORMAL PERIOD 1981 TO 2010
CLIMATE RECORD PERIOD 1941 TO 2018


WEATHER ITEM   OBSERVED TIME   RECORD YEAR NORMAL DEPARTURE LAST
                VALUE   (LST)  VALUE       VALUE  FROM      YEAR
                                                  NORMAL
..................................................................
TEMPERATURE (F)
 TODAY
  MAXIMUM         26   1118 AM  49    1951  33     -7       25
  MINIMUM         16    612 AM -16    1993  15      1       16
  AVERAGE         21                        24     -3       21

PRECIPITATION (IN)
  TODAY            0.35          1.90 1929   0.11   0.24     0.57
  MONTH TO DATE    1.61                      0.76   0.85     0.60
  SINCE DEC 1      8.36                      8.16   0.20     9.56
  SINCE JAN 1      4.90                      4.14   0.76     4.25

SNOWFALL (IN)
  TODAY            3.5          12.0  1983   0.4    3.1      4.1
  MONTH TO DATE    4.8                       3.2    1.6      4.5
  SINCE DEC 1     45.0                      35.6    9.4     30.5
  SINCE JUL 1     45.1                      37.5    7.6     31.0
  SNOW DEPTH       4

DEGREE DAYS
 HEATING
  TODAY           44                        41      3       44
  MONTH TO DATE  281                       292    -11      272
  SINCE DEC 1   2891                      2737    154     2490
  SINCE JUL 1   4056                      4228   -172     3742

 COOLING
  TODAY            0                         0      0        0
  MONTH TO DATE    0                         0      0        0
  SINCE DEC 1      0                         0      0        0
  SINCE JAN 1      0                         0      0        0
..................................................................


WIND (MPH)
  HIGHEST WIND SPEED    16   HIGHEST WIND DIRECTION    NE (60)
  HIGHEST GUST SPEED    22   HIGHEST GUST DIRECTION    NE (60)
  AVERAGE WIND SPEED     7.3


SKY COVER
  POSSIBLE SUNSHINE  MM
  AVERAGE SKY COVER 0.6


WEATHER CONDITIONS
 THE FOLLOWING WEATHER WAS RECORDED TODAY.
  SNOW
  LIGHT SNOW
  FOG
  FOG W/VISIBILITY <= 1/4 MILE
  HAZE


RELATIVE HUMIDITY (PERCENT)
 HIGHEST    96           200 PM
 LOWEST     71          1200 AM
 AVERAGE    84

..........................................................


THE PORTLAND ME CLIMATE NORMALS FOR TOMORROW
                         NORMAL    RECORD    YEAR
 MAXIMUM TEMPERATURE (F)   33        51      2009
 MINIMUM TEMPERATURE (F)   15       -14      1950


SUNRISE AND SUNSET
FEBRUARY  7 2018......SUNRISE   651 AM EST   SUNSET   501 PM EST
FEBRUARY  8 2018......SUNRISE   649 AM EST   SUNSET   502 PM EST


-  INDICATES NEGATIVE NUMBERS.
R  INDICATES RECORD WAS SET OR TIED.
MM INDICATES DATA IS MISSING.
T  INDICATES TRACE AMOUNT.




$$
