000
CDUS41 KGYX 210909
CLIPWM


CLIMATE REPORT
NATIONAL WEATHER SERVICE GRAY ME
409 AM EST WED JAN 21 2015


...................................

...THE PORTLAND ME CLIMATE SUMMARY FOR JANUARY 20 2015...

CLIMATE NORMAL PERIOD 1981 TO 2010
CLIMATE RECORD PERIOD 1941 TO 2015


WEATHER ITEM   OBSERVED TIME   RECORD YEAR NORMAL DEPARTURE LAST
                VALUE   (LST)  VALUE       VALUE  FROM      YEAR
                                                  NORMAL
..................................................................
TEMPERATURE (F)
 YESTERDAY
  MAXIMUM         36   1224 AM  55    2006  31      5       37
  MINIMUM         21   1159 PM -21    1971  13      8       14
  AVERAGE         29                        22      7       26

PRECIPITATION (IN)
  YESTERDAY        0.00          1.28 1995   0.11  -0.11     0.00
  MONTH TO DATE    1.53                      2.20  -0.67     4.00
  SINCE DEC 1      7.80                      6.22   1.58     8.44
  SINCE JAN 1      1.53                      2.20  -0.67     4.00

SNOWFALL (IN)
  YESTERDAY        0.0           9.6  1978   0.6   -0.6      0.0
  MONTH TO DATE    7.8                      12.6   -4.8     17.4
  SINCE DEC 1     11.4                      25.8  -14.4     43.6
  SINCE JUL 1     21.7                      27.7   -6.0     44.1
  SNOW DEPTH       2

DEGREE DAYS
 HEATING
  YESTERDAY       36                        43     -7       39
  MONTH TO DATE  870                       850     20      810
  SINCE DEC 1   1831                      1971   -140     2061
  SINCE JUL 1   3142                      3462   -320     3512

 COOLING
  YESTERDAY        0                         0      0        0
  MONTH TO DATE    0                         0      0        0
  SINCE DEC 1      0                         0      0        0
  SINCE JAN 1      0                         0      0        0
..................................................................


WIND (MPH)
  RESULTANT WIND SPEED  11   RESULTANT WIND DIRECTION   W (260)
  HIGHEST WIND SPEED    21   HIGHEST WIND DIRECTION     W (260)
  HIGHEST GUST SPEED    28   HIGHEST GUST DIRECTION     W (280)
  AVERAGE WIND SPEED    11.2


SKY COVER
  AVERAGE SKY COVER 0.1


WEATHER CONDITIONS
 THE FOLLOWING WEATHER WAS RECORDED YESTERDAY.
  NO SIGNIFICANT WEATHER WAS OBSERVED.


RELATIVE HUMIDITY (PERCENT)
 HIGHEST    64          1200 AM
 LOWEST     25           400 PM
 AVERAGE    45

..........................................................


THE PORTLAND ME CLIMATE NORMALS FOR TODAY
                         NORMAL    RECORD    YEAR
 MAXIMUM TEMPERATURE (F)   31        57      2006
 MINIMUM TEMPERATURE (F)   13       -12      1984


SUNRISE AND SUNSET
JANUARY 21 2015.......SUNRISE   708 AM EST   SUNSET   437 PM EST
JANUARY 22 2015.......SUNRISE   707 AM EST   SUNSET   439 PM EST


-  INDICATES NEGATIVE NUMBERS.
R  INDICATES RECORD WAS SET OR TIED.
MM INDICATES DATA IS MISSING.
T  INDICATES TRACE AMOUNT.




$$
