000
CDUS41 KGYX 231725
CLIPWM


CLIMATE REPORT
NATIONAL WEATHER SERVICE GRAY ME
125 PM EDT SAT MAY 23 2015


...................................

...THE PORTLAND ME CLIMATE SUMMARY FOR MAY 22 2015...

CLIMATE NORMAL PERIOD 1981 TO 2010
CLIMATE RECORD PERIOD 1941 TO 2015


WEATHER ITEM   OBSERVED TIME   RECORD YEAR NORMAL DEPARTURE LAST
                VALUE   (LST)  VALUE       VALUE  FROM      YEAR
                                                  NORMAL
..................................................................
TEMPERATURE (F)
 YESTERDAY
  MAXIMUM         67    911 AM  90    1992  65      2       60
  MINIMUM         47   1134 PM  34    1950  46      1       47
  AVERAGE         57                        56      1       54

PRECIPITATION (IN)
  YESTERDAY        0.00          1.79 1920   0.13  -0.13     0.01
  MONTH TO DATE    0.95                      2.84  -1.89     2.96
  SINCE MAR 1      7.77                     11.40  -3.63     9.99
  SINCE JAN 1     15.25                     18.03  -2.78    18.31

SNOWFALL (IN)
  YESTERDAY        0.0           T    1940   0.0    0.0      0.0
  MONTH TO DATE    0.0                       0.1   -0.1       T
  SINCE MAR 1      5.3                      15.6  -10.3      4.9
  SINCE JUL 1     94.5                      62.0   32.5     83.4
  SNOW DEPTH       0

DEGREE DAYS
 HEATING
  YESTERDAY        8                        10     -2       11
  MONTH TO DATE  190                       279    -89      213
  SINCE MAR 1   1862                      1885    -23     2025
  SINCE JUL 1   6916                      6927    -11     7264

 COOLING
  YESTERDAY        0                         0      0        0
  MONTH TO DATE    3                         0      3        0
  SINCE MAR 1      3                         0      3        0
  SINCE JAN 1      3                         0      3        0
..................................................................


WIND (MPH)
  RESULTANT WIND SPEED   1   RESULTANT WIND DIRECTION  SW (240)
  HIGHEST WIND SPEED    24   HIGHEST WIND DIRECTION     N (340)
  HIGHEST GUST SPEED    33   HIGHEST GUST DIRECTION    NW (320)
  AVERAGE WIND SPEED     7.2


SKY COVER
  AVERAGE SKY COVER 0.7


WEATHER CONDITIONS
 THE FOLLOWING WEATHER WAS RECORDED YESTERDAY.
  NO SIGNIFICANT WEATHER WAS OBSERVED.


RELATIVE HUMIDITY (PERCENT)
 HIGHEST    77          1200 AM
 LOWEST     30           500 PM
 AVERAGE    54

..........................................................


THE PORTLAND ME CLIMATE NORMALS FOR TODAY
                         NORMAL    RECORD    YEAR
 MAXIMUM TEMPERATURE (F)   66        87      1992
 MINIMUM TEMPERATURE (F)   46        34      1963


SUNRISE AND SUNSET
MAY 23 2015...........SUNRISE   509 AM EDT   SUNSET   808 PM EDT
MAY 24 2015...........SUNRISE   508 AM EDT   SUNSET   809 PM EDT


-  INDICATES NEGATIVE NUMBERS.
R  INDICATES RECORD WAS SET OR TIED.
MM INDICATES DATA IS MISSING.
T  INDICATES TRACE AMOUNT.




$$
