000
CDUS41 KGYX 062054
CLIPWM


CLIMATE REPORT
NATIONAL WEATHER SERVICE GRAY ME
454 PM EDT SAT AUG 6 2016


...................................

...THE PORTLAND ME CLIMATE SUMMARY FOR AUGUST 6 2016...
VALID TODAY AS OF 0400 PM LOCAL TIME.

CLIMATE NORMAL PERIOD 1981 TO 2010
CLIMATE RECORD PERIOD 1941 TO 2016


WEATHER ITEM   OBSERVED TIME   RECORD YEAR NORMAL DEPARTURE LAST
                VALUE   (LST)  VALUE       VALUE  FROM      YEAR
                                                  NORMAL
..................................................................
TEMPERATURE (F)
 TODAY
  MAXIMUM         94R   233 PM  90    1965  79     15       80
  MINIMUM         68    102 AM  42    1957  60      8       56
  AVERAGE         81                        69     12       68

PRECIPITATION (IN)
  TODAY            0.00          2.29 2007   0.10  -0.10     0.00
  MONTH TO DATE    0.06                      0.63  -0.57     0.20
  SINCE JUN 1      6.18                      8.03  -1.85     7.86
  SINCE JAN 1     21.69                     27.23  -5.54    24.47

SNOWFALL (IN)
  TODAY            0.0           0.0  2002   0.0    0.0      0.0
                                      2001
                                      2000
  MONTH TO DATE    0.0                       0.0    0.0      0.0
  SINCE JUN 1      0.0                       0.0    0.0      0.0
  SINCE JUL 1      0.0                       0.0    0.0      0.0
  SNOW DEPTH       0

DEGREE DAYS
 HEATING
  TODAY            0                         0      0        0
  MONTH TO DATE    0                         0      0        0
  SINCE JUN 1     79                       123    -44      154
  SINCE JUL 1     13                        17     -4       10

 COOLING
  TODAY           16                         5     11        3
  MONTH TO DATE   40                        30     10       35
  SINCE JUN 1    288                       231     57      221
  SINCE JAN 1    304                       238     66      261
..................................................................


WIND (MPH)
  HIGHEST WIND SPEED    22   HIGHEST WIND DIRECTION     W (250)
  HIGHEST GUST SPEED    32   HIGHEST GUST DIRECTION     W (260)
  AVERAGE WIND SPEED     9.8


SKY COVER
  POSSIBLE SUNSHINE  MM
  AVERAGE SKY COVER 0.5


WEATHER CONDITIONS
 THE FOLLOWING WEATHER WAS RECORDED TODAY.
  NO SIGNIFICANT WEATHER WAS OBSERVED.


RELATIVE HUMIDITY (PERCENT)
 HIGHEST    81           100 AM
 LOWEST     28           300 PM
 AVERAGE    55

..........................................................


THE PORTLAND ME CLIMATE NORMALS FOR TOMORROW
                         NORMAL    RECORD    YEAR
 MAXIMUM TEMPERATURE (F)   79        93      2001
 MINIMUM TEMPERATURE (F)   59        44      1957


SUNRISE AND SUNSET
AUGUST  6 2016........SUNRISE   536 AM EDT   SUNSET   757 PM EDT
AUGUST  7 2016........SUNRISE   537 AM EDT   SUNSET   756 PM EDT


-  INDICATES NEGATIVE NUMBERS.
R  INDICATES RECORD WAS SET OR TIED.
MM INDICATES DATA IS MISSING.
T  INDICATES TRACE AMOUNT.




$$
