793
CDUS41 KGYX 220912
CLIPWM


CLIMATE REPORT
NATIONAL WEATHER SERVICE GRAY ME
412 AM EST TUE NOV 22 2016


...................................

...THE PORTLAND ME CLIMATE SUMMARY FOR NOVEMBER 21 2016...

CLIMATE NORMAL PERIOD 1981 TO 2010
CLIMATE RECORD PERIOD 1941 TO 2016


WEATHER ITEM   OBSERVED TIME   RECORD YEAR NORMAL DEPARTURE LAST
                VALUE   (LST)  VALUE       VALUE  FROM      YEAR
                                                  NORMAL
..................................................................
TEMPERATURE (F)
 YESTERDAY
  MAXIMUM         36   1250 PM  64    1991  46    -10       46
  MINIMUM         29   1111 PM  13    1951  30     -1       28
  AVERAGE         33                        38     -5       37

PRECIPITATION (IN)
  YESTERDAY        0.04          1.81 1986   0.16  -0.12     0.00
  MONTH TO DATE    2.47                      3.53  -1.06     1.81
  SINCE SEP 1     11.69                     12.09  -0.40    11.23
  SINCE JAN 1     35.22                     41.83  -6.61    37.99

SNOWFALL (IN)
  YESTERDAY        0.3           4.3  1961   0.1    0.2      0.0
  MONTH TO DATE    0.5                       0.8   -0.3      0.0
  SINCE SEP 1      0.5                       0.8   -0.3      0.0
  SINCE JUL 1      0.5                       0.8   -0.3      0.0
  SNOW DEPTH       T

DEGREE DAYS
 HEATING
  YESTERDAY       32                        27      5       28
  MONTH TO DATE  434                       506    -72      406
  SINCE SEP 1    976                      1185   -209      975
  SINCE JUL 1    990                      1230   -240      985

 COOLING
  YESTERDAY        0                         0      0        0
  MONTH TO DATE    0                         0      0        0
  SINCE SEP 1     68                        31     37       97
  SINCE JAN 1    553                       359    194      492
..................................................................


WIND (MPH)
  RESULTANT WIND SPEED  12   RESULTANT WIND DIRECTION   W (260)
  HIGHEST WIND SPEED    21   HIGHEST WIND DIRECTION     W (280)
  HIGHEST GUST SPEED    29   HIGHEST GUST DIRECTION     W (260)
  AVERAGE WIND SPEED    11.7


SKY COVER
  AVERAGE SKY COVER 0.9


WEATHER CONDITIONS
 THE FOLLOWING WEATHER WAS RECORDED YESTERDAY.
  LIGHT SNOW
  FOG


RELATIVE HUMIDITY (PERCENT)
 HIGHEST   100           100 AM
 LOWEST     56           400 PM
 AVERAGE    78

..........................................................


THE PORTLAND ME CLIMATE NORMALS FOR TODAY
                         NORMAL    RECORD    YEAR
 MAXIMUM TEMPERATURE (F)   46        64      1992
 MINIMUM TEMPERATURE (F)   29        13      1972


SUNRISE AND SUNSET
NOVEMBER 22 2016......SUNRISE   645 AM EST   SUNSET   410 PM EST
NOVEMBER 23 2016......SUNRISE   646 AM EST   SUNSET   409 PM EST


-  INDICATES NEGATIVE NUMBERS.
R  INDICATES RECORD WAS SET OR TIED.
MM INDICATES DATA IS MISSING.
T  INDICATES TRACE AMOUNT.




$$
