000
CDUS41 KGYX 252041
CLIPWM


CLIMATE REPORT
NATIONAL WEATHER SERVICE GRAY ME
441 PM EDT TUE MAR 25 2014


...................................

...THE PORTLAND ME CLIMATE SUMMARY FOR MARCH 25 2014...
VALID TODAY AS OF 0400 PM LOCAL TIME.

CLIMATE NORMAL PERIOD 1981 TO 2010
CLIMATE RECORD PERIOD 1941 TO 2014


WEATHER ITEM   OBSERVED TIME   RECORD YEAR NORMAL DEPARTURE LAST
                VALUE   (LST)  VALUE       VALUE  FROM      YEAR
                                                  NORMAL
..................................................................
TEMPERATURE (F)
 TODAY
  MAXIMUM         34    258 PM  64    1987  45    -11       41
  MINIMUM          9    545 AM   0    1956  28    -19       27
  AVERAGE         22                        36    -14       34

PRECIPITATION (IN)
  TODAY            0.00          1.60 1969   0.14  -0.14     0.00
  MONTH TO DATE    1.93                      3.38  -1.45     1.61
  SINCE MAR 1      1.93                      3.38  -1.45     1.61
  SINCE JAN 1     10.25                     10.01   0.24     9.04

SNOWFALL (IN)
  TODAY            0.0           3.4  1932   0.3   -0.3      0.0
  MONTH TO DATE    3.3                      11.1   -7.8     13.2
  SINCE MAR 1      3.3                      11.1   -7.8     13.2
  SINCE JUL 1     81.8                      57.5   24.3     97.8
  SNOW DEPTH       3

DEGREE DAYS
 HEATING
  TODAY           43                        29     14       31
  MONTH TO DATE  991                       812    179      787
  SINCE MAR 1    991                       812    179      787
  SINCE JUL 1   6230                      5854    376     5386

 COOLING
  TODAY            0                         0      0        0
  MONTH TO DATE    0                         0      0        0
  SINCE MAR 1      0                         0      0        0
  SINCE JAN 1      0                         0      0        0
..................................................................


WIND (MPH)
  HIGHEST WIND SPEED    18   HIGHEST WIND DIRECTION     W (290)
  HIGHEST GUST SPEED    22   HIGHEST GUST DIRECTION     W (280)
  AVERAGE WIND SPEED     7.1


SKY COVER
  POSSIBLE SUNSHINE  MM
  AVERAGE SKY COVER 0.2


WEATHER CONDITIONS
 THE FOLLOWING WEATHER WAS RECORDED TODAY.
  NO SIGNIFICANT WEATHER WAS OBSERVED.


RELATIVE HUMIDITY (PERCENT)
 HIGHEST    76           700 AM
 LOWEST     29           200 PM
 AVERAGE    53

..........................................................


THE PORTLAND ME CLIMATE NORMALS FOR TOMORROW
                         NORMAL    RECORD    YEAR
 MAXIMUM TEMPERATURE (F)   45        74      1986
 MINIMUM TEMPERATURE (F)   28        -5      1960


SUNRISE AND SUNSET
MARCH 25 2014.........SUNRISE   636 AM EDT   SUNSET   700 PM EDT
MARCH 26 2014.........SUNRISE   634 AM EDT   SUNSET   701 PM EDT


-  INDICATES NEGATIVE NUMBERS.
R  INDICATES RECORD WAS SET OR TIED.
MM INDICATES DATA IS MISSING.
T  INDICATES TRACE AMOUNT.




$$
