000
CDUS41 KGYX 010803
CLIPWM


CLIMATE REPORT
NATIONAL WEATHER SERVICE GRAY ME
403 AM EDT TUE APR 1 2014


...................................

...THE PORTLAND ME CLIMATE SUMMARY FOR MARCH 31 2014...

CLIMATE NORMAL PERIOD 1981 TO 2010
CLIMATE RECORD PERIOD 1941 TO 2014


WEATHER ITEM   OBSERVED TIME   RECORD YEAR NORMAL DEPARTURE LAST
                VALUE   (LST)  VALUE       VALUE  FROM      YEAR
                                                  NORMAL
..................................................................
TEMPERATURE (F)
 YESTERDAY
  MAXIMUM         39    547 PM  88    1998  47     -8       49
  MINIMUM         32   1023 AM  15    1964  30      2       25
  AVERAGE         36                        38     -2       37

PRECIPITATION (IN)
  YESTERDAY        0.47          3.47 1951   0.14   0.33      T
  MONTH TO DATE    4.31                      4.24   0.07     1.69
  SINCE MAR 1      4.31                      4.24   0.07     1.69
  SINCE JAN 1     12.63                     10.87   1.76     9.12

SNOWFALL (IN)
  YESTERDAY        0.4           3.5  1889   0.2    0.2      0.0
  MONTH TO DATE    3.7                      12.7   -9.0     13.2
  SINCE MAR 1      3.7                      12.7   -9.0     13.2
  SINCE JUL 1     82.2                      59.1   23.1     97.8
  SNOW DEPTH       1

DEGREE DAYS
 HEATING
  YESTERDAY       29                        27      2       28
  MONTH TO DATE 1170                       977    193      928
  SINCE MAR 1   1170                       976    194      928
  SINCE JUL 1   6409                      6018    391     5527

 COOLING
  YESTERDAY        0                         0      0        0
  MONTH TO DATE    0                         0      0        0
  SINCE MAR 1      0                         0      0        0
  SINCE JAN 1      0                         0      0        0
..................................................................


WIND (MPH)
  RESULTANT WIND SPEED  19   RESULTANT WIND DIRECTION   N (0)
  HIGHEST WIND SPEED    28   HIGHEST WIND DIRECTION     N (360)
  HIGHEST GUST SPEED    36   HIGHEST GUST DIRECTION     N (350)
  AVERAGE WIND SPEED    18.5


SKY COVER
  AVERAGE SKY COVER 1.0


WEATHER CONDITIONS
 THE FOLLOWING WEATHER WAS RECORDED YESTERDAY.
  RAIN
  LIGHT RAIN
  FREEZING RAIN
  LT FREEZING RAIN
  SLEET
  FOG


RELATIVE HUMIDITY (PERCENT)
 HIGHEST    85           700 AM
 LOWEST     59           300 PM
 AVERAGE    72

..........................................................


THE PORTLAND ME CLIMATE NORMALS FOR TODAY
                         NORMAL    RECORD    YEAR
 MAXIMUM TEMPERATURE (F)   48        69      1945
 MINIMUM TEMPERATURE (F)   30         9      1964


SUNRISE AND SUNSET
APRIL  1 2014.........SUNRISE   623 AM EDT   SUNSET   708 PM EDT
APRIL  2 2014.........SUNRISE   621 AM EDT   SUNSET   709 PM EDT


-  INDICATES NEGATIVE NUMBERS.
R  INDICATES RECORD WAS SET OR TIED.
MM INDICATES DATA IS MISSING.
T  INDICATES TRACE AMOUNT.




$$
