000
CDUS41 KGYX 240803
CLIPWM


CLIMATE REPORT
NATIONAL WEATHER SERVICE GRAY ME
403 AM EDT FRI JUL 24 2015


...................................

...THE PORTLAND ME CLIMATE SUMMARY FOR JULY 23 2015...

CLIMATE NORMAL PERIOD 1981 TO 2010
CLIMATE RECORD PERIOD 1941 TO 2015


WEATHER ITEM   OBSERVED TIME   RECORD YEAR NORMAL DEPARTURE LAST
                VALUE   (LST)  VALUE       VALUE  FROM      YEAR
                                                  NORMAL
..................................................................
TEMPERATURE (F)
 YESTERDAY
  MAXIMUM         78   1155 AM  96    1978  79     -1       87
  MINIMUM         57    249 AM  45    1976  60     -3       70
  AVERAGE         68                        70     -2       79

PRECIPITATION (IN)
  YESTERDAY        T             1.11 1876   0.12  -0.12     0.30
  MONTH TO DATE    1.05                      2.69  -1.64     4.44
  SINCE JUN 1      7.45                      6.48   0.97     8.74
  SINCE JAN 1     24.06                     25.68  -1.62    27.96

SNOWFALL (IN)
  YESTERDAY        0.0           0.0  2002   0.0    0.0      0.0
                                      2001
                                      2000
  MONTH TO DATE    0.0                       0.0    0.0      0.0
  SINCE JUN 1      0.0                       0.0    0.0      0.0
  SINCE JUL 1      0.0                       0.0    0.0      0.0
  SNOW DEPTH       0

DEGREE DAYS
 HEATING
  YESTERDAY        0                         0      0        0
  MONTH TO DATE    6                        12     -6        0
  SINCE JUN 1    150                       118     32       77
  SINCE JUL 1      6                        12     -6        0

 COOLING
  YESTERDAY        3                         5     -2       14
  MONTH TO DATE   95                       105    -10      139
  SINCE JUN 1    138                       162    -24      195
  SINCE JAN 1    178                       169      9      195
..................................................................


WIND (MPH)
  RESULTANT WIND SPEED   1   RESULTANT WIND DIRECTION  SW (240)
  HIGHEST WIND SPEED    12   HIGHEST WIND DIRECTION    NW (300)
  HIGHEST GUST SPEED    14   HIGHEST GUST DIRECTION    SE (150)
  AVERAGE WIND SPEED     4.6


SKY COVER
  AVERAGE SKY COVER 0.4


WEATHER CONDITIONS
 THE FOLLOWING WEATHER WAS RECORDED YESTERDAY.
  LIGHT RAIN


RELATIVE HUMIDITY (PERCENT)
 HIGHEST    90          1000 PM
 LOWEST     50          1100 AM
 AVERAGE    70

..........................................................


THE PORTLAND ME CLIMATE NORMALS FOR TODAY
                         NORMAL    RECORD    YEAR
 MAXIMUM TEMPERATURE (F)   79        95      1987
 MINIMUM TEMPERATURE (F)   60        49      1997


SUNRISE AND SUNSET
JULY 24 2015..........SUNRISE   522 AM EDT   SUNSET   813 PM EDT
JULY 25 2015..........SUNRISE   523 AM EDT   SUNSET   812 PM EDT


-  INDICATES NEGATIVE NUMBERS.
R  INDICATES RECORD WAS SET OR TIED.
MM INDICATES DATA IS MISSING.
T  INDICATES TRACE AMOUNT.




$$
