733
CDUS41 KGYX 270845
CLIPWM


CLIMATE REPORT
NATIONAL WEATHER SERVICE GRAY ME
445 AM EDT WED APR 27 2016


...................................

...THE PORTLAND ME CLIMATE SUMMARY FOR APRIL 26 2016...

CLIMATE NORMAL PERIOD 1981 TO 2010
CLIMATE RECORD PERIOD 1941 TO 2016


WEATHER ITEM   OBSERVED TIME   RECORD YEAR NORMAL DEPARTURE LAST
                VALUE   (LST)  VALUE       VALUE  FROM      YEAR
                                                  NORMAL
..................................................................
TEMPERATURE (F)
 YESTERDAY
  MAXIMUM         62    134 PM  80    2009  57      5       56
  MINIMUM         28    406 AM  27    2006  38    -10       39
                                      1948
  AVERAGE         45                        48     -3       48

PRECIPITATION (IN)
  YESTERDAY        0.40          1.43 2003   0.14   0.26      T
  MONTH TO DATE    1.56                      3.73  -2.17     4.95
  SINCE MAR 1      5.93                      7.97  -2.04     6.74
  SINCE JAN 1     13.47                     14.60  -1.13    14.22

SNOWFALL (IN)
  YESTERDAY        2.2 R         1.9  1887   0.0    2.2      0.0
  MONTH TO DATE    3.7                       2.7    1.0      2.9
  SINCE MAR 1     10.8                      15.4   -4.6      5.3
  SINCE JUL 1     51.8                      61.8  -10.0     94.5
  SNOW DEPTH       0

DEGREE DAYS
 HEATING
  YESTERDAY       20                        17      3       17
  MONTH TO DATE  563                       563      0      549
  SINCE MAR 1   1399                      1539   -140     1619
  SINCE JUL 1   5690                      6581   -891     6673

 COOLING
  YESTERDAY        0                         0      0        0
  MONTH TO DATE    0                         0      0        0
  SINCE MAR 1      0                         0      0        0
  SINCE JAN 1      0                         0      0        0
..................................................................


WIND (MPH)
  RESULTANT WIND SPEED   3   RESULTANT WIND DIRECTION   N (20)
  HIGHEST WIND SPEED    21   HIGHEST WIND DIRECTION     S (170)
  HIGHEST GUST SPEED    31   HIGHEST GUST DIRECTION     S (190)
  AVERAGE WIND SPEED     6.3


SKY COVER
  AVERAGE SKY COVER 0.7


WEATHER CONDITIONS
 THE FOLLOWING WEATHER WAS RECORDED YESTERDAY.
  RAIN
  LIGHT RAIN
  HEAVY SNOW
  SNOW
  LIGHT SNOW
  SLEET
  FOG
  FOG W/VISIBILITY <= 1/4 MILE
  HAZE


RELATIVE HUMIDITY (PERCENT)
 HIGHEST    92           100 PM
 LOWEST     31           100 AM
 AVERAGE    62

..........................................................


THE PORTLAND ME CLIMATE NORMALS FOR TODAY
                         NORMAL    RECORD    YEAR
 MAXIMUM TEMPERATURE (F)   58        84      1990
 MINIMUM TEMPERATURE (F)   38        25      1958


SUNRISE AND SUNSET
APRIL 27 2016.........SUNRISE   539 AM EDT   SUNSET   740 PM EDT
APRIL 28 2016.........SUNRISE   537 AM EDT   SUNSET   741 PM EDT


-  INDICATES NEGATIVE NUMBERS.
R  INDICATES RECORD WAS SET OR TIED.
MM INDICATES DATA IS MISSING.
T  INDICATES TRACE AMOUNT.




$$
