000
CDUS41 KGYX 082155
CLIPWM


CLIMATE REPORT
NATIONAL WEATHER SERVICE GRAY ME
455 PM EST MON DEC 8 2014


...................................

...THE PORTLAND ME CLIMATE SUMMARY FOR DECEMBER 8 2014...
VALID TODAY AS OF 0400 PM LOCAL TIME.

CLIMATE NORMAL PERIOD 1981 TO 2010
CLIMATE RECORD PERIOD 1941 TO 2014


WEATHER ITEM   OBSERVED TIME   RECORD YEAR NORMAL DEPARTURE LAST
                VALUE   (LST)  VALUE       VALUE  FROM      YEAR
                                                  NORMAL
..................................................................
TEMPERATURE (F)
 TODAY
  MAXIMUM         22    233 PM  58    1951  40    -18       29
  MINIMUM         11    819 AM  -5    1989  23    -12       19
  AVERAGE         17                        32    -15       24

PRECIPITATION (IN)
  TODAY            0.00          1.46 1950   0.14  -0.14     0.00
  MONTH TO DATE    1.12                      1.12   0.00     0.73
  SINCE DEC 1      1.12                      1.12   0.00     0.73
  SINCE JAN 1     50.72                     44.35   6.37    40.16

SNOWFALL (IN)
  TODAY            0.0           3.4  1929   0.4   -0.4      0.0
  MONTH TO DATE    1.2                       2.4   -1.2      0.5
  SINCE DEC 1      1.2                       2.4   -1.2      0.5
  SINCE JUL 1     11.5                       4.3    7.2      1.0
  SNOW DEPTH       1

DEGREE DAYS
 HEATING
  TODAY           48                        33     15       41
  MONTH TO DATE  277                       256     21      258
  SINCE DEC 1    277                       256     21      258
  SINCE JUL 1   1588                      1747   -159     1709

 COOLING
  TODAY            0                         0      0        0
  MONTH TO DATE    0                         0      0        0
  SINCE DEC 1      0                         0      0        0
  SINCE JAN 1    351                       359     -8      454
..................................................................


WIND (MPH)
  HIGHEST WIND SPEED    15   HIGHEST WIND DIRECTION     N (10)
  HIGHEST GUST SPEED    20   HIGHEST GUST DIRECTION    NE (30)
  AVERAGE WIND SPEED     9.5


SKY COVER
  POSSIBLE SUNSHINE  MM
  AVERAGE SKY COVER 0.4


WEATHER CONDITIONS
 THE FOLLOWING WEATHER WAS RECORDED TODAY.
  NO SIGNIFICANT WEATHER WAS OBSERVED.


RELATIVE HUMIDITY (PERCENT)
 HIGHEST    58           500 AM
 LOWEST     46          1000 AM
 AVERAGE    52

..........................................................


THE PORTLAND ME CLIMATE NORMALS FOR TOMORROW
                         NORMAL    RECORD    YEAR
 MAXIMUM TEMPERATURE (F)   40        54      1980
 MINIMUM TEMPERATURE (F)   23        -6      1949


SUNRISE AND SUNSET
DECEMBER  8 2014......SUNRISE   702 AM EST   SUNSET   404 PM EST
DECEMBER  9 2014......SUNRISE   703 AM EST   SUNSET   404 PM EST


-  INDICATES NEGATIVE NUMBERS.
R  INDICATES RECORD WAS SET OR TIED.
MM INDICATES DATA IS MISSING.
T  INDICATES TRACE AMOUNT.




$$
