000
CDUS41 KGYX 042043
CLIPWM


CLIMATE REPORT
NATIONAL WEATHER SERVICE GRAY ME
443 PM EDT FRI AUG 4 2017


...................................

...THE PORTLAND ME CLIMATE SUMMARY FOR AUGUST 4 2017...
VALID TODAY AS OF 0400 PM LOCAL TIME.

CLIMATE NORMAL PERIOD 1981 TO 2010
CLIMATE RECORD PERIOD 1941 TO 2017


WEATHER ITEM   OBSERVED TIME   RECORD YEAR NORMAL DEPARTURE LAST
                VALUE   (LST)  VALUE       VALUE  FROM      YEAR
                                                  NORMAL
..................................................................
TEMPERATURE (F)
 TODAY
  MAXIMUM         77    159 PM  93    1988  79     -2       83
  MINIMUM         63    223 AM  45    1959  60      3       59
  AVERAGE         70                        69      1       71

PRECIPITATION (IN)
  TODAY            0.00          2.11 1885   0.10  -0.10     0.00
  MONTH TO DATE    T                         0.42  -0.42     0.06
  SINCE JUN 1      3.67                      7.82  -4.15     6.18
  SINCE JAN 1     27.71                     27.02   0.69    21.69

SNOWFALL (IN)
  TODAY            0.0           0.0  2002   0.0    0.0      0.0
                                      2001
                                      2000
  MONTH TO DATE    0.0                       0.0    0.0      0.0
  SINCE JUN 1      0.0                       0.0    0.0      0.0
  SINCE JUL 1      0.0                       0.0    0.0      0.0
  SNOW DEPTH       0

DEGREE DAYS
 HEATING
  TODAY            0                         0      0        0
  MONTH TO DATE    0                         0      0        0
  SINCE JUN 1     98                       123    -25       79
  SINCE JUL 1     13                        17     -4       13

 COOLING
  TODAY            5                         5      0        6
  MONTH TO DATE   30                        20     10       17
  SINCE JUN 1    266                       221     45      265
  SINCE JAN 1    283                       228     55      281
..................................................................


WIND (MPH)
  HIGHEST WIND SPEED    21   HIGHEST WIND DIRECTION     S (160)
  HIGHEST GUST SPEED    26   HIGHEST GUST DIRECTION     S (160)
  AVERAGE WIND SPEED     8.0


SKY COVER
  POSSIBLE SUNSHINE  MM
  AVERAGE SKY COVER 0.4


WEATHER CONDITIONS
 THE FOLLOWING WEATHER WAS RECORDED TODAY.
  NO SIGNIFICANT WEATHER WAS OBSERVED.


RELATIVE HUMIDITY (PERCENT)
 HIGHEST    93           300 AM
 LOWEST     69          1200 PM
 AVERAGE    81

..........................................................


THE PORTLAND ME CLIMATE NORMALS FOR TOMORROW
                         NORMAL    RECORD    YEAR
 MAXIMUM TEMPERATURE (F)   79        97      1955
 MINIMUM TEMPERATURE (F)   60        43      1972


SUNRISE AND SUNSET
AUGUST  4 2017........SUNRISE   534 AM EDT   SUNSET   800 PM EDT
AUGUST  5 2017........SUNRISE   535 AM EDT   SUNSET   759 PM EDT


-  INDICATES NEGATIVE NUMBERS.
R  INDICATES RECORD WAS SET OR TIED.
MM INDICATES DATA IS MISSING.
T  INDICATES TRACE AMOUNT.




$$
