000
CDUS41 KGYX 022157
CLIPWM


CLIMATE REPORT
NATIONAL WEATHER SERVICE GRAY ME
457 PM EST THU MAR 2 2017


...................................

...THE PORTLAND ME CLIMATE SUMMARY FOR MARCH 2 2017...
VALID TODAY AS OF 0400 PM LOCAL TIME.

CLIMATE NORMAL PERIOD 1981 TO 2010
CLIMATE RECORD PERIOD 1941 TO 2017


WEATHER ITEM   OBSERVED TIME   RECORD YEAR NORMAL DEPARTURE LAST
                VALUE   (LST)  VALUE       VALUE  FROM      YEAR
                                                  NORMAL
..................................................................
TEMPERATURE (F)
 TODAY
  MAXIMUM         54    246 AM  57    1985  38     16       49
  MINIMUM         33    259 PM  -9    1967  21     12       19
  AVERAGE         44                        29     15       34

PRECIPITATION (IN)
  TODAY            T             1.77 1882   0.12  -0.12     0.92
  MONTH TO DATE    0.08                      0.25  -0.17     0.92
  SINCE MAR 1      0.08                      0.25  -0.17     0.92
  SINCE JAN 1      8.28                      6.88   1.40     8.46

SNOWFALL (IN)
  TODAY            0.0           7.9  2009   0.5   -0.5      0.2
  MONTH TO DATE    0.0                       1.0   -1.0      0.2
  SINCE MAR 1      0.0                       1.0   -1.0      0.2
  SINCE JUL 1     66.2                      47.4   18.8     41.2
  SNOW DEPTH       T

DEGREE DAYS
 HEATING
  TODAY           21                        36    -15       31
  MONTH TO DATE   42                        72    -30       61
  SINCE MAR 1     42                        72    -30       61
  SINCE JUL 1   4520                      5114   -594     4352

 COOLING
  TODAY            0                         0      0        0
  MONTH TO DATE    0                         0      0        0
  SINCE MAR 1      0                         0      0        0
  SINCE JAN 1      0                         0      0        0
..................................................................


WIND (MPH)
  HIGHEST WIND SPEED    36   HIGHEST WIND DIRECTION     W (280)
  HIGHEST GUST SPEED    46   HIGHEST GUST DIRECTION     W (290)
  AVERAGE WIND SPEED    15.6


SKY COVER
  POSSIBLE SUNSHINE  MM
  AVERAGE SKY COVER 0.6


WEATHER CONDITIONS
 THE FOLLOWING WEATHER WAS RECORDED TODAY.
  FOG
  FOG W/VISIBILITY <= 1/4 MILE


RELATIVE HUMIDITY (PERCENT)
 HIGHEST   100           100 AM
 LOWEST     36          1100 AM
 AVERAGE    68

..........................................................


THE PORTLAND ME CLIMATE NORMALS FOR TOMORROW
                         NORMAL    RECORD    YEAR
 MAXIMUM TEMPERATURE (F)   38        55      1961
 MINIMUM TEMPERATURE (F)   21       -10      1950


SUNRISE AND SUNSET
MARCH  2 2017.........SUNRISE   616 AM EST   SUNSET   532 PM EST
MARCH  3 2017.........SUNRISE   614 AM EST   SUNSET   533 PM EST


-  INDICATES NEGATIVE NUMBERS.
R  INDICATES RECORD WAS SET OR TIED.
MM INDICATES DATA IS MISSING.
T  INDICATES TRACE AMOUNT.




$$
