000
CDUS41 KGYX 170801
CLIPWM


CLIMATE REPORT
NATIONAL WEATHER SERVICE GRAY ME
401 AM EDT SUN JUL 17 2016


...................................

...THE PORTLAND ME CLIMATE SUMMARY FOR JULY 16 2016...

CLIMATE NORMAL PERIOD 1981 TO 2010
CLIMATE RECORD PERIOD 1941 TO 2016


WEATHER ITEM   OBSERVED TIME   RECORD YEAR NORMAL DEPARTURE LAST
                VALUE   (LST)  VALUE       VALUE  FROM      YEAR
                                                  NORMAL
..................................................................
TEMPERATURE (F)
 YESTERDAY
  MAXIMUM         87    238 PM  96    1968  79      8       76
  MINIMUM         69   1013 PM  43    1946  60      9       55
  AVERAGE         78                        69      9       66

PRECIPITATION (IN)
  YESTERDAY        0.00          0.98 1883   0.12  -0.12     0.00
  MONTH TO DATE    1.09                      1.85  -0.76     0.32
  SINCE JUN 1      5.51                      5.64  -0.13     6.72
  SINCE JAN 1     21.02                     24.84  -3.82    23.33

SNOWFALL (IN)
  YESTERDAY        0.0           0.0  2002   0.0    0.0      0.0
                                      2001
                                      2000
  MONTH TO DATE    0.0                       0.0    0.0      0.0
  SINCE JUN 1      0.0                       0.0    0.0      0.0
  SINCE JUL 1      0.0                       0.0    0.0      0.0
  SNOW DEPTH       0

DEGREE DAYS
 HEATING
  YESTERDAY        0                         0      0        0
  MONTH TO DATE   13                        12      1        4
  SINCE JUN 1     79                       118    -39      148
  SINCE JUL 1     13                        12      1        4

 COOLING
  YESTERDAY       13                         5      8        1
  MONTH TO DATE   86                        70     16       69
  SINCE JUN 1    118                       127     -9      112
  SINCE JAN 1    134                       134      0      152
..................................................................


WIND (MPH)
  RESULTANT WIND SPEED   7   RESULTANT WIND DIRECTION   W (270)
  HIGHEST WIND SPEED    17   HIGHEST WIND DIRECTION     W (280)
  HIGHEST GUST SPEED    23   HIGHEST GUST DIRECTION     W (290)
  AVERAGE WIND SPEED     7.6


SKY COVER
  AVERAGE SKY COVER 0.5


WEATHER CONDITIONS
 THE FOLLOWING WEATHER WAS RECORDED YESTERDAY.
  NO SIGNIFICANT WEATHER WAS OBSERVED.


RELATIVE HUMIDITY (PERCENT)
 HIGHEST    79          1200 AM
 LOWEST     37           300 PM
 AVERAGE    58

..........................................................


THE PORTLAND ME CLIMATE NORMALS FOR TODAY
                         NORMAL    RECORD    YEAR
 MAXIMUM TEMPERATURE (F)   79        97      1999
 MINIMUM TEMPERATURE (F)   60        41      1946


SUNRISE AND SUNSET
JULY 17 2016..........SUNRISE   516 AM EDT   SUNSET   819 PM EDT
JULY 18 2016..........SUNRISE   517 AM EDT   SUNSET   818 PM EDT


-  INDICATES NEGATIVE NUMBERS.
R  INDICATES RECORD WAS SET OR TIED.
MM INDICATES DATA IS MISSING.
T  INDICATES TRACE AMOUNT.




$$
