000
CDUS41 KGYX 070807
CLIPWM


CLIMATE REPORT
NATIONAL WEATHER SERVICE GRAY ME
407 AM EDT FRI APR 7 2017


...................................

...THE PORTLAND ME CLIMATE SUMMARY FOR APRIL 6 2017...

CLIMATE NORMAL PERIOD 1981 TO 2010
CLIMATE RECORD PERIOD 1941 TO 2017


WEATHER ITEM   OBSERVED TIME   RECORD YEAR NORMAL DEPARTURE LAST
                VALUE   (LST)  VALUE       VALUE  FROM      YEAR
                                                  NORMAL
..................................................................
TEMPERATURE (F)
 YESTERDAY
  MAXIMUM         46   1159 PM  76    1991  50     -4       40
  MINIMUM         36    909 AM  15    1995  32      4       17
  AVERAGE         41                        41      0       29

PRECIPITATION (IN)
  YESTERDAY        1.83          2.06 1886   0.14   1.69     0.02
  MONTH TO DATE    3.31                      0.88   2.43     0.22
  SINCE MAR 1      6.81                      5.12   1.69     4.59
  SINCE JAN 1     15.01                     11.75   3.26    12.13

SNOWFALL (IN)
  YESTERDAY       MM            14.0  1982   0.2   MM        0.2
  MONTH TO DATE    7.9                       1.1    6.8      1.5
  SINCE MAR 1     29.1                      13.8   15.3      8.6
  SINCE JUL 1     95.3                      60.2   35.1     49.6
  SNOW DEPTH       1

DEGREE DAYS
 HEATING
  YESTERDAY       24                        24      0       36
  MONTH TO DATE  159                       151      8      180
  SINCE MAR 1   1273                      1127    146     1016
  SINCE JUL 1   5751                      6169   -418     5307

 COOLING
  YESTERDAY        0                         0      0        0
  MONTH TO DATE    0                         0      0        0
  SINCE MAR 1      0                         0      0        0
  SINCE JAN 1      0                         0      0        0
..................................................................


WIND (MPH)
  RESULTANT WIND SPEED  11   RESULTANT WIND DIRECTION   E (70)
  HIGHEST WIND SPEED    25   HIGHEST WIND DIRECTION     E (70)
  HIGHEST GUST SPEED    30   HIGHEST GUST DIRECTION     E (80)
  AVERAGE WIND SPEED    11.4


SKY COVER
  AVERAGE SKY COVER 1.0


WEATHER CONDITIONS
 THE FOLLOWING WEATHER WAS RECORDED YESTERDAY.
  THUNDERSTORM
  HEAVY RAIN
  RAIN
  LIGHT RAIN
  FOG
  FOG W/VISIBILITY <= 1/4 MILE


RELATIVE HUMIDITY (PERCENT)
 HIGHEST   100           900 AM
 LOWEST     85          1200 AM
 AVERAGE    93

..........................................................


THE PORTLAND ME CLIMATE NORMALS FOR TODAY
                         NORMAL    RECORD    YEAR
 MAXIMUM TEMPERATURE (F)   50        85      2010
 MINIMUM TEMPERATURE (F)   32        15      1943


SUNRISE AND SUNSET
APRIL  7 2017.........SUNRISE   612 AM EDT   SUNSET   715 PM EDT
APRIL  8 2017.........SUNRISE   610 AM EDT   SUNSET   717 PM EDT


-  INDICATES NEGATIVE NUMBERS.
R  INDICATES RECORD WAS SET OR TIED.
MM INDICATES DATA IS MISSING.
T  INDICATES TRACE AMOUNT.




$$
