000
CDUS41 KGYX 100818
CLIPWM


CLIMATE REPORT
NATIONAL WEATHER SERVICE GRAY ME
418 AM EDT SUN AUG 10 2014


...................................

...THE PORTLAND ME CLIMATE SUMMARY FOR AUGUST 9 2014...

CLIMATE NORMAL PERIOD 1981 TO 2010
CLIMATE RECORD PERIOD 1941 TO 2014


WEATHER ITEM   OBSERVED TIME   RECORD YEAR NORMAL DEPARTURE LAST
                VALUE   (LST)  VALUE       VALUE  FROM      YEAR
                                                  NORMAL
..................................................................
TEMPERATURE (F)
 YESTERDAY
  MAXIMUM         81   1159 AM  95    2001  79      2       71
  MINIMUM         59    354 AM  46    1964  59      0       66
  AVERAGE         70                        69      1       69

PRECIPITATION (IN)
  YESTERDAY        0.03          2.50 1976   0.11  -0.08     0.67
  MONTH TO DATE    0.67                      0.95  -0.28     1.46
  SINCE JUN 1     11.09                      8.35   2.74    12.14
  SINCE JAN 1     30.31                     27.55   2.76    27.94

SNOWFALL (IN)
  YESTERDAY        0.0           0.0  2002   0.0    0.0      0.0
                                      2001
                                      2000
  MONTH TO DATE    0.0                       0.0    0.0      0.0
  SINCE JUN 1      0.0                       0.0    0.0      0.0
  SINCE JUL 1      0.0                       0.0    0.0      0.0
  SNOW DEPTH       0

DEGREE DAYS
 HEATING
  YESTERDAY        0                         0      0        0
  MONTH TO DATE    1                         0      1        7
  SINCE JUN 1     78                       123    -45       95
  SINCE JUL 1      1                        17    -16       14

 COOLING
  YESTERDAY        5                         4      1        4
  MONTH TO DATE   31                        44    -13       21
  SINCE JUN 1    246                       245      1      321
  SINCE JAN 1    246                       252     -6      336
..................................................................


WIND (MPH)
  RESULTANT WIND SPEED   2   RESULTANT WIND DIRECTION   W (270)
  HIGHEST WIND SPEED    12   HIGHEST WIND DIRECTION    SW (210)
  HIGHEST GUST SPEED    MM   HIGHEST GUST DIRECTION    MM
  AVERAGE WIND SPEED     4.0


SKY COVER
  AVERAGE SKY COVER 0.3


WEATHER CONDITIONS
 THE FOLLOWING WEATHER WAS RECORDED YESTERDAY.
  LIGHT RAIN


RELATIVE HUMIDITY (PERCENT)
 HIGHEST    93          1000 PM
 LOWEST     42          1200 PM
 AVERAGE    68

..........................................................


THE PORTLAND ME CLIMATE NORMALS FOR TODAY
                         NORMAL    RECORD    YEAR
 MAXIMUM TEMPERATURE (F)   79        92      1988
 MINIMUM TEMPERATURE (F)   59        41      1964


SUNRISE AND SUNSET
AUGUST 10 2014........SUNRISE   540 AM EDT   SUNSET   752 PM EDT
AUGUST 11 2014........SUNRISE   541 AM EDT   SUNSET   751 PM EDT


-  INDICATES NEGATIVE NUMBERS.
R  INDICATES RECORD WAS SET OR TIED.
MM INDICATES DATA IS MISSING.
T  INDICATES TRACE AMOUNT.




$$
