000
CDUS41 KGYX 050811
CLIPWM


CLIMATE REPORT
NATIONAL WEATHER SERVICE GRAY ME
410 AM EDT MON SEP 5 2016


...................................

...THE PORTLAND ME CLIMATE SUMMARY FOR SEPTEMBER 4 2016...

CLIMATE NORMAL PERIOD 1981 TO 2010
CLIMATE RECORD PERIOD 1941 TO 2016


WEATHER ITEM   OBSERVED TIME   RECORD YEAR NORMAL DEPARTURE LAST
                VALUE   (LST)  VALUE       VALUE  FROM      YEAR
                                                  NORMAL
..................................................................
TEMPERATURE (F)
 YESTERDAY
  MAXIMUM         75   1159 AM  88    2008  74      1       72
  MINIMUM         51    429 AM  39    1987  55     -4       53
  AVERAGE         63                        64     -1       63

PRECIPITATION (IN)
  YESTERDAY        0.00          1.84 1966   0.10  -0.10     0.00
  MONTH TO DATE    T                         0.42  -0.42     0.02
  SINCE SEP 1      T                         0.42  -0.42     0.02
  SINCE JAN 1     23.53                     30.16  -6.63    26.78

SNOWFALL (IN)
  YESTERDAY        0.0           0.0  2002   0.0    0.0      0.0
                                      2001
                                      2000
  MONTH TO DATE    0.0                       0.0    0.0      0.0
  SINCE SEP 1      0.0                       0.0    0.0      0.0
  SINCE JUL 1      0.0                       0.0    0.0      0.0
  SNOW DEPTH       0

DEGREE DAYS
 HEATING
  YESTERDAY        2                         3     -1        2
  MONTH TO DATE    2                        10     -8        2
  SINCE SEP 1      2                        10     -8        2
  SINCE JUL 1     16                        55    -39       12

 COOLING
  YESTERDAY        0                         2     -2        0
  MONTH TO DATE   10                         8      2       22
  SINCE SEP 1     10                         8      2       22
  SINCE JAN 1    495                       336    159      417
..................................................................


WIND (MPH)
  RESULTANT WIND SPEED   2   RESULTANT WIND DIRECTION   E (100)
  HIGHEST WIND SPEED    12   HIGHEST WIND DIRECTION     E (100)
  HIGHEST GUST SPEED    14   HIGHEST GUST DIRECTION     E (90)
  AVERAGE WIND SPEED     3.5


SKY COVER
  AVERAGE SKY COVER 0.0


WEATHER CONDITIONS
 THE FOLLOWING WEATHER WAS RECORDED YESTERDAY.
  NO SIGNIFICANT WEATHER WAS OBSERVED.


RELATIVE HUMIDITY (PERCENT)
 HIGHEST    96           500 AM
 LOWEST     38          1100 AM
 AVERAGE    67

..........................................................


THE PORTLAND ME CLIMATE NORMALS FOR TODAY
                         NORMAL    RECORD    YEAR
 MAXIMUM TEMPERATURE (F)   74        90      1971
 MINIMUM TEMPERATURE (F)   54        40      1965


SUNRISE AND SUNSET
SEPTEMBER  5 2016.....SUNRISE   610 AM EDT   SUNSET   709 PM EDT
SEPTEMBER  6 2016.....SUNRISE   611 AM EDT   SUNSET   707 PM EDT


-  INDICATES NEGATIVE NUMBERS.
R  INDICATES RECORD WAS SET OR TIED.
MM INDICATES DATA IS MISSING.
T  INDICATES TRACE AMOUNT.




$$
