000
CDUS41 KGYX 160920
CLIPWM


CLIMATE REPORT
NATIONAL WEATHER SERVICE GRAY ME
420 AM EST MON FEB 16 2015


...................................

...THE PORTLAND ME CLIMATE SUMMARY FOR FEBRUARY 15 2015...

CLIMATE NORMAL PERIOD 1981 TO 2010
CLIMATE RECORD PERIOD 1941 TO 2015


WEATHER ITEM   OBSERVED TIME   RECORD YEAR NORMAL DEPARTURE LAST
                VALUE   (LST)  VALUE       VALUE  FROM      YEAR
                                                  NORMAL
..................................................................
TEMPERATURE (F)
 YESTERDAY
  MAXIMUM         19    211 PM  51    1967  35    -16       32
  MINIMUM         -1   1159 PM -31    1943  16    -17       16
  AVERAGE          9                        26    -17       24

PRECIPITATION (IN)
  YESTERDAY        0.02          1.80 1953   0.12  -0.10     0.14
  MONTH TO DATE    2.24                      1.67   0.57     2.45
  SINCE DEC 1     13.18                      9.07   4.11    10.94
  SINCE JAN 1      6.91                      5.05   1.86     6.50

SNOWFALL (IN)
  YESTERDAY        0.4          12.2  1950   0.4    0.0      1.8
  MONTH TO DATE   25.0                       6.7   18.3     24.6
  SINCE DEC 1     69.3                      39.1   30.2     68.4
  SINCE JUL 1     79.6                      41.0   38.6     68.9
  SNOW DEPTH      22

DEGREE DAYS
 HEATING
  YESTERDAY       56                        40     16       41
  MONTH TO DATE  788                       615    173      655
  SINCE DEC 1   3104                      3060     44     3248
  SINCE JUL 1   4415                      4551   -136     4699

 COOLING
  YESTERDAY        0                         0      0        0
  MONTH TO DATE    0                         0      0        0
  SINCE DEC 1      0                         0      0        0
  SINCE JAN 1      0                         0      0        0
..................................................................


WIND (MPH)
  RESULTANT WIND SPEED  19   RESULTANT WIND DIRECTION   N (340)
  HIGHEST WIND SPEED    35   HIGHEST WIND DIRECTION     N (340)
  HIGHEST GUST SPEED    46   HIGHEST GUST DIRECTION    NW (310)
  AVERAGE WIND SPEED    20.3


SKY COVER
  AVERAGE SKY COVER 0.7


WEATHER CONDITIONS
 THE FOLLOWING WEATHER WAS RECORDED YESTERDAY.
  LIGHT SNOW
  FOG
  HAZE
  BLOWING SNOW


RELATIVE HUMIDITY (PERCENT)
 HIGHEST    80          1200 AM
 LOWEST     45           200 PM
 AVERAGE    63

..........................................................


THE PORTLAND ME CLIMATE NORMALS FOR TODAY
                         NORMAL    RECORD    YEAR
 MAXIMUM TEMPERATURE (F)   35        51      1981
 MINIMUM TEMPERATURE (F)   17       -39      1943


SUNRISE AND SUNSET
FEBRUARY 16 2015......SUNRISE   639 AM EST   SUNSET   512 PM EST
FEBRUARY 17 2015......SUNRISE   637 AM EST   SUNSET   514 PM EST


-  INDICATES NEGATIVE NUMBERS.
R  INDICATES RECORD WAS SET OR TIED.
MM INDICATES DATA IS MISSING.
T  INDICATES TRACE AMOUNT.




$$
