000
CDUS41 KGYX 252152
CLIPWM


CLIMATE REPORT
NATIONAL WEATHER SERVICE GRAY ME
452 PM EST SUN DEC 25 2016


...................................

...THE PORTLAND ME CLIMATE SUMMARY FOR DECEMBER 25 2016...
VALID TODAY AS OF 0400 PM LOCAL TIME.

CLIMATE NORMAL PERIOD 1981 TO 2010
CLIMATE RECORD PERIOD 1941 TO 2016


WEATHER ITEM   OBSERVED TIME   RECORD YEAR NORMAL DEPARTURE LAST
                VALUE   (LST)  VALUE       VALUE  FROM      YEAR
                                                  NORMAL
..................................................................
TEMPERATURE (F)
 TODAY
  MAXIMUM         40    827 AM  62    2015  34      6       62
  MINIMUM         30    227 AM -16    1980  17     13       35
  AVERAGE         35                        26      9       49

PRECIPITATION (IN)
  TODAY            0.00          1.87 1986   0.13  -0.13     0.00
  MONTH TO DATE    3.21                      3.32  -0.11     3.54
  SINCE DEC 1      3.21                      3.32  -0.11     3.54
  SINCE JAN 1     40.02                     46.55  -6.53    42.02

SNOWFALL (IN)
  TODAY            0.0          12.5  2002   0.5   -0.5      0.0
  MONTH TO DATE   11.0                       9.9    1.1       T
  SINCE DEC 1     11.0                       9.9    1.1       T
  SINCE JUL 1     11.5                      11.8   -0.3       T
  SNOW DEPTH       2

DEGREE DAYS
 HEATING
  TODAY           30                        39     -9       16
  MONTH TO DATE  926                       878     48      627
  SINCE DEC 1    926                       878     48      627
  SINCE JUL 1   2178                      2369   -191     1873

 COOLING
  TODAY            0                         0      0        0
  MONTH TO DATE    0                         0      0        0
  SINCE DEC 1      0                         0      0        0
  SINCE JAN 1    553                       359    194      492
..................................................................


WIND (MPH)
  HIGHEST WIND SPEED    25   HIGHEST WIND DIRECTION    NW (330)
  HIGHEST GUST SPEED    35   HIGHEST GUST DIRECTION     N (340)
  AVERAGE WIND SPEED    11.2


SKY COVER
  POSSIBLE SUNSHINE  MM
  AVERAGE SKY COVER 0.0


WEATHER CONDITIONS
 THE FOLLOWING WEATHER WAS RECORDED TODAY.
  NO SIGNIFICANT WEATHER WAS OBSERVED.


RELATIVE HUMIDITY (PERCENT)
 HIGHEST    82           100 AM
 LOWEST     27           200 PM
 AVERAGE    55

..........................................................


THE PORTLAND ME CLIMATE NORMALS FOR TOMORROW
                         NORMAL    RECORD    YEAR
 MAXIMUM TEMPERATURE (F)   34        60      1982
 MINIMUM TEMPERATURE (F)   17       -20      1980


SUNRISE AND SUNSET
DECEMBER 25 2016......SUNRISE   713 AM EST   SUNSET   410 PM EST
DECEMBER 26 2016......SUNRISE   714 AM EST   SUNSET   411 PM EST


-  INDICATES NEGATIVE NUMBERS.
R  INDICATES RECORD WAS SET OR TIED.
MM INDICATES DATA IS MISSING.
T  INDICATES TRACE AMOUNT.




$$
