000
CDUS41 KGYX 172041
CLIPWM


CLIMATE REPORT
NATIONAL WEATHER SERVICE GRAY ME
441 PM EDT TUE MAR 17 2015


...................................

...THE PORTLAND ME CLIMATE SUMMARY FOR MARCH 17 2015...
VALID TODAY AS OF 0400 PM LOCAL TIME.

CLIMATE NORMAL PERIOD 1981 TO 2010
CLIMATE RECORD PERIOD 1941 TO 2015


WEATHER ITEM   OBSERVED TIME   RECORD YEAR NORMAL DEPARTURE LAST
                VALUE   (LST)  VALUE       VALUE  FROM      YEAR
                                                  NORMAL
..................................................................
TEMPERATURE (F)
 TODAY
  MAXIMUM         44    229 PM  64    2010  42      2       27
  MINIMUM         29   1222 AM  -3    1967  25      4       10
  AVERAGE         37                        34      3       19

PRECIPITATION (IN)
  TODAY            0.04          1.08 1973   0.13  -0.09     0.00
  MONTH TO DATE    1.24                      2.20  -0.96     1.16
  SINCE MAR 1      1.24                      2.20  -0.96     1.16
  SINCE JAN 1      8.72                      8.83  -0.11     9.48

SNOWFALL (IN)
  TODAY            0.2           4.6  1896   0.4   -0.2      0.0
  MONTH TO DATE    2.3                       8.1   -5.8      2.5
  SINCE MAR 1      2.3                       8.1   -5.8      2.5
  SINCE JUL 1     91.5                      54.5   37.0     81.0
  SNOW DEPTH      14

DEGREE DAYS
 HEATING
  TODAY           28                        31     -3       46
  MONTH TO DATE  599                       573     26      693
  SINCE MAR 1    599                       573     26      693
  SINCE JUL 1   5653                      5615     38     5932

 COOLING
  TODAY            0                         0      0        0
  MONTH TO DATE    0                         0      0        0
  SINCE MAR 1      0                         0      0        0
  SINCE JAN 1      0                         0      0        0
..................................................................


WIND (MPH)
  HIGHEST WIND SPEED    12   HIGHEST WIND DIRECTION     W (280)
  HIGHEST GUST SPEED    14   HIGHEST GUST DIRECTION     W (290)
  AVERAGE WIND SPEED     2.9


SKY COVER
  POSSIBLE SUNSHINE  MM
  AVERAGE SKY COVER 0.9


WEATHER CONDITIONS
 THE FOLLOWING WEATHER WAS RECORDED TODAY.
  LIGHT SNOW
  FOG
  HAZE


RELATIVE HUMIDITY (PERCENT)
 HIGHEST    89          1000 AM
 LOWEST     63           300 AM
 AVERAGE    76

..........................................................


THE PORTLAND ME CLIMATE NORMALS FOR TOMORROW
                         NORMAL    RECORD    YEAR
 MAXIMUM TEMPERATURE (F)   43        70      2012
 MINIMUM TEMPERATURE (F)   26        -6      1967


SUNRISE AND SUNSET
MARCH 17 2015.........SUNRISE   650 AM EDT   SUNSET   650 PM EDT
MARCH 18 2015.........SUNRISE   649 AM EDT   SUNSET   651 PM EDT


-  INDICATES NEGATIVE NUMBERS.
R  INDICATES RECORD WAS SET OR TIED.
MM INDICATES DATA IS MISSING.
T  INDICATES TRACE AMOUNT.




$$
