000
CDUS41 KGYX 150817
CLIPWM


CLIMATE REPORT
NATIONAL WEATHER SERVICE GRAY ME
417 AM EDT FRI APR 15 2016


...................................

...THE PORTLAND ME CLIMATE SUMMARY FOR APRIL 14 2016...

CLIMATE NORMAL PERIOD 1981 TO 2010
CLIMATE RECORD PERIOD 1941 TO 2016


WEATHER ITEM   OBSERVED TIME   RECORD YEAR NORMAL DEPARTURE LAST
                VALUE   (LST)  VALUE       VALUE  FROM      YEAR
                                                  NORMAL
..................................................................
TEMPERATURE (F)
 YESTERDAY
  MAXIMUM         56    154 PM  77    1941  53      3       70
  MINIMUM         35   1022 PM  21    1992  34      1       40
  AVERAGE         46                        44      2       55

PRECIPITATION (IN)
  YESTERDAY        0.00          1.58 1895   0.14  -0.14     0.04
  MONTH TO DATE    0.96                      2.06  -1.10     1.06
  SINCE MAR 1      5.33                      6.30  -0.97     2.85
  SINCE JAN 1     12.87                     12.93  -0.06    10.33

SNOWFALL (IN)
  YESTERDAY        0.0           2.1  1953   0.1   -0.1      0.0
  MONTH TO DATE    1.5                       2.1   -0.6      2.9
  SINCE MAR 1      8.6                      14.8   -6.2      5.3
  SINCE JUL 1     49.6                      61.2  -11.6     94.5
  SNOW DEPTH       0

DEGREE DAYS
 HEATING
  YESTERDAY       19                        21     -2       10
  MONTH TO DATE  366                       333     33      338
  SINCE MAR 1   1202                      1309   -107     1408
  SINCE JUL 1   5493                      6351   -858     6462

 COOLING
  YESTERDAY        0                         0      0        0
  MONTH TO DATE    0                         0      0        0
  SINCE MAR 1      0                         0      0        0
  SINCE JAN 1      0                         0      0        0
..................................................................


WIND (MPH)
  RESULTANT WIND SPEED   5   RESULTANT WIND DIRECTION  NE (30)
  HIGHEST WIND SPEED    18   HIGHEST WIND DIRECTION    NE (30)
  HIGHEST GUST SPEED    33   HIGHEST GUST DIRECTION    NE (40)
  AVERAGE WIND SPEED     9.3


SKY COVER
  AVERAGE SKY COVER 0.1


WEATHER CONDITIONS
 THE FOLLOWING WEATHER WAS RECORDED YESTERDAY.
  NO SIGNIFICANT WEATHER WAS OBSERVED.


RELATIVE HUMIDITY (PERCENT)
 HIGHEST    64           900 PM
 LOWEST     22           100 PM
 AVERAGE    43

..........................................................


THE PORTLAND ME CLIMATE NORMALS FOR TODAY
                         NORMAL    RECORD    YEAR
 MAXIMUM TEMPERATURE (F)   53        83      2003
 MINIMUM TEMPERATURE (F)   35        20      1957


SUNRISE AND SUNSET
APRIL 15 2016.........SUNRISE   558 AM EDT   SUNSET   725 PM EDT
APRIL 16 2016.........SUNRISE   556 AM EDT   SUNSET   726 PM EDT


-  INDICATES NEGATIVE NUMBERS.
R  INDICATES RECORD WAS SET OR TIED.
MM INDICATES DATA IS MISSING.
T  INDICATES TRACE AMOUNT.




$$
