000
CDUS41 KGYX 300914
CLIPWM


CLIMATE REPORT
NATIONAL WEATHER SERVICE GRAY ME
414 AM EST MON JAN 30 2017


...................................

...THE PORTLAND ME CLIMATE SUMMARY FOR JANUARY 29 2017...

CLIMATE NORMAL PERIOD 1981 TO 2010
CLIMATE RECORD PERIOD 1941 TO 2017


WEATHER ITEM   OBSERVED TIME   RECORD YEAR NORMAL DEPARTURE LAST
                VALUE   (LST)  VALUE       VALUE  FROM      YEAR
                                                  NORMAL
..................................................................
TEMPERATURE (F)
 YESTERDAY
  MAXIMUM         42    106 PM  49    1989  31     11       35
  MINIMUM         26   1148 PM  -7    1963  13     13       29
  AVERAGE         34                        22     12       32

PRECIPITATION (IN)
  YESTERDAY        0.00          1.84 1900   0.10  -0.10      T
  MONTH TO DATE    3.65                      3.17   0.48     3.36
  SINCE DEC 1      8.96                      7.19   1.77     8.70
  SINCE JAN 1      3.65                      3.17   0.48     3.36

SNOWFALL (IN)
  YESTERDAY        0.0           9.0  1957   0.6   -0.6       T
  MONTH TO DATE    7.0                      18.1  -11.1     13.2
  SINCE DEC 1     25.9                      31.3   -5.4     20.5
  SINCE JUL 1     26.4                      33.2   -6.8     20.5
  SNOW DEPTH       0

DEGREE DAYS
 HEATING
  YESTERDAY       31                        43    -12       33
  MONTH TO DATE  999                      1237   -238     1116
  SINCE DEC 1   2134                      2358   -224     1947
  SINCE JUL 1   3386                      3849   -463     3193

 COOLING
  YESTERDAY        0                         0      0        0
  MONTH TO DATE    0                         0      0        0
  SINCE DEC 1      0                         0      0        0
  SINCE JAN 1      0                         0      0        0
..................................................................


WIND (MPH)
  RESULTANT WIND SPEED   8   RESULTANT WIND DIRECTION  SW (240)
  HIGHEST WIND SPEED    22   HIGHEST WIND DIRECTION     W (280)
  HIGHEST GUST SPEED    28   HIGHEST GUST DIRECTION     W (280)
  AVERAGE WIND SPEED     7.9


SKY COVER
  AVERAGE SKY COVER 0.4


WEATHER CONDITIONS
 THE FOLLOWING WEATHER WAS RECORDED YESTERDAY.
  NO SIGNIFICANT WEATHER WAS OBSERVED.


RELATIVE HUMIDITY (PERCENT)
 HIGHEST    69           100 AM
 LOWEST     37           100 PM
 AVERAGE    53

..........................................................


THE PORTLAND ME CLIMATE NORMALS FOR TODAY
                         NORMAL    RECORD    YEAR
 MAXIMUM TEMPERATURE (F)   32        52      2013
 MINIMUM TEMPERATURE (F)   13       -14      1948


SUNRISE AND SUNSET
JANUARY 30 2017.......SUNRISE   700 AM EST   SUNSET   450 PM EST
JANUARY 31 2017.......SUNRISE   659 AM EST   SUNSET   451 PM EST


-  INDICATES NEGATIVE NUMBERS.
R  INDICATES RECORD WAS SET OR TIED.
MM INDICATES DATA IS MISSING.
T  INDICATES TRACE AMOUNT.




$$
