000
CDUS41 KGYX 300812
CLIPWM


CLIMATE REPORT
NATIONAL WEATHER SERVICE GRAY ME
412 AM EDT SUN JUL 30 2017


...................................

...THE PORTLAND ME CLIMATE SUMMARY FOR JULY 29 2017...

CLIMATE NORMAL PERIOD 1981 TO 2010
CLIMATE RECORD PERIOD 1941 TO 2017


WEATHER ITEM   OBSERVED TIME   RECORD YEAR NORMAL DEPARTURE LAST
                VALUE   (LST)  VALUE       VALUE  FROM      YEAR
                                                  NORMAL
..................................................................
TEMPERATURE (F)
 YESTERDAY
  MAXIMUM         75   1226 PM  95    1949  79     -4       82
  MINIMUM         52   1133 PM  47    1987  60     -8       66
  AVERAGE         64                        70     -6       74

PRECIPITATION (IN)
  YESTERDAY        0.00          2.49 2011   0.11  -0.11     0.00
  MONTH TO DATE    1.05                      3.38  -2.33     1.66
  SINCE JUN 1      3.67                      7.17  -3.50     6.08
  SINCE JAN 1     27.71                     26.37   1.34    21.59

SNOWFALL (IN)
  YESTERDAY        0.0           0.0  2002   0.0    0.0      0.0
                                      2001
                                      2000
  MONTH TO DATE    0.0                       0.0    0.0      0.0
  SINCE JUN 1      0.0                       0.0    0.0      0.0
  SINCE JUL 1      0.0                       0.0    0.0      0.0
  SNOW DEPTH       0

DEGREE DAYS
 HEATING
  YESTERDAY        1                         0      1        0
  MONTH TO DATE   13                        12      1       13
  SINCE JUN 1     98                       118    -20       79
  SINCE JUL 1     13                        12      1       13

 COOLING
  YESTERDAY        0                         5     -5        9
  MONTH TO DATE  142                       135      7      204
  SINCE JUN 1    234                       192     42      236
  SINCE JAN 1    251                       199     52      252
..................................................................


WIND (MPH)
  RESULTANT WIND SPEED   5   RESULTANT WIND DIRECTION  NE (50)
  HIGHEST WIND SPEED    15   HIGHEST WIND DIRECTION     E (100)
  HIGHEST GUST SPEED    22   HIGHEST GUST DIRECTION     E (100)
  AVERAGE WIND SPEED     7.4


SKY COVER
  AVERAGE SKY COVER 0.6


WEATHER CONDITIONS
 THE FOLLOWING WEATHER WAS RECORDED YESTERDAY.
  NO SIGNIFICANT WEATHER WAS OBSERVED.


RELATIVE HUMIDITY (PERCENT)
 HIGHEST    77          1000 PM
 LOWEST     31          1200 PM
 AVERAGE    54

..........................................................


THE PORTLAND ME CLIMATE NORMALS FOR TODAY
                         NORMAL    RECORD    YEAR
 MAXIMUM TEMPERATURE (F)   79        98      1949
 MINIMUM TEMPERATURE (F)   60        43      1956


SUNRISE AND SUNSET
JULY 30 2017..........SUNRISE   528 AM EDT   SUNSET   806 PM EDT
JULY 31 2017..........SUNRISE   530 AM EDT   SUNSET   805 PM EDT


-  INDICATES NEGATIVE NUMBERS.
R  INDICATES RECORD WAS SET OR TIED.
MM INDICATES DATA IS MISSING.
T  INDICATES TRACE AMOUNT.




$$
