000
CDUS41 KGYX 240802
CLIPWM


CLIMATE REPORT
NATIONAL WEATHER SERVICE GRAY ME
402 AM EDT WED JUN 24 2015


...................................

...THE PORTLAND ME CLIMATE SUMMARY FOR JUNE 23 2015...

CLIMATE NORMAL PERIOD 1981 TO 2010
CLIMATE RECORD PERIOD 1941 TO 2015


WEATHER ITEM   OBSERVED TIME   RECORD YEAR NORMAL DEPARTURE LAST
                VALUE   (LST)  VALUE       VALUE  FROM      YEAR
                                                  NORMAL
..................................................................
TEMPERATURE (F)
 YESTERDAY
  MAXIMUM         67    439 PM  91    1983  76     -9       74
  MINIMUM         58   1233 AM  40    1958  56      2       50
  AVERAGE         63                        66     -3       62

PRECIPITATION (IN)
  YESTERDAY        0.83          1.82 2013   0.11   0.72     0.00
  MONTH TO DATE    4.81                      3.01   1.80     2.61
  SINCE JUN 1      4.81                      3.01   1.80     2.61
  SINCE JAN 1     21.42                     22.21  -0.79    21.83

SNOWFALL (IN)
  YESTERDAY        0.0           0.0  2002   0.0    0.0      0.0
                                      2001
                                      2000
  MONTH TO DATE    0.0                       0.0    0.0      0.0
  SINCE JUN 1      0.0                       0.0    0.0      0.0
  SINCE JUL 1     94.5                      61.9   32.6     83.4
  SNOW DEPTH       0

DEGREE DAYS
 HEATING
  YESTERDAY        2                         2      0        3
  MONTH TO DATE  120                        95     25       76
  SINCE JUN 1    120                        95     25       76
  SINCE JUL 1   7052                      7096    -44     7437

 COOLING
  YESTERDAY        0                         3     -3        0
  MONTH TO DATE   33                        37     -4       30
  SINCE JUN 1     33                        37     -4       30
  SINCE JAN 1     73                        44     29       30
..................................................................


WIND (MPH)
  RESULTANT WIND SPEED   3   RESULTANT WIND DIRECTION  NE (50)
  HIGHEST WIND SPEED    17   HIGHEST WIND DIRECTION     E (80)
  HIGHEST GUST SPEED    22   HIGHEST GUST DIRECTION    NW (310)
  AVERAGE WIND SPEED     5.5


SKY COVER
  AVERAGE SKY COVER 0.8


WEATHER CONDITIONS
 THE FOLLOWING WEATHER WAS RECORDED YESTERDAY.
  THUNDERSTORM
  HEAVY RAIN
  LIGHT RAIN
  FOG
  HAZE


RELATIVE HUMIDITY (PERCENT)
 HIGHEST   100          1000 AM
 LOWEST     87           200 PM
 AVERAGE    94

..........................................................


THE PORTLAND ME CLIMATE NORMALS FOR TODAY
                         NORMAL    RECORD    YEAR
 MAXIMUM TEMPERATURE (F)   76        93      1976
 MINIMUM TEMPERATURE (F)   56        40      1941


SUNRISE AND SUNSET
JUNE 24 2015..........SUNRISE   500 AM EDT   SUNSET   827 PM EDT
JUNE 25 2015..........SUNRISE   501 AM EDT   SUNSET   827 PM EDT


-  INDICATES NEGATIVE NUMBERS.
R  INDICATES RECORD WAS SET OR TIED.
MM INDICATES DATA IS MISSING.
T  INDICATES TRACE AMOUNT.




$$
