000
CDUS41 KGYX 100802
CLIPWM


CLIMATE REPORT
NATIONAL WEATHER SERVICE GRAY ME
401 AM EDT THU JUL 10 2014


...................................

...THE PORTLAND ME CLIMATE SUMMARY FOR JULY 9 2014...

CLIMATE NORMAL PERIOD 1981 TO 2010
CLIMATE RECORD PERIOD 1941 TO 2014


WEATHER ITEM   OBSERVED TIME   RECORD YEAR NORMAL DEPARTURE LAST
                VALUE   (LST)  VALUE       VALUE  FROM      YEAR
                                                  NORMAL
..................................................................
TEMPERATURE (F)
 YESTERDAY
  MAXIMUM         85    229 PM  92    1988  79      6       70
  MINIMUM         64    351 AM  46    1969  59      5       61
  AVERAGE         75                        69      6       66

PRECIPITATION (IN)
  YESTERDAY        0.02          2.56 1884   0.12  -0.10     0.07
  MONTH TO DATE    3.04                      1.01   2.03     1.68
  SINCE JUN 1      7.34                      4.80   2.54     9.00
  SINCE JAN 1     26.56                     24.00   2.56    24.80

SNOWFALL (IN)
  YESTERDAY        0.0           0.0  2002   0.0    0.0      0.0
                                      2001
                                      2000
  MONTH TO DATE    0.0                       0.0    0.0      0.0
  SINCE JUN 1      0.0                       0.0    0.0      0.0
  SINCE JUL 1      0.0                       0.0    0.0      0.0
  SNOW DEPTH       0

DEGREE DAYS
 HEATING
  YESTERDAY        0                         1     -1        0
  MONTH TO DATE    0                         9     -9        4
  SINCE JUN 1     77                       115    -38       85
  SINCE JUL 1      0                         9     -9        4

 COOLING
  YESTERDAY       10                         4      6        1
  MONTH TO DATE   74                        36     38       68
  SINCE JUN 1    130                        93     37      151
  SINCE JAN 1    130                       100     30      166
..................................................................


WIND (MPH)
  RESULTANT WIND SPEED   7   RESULTANT WIND DIRECTION  SW (230)
  HIGHEST WIND SPEED    21   HIGHEST WIND DIRECTION     W (250)
  HIGHEST GUST SPEED    29   HIGHEST GUST DIRECTION    SW (240)
  AVERAGE WIND SPEED     8.9


SKY COVER
  AVERAGE SKY COVER 0.4


WEATHER CONDITIONS
 THE FOLLOWING WEATHER WAS RECORDED YESTERDAY.
  THUNDERSTORM
  LIGHT RAIN
  FOG


RELATIVE HUMIDITY (PERCENT)
 HIGHEST    93           100 AM
 LOWEST     43          1200 PM
 AVERAGE    68

..........................................................


THE PORTLAND ME CLIMATE NORMALS FOR TODAY
                         NORMAL    RECORD    YEAR
 MAXIMUM TEMPERATURE (F)   79        98      1993
 MINIMUM TEMPERATURE (F)   59        44      1954


SUNRISE AND SUNSET
JULY 10 2014..........SUNRISE   509 AM EDT   SUNSET   823 PM EDT
JULY 11 2014..........SUNRISE   510 AM EDT   SUNSET   823 PM EDT


-  INDICATES NEGATIVE NUMBERS.
R  INDICATES RECORD WAS SET OR TIED.
MM INDICATES DATA IS MISSING.
T  INDICATES TRACE AMOUNT.




$$
