000
CDUS41 KGYX 060820
CLIPWM


CLIMATE REPORT
NATIONAL WEATHER SERVICE GRAY ME
420 AM EDT SAT AUG 6 2016


...................................

...THE PORTLAND ME CLIMATE SUMMARY FOR AUGUST 5 2016...

CLIMATE NORMAL PERIOD 1981 TO 2010
CLIMATE RECORD PERIOD 1941 TO 2016


WEATHER ITEM   OBSERVED TIME   RECORD YEAR NORMAL DEPARTURE LAST
                VALUE   (LST)  VALUE       VALUE  FROM      YEAR
                                                  NORMAL
..................................................................
TEMPERATURE (F)
 YESTERDAY
  MAXIMUM         82   1108 AM  97    1955  79      3       82
  MINIMUM         62    507 AM  43    1972  60      2       57
  AVERAGE         72                        69      3       70

PRECIPITATION (IN)
  YESTERDAY        0.00          1.87 1953   0.11  -0.11     0.00
  MONTH TO DATE    0.06                      0.53  -0.47     0.20
  SINCE JUN 1      6.18                      7.93  -1.75     7.86
  SINCE JAN 1     21.69                     27.13  -5.44    24.47

SNOWFALL (IN)
  YESTERDAY        0.0           0.0  2002   0.0    0.0      0.0
                                      2001
                                      2000
  MONTH TO DATE    0.0                       0.0    0.0      0.0
  SINCE JUN 1      0.0                       0.0    0.0      0.0
  SINCE JUL 1      0.0                       0.0    0.0      0.0
  SNOW DEPTH       0

DEGREE DAYS
 HEATING
  YESTERDAY        0                         0      0        0
  MONTH TO DATE    0                         0      0        0
  SINCE JUN 1     79                       123    -44      154
  SINCE JUL 1     13                        17     -4       10

 COOLING
  YESTERDAY        7                         5      2        5
  MONTH TO DATE   24                        25     -1       32
  SINCE JUN 1    272                       226     46      218
  SINCE JAN 1    288                       233     55      258
..................................................................


WIND (MPH)
  RESULTANT WIND SPEED   9   RESULTANT WIND DIRECTION   S (190)
  HIGHEST WIND SPEED    23   HIGHEST WIND DIRECTION     S (190)
  HIGHEST GUST SPEED    32   HIGHEST GUST DIRECTION     S (170)
  AVERAGE WIND SPEED     9.0


SKY COVER
  AVERAGE SKY COVER 0.4


WEATHER CONDITIONS
 THE FOLLOWING WEATHER WAS RECORDED YESTERDAY.
  NO SIGNIFICANT WEATHER WAS OBSERVED.


RELATIVE HUMIDITY (PERCENT)
 HIGHEST    93           200 AM
 LOWEST     51          1100 AM
 AVERAGE    72

..........................................................


THE PORTLAND ME CLIMATE NORMALS FOR TODAY
                         NORMAL    RECORD    YEAR
 MAXIMUM TEMPERATURE (F)   79        90      1965
 MINIMUM TEMPERATURE (F)   60        42      1957


SUNRISE AND SUNSET
AUGUST  6 2016........SUNRISE   536 AM EDT   SUNSET   757 PM EDT
AUGUST  7 2016........SUNRISE   537 AM EDT   SUNSET   756 PM EDT


-  INDICATES NEGATIVE NUMBERS.
R  INDICATES RECORD WAS SET OR TIED.
MM INDICATES DATA IS MISSING.
T  INDICATES TRACE AMOUNT.




$$
