000
CDUS41 KGYX 070804
CLIPWM


CLIMATE REPORT
NATIONAL WEATHER SERVICE GRAY ME
404 AM EDT THU JUL 7 2016


...................................

...THE PORTLAND ME CLIMATE SUMMARY FOR JULY 6 2016...

CLIMATE NORMAL PERIOD 1981 TO 2010
CLIMATE RECORD PERIOD 1941 TO 2016


WEATHER ITEM   OBSERVED TIME   RECORD YEAR NORMAL DEPARTURE LAST
                VALUE   (LST)  VALUE       VALUE  FROM      YEAR
                                                  NORMAL
..................................................................
TEMPERATURE (F)
 YESTERDAY
  MAXIMUM         88   1046 AM  95    2010  78     10       82
  MINIMUM         61    434 AM  41    1962  59      2       60
  AVERAGE         75                        68      7       71

PRECIPITATION (IN)
  YESTERDAY        0.00          0.79 1956   0.12  -0.12     0.00
  MONTH TO DATE    0.07                      0.66  -0.59     0.26
  SINCE JUN 1      4.49                      4.45   0.04     6.66
  SINCE JAN 1     20.00                     23.65  -3.65    23.27

SNOWFALL (IN)
  YESTERDAY        0.0           0.0  2002   0.0    0.0      0.0
                                      2001
                                      2000
  MONTH TO DATE    0.0                       0.0    0.0      0.0
  SINCE JUN 1      0.0                       0.0    0.0      0.0
  SINCE JUL 1      0.0                       0.0    0.0      0.0
  SNOW DEPTH       0

DEGREE DAYS
 HEATING
  YESTERDAY        0                         1     -1        0
  MONTH TO DATE    0                         6     -6        4
  SINCE JUN 1     66                       112    -46      148
  SINCE JUL 1      0                         6     -6        4

 COOLING
  YESTERDAY       10                         4      6        6
  MONTH TO DATE   32                        24      8       15
  SINCE JUN 1     64                        81    -17       58
  SINCE JAN 1     80                        88     -8       98
..................................................................


WIND (MPH)
  RESULTANT WIND SPEED   3   RESULTANT WIND DIRECTION  SE (140)
  HIGHEST WIND SPEED    15   HIGHEST WIND DIRECTION     E (80)
  HIGHEST GUST SPEED    18   HIGHEST GUST DIRECTION     E (80)
  AVERAGE WIND SPEED     6.2


SKY COVER
  AVERAGE SKY COVER 0.2


WEATHER CONDITIONS
 THE FOLLOWING WEATHER WAS RECORDED YESTERDAY.
  FOG


RELATIVE HUMIDITY (PERCENT)
 HIGHEST    93          1200 AM
 LOWEST     39          1200 PM
 AVERAGE    66

..........................................................


THE PORTLAND ME CLIMATE NORMALS FOR TODAY
                         NORMAL    RECORD    YEAR
 MAXIMUM TEMPERATURE (F)   78        93      1993
 MINIMUM TEMPERATURE (F)   59        40      1965


SUNRISE AND SUNSET
JULY  7 2016..........SUNRISE   508 AM EDT   SUNSET   825 PM EDT
JULY  8 2016..........SUNRISE   508 AM EDT   SUNSET   824 PM EDT


-  INDICATES NEGATIVE NUMBERS.
R  INDICATES RECORD WAS SET OR TIED.
MM INDICATES DATA IS MISSING.
T  INDICATES TRACE AMOUNT.




$$
