000
CDUS41 KGYX 182040
CLIPWM


CLIMATE REPORT
NATIONAL WEATHER SERVICE GRAY ME
440 PM EDT THU AUG 18 2016


...................................

...THE PORTLAND ME CLIMATE SUMMARY FOR AUGUST 18 2016...
VALID TODAY AS OF 0400 PM LOCAL TIME.

CLIMATE NORMAL PERIOD 1981 TO 2010
CLIMATE RECORD PERIOD 1941 TO 2016


WEATHER ITEM   OBSERVED TIME   RECORD YEAR NORMAL DEPARTURE LAST
                VALUE   (LST)  VALUE       VALUE  FROM      YEAR
                                                  NORMAL
..................................................................
TEMPERATURE (F)
 TODAY
  MAXIMUM         88    245 PM  94    1987  78     10       86
  MINIMUM         59    449 AM  42    1957  58      1       66
  AVERAGE         74                        68      6       76

PRECIPITATION (IN)
  TODAY            T             2.15 1887   0.10  -0.10     0.00
  MONTH TO DATE    1.15                      1.86  -0.71     1.49
  SINCE JUN 1      7.27                      9.26  -1.99     9.15
  SINCE JAN 1     22.78                     28.46  -5.68    25.76

SNOWFALL (IN)
  TODAY            0.0           0.0  2002   0.0    0.0      0.0
                                      2001
                                      2000
  MONTH TO DATE    0.0                       0.0    0.0      0.0
  SINCE JUN 1      0.0                       0.0    0.0      0.0
  SINCE JUL 1      0.0                       0.0    0.0      0.0
  SNOW DEPTH       0

DEGREE DAYS
 HEATING
  TODAY            0                         1     -1        0
  MONTH TO DATE    1                         9     -8        0
  SINCE JUN 1     80                       132    -52      154
  SINCE JUL 1     14                        26    -12       10

 COOLING
  TODAY            9                         4      5       11
  MONTH TO DATE  138                        80     58       96
  SINCE JUN 1    386                       281    105      282
  SINCE JAN 1    402                       288    114      322
..................................................................


WIND (MPH)
  HIGHEST WIND SPEED    16   HIGHEST WIND DIRECTION     W (290)
  HIGHEST GUST SPEED    22   HIGHEST GUST DIRECTION     W (290)
  AVERAGE WIND SPEED     5.4


SKY COVER
  POSSIBLE SUNSHINE  MM
  AVERAGE SKY COVER 0.5


WEATHER CONDITIONS
 THE FOLLOWING WEATHER WAS RECORDED TODAY.
  NO SIGNIFICANT WEATHER WAS OBSERVED.


RELATIVE HUMIDITY (PERCENT)
 HIGHEST    90           400 AM
 LOWEST     42           200 PM
 AVERAGE    66

..........................................................


THE PORTLAND ME CLIMATE NORMALS FOR TOMORROW
                         NORMAL    RECORD    YEAR
 MAXIMUM TEMPERATURE (F)   78        90      2009
                                             1947
 MINIMUM TEMPERATURE (F)   58        43      1958


SUNRISE AND SUNSET
AUGUST 18 2016........SUNRISE   550 AM EDT   SUNSET   739 PM EDT
AUGUST 19 2016........SUNRISE   551 AM EDT   SUNSET   738 PM EDT


-  INDICATES NEGATIVE NUMBERS.
R  INDICATES RECORD WAS SET OR TIED.
MM INDICATES DATA IS MISSING.
T  INDICATES TRACE AMOUNT.




$$
