000
CDUS41 KGYX 052043
CLIPWM


CLIMATE REPORT
NATIONAL WEATHER SERVICE GRAY ME
443 PM EDT MON SEP 5 2016


...................................

...THE PORTLAND ME CLIMATE SUMMARY FOR SEPTEMBER 5 2016...
VALID TODAY AS OF 0400 PM LOCAL TIME.

CLIMATE NORMAL PERIOD 1981 TO 2010
CLIMATE RECORD PERIOD 1941 TO 2016


WEATHER ITEM   OBSERVED TIME   RECORD YEAR NORMAL DEPARTURE LAST
                VALUE   (LST)  VALUE       VALUE  FROM      YEAR
                                                  NORMAL
..................................................................
TEMPERATURE (F)
 TODAY
  MAXIMUM         74    226 PM  90    1971  74      0       78
  MINIMUM         51    515 AM  40    1965  54     -3       49
  AVERAGE         63                        64     -1       64

PRECIPITATION (IN)
  TODAY            0.00          1.27 1994   0.10  -0.10     0.00
  MONTH TO DATE    T                         0.52  -0.52     0.02
  SINCE SEP 1      T                         0.52  -0.52     0.02
  SINCE JAN 1     23.53                     30.26  -6.73    26.78

SNOWFALL (IN)
  TODAY            0.0           0.0  2002   0.0    0.0      0.0
                                      2001
                                      2000
  MONTH TO DATE    0.0                       0.0    0.0      0.0
  SINCE SEP 1      0.0                       0.0    0.0      0.0
  SINCE JUL 1      0.0                       0.0    0.0      0.0
  SNOW DEPTH       0

DEGREE DAYS
 HEATING
  TODAY            2                         3     -1        1
  MONTH TO DATE    4                        13     -9        3
  SINCE SEP 1      4                        13     -9        3
  SINCE JUL 1     18                        58    -40       13

 COOLING
  TODAY            0                         2     -2        0
  MONTH TO DATE   10                        10      0       22
  SINCE SEP 1     10                        10      0       22
  SINCE JAN 1    495                       338    157      417
..................................................................


WIND (MPH)
  HIGHEST WIND SPEED    13   HIGHEST WIND DIRECTION    NE (40)
  HIGHEST GUST SPEED    17   HIGHEST GUST DIRECTION    NE (30)
  AVERAGE WIND SPEED     5.2


SKY COVER
  POSSIBLE SUNSHINE  MM
  AVERAGE SKY COVER 0.6


WEATHER CONDITIONS
 THE FOLLOWING WEATHER WAS RECORDED TODAY.
  NO SIGNIFICANT WEATHER WAS OBSERVED.


RELATIVE HUMIDITY (PERCENT)
 HIGHEST    96           500 AM
 LOWEST     46           200 PM
 AVERAGE    71

..........................................................


THE PORTLAND ME CLIMATE NORMALS FOR TOMORROW
                         NORMAL    RECORD    YEAR
 MAXIMUM TEMPERATURE (F)   73        88      1983
 MINIMUM TEMPERATURE (F)   54        40      1989


SUNRISE AND SUNSET
SEPTEMBER  5 2016.....SUNRISE   610 AM EDT   SUNSET   709 PM EDT
SEPTEMBER  6 2016.....SUNRISE   611 AM EDT   SUNSET   707 PM EDT


-  INDICATES NEGATIVE NUMBERS.
R  INDICATES RECORD WAS SET OR TIED.
MM INDICATES DATA IS MISSING.
T  INDICATES TRACE AMOUNT.




$$
