060
CDUS41 KGYX 140821
CLIPWM


CLIMATE REPORT
NATIONAL WEATHER SERVICE GRAY ME
420 AM EDT SUN MAY 14 2017


...................................

...THE PORTLAND ME CLIMATE SUMMARY FOR MAY 13 2017...

CLIMATE NORMAL PERIOD 1981 TO 2010
CLIMATE RECORD PERIOD 1941 TO 2017


WEATHER ITEM   OBSERVED TIME   RECORD YEAR NORMAL DEPARTURE LAST
                VALUE   (LST)  VALUE       VALUE  FROM      YEAR
                                                  NORMAL
..................................................................
TEMPERATURE (F)
 YESTERDAY
  MAXIMUM         58   1112 AM  83    1991  63     -5       62
  MINIMUM         39    314 AM  28    1962  43     -4       46
  AVERAGE         49                        53     -4       54

PRECIPITATION (IN)
  YESTERDAY        T             2.77 2006   0.12  -0.12     0.19
  MONTH TO DATE    1.34                      1.70  -0.36     1.74
  SINCE MAR 1     11.24                     10.26   0.98     7.67
  SINCE JAN 1     19.44                     16.89   2.55    15.21

SNOWFALL (IN)
  YESTERDAY        0.0           T    1914   0.0    0.0      0.0
  MONTH TO DATE    0.0                       0.1   -0.1      0.0
  SINCE MAR 1     29.1                      15.6   13.5     10.8
  SINCE JUL 1     95.3                      62.0   33.3     51.8
  SNOW DEPTH       0

DEGREE DAYS
 HEATING
  YESTERDAY       16                        12      4       11
  MONTH TO DATE  209                       181     28      203
  SINCE MAR 1   1866                      1787     79     1704
  SINCE JUL 1   6344                      6829   -485     5995

 COOLING
  YESTERDAY        0                         0      0        0
  MONTH TO DATE    0                         0      0        0
  SINCE MAR 1      2                         0      2        0
  SINCE JAN 1      2                         0      2        0
..................................................................


WIND (MPH)
  RESULTANT WIND SPEED   5   RESULTANT WIND DIRECTION  SE (150)
  HIGHEST WIND SPEED    14   HIGHEST WIND DIRECTION    SE (150)
  HIGHEST GUST SPEED    22   HIGHEST GUST DIRECTION    SE (140)
  AVERAGE WIND SPEED     5.8


SKY COVER
  AVERAGE SKY COVER 0.7


WEATHER CONDITIONS
 THE FOLLOWING WEATHER WAS RECORDED YESTERDAY.
  LIGHT RAIN
  FOG


RELATIVE HUMIDITY (PERCENT)
 HIGHEST    96           200 AM
 LOWEST     66          1000 AM
 AVERAGE    81

..........................................................


THE PORTLAND ME CLIMATE NORMALS FOR TODAY
                         NORMAL    RECORD    YEAR
 MAXIMUM TEMPERATURE (F)   63        81      1961
 MINIMUM TEMPERATURE (F)   44        28      1951


SUNRISE AND SUNSET
MAY 14 2017...........SUNRISE   517 AM EDT   SUNSET   759 PM EDT
MAY 15 2017...........SUNRISE   516 AM EDT   SUNSET   800 PM EDT


-  INDICATES NEGATIVE NUMBERS.
R  INDICATES RECORD WAS SET OR TIED.
MM INDICATES DATA IS MISSING.
T  INDICATES TRACE AMOUNT.




$$
