102
CDUS41 KGYX 140844
CLIPWM


CLIMATE REPORT
NATIONAL WEATHER SERVICE GRAY ME
444 AM EDT FRI JUL 14 2017


...................................

...THE PORTLAND ME CLIMATE SUMMARY FOR JULY 13 2017...

CLIMATE NORMAL PERIOD 1981 TO 2010
CLIMATE RECORD PERIOD 1941 TO 2017


WEATHER ITEM   OBSERVED TIME   RECORD YEAR NORMAL DEPARTURE LAST
                VALUE   (LST)  VALUE       VALUE  FROM      YEAR
                                                  NORMAL
..................................................................
TEMPERATURE (F)
 YESTERDAY
  MAXIMUM         67    139 AM  93    1966  79    -12       82
  MINIMUM         58   1158 PM  48    1971  60     -2       59
  AVERAGE         63                        69     -6       71

PRECIPITATION (IN)
  YESTERDAY        0.04          3.37 1996   0.12  -0.08     0.00
  MONTH TO DATE    0.24                      1.49  -1.25     0.66
  SINCE JUN 1      2.86                      5.28  -2.42     5.08
  SINCE JAN 1     26.90                     24.48   2.42    20.59

SNOWFALL (IN)
  YESTERDAY        0.0           0.0  2002   0.0    0.0      0.0
                                      2001
  MONTH TO DATE    0.0                       0.0    0.0      0.0
  SINCE JUN 1      0.0                       0.0    0.0      0.0
  SINCE JUL 1      0.0                       0.0    0.0      0.0
  SNOW DEPTH       0

DEGREE DAYS
 HEATING
  YESTERDAY        2                         0      2        0
  MONTH TO DATE    2                        12    -10       13
  SINCE JUN 1     87                       118    -31       79
  SINCE JUL 1      2                        12    -10       13

 COOLING
  YESTERDAY        0                         5     -5        6
  MONTH TO DATE   65                        55     10       50
  SINCE JUN 1    157                       112     45       82
  SINCE JAN 1    174                       119     55       98
..................................................................


WIND (MPH)
  RESULTANT WIND SPEED   5   RESULTANT WIND DIRECTION  NE (30)
  HIGHEST WIND SPEED    15   HIGHEST WIND DIRECTION    NE (40)
  HIGHEST GUST SPEED    20   HIGHEST GUST DIRECTION    NE (40)
  AVERAGE WIND SPEED     6.2


SKY COVER
  AVERAGE SKY COVER 0.9


WEATHER CONDITIONS
 THE FOLLOWING WEATHER WAS RECORDED YESTERDAY.
  LIGHT RAIN
  FOG


RELATIVE HUMIDITY (PERCENT)
 HIGHEST    87           100 PM
 LOWEST     58           400 AM
 AVERAGE    73

..........................................................


THE PORTLAND ME CLIMATE NORMALS FOR TODAY
                         NORMAL    RECORD    YEAR
 MAXIMUM TEMPERATURE (F)   79        96      1995
 MINIMUM TEMPERATURE (F)   60        50      1999


SUNRISE AND SUNSET
JULY 14 2017..........SUNRISE   513 AM EDT   SUNSET   821 PM EDT
JULY 15 2017..........SUNRISE   514 AM EDT   SUNSET   820 PM EDT


-  INDICATES NEGATIVE NUMBERS.
R  INDICATES RECORD WAS SET OR TIED.
MM INDICATES DATA IS MISSING.
T  INDICATES TRACE AMOUNT.




$$
