000
CDUS41 KGYX 162141
CLIPWM


CLIMATE REPORT
NATIONAL WEATHER SERVICE GRAY ME
441 PM EST MON FEB 16 2015


...................................

...THE PORTLAND ME CLIMATE SUMMARY FOR FEBRUARY 16 2015...
VALID TODAY AS OF 0400 PM LOCAL TIME.

CLIMATE NORMAL PERIOD 1981 TO 2010
CLIMATE RECORD PERIOD 1941 TO 2015


WEATHER ITEM   OBSERVED TIME   RECORD YEAR NORMAL DEPARTURE LAST
                VALUE   (LST)  VALUE       VALUE  FROM      YEAR
                                                  NORMAL
..................................................................
TEMPERATURE (F)
 TODAY
  MAXIMUM         21    259 PM  51    1981  35    -14       29
  MINIMUM         -3    316 AM -39    1943  17    -20       15
  AVERAGE          9                        26    -17       22

PRECIPITATION (IN)
  TODAY            0.00          1.45 1993   0.12  -0.12      T
  MONTH TO DATE    2.24                      1.79   0.45     2.45
  SINCE DEC 1     13.18                      9.19   3.99    10.94
  SINCE JAN 1      6.91                      5.17   1.74     6.50

SNOWFALL (IN)
  TODAY            0.0           8.3  1980   0.4   -0.4       T
  MONTH TO DATE   25.0                       7.1   17.9     24.6
  SINCE DEC 1     69.3                      39.5   29.8     68.4
  SINCE JUL 1     79.6                      41.4   38.2     68.9
  SNOW DEPTH      21

DEGREE DAYS
 HEATING
  TODAY           56                        39     17       43
  MONTH TO DATE  844                       654    190      698
  SINCE DEC 1   3160                      3099     61     3291
  SINCE JUL 1   4471                      4590   -119     4742

 COOLING
  TODAY            0                         0      0        0
  MONTH TO DATE    0                         0      0        0
  SINCE DEC 1      0                         0      0        0
  SINCE JAN 1      0                         0      0        0
..................................................................


WIND (MPH)
  HIGHEST WIND SPEED    35   HIGHEST WIND DIRECTION    NW (310)
  HIGHEST GUST SPEED    44   HIGHEST GUST DIRECTION    NW (310)
  AVERAGE WIND SPEED    17.9


SKY COVER
  POSSIBLE SUNSHINE  MM
  AVERAGE SKY COVER 0.2


WEATHER CONDITIONS
 THE FOLLOWING WEATHER WAS RECORDED TODAY.
  HAZE
  BLOWING SNOW


RELATIVE HUMIDITY (PERCENT)
 HIGHEST    51           100 AM
 LOWEST     28           300 PM
 AVERAGE    40

..........................................................


THE PORTLAND ME CLIMATE NORMALS FOR TOMORROW
                         NORMAL    RECORD    YEAR
 MAXIMUM TEMPERATURE (F)   35        58      1981
 MINIMUM TEMPERATURE (F)   17       -19      1943


SUNRISE AND SUNSET
FEBRUARY 16 2015......SUNRISE   639 AM EST   SUNSET   512 PM EST
FEBRUARY 17 2015......SUNRISE   637 AM EST   SUNSET   514 PM EST


-  INDICATES NEGATIVE NUMBERS.
R  INDICATES RECORD WAS SET OR TIED.
MM INDICATES DATA IS MISSING.
T  INDICATES TRACE AMOUNT.




$$
