000
CDUS41 KGYX 292043
CLIPWM


CLIMATE REPORT
NATIONAL WEATHER SERVICE GRAY ME
443 PM EDT SUN OCT 29 2017


...................................

...THE PORTLAND ME CLIMATE SUMMARY FOR OCTOBER 29 2017...
VALID TODAY AS OF 0400 PM LOCAL TIME.

CLIMATE NORMAL PERIOD 1981 TO 2010
CLIMATE RECORD PERIOD 1941 TO 2017


WEATHER ITEM   OBSERVED TIME   RECORD YEAR NORMAL DEPARTURE LAST
                VALUE   (LST)  VALUE       VALUE  FROM      YEAR
                                                  NORMAL
..................................................................
TEMPERATURE (F)
 TODAY
  MAXIMUM         62   1112 AM  75    1989  54      8       46
  MINIMUM         56    638 AM  20    1959  35     21       37
  AVERAGE         59                        45     14       42

PRECIPITATION (IN)
  TODAY            T             2.44 1886   0.16  -0.16     0.24
  MONTH TO DATE    3.82                      4.55  -0.73     8.31
  SINCE SEP 1      6.05                      8.24  -2.19     9.17
  SINCE JAN 1     36.75                     37.98  -1.23    32.70

SNOWFALL (IN)
  TODAY            0.0           T    1952   0.0    0.0      0.0
                                      1965
                                      2000
  MONTH TO DATE    0.0                       0.0    0.0      0.0
  SINCE SEP 1      0.0                       0.0    0.0      0.0
  SINCE JUL 1      0.0                       0.0    0.0      0.0
  SNOW DEPTH       0

DEGREE DAYS
 HEATING
  TODAY            6                        20    -14       23
  MONTH TO DATE  246                       461   -215      405
  SINCE SEP 1    314                       637   -323      502
  SINCE JUL 1    347                       682   -335      516

 COOLING
  TODAY            0                         0      0        0
  MONTH TO DATE    4                         0      4        0
  SINCE SEP 1     69                        30     39       68
  SINCE JAN 1    433                       358     75      553
..................................................................


WIND (MPH)
  HIGHEST WIND SPEED    20   HIGHEST WIND DIRECTION    SE (130)
  HIGHEST GUST SPEED    27   HIGHEST GUST DIRECTION    SE (140)
  AVERAGE WIND SPEED     9.0


SKY COVER
  POSSIBLE SUNSHINE  MM
  AVERAGE SKY COVER 1.0


WEATHER CONDITIONS
 THE FOLLOWING WEATHER WAS RECORDED TODAY.
  LIGHT RAIN


RELATIVE HUMIDITY (PERCENT)
 HIGHEST    93          1200 AM
 LOWEST     78           100 PM
 AVERAGE    86

..........................................................


THE PORTLAND ME CLIMATE NORMALS FOR TOMORROW
                         NORMAL    RECORD    YEAR
 MAXIMUM TEMPERATURE (F)   54        71      1989
 MINIMUM TEMPERATURE (F)   35        19      1962


SUNRISE AND SUNSET
OCTOBER 29 2017.......SUNRISE   713 AM EDT   SUNSET   536 PM EDT
OCTOBER 30 2017.......SUNRISE   715 AM EDT   SUNSET   535 PM EDT


-  INDICATES NEGATIVE NUMBERS.
R  INDICATES RECORD WAS SET OR TIED.
MM INDICATES DATA IS MISSING.
T  INDICATES TRACE AMOUNT.




$$
