000
CDUS41 KGYX 180325
CLIPWM


CLIMATE REPORT
NATIONAL WEATHER SERVICE GRAY ME
1125 PM EDT WED JUN 17 2015


...................................

...THE PORTLAND ME CLIMATE SUMMARY FOR JUNE 17 2015...
VALID TODAY AS OF 0500 PM LOCAL TIME.

CLIMATE NORMAL PERIOD 1981 TO 2010
CLIMATE RECORD PERIOD 1941 TO 2015


WEATHER ITEM   OBSERVED TIME   RECORD YEAR NORMAL DEPARTURE LAST
                VALUE   (LST)  VALUE       VALUE  FROM      YEAR
                                                  NORMAL
..................................................................
TEMPERATURE (F)
 TODAY
  MAXIMUM         74    200 PM  90    2000  74      0       76
  MINIMUM         57        MM  39    1958  54      3       55
  AVERAGE         66                        64      2       66

PRECIPITATION (IN)
  TODAY            0.00          4.14 1917   0.12  -0.12     0.00
  MONTH TO DATE    2.35                      2.32   0.03     2.61
  SINCE JUN 1      2.35                      2.32   0.03     2.61
  SINCE JAN 1     18.96                     21.52  -2.56    21.83

SNOWFALL (IN)
  TODAY            0.0           0.0  2002   0.0    0.0      0.0
                                      2001
                                      2000
  MONTH TO DATE    0.0                       0.0    0.0      0.0
  SINCE JUN 1      0.0                       0.0    0.0      0.0
  SINCE JUL 1     94.5                      61.9   32.6     83.4
  SNOW DEPTH       0

DEGREE DAYS
 HEATING
  TODAY            0                         3     -3        0
  MONTH TO DATE  106                        81     25       60
  SINCE JUN 1    106                        81     25       60
  SINCE JUL 1   7038                      7082    -44     7421

 COOLING
  TODAY            1                         2     -1        1
  MONTH TO DATE   29                        23      6       19
  SINCE JUN 1     29                        23      6       19
  SINCE JAN 1     69                        30     39       19
..................................................................


WIND (MPH)
  HIGHEST WIND SPEED    12   HIGHEST WIND DIRECTION     N (360)
  HIGHEST GUST SPEED    MM   HIGHEST GUST DIRECTION    MM
  AVERAGE WIND SPEED     7.7


SKY COVER
  POSSIBLE SUNSHINE  MM
  AVERAGE SKY COVER 0.4


WEATHER CONDITIONS
 THE FOLLOWING WEATHER WAS RECORDED TODAY.
  NO SIGNIFICANT WEATHER WAS OBSERVED.


RELATIVE HUMIDITY (PERCENT)
 HIGHEST    75           600 AM
 LOWEST     33           200 PM
 AVERAGE    54

..........................................................


THE PORTLAND ME CLIMATE NORMALS FOR TOMORROW
                         NORMAL    RECORD    YEAR
 MAXIMUM TEMPERATURE (F)   74        88      1995
 MINIMUM TEMPERATURE (F)   55        39      1954


SUNRISE AND SUNSET
JUNE 17 2015..........SUNRISE   459 AM EDT   SUNSET   825 PM EDT
JUNE 18 2015..........SUNRISE   459 AM EDT   SUNSET   826 PM EDT


-  INDICATES NEGATIVE NUMBERS.
R  INDICATES RECORD WAS SET OR TIED.
MM INDICATES DATA IS MISSING.
T  INDICATES TRACE AMOUNT.




$$
