757
CDUS41 KGYX 210909
CLIPWM


CLIMATE REPORT
NATIONAL WEATHER SERVICE GRAY ME
409 AM EST MON NOV 21 2016


...................................

...THE PORTLAND ME CLIMATE SUMMARY FOR NOVEMBER 20 2016...

CLIMATE NORMAL PERIOD 1981 TO 2010
CLIMATE RECORD PERIOD 1941 TO 2016


WEATHER ITEM   OBSERVED TIME   RECORD YEAR NORMAL DEPARTURE LAST
                VALUE   (LST)  VALUE       VALUE  FROM      YEAR
                                                  NORMAL
..................................................................
TEMPERATURE (F)
 YESTERDAY
  MAXIMUM         50   1112 AM  71    1991  46      4       59
  MINIMUM         32   1159 PM  10    1980  30      2       35
  AVERAGE         41                        38      3       47

PRECIPITATION (IN)
  YESTERDAY        0.34          2.53 1972   0.17   0.17     1.47
  MONTH TO DATE    2.43                      3.37  -0.94     1.81
  SINCE SEP 1     11.65                     11.93  -0.28    11.23
  SINCE JAN 1     35.18                     41.67  -6.49    37.99

SNOWFALL (IN)
  YESTERDAY        0.2           6.5  1914   0.0    0.2      0.0
  MONTH TO DATE    0.2                       0.7   -0.5      0.0
  SINCE SEP 1      0.2                       0.7   -0.5      0.0
  SINCE JUL 1      0.2                       0.7   -0.5      0.0
  SNOW DEPTH       0

DEGREE DAYS
 HEATING
  YESTERDAY       24                        27     -3       18
  MONTH TO DATE  402                       479    -77      378
  SINCE SEP 1    944                      1158   -214      947
  SINCE JUL 1    958                      1203   -245      957

 COOLING
  YESTERDAY        0                         0      0        0
  MONTH TO DATE    0                         0      0        0
  SINCE SEP 1     68                        31     37       97
  SINCE JAN 1    553                       359    194      492
..................................................................


WIND (MPH)
  RESULTANT WIND SPEED   6   RESULTANT WIND DIRECTION   S (180)
  HIGHEST WIND SPEED    21   HIGHEST WIND DIRECTION     S (180)
  HIGHEST GUST SPEED    30   HIGHEST GUST DIRECTION    SW (210)
  AVERAGE WIND SPEED    11.0


SKY COVER
  AVERAGE SKY COVER 1.0


WEATHER CONDITIONS
 THE FOLLOWING WEATHER WAS RECORDED YESTERDAY.
  HEAVY RAIN
  RAIN
  LIGHT RAIN
  LIGHT SNOW
  FOG
  HAZE


RELATIVE HUMIDITY (PERCENT)
 HIGHEST   100           500 AM
 LOWEST     70           800 PM
 AVERAGE    85

..........................................................


THE PORTLAND ME CLIMATE NORMALS FOR TODAY
                         NORMAL    RECORD    YEAR
 MAXIMUM TEMPERATURE (F)   46        64      1991
 MINIMUM TEMPERATURE (F)   30        13      1951


SUNRISE AND SUNSET
NOVEMBER 21 2016......SUNRISE   644 AM EST   SUNSET   411 PM EST
NOVEMBER 22 2016......SUNRISE   645 AM EST   SUNSET   410 PM EST


-  INDICATES NEGATIVE NUMBERS.
R  INDICATES RECORD WAS SET OR TIED.
MM INDICATES DATA IS MISSING.
T  INDICATES TRACE AMOUNT.




$$
