000
CDUS41 KGYX 140812
CLIPWM


CLIMATE REPORT
NATIONAL WEATHER SERVICE GRAY ME
412 AM EDT THU JUL 14 2016


...................................

...THE PORTLAND ME CLIMATE SUMMARY FOR JULY 13 2016...

CLIMATE NORMAL PERIOD 1981 TO 2010
CLIMATE RECORD PERIOD 1941 TO 2016


WEATHER ITEM   OBSERVED TIME   RECORD YEAR NORMAL DEPARTURE LAST
                VALUE   (LST)  VALUE       VALUE  FROM      YEAR
                                                  NORMAL
..................................................................
TEMPERATURE (F)
 YESTERDAY
  MAXIMUM         82   1011 AM  93    1966  79      3       78
  MINIMUM         59    337 AM  48    1971  60     -1       60
  AVERAGE         71                        69      2       69

PRECIPITATION (IN)
  YESTERDAY        0.00          3.37 1996   0.12  -0.12     0.00
  MONTH TO DATE    0.66                      1.49  -0.83     0.30
  SINCE JUN 1      5.08                      5.28  -0.20     6.70
  SINCE JAN 1     20.59                     24.48  -3.89    23.31

SNOWFALL (IN)
  YESTERDAY        0.0           0.0  2002   0.0    0.0      0.0
                                      2001
  MONTH TO DATE    0.0                       0.0    0.0      0.0
  SINCE JUN 1      0.0                       0.0    0.0      0.0
  SINCE JUL 1      0.0                       0.0    0.0      0.0
  SNOW DEPTH       0

DEGREE DAYS
 HEATING
  YESTERDAY        0                         0      0        0
  MONTH TO DATE   13                        12      1        4
  SINCE JUN 1     79                       118    -39      148
  SINCE JUL 1     13                        12      1        4

 COOLING
  YESTERDAY        6                         5      1        4
  MONTH TO DATE   50                        55     -5       58
  SINCE JUN 1     82                       112    -30      101
  SINCE JAN 1     98                       119    -21      141
..................................................................


WIND (MPH)
  RESULTANT WIND SPEED   5   RESULTANT WIND DIRECTION   S (180)
  HIGHEST WIND SPEED    15   HIGHEST WIND DIRECTION     S (180)
  HIGHEST GUST SPEED    21   HIGHEST GUST DIRECTION    SE (150)
  AVERAGE WIND SPEED     6.4


SKY COVER
  AVERAGE SKY COVER 0.1


WEATHER CONDITIONS
 THE FOLLOWING WEATHER WAS RECORDED YESTERDAY.
  NO SIGNIFICANT WEATHER WAS OBSERVED.


RELATIVE HUMIDITY (PERCENT)
 HIGHEST    90           100 AM
 LOWEST     54           900 AM
 AVERAGE    72

..........................................................


THE PORTLAND ME CLIMATE NORMALS FOR TODAY
                         NORMAL    RECORD    YEAR
 MAXIMUM TEMPERATURE (F)   79        96      1995
 MINIMUM TEMPERATURE (F)   60        50      1999


SUNRISE AND SUNSET
JULY 14 2016..........SUNRISE   513 AM EDT   SUNSET   821 PM EDT
JULY 15 2016..........SUNRISE   514 AM EDT   SUNSET   820 PM EDT


-  INDICATES NEGATIVE NUMBERS.
R  INDICATES RECORD WAS SET OR TIED.
MM INDICATES DATA IS MISSING.
T  INDICATES TRACE AMOUNT.




$$
