000
CDUS41 KGYX 090806
CLIPWM


CLIMATE REPORT
NATIONAL WEATHER SERVICE GRAY ME
406 AM EDT SUN JUL 9 2017


...................................

...THE PORTLAND ME CLIMATE SUMMARY FOR JULY 8 2017...

CLIMATE NORMAL PERIOD 1981 TO 2010
CLIMATE RECORD PERIOD 1941 TO 2017


WEATHER ITEM   OBSERVED TIME   RECORD YEAR NORMAL DEPARTURE LAST
                VALUE   (LST)  VALUE       VALUE  FROM      YEAR
                                                  NORMAL
..................................................................
TEMPERATURE (F)
 YESTERDAY
  MAXIMUM         76   1227 PM  93    1981  78     -2       69
  MINIMUM         56   1254 AM  46    1969  59     -3       58
  AVERAGE         66                        69     -3       64

PRECIPITATION (IN)
  YESTERDAY        0.18          3.66 1915   0.11   0.07     0.00
  MONTH TO DATE    0.19                      0.89  -0.70     0.08
  SINCE JUN 1      2.81                      4.68  -1.87     4.50
  SINCE JAN 1     26.85                     23.88   2.97    20.01

SNOWFALL (IN)
  YESTERDAY        0.0           0.0  2002   0.0    0.0      0.0
                                      2001
                                      2000
  MONTH TO DATE    0.0                       0.0    0.0      0.0
  SINCE JUN 1      0.0                       0.0    0.0      0.0
  SINCE JUL 1      0.0                       0.0    0.0      0.0
  SNOW DEPTH       0

DEGREE DAYS
 HEATING
  YESTERDAY        0                         1     -1        1
  MONTH TO DATE    0                         8     -8        1
  SINCE JUN 1     85                       114    -29       67
  SINCE JUL 1      0                         8     -8        1

 COOLING
  YESTERDAY        1                         4     -3        0
  MONTH TO DATE   38                        32      6       32
  SINCE JUN 1    130                        89     41       64
  SINCE JAN 1    147                        96     51       80
..................................................................


WIND (MPH)
  RESULTANT WIND SPEED   5   RESULTANT WIND DIRECTION   S (180)
  HIGHEST WIND SPEED    21   HIGHEST WIND DIRECTION     W (250)
  HIGHEST GUST SPEED    28   HIGHEST GUST DIRECTION     W (250)
  AVERAGE WIND SPEED     7.2


SKY COVER
  AVERAGE SKY COVER 0.4


WEATHER CONDITIONS
 THE FOLLOWING WEATHER WAS RECORDED YESTERDAY.
  THUNDERSTORM
  HEAVY RAIN
  LIGHT RAIN
  HAZE


RELATIVE HUMIDITY (PERCENT)
 HIGHEST    93          1200 AM
 LOWEST     68          1100 AM
 AVERAGE    81

..........................................................


THE PORTLAND ME CLIMATE NORMALS FOR TODAY
                         NORMAL    RECORD    YEAR
 MAXIMUM TEMPERATURE (F)   79        92      1988
 MINIMUM TEMPERATURE (F)   59        46      1969


SUNRISE AND SUNSET
JULY  9 2017..........SUNRISE   509 AM EDT   SUNSET   824 PM EDT
JULY 10 2017..........SUNRISE   510 AM EDT   SUNSET   823 PM EDT


-  INDICATES NEGATIVE NUMBERS.
R  INDICATES RECORD WAS SET OR TIED.
MM INDICATES DATA IS MISSING.
T  INDICATES TRACE AMOUNT.




$$
