000
CDUS41 KGYX 012047
CLIPWM


CLIMATE REPORT
NATIONAL WEATHER SERVICE GRAY ME
447 PM EDT MON AUG 1 2016


...................................

...THE PORTLAND ME CLIMATE SUMMARY FOR AUGUST 1 2016...
VALID TODAY AS OF 0400 PM LOCAL TIME.

CLIMATE NORMAL PERIOD 1981 TO 2010
CLIMATE RECORD PERIOD 1941 TO 2016


WEATHER ITEM   OBSERVED TIME   RECORD YEAR NORMAL DEPARTURE LAST
                VALUE   (LST)  VALUE       VALUE  FROM      YEAR
                                                  NORMAL
..................................................................
TEMPERATURE (F)
 TODAY
  MAXIMUM         71    929 AM  98    1975  79     -8       86
  MINIMUM         65    240 PM  43    1953  60      5       60
  AVERAGE         68                        70     -2       73

PRECIPITATION (IN)
  TODAY            0.06          1.00 2003   0.11  -0.05     0.00
  MONTH TO DATE    0.06                      0.11  -0.05     0.00
  SINCE JUN 1      6.18                      7.51  -1.33     7.66
  SINCE JAN 1     21.69                     26.71  -5.02    24.27

SNOWFALL (IN)
  TODAY            0.0           0.0  2002   0.0    0.0      0.0
                                      2001
                                      2000
  MONTH TO DATE    0.0                       0.0    0.0      0.0
  SINCE JUN 1      0.0                       0.0    0.0      0.0
  SINCE JUL 1      0.0                       0.0    0.0      0.0
  SNOW DEPTH       0

DEGREE DAYS
 HEATING
  TODAY            0                         0      0        0
  MONTH TO DATE    0                         0      0        0
  SINCE JUN 1     79                       123    -44      154
  SINCE JUL 1     13                        17     -4       10

 COOLING
  TODAY            3                         5     -2        8
  MONTH TO DATE    3                         5     -2        8
  SINCE JUN 1    251                       206     45      194
  SINCE JAN 1    267                       213     54      234
..................................................................


WIND (MPH)
  HIGHEST WIND SPEED     9   HIGHEST WIND DIRECTION     E (80)
  HIGHEST GUST SPEED    11   HIGHEST GUST DIRECTION     E (90)
  AVERAGE WIND SPEED     4.5


SKY COVER
  POSSIBLE SUNSHINE  MM
  AVERAGE SKY COVER 0.8


WEATHER CONDITIONS
 THE FOLLOWING WEATHER WAS RECORDED TODAY.
  RAIN
  LIGHT RAIN
  FOG
  HAZE


RELATIVE HUMIDITY (PERCENT)
 HIGHEST    93           300 AM
 LOWEST     66          1200 PM
 AVERAGE    80

..........................................................


THE PORTLAND ME CLIMATE NORMALS FOR TOMORROW
                         NORMAL    RECORD    YEAR
 MAXIMUM TEMPERATURE (F)   79       103      1975
 MINIMUM TEMPERATURE (F)   60        40      1953


SUNRISE AND SUNSET
AUGUST  1 2016........SUNRISE   531 AM EDT   SUNSET   804 PM EDT
AUGUST  2 2016........SUNRISE   532 AM EDT   SUNSET   802 PM EDT


-  INDICATES NEGATIVE NUMBERS.
R  INDICATES RECORD WAS SET OR TIED.
MM INDICATES DATA IS MISSING.
T  INDICATES TRACE AMOUNT.




$$
