000
CDUS41 KGYX 282048
CLIPWM


CLIMATE REPORT
NATIONAL WEATHER SERVICE GRAY ME
448 PM EDT SAT OCT 28 2017


...................................

...THE PORTLAND ME CLIMATE SUMMARY FOR OCTOBER 28 2017...
VALID TODAY AS OF 0400 PM LOCAL TIME.

CLIMATE NORMAL PERIOD 1981 TO 2010
CLIMATE RECORD PERIOD 1941 TO 2017


WEATHER ITEM   OBSERVED TIME   RECORD YEAR NORMAL DEPARTURE LAST
                VALUE   (LST)  VALUE       VALUE  FROM      YEAR
                                                  NORMAL
..................................................................
TEMPERATURE (F)
 TODAY
  MAXIMUM         60    226 PM  78    1947  55      5       50
  MINIMUM         35    625 AM  15    1976  35      0       40
  AVERAGE         48                        45      3       45

PRECIPITATION (IN)
  TODAY            0.00          2.27 2006   0.16  -0.16     2.24
  MONTH TO DATE    3.82                      4.39  -0.57     8.07
  SINCE SEP 1      6.05                      8.08  -2.03     8.93
  SINCE JAN 1     36.75                     37.82  -1.07    32.46

SNOWFALL (IN)
  TODAY            0.0           T    1934   0.0    0.0      0.0
                                      1952
                                      1965
  MONTH TO DATE    0.0                       0.0    0.0      0.0
  SINCE SEP 1      0.0                       0.0    0.0      0.0
  SINCE JUL 1      0.0                       0.0    0.0      0.0
  SNOW DEPTH       0

DEGREE DAYS
 HEATING
  TODAY           17                        20     -3       20
  MONTH TO DATE  240                       441   -201      382
  SINCE SEP 1    308                       617   -309      479
  SINCE JUL 1    341                       662   -321      493

 COOLING
  TODAY            0                         0      0        0
  MONTH TO DATE    4                         0      4        0
  SINCE SEP 1     69                        30     39       68
  SINCE JAN 1    433                       358     75      553
..................................................................


WIND (MPH)
  HIGHEST WIND SPEED    15   HIGHEST WIND DIRECTION     S (170)
  HIGHEST GUST SPEED    22   HIGHEST GUST DIRECTION     S (170)
  AVERAGE WIND SPEED     5.3


SKY COVER
  POSSIBLE SUNSHINE  MM
  AVERAGE SKY COVER 0.2


WEATHER CONDITIONS
 THE FOLLOWING WEATHER WAS RECORDED TODAY.
  NO SIGNIFICANT WEATHER WAS OBSERVED.


RELATIVE HUMIDITY (PERCENT)
 HIGHEST    92           100 AM
 LOWEST     67          1100 AM
 AVERAGE    80

..........................................................


THE PORTLAND ME CLIMATE NORMALS FOR TOMORROW
                         NORMAL    RECORD    YEAR
 MAXIMUM TEMPERATURE (F)   54        75      1989
 MINIMUM TEMPERATURE (F)   35        20      1959


SUNRISE AND SUNSET
OCTOBER 28 2017.......SUNRISE   712 AM EDT   SUNSET   537 PM EDT
OCTOBER 29 2017.......SUNRISE   713 AM EDT   SUNSET   536 PM EDT


-  INDICATES NEGATIVE NUMBERS.
R  INDICATES RECORD WAS SET OR TIED.
MM INDICATES DATA IS MISSING.
T  INDICATES TRACE AMOUNT.




$$
