000
CDUS41 KGYX 160811
CLIPWM


CLIMATE REPORT
NATIONAL WEATHER SERVICE GRAY ME
410 AM EDT FRI SEP 16 2016


...................................

...THE PORTLAND ME CLIMATE SUMMARY FOR SEPTEMBER 15 2016...

CLIMATE NORMAL PERIOD 1981 TO 2010
CLIMATE RECORD PERIOD 1941 TO 2016


WEATHER ITEM   OBSERVED TIME   RECORD YEAR NORMAL DEPARTURE LAST
                VALUE   (LST)  VALUE       VALUE  FROM      YEAR
                                                  NORMAL
..................................................................
TEMPERATURE (F)
 YESTERDAY
  MAXIMUM         69   1119 AM  90    1993  70     -1       83
  MINIMUM         48   1145 PM  29    1963  51     -3       57
  AVERAGE         59                        60     -1       70

PRECIPITATION (IN)
  YESTERDAY        0.00          2.32 1904   0.12  -0.12     0.00
  MONTH TO DATE    0.23                      1.67  -1.44     1.15
  SINCE SEP 1      0.23                      1.67  -1.44     1.15
  SINCE JAN 1     23.76                     31.41  -7.65    27.91

SNOWFALL (IN)
  YESTERDAY        0.0           0.0  2002   0.0    0.0      0.0
                                      2001
                                      2000
  MONTH TO DATE    0.0                       0.0    0.0      0.0
  SINCE SEP 1      0.0                       0.0    0.0      0.0
  SINCE JUL 1      0.0                       0.0    0.0      0.0
  SNOW DEPTH       0

DEGREE DAYS
 HEATING
  YESTERDAY        6                         5      1        0
  MONTH TO DATE   16                        53    -37        9
  SINCE SEP 1     16                        53    -37        9
  SINCE JUL 1     30                        98    -68       19

 COOLING
  YESTERDAY        0                         1     -1        5
  MONTH TO DATE   45                        22     23       73
  SINCE SEP 1     45                        22     23       73
  SINCE JAN 1    530                       350    180      468
..................................................................


WIND (MPH)
  RESULTANT WIND SPEED   1   RESULTANT WIND DIRECTION   E (80)
  HIGHEST WIND SPEED    12   HIGHEST WIND DIRECTION     S (170)
  HIGHEST GUST SPEED    17   HIGHEST GUST DIRECTION     S (170)
  AVERAGE WIND SPEED     5.5


SKY COVER
  AVERAGE SKY COVER 0.2


WEATHER CONDITIONS
 THE FOLLOWING WEATHER WAS RECORDED YESTERDAY.
  NO SIGNIFICANT WEATHER WAS OBSERVED.


RELATIVE HUMIDITY (PERCENT)
 HIGHEST    86          1100 PM
 LOWEST     48          1200 PM
 AVERAGE    67

..........................................................


THE PORTLAND ME CLIMATE NORMALS FOR TODAY
                         NORMAL    RECORD    YEAR
 MAXIMUM TEMPERATURE (F)   70        90      1941
 MINIMUM TEMPERATURE (F)   50        28      1964


SUNRISE AND SUNSET
SEPTEMBER 16 2016.....SUNRISE   622 AM EDT   SUNSET   649 PM EDT
SEPTEMBER 17 2016.....SUNRISE   623 AM EDT   SUNSET   647 PM EDT


-  INDICATES NEGATIVE NUMBERS.
R  INDICATES RECORD WAS SET OR TIED.
MM INDICATES DATA IS MISSING.
T  INDICATES TRACE AMOUNT.




$$
