000
CDUS41 KGYX 270903
CLIPWM


CLIMATE REPORT
NATIONAL WEATHER SERVICE GRAY ME
403 AM EST TUE DEC 27 2016


...................................

...THE PORTLAND ME CLIMATE SUMMARY FOR DECEMBER 26 2016...

CLIMATE NORMAL PERIOD 1981 TO 2010
CLIMATE RECORD PERIOD 1941 TO 2016


WEATHER ITEM   OBSERVED TIME   RECORD YEAR NORMAL DEPARTURE LAST
                VALUE   (LST)  VALUE       VALUE  FROM      YEAR
                                                  NORMAL
..................................................................
TEMPERATURE (F)
 YESTERDAY
  MAXIMUM         39   1139 PM  60    1982  34      5       51
  MINIMUM         14    654 AM -20    1980  17     -3       31
  AVERAGE         27                        25      2       41

PRECIPITATION (IN)
  YESTERDAY        0.02          2.74 1975   0.12  -0.10     0.00
  MONTH TO DATE    3.23                      3.44  -0.21     3.54
  SINCE DEC 1      3.23                      3.44  -0.21     3.54
  SINCE JAN 1     40.04                     46.67  -6.63    42.02

SNOWFALL (IN)
  YESTERDAY        T            16.0  2002   0.5   -0.5      0.0
  MONTH TO DATE   11.0                      10.4    0.6       T
  SINCE DEC 1     11.0                      10.4    0.6       T
  SINCE JUL 1     11.5                      12.3   -0.8       T
  SNOW DEPTH       2

DEGREE DAYS
 HEATING
  YESTERDAY       38                        40     -2       24
  MONTH TO DATE  969                       918     51      651
  SINCE DEC 1    969                       918     51      651
  SINCE JUL 1   2221                      2409   -188     1897

 COOLING
  YESTERDAY        0                         0      0        0
  MONTH TO DATE    0                         0      0        0
  SINCE DEC 1      0                         0      0        0
  SINCE JAN 1    553                       359    194      492
..................................................................


WIND (MPH)
  RESULTANT WIND SPEED   2   RESULTANT WIND DIRECTION   N (350)
  HIGHEST WIND SPEED    17   HIGHEST WIND DIRECTION    SW (210)
  HIGHEST GUST SPEED    25   HIGHEST GUST DIRECTION    SW (210)
  AVERAGE WIND SPEED     4.8


SKY COVER
  AVERAGE SKY COVER 0.6


WEATHER CONDITIONS
 THE FOLLOWING WEATHER WAS RECORDED YESTERDAY.
  LIGHT RAIN
  FOG


RELATIVE HUMIDITY (PERCENT)
 HIGHEST    92          1100 PM
 LOWEST     45          1200 AM
 AVERAGE    69

..........................................................


THE PORTLAND ME CLIMATE NORMALS FOR TODAY
                         NORMAL    RECORD    YEAR
 MAXIMUM TEMPERATURE (F)   34        57      1949
 MINIMUM TEMPERATURE (F)   16        -8      1951


SUNRISE AND SUNSET
DECEMBER 27 2016......SUNRISE   714 AM EST   SUNSET   411 PM EST
DECEMBER 28 2016......SUNRISE   714 AM EST   SUNSET   412 PM EST


-  INDICATES NEGATIVE NUMBERS.
R  INDICATES RECORD WAS SET OR TIED.
MM INDICATES DATA IS MISSING.
T  INDICATES TRACE AMOUNT.




$$
