000
CDUS41 KGYX 082155
CLIPWM


CLIMATE REPORT
NATIONAL WEATHER SERVICE GRAY ME
455 PM EST WED FEB 8 2017


...................................

...THE PORTLAND ME CLIMATE SUMMARY FOR FEBRUARY 8 2017...
VALID TODAY AS OF 0400 PM LOCAL TIME.

CLIMATE NORMAL PERIOD 1981 TO 2010
CLIMATE RECORD PERIOD 1941 TO 2017


WEATHER ITEM   OBSERVED TIME   RECORD YEAR NORMAL DEPARTURE LAST
                VALUE   (LST)  VALUE       VALUE  FROM      YEAR
                                                  NORMAL
..................................................................
TEMPERATURE (F)
 TODAY
  MAXIMUM         50    205 PM  51    2009  33     17       28
  MINIMUM         15    329 AM -14    1950  15      0       16
  AVERAGE         33                        24      9       22

PRECIPITATION (IN)
  TODAY            0.13          1.74 1971   0.11   0.02     0.24
  MONTH TO DATE    0.73                      0.87  -0.14     1.56
  SINCE DEC 1      9.69                      8.27   1.42    10.27
  SINCE JAN 1      4.38                      4.25   0.13     4.93

SNOWFALL (IN)
  TODAY            0.2          15.3  2013   0.5   -0.3      4.4
  MONTH TO DATE    4.7                       3.7    0.0     13.2
  SINCE DEC 1     30.7                      36.1   -5.4     33.7
  SINCE JUL 1     31.2                      38.0   -6.8     33.7
  SNOW DEPTH       4

DEGREE DAYS
 HEATING
  TODAY           32                        41     -9       43
  MONTH TO DATE  304                       333    -29      241
  SINCE DEC 1   2522                      2778   -256     2242
  SINCE JUL 1   3774                      4269   -495     3488

 COOLING
  TODAY            0                         0      0        0
  MONTH TO DATE    0                         0      0        0
  SINCE DEC 1      0                         0      0        0
  SINCE JAN 1      0                         0      0        0
..................................................................


WIND (MPH)
  HIGHEST WIND SPEED    29   HIGHEST WIND DIRECTION    NW (300)
  HIGHEST GUST SPEED    36   HIGHEST GUST DIRECTION     W (290)
  AVERAGE WIND SPEED     9.5


SKY COVER
  POSSIBLE SUNSHINE  MM
  AVERAGE SKY COVER 0.9


WEATHER CONDITIONS
 THE FOLLOWING WEATHER WAS RECORDED TODAY.
  LT FREEZING RAIN
  LIGHT SNOW
  SLEET
  FOG


RELATIVE HUMIDITY (PERCENT)
 HIGHEST    92           400 AM
 LOWEST     50           400 PM
 AVERAGE    71

..........................................................


THE PORTLAND ME CLIMATE NORMALS FOR TOMORROW
                         NORMAL    RECORD    YEAR
 MAXIMUM TEMPERATURE (F)   33        55      1990
 MINIMUM TEMPERATURE (F)   15       -15      1948


SUNRISE AND SUNSET
FEBRUARY  8 2017......SUNRISE   649 AM EST   SUNSET   502 PM EST
FEBRUARY  9 2017......SUNRISE   648 AM EST   SUNSET   504 PM EST


-  INDICATES NEGATIVE NUMBERS.
R  INDICATES RECORD WAS SET OR TIED.
MM INDICATES DATA IS MISSING.
T  INDICATES TRACE AMOUNT.




$$
