000
CDUS41 KGYX 150802
CLIPWM


CLIMATE REPORT
NATIONAL WEATHER SERVICE GRAY ME
401 AM EDT WED JUL 15 2015


...................................

...THE PORTLAND ME CLIMATE SUMMARY FOR JULY 14 2015...

CLIMATE NORMAL PERIOD 1981 TO 2010
CLIMATE RECORD PERIOD 1941 TO 2015


WEATHER ITEM   OBSERVED TIME   RECORD YEAR NORMAL DEPARTURE LAST
                VALUE   (LST)  VALUE       VALUE  FROM      YEAR
                                                  NORMAL
..................................................................
TEMPERATURE (F)
 YESTERDAY
  MAXIMUM         76    210 PM  96    1995  79     -3       84
  MINIMUM         60    228 AM  50    1999  60      0       64
  AVERAGE         68                        69     -1       74

PRECIPITATION (IN)
  YESTERDAY        0.01          2.26 2010   0.12  -0.11      T
  MONTH TO DATE    0.31                      1.61  -1.30     3.07
  SINCE JUN 1      6.71                      5.40   1.31     7.37
  SINCE JAN 1     23.32                     24.60  -1.28    26.59

SNOWFALL (IN)
  YESTERDAY        0.0           0.0  2002   0.0    0.0      0.0
                                      2001
                                      2000
  MONTH TO DATE    0.0                       0.0    0.0      0.0
  SINCE JUN 1      0.0                       0.0    0.0      0.0
  SINCE JUL 1      0.0                       0.0    0.0      0.0
  SNOW DEPTH       0

DEGREE DAYS
 HEATING
  YESTERDAY        0                         0      0        0
  MONTH TO DATE    4                        12     -8        0
  SINCE JUN 1    148                       118     30       77
  SINCE JUL 1      4                        12     -8        0

 COOLING
  YESTERDAY        3                         5     -2        9
  MONTH TO DATE   61                        60      1       99
  SINCE JUN 1    104                       117    -13      155
  SINCE JAN 1    144                       124     20      155
..................................................................


WIND (MPH)
  RESULTANT WIND SPEED   4   RESULTANT WIND DIRECTION  SE (150)
  HIGHEST WIND SPEED    16   HIGHEST WIND DIRECTION     S (180)
  HIGHEST GUST SPEED    21   HIGHEST GUST DIRECTION     S (160)
  AVERAGE WIND SPEED     4.8


SKY COVER
  AVERAGE SKY COVER 0.8


WEATHER CONDITIONS
 THE FOLLOWING WEATHER WAS RECORDED YESTERDAY.
  LIGHT RAIN
  FOG
  FOG W/VISIBILITY <= 1/4 MILE


RELATIVE HUMIDITY (PERCENT)
 HIGHEST   100           500 AM
 LOWEST     69           200 PM
 AVERAGE    85

..........................................................


THE PORTLAND ME CLIMATE NORMALS FOR TODAY
                         NORMAL    RECORD    YEAR
 MAXIMUM TEMPERATURE (F)   79        92      1952
 MINIMUM TEMPERATURE (F)   60        43      1950


SUNRISE AND SUNSET
JULY 15 2015..........SUNRISE   513 AM EDT   SUNSET   821 PM EDT
JULY 16 2015..........SUNRISE   514 AM EDT   SUNSET   820 PM EDT


-  INDICATES NEGATIVE NUMBERS.
R  INDICATES RECORD WAS SET OR TIED.
MM INDICATES DATA IS MISSING.
T  INDICATES TRACE AMOUNT.




$$
