000
CDUS41 KGYX 020934
CLIPWM


CLIMATE REPORT
NATIONAL WEATHER SERVICE GRAY ME
433 AM EST FRI FEB 2 2018


...................................

...THE PORTLAND ME CLIMATE SUMMARY FOR FEBRUARY 1 2018...

CLIMATE NORMAL PERIOD 1981 TO 2010
CLIMATE RECORD PERIOD 1941 TO 2018


WEATHER ITEM   OBSERVED TIME   RECORD YEAR NORMAL DEPARTURE LAST
                VALUE   (LST)  VALUE       VALUE  FROM      YEAR
                                                  NORMAL
..................................................................
TEMPERATURE (F)
 YESTERDAY
  MAXIMUM         38   1159 PM  63    1989  32      6       34
  MINIMUM         26    516 AM -19    1954  14     12       20
  AVERAGE         32                        23      9       27

PRECIPITATION (IN)
  YESTERDAY        0.13          1.16 1951   0.11   0.02     0.03
  MONTH TO DATE    0.13                      0.11   0.02     0.03
  SINCE DEC 1      6.88                      7.51  -0.63     8.99
  SINCE JAN 1      3.42                      3.49  -0.07     3.68

SNOWFALL (IN)
  YESTERDAY       MM            11.0  1892   0.5   MM        0.4
  MONTH TO DATE   MM                         0.5   MM        0.4
  SINCE DEC 1     40.7                      32.9    7.8     26.4
  SINCE JUL 1     40.8                      34.8    6.0     26.9
  SNOW DEPTH       0

DEGREE DAYS
 HEATING
  YESTERDAY       33                        42     -9       38
  MONTH TO DATE   33                        42     -9       38
  SINCE DEC 1   2643                      2487    156     2256
  SINCE JUL 1   3808                      3978   -170     3508

 COOLING
  YESTERDAY        0                         0      0        0
  MONTH TO DATE    0                         0      0        0
  SINCE DEC 1      0                         0      0        0
  SINCE JAN 1      0                         0      0        0
..................................................................


WIND (MPH)
  RESULTANT WIND SPEED   6   RESULTANT WIND DIRECTION   S (190)
  HIGHEST WIND SPEED    18   HIGHEST WIND DIRECTION     S (200)
  HIGHEST GUST SPEED    27   HIGHEST GUST DIRECTION     S (190)
  AVERAGE WIND SPEED     6.5


SKY COVER
  AVERAGE SKY COVER 1.0


WEATHER CONDITIONS
 THE FOLLOWING WEATHER WAS RECORDED YESTERDAY.
  SNOW
  LIGHT SNOW
  FOG


RELATIVE HUMIDITY (PERCENT)
 HIGHEST   100           700 AM
 LOWEST     39          1200 AM
 AVERAGE    70

..........................................................


THE PORTLAND ME CLIMATE NORMALS FOR TODAY
                         NORMAL    RECORD    YEAR
 MAXIMUM TEMPERATURE (F)   32        48      2016
                                             1981
 MINIMUM TEMPERATURE (F)   14       -22      1961


SUNRISE AND SUNSET
FEBRUARY  2 2018......SUNRISE   657 AM EST   SUNSET   454 PM EST
FEBRUARY  3 2018......SUNRISE   656 AM EST   SUNSET   455 PM EST


-  INDICATES NEGATIVE NUMBERS.
R  INDICATES RECORD WAS SET OR TIED.
MM INDICATES DATA IS MISSING.
T  INDICATES TRACE AMOUNT.




$$
