000
CDUS41 KGYX 280801
CLIPWM


CLIMATE REPORT
NATIONAL WEATHER SERVICE GRAY ME
401 AM EDT THU AUG 28 2014


...................................

...THE PORTLAND ME CLIMATE SUMMARY FOR AUGUST 27 2014...

CLIMATE NORMAL PERIOD 1981 TO 2010
CLIMATE RECORD PERIOD 1941 TO 2014


WEATHER ITEM   OBSERVED TIME   RECORD YEAR NORMAL DEPARTURE LAST
                VALUE   (LST)  VALUE       VALUE  FROM      YEAR
                                                  NORMAL
..................................................................
TEMPERATURE (F)
 YESTERDAY
  MAXIMUM         88    153 PM 100    1948  76     12       84
  MINIMUM         66    515 AM  40    1954  57      9       63
  AVERAGE         77                        66     11       74

PRECIPITATION (IN)
  YESTERDAY        0.14          1.70 1892   0.10   0.04     0.00
  MONTH TO DATE    7.27                      2.75   4.52     1.70
  SINCE JUN 1     17.69                     10.15   7.54    12.38
  SINCE JAN 1     36.91                     29.35   7.56    28.18

SNOWFALL (IN)
  YESTERDAY        0.0           0.0  2002   0.0    0.0      0.0
                                      2001
                                      2000
  MONTH TO DATE    0.0                       0.0    0.0      0.0
  SINCE JUN 1      0.0                       0.0    0.0      0.0
  SINCE JUL 1      0.0                       0.0    0.0      0.0
  SNOW DEPTH       0

DEGREE DAYS
 HEATING
  YESTERDAY        0                         2     -2        0
  MONTH TO DATE   16                        19     -3       11
  SINCE JUN 1     93                       142    -49       99
  SINCE JUL 1     16                        36    -20       18

 COOLING
  YESTERDAY       12                         3      9        9
  MONTH TO DATE   72                       110    -38       81
  SINCE JUN 1    287                       311    -24      381
  SINCE JAN 1    287                       318    -31      396
..................................................................


WIND (MPH)
  RESULTANT WIND SPEED   7   RESULTANT WIND DIRECTION   W (250)
  HIGHEST WIND SPEED    24   HIGHEST WIND DIRECTION     N (350)
  HIGHEST GUST SPEED    30   HIGHEST GUST DIRECTION     N (350)
  AVERAGE WIND SPEED     7.4


SKY COVER
  AVERAGE SKY COVER 0.4


WEATHER CONDITIONS
 THE FOLLOWING WEATHER WAS RECORDED YESTERDAY.
  THUNDERSTORM
  HEAVY RAIN
  RAIN
  LIGHT RAIN
  HAZE


RELATIVE HUMIDITY (PERCENT)
 HIGHEST    87           400 AM
 LOWEST     46           200 PM
 AVERAGE    67

..........................................................


THE PORTLAND ME CLIMATE NORMALS FOR TODAY
                         NORMAL    RECORD    YEAR
 MAXIMUM TEMPERATURE (F)   76        98      1948
 MINIMUM TEMPERATURE (F)   56        39      1957


SUNRISE AND SUNSET
AUGUST 28 2014........SUNRISE   600 AM EDT   SUNSET   724 PM EDT
AUGUST 29 2014........SUNRISE   601 AM EDT   SUNSET   722 PM EDT


-  INDICATES NEGATIVE NUMBERS.
R  INDICATES RECORD WAS SET OR TIED.
MM INDICATES DATA IS MISSING.
T  INDICATES TRACE AMOUNT.




$$
