000
CDUS41 KGYX 260806
CLIPWM


CLIMATE REPORT
NATIONAL WEATHER SERVICE GRAY ME
406 AM EDT THU MAR 26 2015


...................................

...THE PORTLAND ME CLIMATE SUMMARY FOR MARCH 25 2015...

CLIMATE NORMAL PERIOD 1981 TO 2010
CLIMATE RECORD PERIOD 1941 TO 2015


WEATHER ITEM   OBSERVED TIME   RECORD YEAR NORMAL DEPARTURE LAST
                VALUE   (LST)  VALUE       VALUE  FROM      YEAR
                                                  NORMAL
..................................................................
TEMPERATURE (F)
 YESTERDAY
  MAXIMUM         42   1020 AM  64    1987  45     -3       35
  MINIMUM         20    549 AM   0    1956  28     -8        9
  AVERAGE         31                        36     -5       22

PRECIPITATION (IN)
  YESTERDAY        0.01          1.60 1969   0.14  -0.13     0.00
  MONTH TO DATE    1.27                      3.38  -2.11     1.93
  SINCE MAR 1      1.27                      3.38  -2.11     1.93
  SINCE JAN 1      8.75                     10.01  -1.26    10.25

SNOWFALL (IN)
  YESTERDAY        0.0           3.4  1932   0.3   -0.3      0.0
  MONTH TO DATE    2.3                      11.1   -8.8      3.3
  SINCE MAR 1      2.3                      11.1   -8.8      3.3
  SINCE JUL 1     91.5                      57.5   34.0     81.8
  SNOW DEPTH      11

DEGREE DAYS
 HEATING
  YESTERDAY       34                        29      5       43
  MONTH TO DATE  910                       812     98      991
  SINCE MAR 1    910                       812     98      991
  SINCE JUL 1   5964                      5854    110     6230

 COOLING
  YESTERDAY        0                         0      0        0
  MONTH TO DATE    0                         0      0        0
  SINCE MAR 1      0                         0      0        0
  SINCE JAN 1      0                         0      0        0
..................................................................


WIND (MPH)
  RESULTANT WIND SPEED   5   RESULTANT WIND DIRECTION   S (180)
  HIGHEST WIND SPEED    17   HIGHEST WIND DIRECTION    SW (210)
  HIGHEST GUST SPEED    26   HIGHEST GUST DIRECTION     S (200)
  AVERAGE WIND SPEED     6.3


SKY COVER
  AVERAGE SKY COVER 0.3


WEATHER CONDITIONS
 THE FOLLOWING WEATHER WAS RECORDED YESTERDAY.
  LIGHT RAIN


RELATIVE HUMIDITY (PERCENT)
 HIGHEST    81          1200 AM
 LOWEST     34          1200 PM
 AVERAGE    58

..........................................................


THE PORTLAND ME CLIMATE NORMALS FOR TODAY
                         NORMAL    RECORD    YEAR
 MAXIMUM TEMPERATURE (F)   45        74      1986
 MINIMUM TEMPERATURE (F)   28        -5      1960


SUNRISE AND SUNSET
MARCH 26 2015.........SUNRISE   634 AM EDT   SUNSET   701 PM EDT
MARCH 27 2015.........SUNRISE   632 AM EDT   SUNSET   702 PM EDT


-  INDICATES NEGATIVE NUMBERS.
R  INDICATES RECORD WAS SET OR TIED.
MM INDICATES DATA IS MISSING.
T  INDICATES TRACE AMOUNT.




$$
