000
CDUS41 KGYX 232041
CLIPWM


CLIMATE REPORT
NATIONAL WEATHER SERVICE GRAY ME
441 PM EDT FRI JUN 23 2017


...................................

...THE PORTLAND ME CLIMATE SUMMARY FOR JUNE 23 2017...
VALID TODAY AS OF 0400 PM LOCAL TIME.

CLIMATE NORMAL PERIOD 1981 TO 2010
CLIMATE RECORD PERIOD 1941 TO 2017


WEATHER ITEM   OBSERVED TIME   RECORD YEAR NORMAL DEPARTURE LAST
                VALUE   (LST)  VALUE       VALUE  FROM      YEAR
                                                  NORMAL
..................................................................
TEMPERATURE (F)
 TODAY
  MAXIMUM         74    259 PM  91    1983  76     -2       76
  MINIMUM         60   1204 AM  40    1958  56      4       50
  AVERAGE         67                        66      1       63

PRECIPITATION (IN)
  TODAY            T             1.82 2013   0.11  -0.11     0.00
  MONTH TO DATE    1.82                      3.01  -1.19     2.77
  SINCE JUN 1      1.82                      3.01  -1.19     2.77
  SINCE JAN 1     25.86                     22.21   3.65    18.28

SNOWFALL (IN)
  TODAY            0.0           0.0  2002   0.0    0.0      0.0
                                      2001
                                      2000
  MONTH TO DATE    0.0                       0.0    0.0      0.0
  SINCE JUN 1      0.0                       0.0    0.0      0.0
  SINCE JUL 1     95.3                      61.9   33.4     51.8
  SNOW DEPTH       0

DEGREE DAYS
 HEATING
  TODAY            0                         2     -2        2
  MONTH TO DATE   81                        95    -14       65
  SINCE JUN 1     81                        95    -14       65
  SINCE JUL 1   6601                      7096   -495     6184

 COOLING
  TODAY            2                         3     -1        0
  MONTH TO DATE   71                        37     34       17
  SINCE JUN 1     71                        37     34       17
  SINCE JAN 1     88                        44     44       33
..................................................................


WIND (MPH)
  HIGHEST WIND SPEED    14   HIGHEST WIND DIRECTION     N (340)
  HIGHEST GUST SPEED    18   HIGHEST GUST DIRECTION     N (360)
  AVERAGE WIND SPEED     4.3


SKY COVER
  POSSIBLE SUNSHINE  MM
  AVERAGE SKY COVER 0.8


WEATHER CONDITIONS
 THE FOLLOWING WEATHER WAS RECORDED TODAY.
  NO SIGNIFICANT WEATHER WAS OBSERVED.


RELATIVE HUMIDITY (PERCENT)
 HIGHEST    90           700 AM
 LOWEST     64           200 PM
 AVERAGE    77

..........................................................


THE PORTLAND ME CLIMATE NORMALS FOR TOMORROW
                         NORMAL    RECORD    YEAR
 MAXIMUM TEMPERATURE (F)   76        93      1976
 MINIMUM TEMPERATURE (F)   56        40      1941


SUNRISE AND SUNSET
JUNE 23 2017..........SUNRISE   500 AM EDT   SUNSET   827 PM EDT
JUNE 24 2017..........SUNRISE   501 AM EDT   SUNSET   827 PM EDT


-  INDICATES NEGATIVE NUMBERS.
R  INDICATES RECORD WAS SET OR TIED.
MM INDICATES DATA IS MISSING.
T  INDICATES TRACE AMOUNT.




$$
