000
CDUS41 KGYX 270905
CLIPWM


CLIMATE REPORT
NATIONAL WEATHER SERVICE GRAY ME
405 AM EST FRI JAN 27 2017


...................................

...THE PORTLAND ME CLIMATE SUMMARY FOR JANUARY 26 2017...

CLIMATE NORMAL PERIOD 1981 TO 2010
CLIMATE RECORD PERIOD 1941 TO 2017


WEATHER ITEM   OBSERVED TIME   RECORD YEAR NORMAL DEPARTURE LAST
                VALUE   (LST)  VALUE       VALUE  FROM      YEAR
                                                  NORMAL
..................................................................
TEMPERATURE (F)
 YESTERDAY
  MAXIMUM         47    322 PM  64    1950  31     16       47
  MINIMUM         28   1217 AM -18    1945  13     15       28
  AVERAGE         38                        22     16       38

PRECIPITATION (IN)
  YESTERDAY        T             1.93 1888   0.11  -0.11     0.00
  MONTH TO DATE    3.65                      2.86   0.79     3.36
  SINCE DEC 1      8.96                      6.88   2.08     8.70
  SINCE JAN 1      3.65                      2.86   0.79     3.36

SNOWFALL (IN)
  YESTERDAY        0.0          21.0  1888   0.6   -0.6      0.0
  MONTH TO DATE    7.0                      16.4   -9.4     13.2
  SINCE DEC 1     25.9                      29.6   -3.7     20.5
  SINCE JUL 1     26.4                      31.5   -5.1     20.5
  SNOW DEPTH       1

DEGREE DAYS
 HEATING
  YESTERDAY       27                        43    -16       27
  MONTH TO DATE  912                      1108   -196     1015
  SINCE DEC 1   2047                      2229   -182     1846
  SINCE JUL 1   3299                      3720   -421     3092

 COOLING
  YESTERDAY        0                         0      0        0
  MONTH TO DATE    0                         0      0        0
  SINCE DEC 1      0                         0      0        0
  SINCE JAN 1      0                         0      0        0
..................................................................


WIND (MPH)
  RESULTANT WIND SPEED   6   RESULTANT WIND DIRECTION  SW (240)
  HIGHEST WIND SPEED    20   HIGHEST WIND DIRECTION     W (270)
  HIGHEST GUST SPEED    27   HIGHEST GUST DIRECTION     W (270)
  AVERAGE WIND SPEED     7.5


SKY COVER
  AVERAGE SKY COVER 0.7


WEATHER CONDITIONS
 THE FOLLOWING WEATHER WAS RECORDED YESTERDAY.
  LIGHT RAIN


RELATIVE HUMIDITY (PERCENT)
 HIGHEST    89           700 AM
 LOWEST     60           700 PM
 AVERAGE    75

..........................................................


THE PORTLAND ME CLIMATE NORMALS FOR TODAY
                         NORMAL    RECORD    YEAR
 MAXIMUM TEMPERATURE (F)   31        57      1974
 MINIMUM TEMPERATURE (F)   13       -18      1994


SUNRISE AND SUNSET
JANUARY 27 2017.......SUNRISE   703 AM EST   SUNSET   446 PM EST
JANUARY 28 2017.......SUNRISE   702 AM EST   SUNSET   447 PM EST


-  INDICATES NEGATIVE NUMBERS.
R  INDICATES RECORD WAS SET OR TIED.
MM INDICATES DATA IS MISSING.
T  INDICATES TRACE AMOUNT.




$$
