987
CDUS41 KGYX 110803
CLIPWM


CLIMATE REPORT
NATIONAL WEATHER SERVICE GRAY ME
403 AM EDT MON JUL 11 2016


...................................

...THE PORTLAND ME CLIMATE SUMMARY FOR JULY 10 2016...

CLIMATE NORMAL PERIOD 1981 TO 2010
CLIMATE RECORD PERIOD 1941 TO 2016


WEATHER ITEM   OBSERVED TIME   RECORD YEAR NORMAL DEPARTURE LAST
                VALUE   (LST)  VALUE       VALUE  FROM      YEAR
                                                  NORMAL
..................................................................
TEMPERATURE (F)
 YESTERDAY
  MAXIMUM         63    646 PM  98    1993  79    -16       84
  MINIMUM         56    622 AM  44    1954  59     -3       61
  AVERAGE         60                        69     -9       73

PRECIPITATION (IN)
  YESTERDAY        0.22          1.25 1906   0.12   0.10     0.00
  MONTH TO DATE    0.66                      1.13  -0.47     0.30
  SINCE JUN 1      5.08                      4.92   0.16     6.70
  SINCE JAN 1     20.59                     24.12  -3.53    23.31

SNOWFALL (IN)
  YESTERDAY        0.0           0.0  2002   0.0    0.0      0.0
                                      2001
                                      2000
  MONTH TO DATE    0.0                       0.0    0.0      0.0
  SINCE JUN 1      0.0                       0.0    0.0      0.0
  SINCE JUL 1      0.0                       0.0    0.0      0.0
  SNOW DEPTH       0

DEGREE DAYS
 HEATING
  YESTERDAY        5                         1      4        0
  MONTH TO DATE   13                        10      3        4
  SINCE JUN 1     79                       116    -37      148
  SINCE JUL 1     13                        10      3        4

 COOLING
  YESTERDAY        0                         4     -4        8
  MONTH TO DATE   32                        40     -8       33
  SINCE JUN 1     64                        97    -33       76
  SINCE JAN 1     80                       104    -24      116
..................................................................


WIND (MPH)
  RESULTANT WIND SPEED   4   RESULTANT WIND DIRECTION   E (90)
  HIGHEST WIND SPEED    12   HIGHEST WIND DIRECTION     E (110)
  HIGHEST GUST SPEED    15   HIGHEST GUST DIRECTION     E (100)
  AVERAGE WIND SPEED     5.7


SKY COVER
  AVERAGE SKY COVER 0.9


WEATHER CONDITIONS
 THE FOLLOWING WEATHER WAS RECORDED YESTERDAY.
  HEAVY RAIN
  LIGHT RAIN
  FOG


RELATIVE HUMIDITY (PERCENT)
 HIGHEST   100           100 AM
 LOWEST     78           300 PM
 AVERAGE    89

..........................................................


THE PORTLAND ME CLIMATE NORMALS FOR TODAY
                         NORMAL    RECORD    YEAR
 MAXIMUM TEMPERATURE (F)   79        94      1948
 MINIMUM TEMPERATURE (F)   59        44      1953


SUNRISE AND SUNSET
JULY 11 2016..........SUNRISE   511 AM EDT   SUNSET   823 PM EDT
JULY 12 2016..........SUNRISE   511 AM EDT   SUNSET   822 PM EDT


-  INDICATES NEGATIVE NUMBERS.
R  INDICATES RECORD WAS SET OR TIED.
MM INDICATES DATA IS MISSING.
T  INDICATES TRACE AMOUNT.




$$
