000
CDUS41 KGYX 110801
CLIPWM


CLIMATE REPORT
NATIONAL WEATHER SERVICE GRAY ME
401 AM EDT SAT OCT 11 2014


...................................

...THE PORTLAND ME CLIMATE SUMMARY FOR OCTOBER 10 2014...

CLIMATE NORMAL PERIOD 1981 TO 2010
CLIMATE RECORD PERIOD 1941 TO 2014


WEATHER ITEM   OBSERVED TIME   RECORD YEAR NORMAL DEPARTURE LAST
                VALUE   (LST)  VALUE       VALUE  FROM      YEAR
                                                  NORMAL
..................................................................
TEMPERATURE (F)
 YESTERDAY
  MAXIMUM         64    153 PM  81    2011  61      3       64
                                      1949
  MINIMUM         41   1141 PM  23    1963  41      0       36
  AVERAGE         53                        51      2       50

PRECIPITATION (IN)
  YESTERDAY        0.00          5.61 1998   0.15  -0.15     0.00
  MONTH TO DATE    0.35                      1.52  -1.17     0.51
  SINCE SEP 1      1.22                      5.21  -3.99     7.23
  SINCE JAN 1     39.42                     34.95   4.47    35.45

SNOWFALL (IN)
  YESTERDAY        0.0           1.7  1979   0.0    0.0      0.0
  MONTH TO DATE    0.0                       0.0    0.0      0.0
  SINCE SEP 1      0.0                       0.0    0.0      0.0
  SINCE JUL 1      0.0                       0.0    0.0      0.0
  SNOW DEPTH       0

DEGREE DAYS
 HEATING
  YESTERDAY       12                        14     -2       15
  MONTH TO DATE   84                       127    -43       86
  SINCE SEP 1    270                       303    -33      272
  SINCE JUL 1    294                       348    -54      290

 COOLING
  YESTERDAY        0                         0      0        0
  MONTH TO DATE    1                         0      1        0
  SINCE SEP 1     46                        30     16       37
  SINCE JAN 1    344                       358    -14      454
..................................................................


WIND (MPH)
  RESULTANT WIND SPEED   6   RESULTANT WIND DIRECTION   W (260)
  HIGHEST WIND SPEED    16   HIGHEST WIND DIRECTION     W (260)
  HIGHEST GUST SPEED    22   HIGHEST GUST DIRECTION     W (270)
  AVERAGE WIND SPEED     6.9


SKY COVER
  AVERAGE SKY COVER 0.1


WEATHER CONDITIONS
 THE FOLLOWING WEATHER WAS RECORDED YESTERDAY.
  NO SIGNIFICANT WEATHER WAS OBSERVED.


RELATIVE HUMIDITY (PERCENT)
 HIGHEST    76           600 AM
 LOWEST     34           200 PM
 AVERAGE    55

..........................................................


THE PORTLAND ME CLIMATE NORMALS FOR TODAY
                         NORMAL    RECORD    YEAR
 MAXIMUM TEMPERATURE (F)   60        77      1955
 MINIMUM TEMPERATURE (F)   40        24      1993


SUNRISE AND SUNSET
OCTOBER 11 2014.......SUNRISE   651 AM EDT   SUNSET   605 PM EDT
OCTOBER 12 2014.......SUNRISE   652 AM EDT   SUNSET   603 PM EDT


-  INDICATES NEGATIVE NUMBERS.
R  INDICATES RECORD WAS SET OR TIED.
MM INDICATES DATA IS MISSING.
T  INDICATES TRACE AMOUNT.




$$
