094
CDUS41 KGYX 062146
CLIPWM


CLIMATE REPORT
NATIONAL WEATHER SERVICE GRAY ME
446 PM EST FRI JAN 6 2017


...................................

...THE PORTLAND ME CLIMATE SUMMARY FOR JANUARY 6 2017...
VALID TODAY AS OF 0400 PM LOCAL TIME.

CLIMATE NORMAL PERIOD 1981 TO 2010
CLIMATE RECORD PERIOD 1941 TO 2017


WEATHER ITEM   OBSERVED TIME   RECORD YEAR NORMAL DEPARTURE LAST
                VALUE   (LST)  VALUE       VALUE  FROM      YEAR
                                                  NORMAL
..................................................................
TEMPERATURE (F)
 TODAY
  MAXIMUM         30    259 PM  67    2007  32     -2       41
  MINIMUM         24    804 AM -12    1996  14     10       12
  AVERAGE         27                        23      4       27

PRECIPITATION (IN)
  TODAY            T             1.35 2014   0.12  -0.12     0.00
  MONTH TO DATE    1.18                      0.68   0.50     0.01
  SINCE DEC 1      6.49                      4.70   1.79     5.35
  SINCE JAN 1      1.18                      0.68   0.50     0.01

SNOWFALL (IN)
  TODAY            T             9.1  1944   0.6   -0.6      0.0
  MONTH TO DATE    T                         3.7   -3.7      0.3
  SINCE DEC 1     18.9                      16.9    2.0      7.6
  SINCE JUL 1     19.4                      18.8    0.6      7.6
  SNOW DEPTH       1

DEGREE DAYS
 HEATING
  TODAY           38                        42     -4       38
  MONTH TO DATE  203                       250    -47      226
  SINCE DEC 1   1338                      1371    -33     1057
  SINCE JUL 1   2590                      2862   -272     2303

 COOLING
  TODAY            0                         0      0        0
  MONTH TO DATE    0                         0      0        0
  SINCE DEC 1      0                         0      0        0
  SINCE JAN 1      0                         0      0        0
..................................................................


WIND (MPH)
  HIGHEST WIND SPEED    14   HIGHEST WIND DIRECTION     W (260)
  HIGHEST GUST SPEED    16   HIGHEST GUST DIRECTION     W (270)
  AVERAGE WIND SPEED     6.6


SKY COVER
  POSSIBLE SUNSHINE  MM
  AVERAGE SKY COVER 0.9


WEATHER CONDITIONS
 THE FOLLOWING WEATHER WAS RECORDED TODAY.
  LIGHT SNOW
  FOG
  HAZE


RELATIVE HUMIDITY (PERCENT)
 HIGHEST    81           300 AM
 LOWEST     46           400 PM
 AVERAGE    64

..........................................................


THE PORTLAND ME CLIMATE NORMALS FOR TOMORROW
                         NORMAL    RECORD    YEAR
 MAXIMUM TEMPERATURE (F)   31        51      1946
 MINIMUM TEMPERATURE (F)   14       -10      1941


SUNRISE AND SUNSET
JANUARY  6 2017.......SUNRISE   715 AM EST   SUNSET   420 PM EST
JANUARY  7 2017.......SUNRISE   714 AM EST   SUNSET   421 PM EST


-  INDICATES NEGATIVE NUMBERS.
R  INDICATES RECORD WAS SET OR TIED.
MM INDICATES DATA IS MISSING.
T  INDICATES TRACE AMOUNT.




$$
