000
CDUS41 KGYX 060808
CLIPWM


CLIMATE REPORT
NATIONAL WEATHER SERVICE GRAY ME
408 AM EDT THU APR 6 2017


...................................

...THE PORTLAND ME CLIMATE SUMMARY FOR APRIL 5 2017...

CLIMATE NORMAL PERIOD 1981 TO 2010
CLIMATE RECORD PERIOD 1941 TO 2017


WEATHER ITEM   OBSERVED TIME   RECORD YEAR NORMAL DEPARTURE LAST
                VALUE   (LST)  VALUE       VALUE  FROM      YEAR
                                                  NORMAL
..................................................................
TEMPERATURE (F)
 YESTERDAY
  MAXIMUM         43    330 PM  70    1991  49     -6       37
  MINIMUM         34    609 AM  11    1954  31      3       19
  AVERAGE         39                        40     -1       28

PRECIPITATION (IN)
  YESTERDAY        0.01          1.36 1984   0.15  -0.14     0.00
                                      1987
  MONTH TO DATE    1.48                      0.74   0.74     0.20
  SINCE MAR 1      4.98                      4.98   0.00     4.57
  SINCE JAN 1     13.18                     11.61   1.57    12.11

SNOWFALL (IN)
  YESTERDAY        T             5.6  2007   0.1   -0.1      0.0
  MONTH TO DATE    7.9                       0.9    7.0      1.3
  SINCE MAR 1     29.1                      13.6   15.5      8.4
  SINCE JUL 1     95.3                      60.0   35.3     49.4
  SNOW DEPTH       2

DEGREE DAYS
 HEATING
  YESTERDAY       26                        25      1       37
  MONTH TO DATE  135                       127      8      144
  SINCE MAR 1   1249                      1103    146      980
  SINCE JUL 1   5727                      6145   -418     5271

 COOLING
  YESTERDAY        0                         0      0        0
  MONTH TO DATE    0                         0      0        0
  SINCE MAR 1      0                         0      0        0
  SINCE JAN 1      0                         0      0        0
..................................................................


WIND (MPH)
  RESULTANT WIND SPEED   6   RESULTANT WIND DIRECTION  NE (40)
  HIGHEST WIND SPEED    16   HIGHEST WIND DIRECTION    NE (40)
  HIGHEST GUST SPEED    22   HIGHEST GUST DIRECTION    NE (40)
  AVERAGE WIND SPEED     7.5


SKY COVER
  AVERAGE SKY COVER 1.0


WEATHER CONDITIONS
 THE FOLLOWING WEATHER WAS RECORDED YESTERDAY.
  LIGHT RAIN
  FOG


RELATIVE HUMIDITY (PERCENT)
 HIGHEST   100           100 AM
 LOWEST     70           200 PM
 AVERAGE    85

..........................................................


THE PORTLAND ME CLIMATE NORMALS FOR TODAY
                         NORMAL    RECORD    YEAR
 MAXIMUM TEMPERATURE (F)   50        76      1991
 MINIMUM TEMPERATURE (F)   32        15      1995


SUNRISE AND SUNSET
APRIL  6 2017.........SUNRISE   614 AM EDT   SUNSET   714 PM EDT
APRIL  7 2017.........SUNRISE   612 AM EDT   SUNSET   715 PM EDT


-  INDICATES NEGATIVE NUMBERS.
R  INDICATES RECORD WAS SET OR TIED.
MM INDICATES DATA IS MISSING.
T  INDICATES TRACE AMOUNT.




$$
