643
CDUS41 KGYX 162041
CLIPWM


CLIMATE REPORT
NATIONAL WEATHER SERVICE GRAY ME
441 PM EDT FRI JUN 16 2017


...................................

...THE PORTLAND ME CLIMATE SUMMARY FOR JUNE 16 2017...
VALID TODAY AS OF 0400 PM LOCAL TIME.

CLIMATE NORMAL PERIOD 1981 TO 2010
CLIMATE RECORD PERIOD 1941 TO 2017


WEATHER ITEM   OBSERVED TIME   RECORD YEAR NORMAL DEPARTURE LAST
                VALUE   (LST)  VALUE       VALUE  FROM      YEAR
                                                  NORMAL
..................................................................
TEMPERATURE (F)
 TODAY
  MAXIMUM         61    128 PM  93    1988  74    -13       82
  MINIMUM         57    709 AM  41    1965  54      3       50
  AVERAGE         59                        64     -5       66

PRECIPITATION (IN)
  TODAY            0.02          2.01 1879   0.13  -0.11     0.00
  MONTH TO DATE    1.07                      2.20  -1.13     2.68
  SINCE JUN 1      1.07                      2.20  -1.13     2.68
  SINCE JAN 1     25.11                     21.40   3.71    18.19

SNOWFALL (IN)
  TODAY            0.0           0.0  2002   0.0    0.0      0.0
                                      2001
                                      2000
  MONTH TO DATE    0.0                       0.0    0.0      0.0
  SINCE JUN 1      0.0                       0.0    0.0      0.0
  SINCE JUL 1     95.3                      61.9   33.4     51.8
  SNOW DEPTH       0

DEGREE DAYS
 HEATING
  TODAY            6                         3      3        0
  MONTH TO DATE   80                        78      2       54
  SINCE JUN 1     80                        78      2       54
  SINCE JUL 1   6600                      7079   -479     6173

 COOLING
  TODAY            0                         2     -2        1
  MONTH TO DATE   39                        21     18        9
  SINCE JUN 1     39                        21     18        9
  SINCE JAN 1     56                        28     28       25
..................................................................


WIND (MPH)
  HIGHEST WIND SPEED    17   HIGHEST WIND DIRECTION     S (160)
  HIGHEST GUST SPEED    24   HIGHEST GUST DIRECTION     S (190)
  AVERAGE WIND SPEED     8.9


SKY COVER
  POSSIBLE SUNSHINE  MM
  AVERAGE SKY COVER 1.0


WEATHER CONDITIONS
 THE FOLLOWING WEATHER WAS RECORDED TODAY.
  LIGHT RAIN
  FOG


RELATIVE HUMIDITY (PERCENT)
 HIGHEST    93           600 AM
 LOWEST     75          1200 AM
 AVERAGE    84

..........................................................


THE PORTLAND ME CLIMATE NORMALS FOR TOMORROW
                         NORMAL    RECORD    YEAR
 MAXIMUM TEMPERATURE (F)   74        90      2000
 MINIMUM TEMPERATURE (F)   54        39      1958


SUNRISE AND SUNSET
JUNE 16 2017..........SUNRISE   459 AM EDT   SUNSET   825 PM EDT
JUNE 17 2017..........SUNRISE   459 AM EDT   SUNSET   825 PM EDT


-  INDICATES NEGATIVE NUMBERS.
R  INDICATES RECORD WAS SET OR TIED.
MM INDICATES DATA IS MISSING.
T  INDICATES TRACE AMOUNT.




$$
