000
CDUS41 KGYX 090914
CLIPWM


CLIMATE REPORT
NATIONAL WEATHER SERVICE GRAY ME
414 AM EST WED NOV 9 2016


...................................

...THE PORTLAND ME CLIMATE SUMMARY FOR NOVEMBER 8 2016...

CLIMATE NORMAL PERIOD 1981 TO 2010
CLIMATE RECORD PERIOD 1941 TO 2016


WEATHER ITEM   OBSERVED TIME   RECORD YEAR NORMAL DEPARTURE LAST
                VALUE   (LST)  VALUE       VALUE  FROM      YEAR
                                                  NORMAL
..................................................................
TEMPERATURE (F)
 YESTERDAY
  MAXIMUM         61    219 PM  67    1975  51     10       53
  MINIMUM         28    450 AM  16    1960  33     -5       36
  AVERAGE         45                        42      3       45

PRECIPITATION (IN)
  YESTERDAY        0.00          1.82 1963   0.17  -0.17     0.00
  MONTH TO DATE    0.80                      1.37  -0.57     0.03
  SINCE SEP 1     10.02                      9.93   0.09     9.45
  SINCE JAN 1     33.55                     39.67  -6.12    36.21

SNOWFALL (IN)
  YESTERDAY        0.0           2.2  2012   0.0    0.0      0.0
  MONTH TO DATE    0.0                       0.2   -0.2      0.0
  SINCE SEP 1      0.0                       0.2   -0.2      0.0
  SINCE JUL 1      0.0                       0.2   -0.2      0.0
  SNOW DEPTH       0

DEGREE DAYS
 HEATING
  YESTERDAY       20                        23     -3       20
  MONTH TO DATE  174                       177     -3      105
  SINCE SEP 1    716                       856   -140      674
  SINCE JUL 1    730                       901   -171      684

 COOLING
  YESTERDAY        0                         0      0        0
  MONTH TO DATE    0                         0      0        0
  SINCE SEP 1     68                        31     37       97
  SINCE JAN 1    553                       359    194      492
..................................................................


WIND (MPH)
  RESULTANT WIND SPEED   1   RESULTANT WIND DIRECTION  SW (230)
  HIGHEST WIND SPEED     8   HIGHEST WIND DIRECTION     S (170)
  HIGHEST GUST SPEED    10   HIGHEST GUST DIRECTION    SE (150)
  AVERAGE WIND SPEED     2.4


SKY COVER
  AVERAGE SKY COVER 0.0


WEATHER CONDITIONS
 THE FOLLOWING WEATHER WAS RECORDED YESTERDAY.
  NO SIGNIFICANT WEATHER WAS OBSERVED.


RELATIVE HUMIDITY (PERCENT)
 HIGHEST    92           400 AM
 LOWEST     42           300 PM
 AVERAGE    67

..........................................................


THE PORTLAND ME CLIMATE NORMALS FOR TODAY
                         NORMAL    RECORD    YEAR
 MAXIMUM TEMPERATURE (F)   50        69      2006
 MINIMUM TEMPERATURE (F)   33        14      1952


SUNRISE AND SUNSET
NOVEMBER  9 2016......SUNRISE   628 AM EST   SUNSET   422 PM EST
NOVEMBER 10 2016......SUNRISE   629 AM EST   SUNSET   421 PM EST


-  INDICATES NEGATIVE NUMBERS.
R  INDICATES RECORD WAS SET OR TIED.
MM INDICATES DATA IS MISSING.
T  INDICATES TRACE AMOUNT.




$$
