000
CDUS41 KGYX 170803
CLIPWM


CLIMATE REPORT
NATIONAL WEATHER SERVICE GRAY ME
403 AM EDT SUN AUG 17 2014


...................................

...THE PORTLAND ME CLIMATE SUMMARY FOR AUGUST 16 2014...

CLIMATE NORMAL PERIOD 1981 TO 2010
CLIMATE RECORD PERIOD 1941 TO 2014


WEATHER ITEM   OBSERVED TIME   RECORD YEAR NORMAL DEPARTURE LAST
                VALUE   (LST)  VALUE       VALUE  FROM      YEAR
                                                  NORMAL
..................................................................
TEMPERATURE (F)
 YESTERDAY
  MAXIMUM         74   1138 AM  95    1959  78     -4       74
  MINIMUM         55    505 AM  43    1964  59     -4       53
  AVERAGE         65                        68     -3       64

PRECIPITATION (IN)
  YESTERDAY        T             2.00 1900   0.10  -0.10     0.00
  MONTH TO DATE    7.11                      1.66   5.45     1.46
  SINCE JUN 1     17.53                      9.06   8.47    12.14
  SINCE JAN 1     36.75                     28.26   8.49    27.94

SNOWFALL (IN)
  YESTERDAY        0.0           0.0  2002   0.0    0.0      0.0
                                      2001
                                      2000
  MONTH TO DATE    0.0                       0.0    0.0      0.0
  SINCE JUN 1      0.0                       0.0    0.0      0.0
  SINCE JUL 1      0.0                       0.0    0.0      0.0
  SNOW DEPTH       0

DEGREE DAYS
 HEATING
  YESTERDAY        0                         1     -1        1
  MONTH TO DATE    5                         7     -2       10
  SINCE JUN 1     82                       130    -48       98
  SINCE JUL 1      5                        24    -19       17

 COOLING
  YESTERDAY        0                         4     -4        0
  MONTH TO DATE   43                        72    -29       28
  SINCE JUN 1    258                       273    -15      328
  SINCE JAN 1    258                       280    -22      343
..................................................................


WIND (MPH)
  RESULTANT WIND SPEED   4   RESULTANT WIND DIRECTION  SW (240)
  HIGHEST WIND SPEED    15   HIGHEST WIND DIRECTION     W (250)
  HIGHEST GUST SPEED    19   HIGHEST GUST DIRECTION     W (250)
  AVERAGE WIND SPEED     5.1


SKY COVER
  AVERAGE SKY COVER 0.8


WEATHER CONDITIONS
 THE FOLLOWING WEATHER WAS RECORDED YESTERDAY.
  NO SIGNIFICANT WEATHER WAS OBSERVED.


RELATIVE HUMIDITY (PERCENT)
 HIGHEST    86           400 AM
 LOWEST     49           100 PM
 AVERAGE    68

..........................................................


THE PORTLAND ME CLIMATE NORMALS FOR TODAY
                         NORMAL    RECORD    YEAR
 MAXIMUM TEMPERATURE (F)   78        97      1987
 MINIMUM TEMPERATURE (F)   58        42      1961


SUNRISE AND SUNSET
AUGUST 17 2014........SUNRISE   548 AM EDT   SUNSET   742 PM EDT
AUGUST 18 2014........SUNRISE   549 AM EDT   SUNSET   740 PM EDT


-  INDICATES NEGATIVE NUMBERS.
R  INDICATES RECORD WAS SET OR TIED.
MM INDICATES DATA IS MISSING.
T  INDICATES TRACE AMOUNT.




$$
