000
CDUS41 KGYX 272044
CLIPWM


CLIMATE REPORT
NATIONAL WEATHER SERVICE GRAY ME
444 PM EDT FRI JUN 27 2014


...................................

...THE PORTLAND ME CLIMATE SUMMARY FOR JUNE 27 2014...
VALID TODAY AS OF 0400 PM LOCAL TIME.

CLIMATE NORMAL PERIOD 1981 TO 2010
CLIMATE RECORD PERIOD 1941 TO 2014


WEATHER ITEM   OBSERVED TIME   RECORD YEAR NORMAL DEPARTURE LAST
                VALUE   (LST)  VALUE       VALUE  FROM      YEAR
                                                  NORMAL
..................................................................
TEMPERATURE (F)
 TODAY
  MAXIMUM         78    252 PM  97    1941  77      1       62
  MINIMUM         53    451 AM  45    1965  57     -4       54
  AVERAGE         66                        67     -1       58

PRECIPITATION (IN)
  TODAY            0.00          1.50 1970   0.11  -0.11     0.77
  MONTH TO DATE    4.30                      3.46   0.84     6.77
  SINCE JUN 1      4.30                      3.46   0.84     6.77
  SINCE JAN 1     23.52                     22.66   0.86    22.57

SNOWFALL (IN)
  TODAY            0.0           0.0  2002   0.0    0.0      0.0
                                      2001
                                      2000
  MONTH TO DATE    0.0                       0.0    0.0      0.0
  SINCE JUN 1      0.0                       0.0    0.0      0.0
  SINCE JUL 1     83.4                      61.9   21.5     98.0
  SNOW DEPTH       0

DEGREE DAYS
 HEATING
  TODAY            0                         1     -1        7
  MONTH TO DATE   77                       102    -25       77
  SINCE JUN 1     77                       102    -25       77
  SINCE JUL 1   7438                      7103    335     6569

 COOLING
  TODAY            1                         3     -2        0
  MONTH TO DATE   39                        49    -10       71
  SINCE JUN 1     39                        49    -10       71
  SINCE JAN 1     39                        56    -17       86
..................................................................


WIND (MPH)
  HIGHEST WIND SPEED    13   HIGHEST WIND DIRECTION    NE (30)
  HIGHEST GUST SPEED    17   HIGHEST GUST DIRECTION     N (20)
  AVERAGE WIND SPEED     7.0


SKY COVER
  POSSIBLE SUNSHINE  MM
  AVERAGE SKY COVER 0.1


WEATHER CONDITIONS
 THE FOLLOWING WEATHER WAS RECORDED TODAY.
  NO SIGNIFICANT WEATHER WAS OBSERVED.


RELATIVE HUMIDITY (PERCENT)
 HIGHEST    86          1200 AM
 LOWEST     36           200 PM
 AVERAGE    61

..........................................................


THE PORTLAND ME CLIMATE NORMALS FOR TOMORROW
                         NORMAL    RECORD    YEAR
 MAXIMUM TEMPERATURE (F)   77        98      1991
 MINIMUM TEMPERATURE (F)   57        42      1995


SUNRISE AND SUNSET
JUNE 27 2014..........SUNRISE   502 AM EDT   SUNSET   827 PM EDT
JUNE 28 2014..........SUNRISE   502 AM EDT   SUNSET   827 PM EDT


-  INDICATES NEGATIVE NUMBERS.
R  INDICATES RECORD WAS SET OR TIED.
MM INDICATES DATA IS MISSING.
T  INDICATES TRACE AMOUNT.




$$
