000
CDUS41 KGYX 290803
CLIPWM


CLIMATE REPORT
NATIONAL WEATHER SERVICE GRAY ME
403 AM EDT SAT JUL 29 2017


...................................

...THE PORTLAND ME CLIMATE SUMMARY FOR JULY 28 2017...

CLIMATE NORMAL PERIOD 1981 TO 2010
CLIMATE RECORD PERIOD 1941 TO 2017


WEATHER ITEM   OBSERVED TIME   RECORD YEAR NORMAL DEPARTURE LAST
                VALUE   (LST)  VALUE       VALUE  FROM      YEAR
                                                  NORMAL
..................................................................
TEMPERATURE (F)
 YESTERDAY
  MAXIMUM         84   1246 PM  94    1963  79      5       87
  MINIMUM         60    435 AM  45    1977  60      0       64
  AVERAGE         72                        70      2       76

PRECIPITATION (IN)
  YESTERDAY        0.00          4.25 1939   0.12  -0.12     0.00
  MONTH TO DATE    1.05                      3.27  -2.22     1.66
  SINCE JUN 1      3.67                      7.06  -3.39     6.08
  SINCE JAN 1     27.71                     26.26   1.45    21.59

SNOWFALL (IN)
  YESTERDAY        0.0           0.0  2002   0.0    0.0      0.0
                                      2001
                                      2000
  MONTH TO DATE    0.0                       0.0    0.0      0.0
  SINCE JUN 1      0.0                       0.0    0.0      0.0
  SINCE JUL 1      0.0                       0.0    0.0      0.0
  SNOW DEPTH       0

DEGREE DAYS
 HEATING
  YESTERDAY        0                         0      0        0
  MONTH TO DATE   12                        12      0       13
  SINCE JUN 1     97                       118    -21       79
  SINCE JUL 1     12                        12      0       13

 COOLING
  YESTERDAY        7                         5      2       11
  MONTH TO DATE  142                       130     12      195
  SINCE JUN 1    234                       187     47      227
  SINCE JAN 1    251                       194     57      243
..................................................................


WIND (MPH)
  RESULTANT WIND SPEED   1   RESULTANT WIND DIRECTION  SW (220)
  HIGHEST WIND SPEED    15   HIGHEST WIND DIRECTION     S (190)
  HIGHEST GUST SPEED    19   HIGHEST GUST DIRECTION     S (180)
  AVERAGE WIND SPEED     5.5


SKY COVER
  AVERAGE SKY COVER 0.5


WEATHER CONDITIONS
 THE FOLLOWING WEATHER WAS RECORDED YESTERDAY.
  FOG


RELATIVE HUMIDITY (PERCENT)
 HIGHEST   100           100 AM
 LOWEST     37           100 PM
 AVERAGE    69

..........................................................


THE PORTLAND ME CLIMATE NORMALS FOR TODAY
                         NORMAL    RECORD    YEAR
 MAXIMUM TEMPERATURE (F)   79        95      1949
 MINIMUM TEMPERATURE (F)   60        47      1987


SUNRISE AND SUNSET
JULY 29 2017..........SUNRISE   527 AM EDT   SUNSET   807 PM EDT
JULY 30 2017..........SUNRISE   528 AM EDT   SUNSET   806 PM EDT


-  INDICATES NEGATIVE NUMBERS.
R  INDICATES RECORD WAS SET OR TIED.
MM INDICATES DATA IS MISSING.
T  INDICATES TRACE AMOUNT.




$$
