000
CDUS41 KGYX 080901
CLIPWM


CLIMATE REPORT
NATIONAL WEATHER SERVICE GRAY ME
401 AM EST MON DEC 8 2014


...................................

...THE PORTLAND ME CLIMATE SUMMARY FOR DECEMBER 7 2014...

CLIMATE NORMAL PERIOD 1981 TO 2010
CLIMATE RECORD PERIOD 1941 TO 2014


WEATHER ITEM   OBSERVED TIME   RECORD YEAR NORMAL DEPARTURE LAST
                VALUE   (LST)  VALUE       VALUE  FROM      YEAR
                                                  NORMAL
..................................................................
TEMPERATURE (F)
 YESTERDAY
  MAXIMUM         38    156 AM  71    1998  40     -2       38
  MINIMUM         14   1159 PM   2    1955  24    -10       22
  AVERAGE         26                        32     -6       30

PRECIPITATION (IN)
  YESTERDAY        0.00          1.71 1884   0.14  -0.14     0.13
  MONTH TO DATE    1.12                      0.98   0.14     0.73
  SINCE DEC 1      1.12                      0.98   0.14     0.73
  SINCE JAN 1     50.72                     44.21   6.51    40.16

SNOWFALL (IN)
  YESTERDAY        0.0           8.2  2003   0.3   -0.3      0.5
  MONTH TO DATE    1.2                       2.0   -0.8      0.5
  SINCE DEC 1      1.2                       2.0   -0.8      0.5
  SINCE JUL 1     11.5                       3.9    7.6      1.0
  SNOW DEPTH       1

DEGREE DAYS
 HEATING
  YESTERDAY       39                        33      6       35
  MONTH TO DATE  229                       223      6      217
  SINCE DEC 1    229                       223      6      217
  SINCE JUL 1   1540                      1714   -174     1668

 COOLING
  YESTERDAY        0                         0      0        0
  MONTH TO DATE    0                         0      0        0
  SINCE DEC 1      0                         0      0        0
  SINCE JAN 1    351                       359     -8      454
..................................................................


WIND (MPH)
  RESULTANT WIND SPEED  15   RESULTANT WIND DIRECTION   N (350)
  HIGHEST WIND SPEED    33   HIGHEST WIND DIRECTION     N (350)
  HIGHEST GUST SPEED    41   HIGHEST GUST DIRECTION     N (360)
  AVERAGE WIND SPEED    15.4


SKY COVER
  AVERAGE SKY COVER 0.4


WEATHER CONDITIONS
 THE FOLLOWING WEATHER WAS RECORDED YESTERDAY.
  NO SIGNIFICANT WEATHER WAS OBSERVED.


RELATIVE HUMIDITY (PERCENT)
 HIGHEST    76           100 AM
 LOWEST     28           200 PM
 AVERAGE    52

..........................................................


THE PORTLAND ME CLIMATE NORMALS FOR TODAY
                         NORMAL    RECORD    YEAR
 MAXIMUM TEMPERATURE (F)   40        58      1951
 MINIMUM TEMPERATURE (F)   23        -5      1989


SUNRISE AND SUNSET
DECEMBER  8 2014......SUNRISE   702 AM EST   SUNSET   404 PM EST
DECEMBER  9 2014......SUNRISE   703 AM EST   SUNSET   404 PM EST


-  INDICATES NEGATIVE NUMBERS.
R  INDICATES RECORD WAS SET OR TIED.
MM INDICATES DATA IS MISSING.
T  INDICATES TRACE AMOUNT.




$$
