000
CDUS41 KGYX 200803
CLIPWM


CLIMATE REPORT
NATIONAL WEATHER SERVICE GRAY ME
403 AM EDT FRI MAR 20 2015


...................................

...THE PORTLAND ME CLIMATE SUMMARY FOR MARCH 19 2015...

CLIMATE NORMAL PERIOD 1981 TO 2010
CLIMATE RECORD PERIOD 1941 TO 2015


WEATHER ITEM   OBSERVED TIME   RECORD YEAR NORMAL DEPARTURE LAST
                VALUE   (LST)  VALUE       VALUE  FROM      YEAR
                                                  NORMAL
..................................................................
TEMPERATURE (F)
 YESTERDAY
  MAXIMUM         32    412 PM  70    2012  43    -11       37
  MINIMUM         16    550 AM -10    1967  26    -10       18
  AVERAGE         24                        34    -10       28

PRECIPITATION (IN)
  YESTERDAY        0.00          2.28 1983   0.15  -0.15      T
  MONTH TO DATE    1.24                      2.49  -1.25     1.16
  SINCE MAR 1      1.24                      2.49  -1.25     1.16
  SINCE JAN 1      8.72                      9.12  -0.40     9.48

SNOWFALL (IN)
  YESTERDAY        0.0           8.7  2013   0.5   -0.5      0.0
  MONTH TO DATE    2.3                       9.0   -6.7      2.5
  SINCE MAR 1      2.3                       9.0   -6.7      2.5
  SINCE JUL 1     91.5                      55.4   36.1     81.0
  SNOW DEPTH      13

DEGREE DAYS
 HEATING
  YESTERDAY       41                        31     10       37
  MONTH TO DATE  684                       635     49      774
  SINCE MAR 1    684                       635     49      774
  SINCE JUL 1   5738                      5677     61     6013

 COOLING
  YESTERDAY        0                         0      0        0
  MONTH TO DATE    0                         0      0        0
  SINCE MAR 1      0                         0      0        0
  SINCE JAN 1      0                         0      0        0
..................................................................


WIND (MPH)
  RESULTANT WIND SPEED  16   RESULTANT WIND DIRECTION  NW (320)
  HIGHEST WIND SPEED    31   HIGHEST WIND DIRECTION    NW (320)
  HIGHEST GUST SPEED    42   HIGHEST GUST DIRECTION    NW (310)
  AVERAGE WIND SPEED    15.4


SKY COVER
  AVERAGE SKY COVER 0.0


WEATHER CONDITIONS
 THE FOLLOWING WEATHER WAS RECORDED YESTERDAY.
  NO SIGNIFICANT WEATHER WAS OBSERVED.


RELATIVE HUMIDITY (PERCENT)
 HIGHEST    43           200 AM
 LOWEST     21           500 PM
 AVERAGE    32

..........................................................


THE PORTLAND ME CLIMATE NORMALS FOR TODAY
                         NORMAL    RECORD    YEAR
 MAXIMUM TEMPERATURE (F)   43        70      2010
 MINIMUM TEMPERATURE (F)   26         4      1949


SUNRISE AND SUNSET
MARCH 20 2015.........SUNRISE   645 AM EDT   SUNSET   653 PM EDT
MARCH 21 2015.........SUNRISE   643 AM EDT   SUNSET   654 PM EDT


-  INDICATES NEGATIVE NUMBERS.
R  INDICATES RECORD WAS SET OR TIED.
MM INDICATES DATA IS MISSING.
T  INDICATES TRACE AMOUNT.




$$
