000
CDUS41 KGYX 150825
CLIPWM


CLIMATE REPORT
NATIONAL WEATHER SERVICE GRAY ME
425 AM EDT SAT APR 15 2017


...................................

...THE PORTLAND ME CLIMATE SUMMARY FOR APRIL 14 2017...

CLIMATE NORMAL PERIOD 1981 TO 2010
CLIMATE RECORD PERIOD 1941 TO 2017


WEATHER ITEM   OBSERVED TIME   RECORD YEAR NORMAL DEPARTURE LAST
                VALUE   (LST)  VALUE       VALUE  FROM      YEAR
                                                  NORMAL
..................................................................
TEMPERATURE (F)
 YESTERDAY
  MAXIMUM         61        MM  77    1941  53      8       56
  MINIMUM         32        MM  21    1992  34     -2       35
  AVERAGE         47                        44      3       46

PRECIPITATION (IN)
  YESTERDAY        0.00          1.58 1895   0.14  -0.14     0.00
  MONTH TO DATE    3.51                      2.06   1.45     0.96
  SINCE MAR 1      7.01                      6.30   0.71     5.33
  SINCE JAN 1     15.21                     12.93   2.28    12.87

SNOWFALL (IN)
  YESTERDAY        0.0           2.1  1953   0.1   -0.1      0.0
  MONTH TO DATE    7.9                       2.1    5.8      1.5
  SINCE MAR 1     29.1                      14.8   14.3      8.6
  SINCE JUL 1     95.3                      61.2   34.1     49.6
  SNOW DEPTH       0

DEGREE DAYS
 HEATING
  YESTERDAY       18                        21     -3       19
  MONTH TO DATE  291                       333    -42      366
  SINCE MAR 1   1405                      1309     96     1202
  SINCE JUL 1   5883                      6351   -468     5493

 COOLING
  YESTERDAY        0                         0      0        0
  MONTH TO DATE    0                         0      0        0
  SINCE MAR 1      0                         0      0        0
  SINCE JAN 1      0                         0      0        0
..................................................................


WIND (MPH)
  RESULTANT WIND SPEED   6   RESULTANT WIND DIRECTION  NW (320)
  HIGHEST WIND SPEED    14   HIGHEST WIND DIRECTION     N (10)
  HIGHEST GUST SPEED    22   HIGHEST GUST DIRECTION     N (350)
  AVERAGE WIND SPEED     7.5


SKY COVER
  AVERAGE SKY COVER 0.0


WEATHER CONDITIONS
 THE FOLLOWING WEATHER WAS RECORDED YESTERDAY.
  NO SIGNIFICANT WEATHER WAS OBSERVED.


RELATIVE HUMIDITY (PERCENT)
 HIGHEST    89          1200 AM
 LOWEST     15           500 PM
 AVERAGE    52

..........................................................


THE PORTLAND ME CLIMATE NORMALS FOR TODAY
                         NORMAL    RECORD    YEAR
 MAXIMUM TEMPERATURE (F)   53        83      2003
 MINIMUM TEMPERATURE (F)   35        20      1957


SUNRISE AND SUNSET
APRIL 15 2017.........SUNRISE   558 AM EDT   SUNSET   725 PM EDT
APRIL 16 2017.........SUNRISE   557 AM EDT   SUNSET   726 PM EDT


-  INDICATES NEGATIVE NUMBERS.
R  INDICATES RECORD WAS SET OR TIED.
MM INDICATES DATA IS MISSING.
T  INDICATES TRACE AMOUNT.




$$
