000
CDUS41 KGYX 122040
CLIPWM


CLIMATE REPORT
NATIONAL WEATHER SERVICE GRAY ME
440 PM EDT TUE JUL 12 2016


...................................

...THE PORTLAND ME CLIMATE SUMMARY FOR JULY 12 2016...
VALID TODAY AS OF 0400 PM LOCAL TIME.

CLIMATE NORMAL PERIOD 1981 TO 2010
CLIMATE RECORD PERIOD 1941 TO 2016


WEATHER ITEM   OBSERVED TIME   RECORD YEAR NORMAL DEPARTURE LAST
                VALUE   (LST)  VALUE       VALUE  FROM      YEAR
                                                  NORMAL
..................................................................
TEMPERATURE (F)
 TODAY
  MAXIMUM         86    124 PM  93    1988  79      7       90
  MINIMUM         57    406 AM  43    1945  59     -2       64
  AVERAGE         72                        69      3       77

PRECIPITATION (IN)
  TODAY            0.00          2.16 1874   0.12  -0.12     0.00
  MONTH TO DATE    0.66                      1.37  -0.71     0.30
  SINCE JUN 1      5.08                      5.16  -0.08     6.70
  SINCE JAN 1     20.59                     24.36  -3.77    23.31

SNOWFALL (IN)
  TODAY            0.0           0.0  2002   0.0    0.0      0.0
                                      2001
                                      2000
  MONTH TO DATE    0.0                       0.0    0.0      0.0
  SINCE JUN 1      0.0                       0.0    0.0      0.0
  SINCE JUL 1      0.0                       0.0    0.0      0.0
  SNOW DEPTH       0

DEGREE DAYS
 HEATING
  TODAY            0                         1     -1        0
  MONTH TO DATE   13                        12      1        4
  SINCE JUN 1     79                       118    -39      148
  SINCE JUL 1     13                        12      1        4

 COOLING
  TODAY            7                         5      2       12
  MONTH TO DATE   44                        50     -6       54
  SINCE JUN 1     76                       107    -31       97
  SINCE JAN 1     92                       114    -22      137
..................................................................


WIND (MPH)
  HIGHEST WIND SPEED    12   HIGHEST WIND DIRECTION     S (190)
  HIGHEST GUST SPEED    16   HIGHEST GUST DIRECTION    SE (150)
  AVERAGE WIND SPEED     5.0


SKY COVER
  POSSIBLE SUNSHINE  MM
  AVERAGE SKY COVER 0.4


WEATHER CONDITIONS
 THE FOLLOWING WEATHER WAS RECORDED TODAY.
  NO SIGNIFICANT WEATHER WAS OBSERVED.


RELATIVE HUMIDITY (PERCENT)
 HIGHEST    87           300 AM
 LOWEST     37           100 PM
 AVERAGE    62

..........................................................


THE PORTLAND ME CLIMATE NORMALS FOR TOMORROW
                         NORMAL    RECORD    YEAR
 MAXIMUM TEMPERATURE (F)   79        93      1966
 MINIMUM TEMPERATURE (F)   60        48      1971


SUNRISE AND SUNSET
JULY 12 2016..........SUNRISE   511 AM EDT   SUNSET   822 PM EDT
JULY 13 2016..........SUNRISE   512 AM EDT   SUNSET   821 PM EDT


-  INDICATES NEGATIVE NUMBERS.
R  INDICATES RECORD WAS SET OR TIED.
MM INDICATES DATA IS MISSING.
T  INDICATES TRACE AMOUNT.




$$
