000
CDUS41 KGYX 160814
CLIPWM


CLIMATE REPORT
NATIONAL WEATHER SERVICE GRAY ME
414 AM EDT SUN AUG 16 2015


...................................

...THE PORTLAND ME CLIMATE SUMMARY FOR AUGUST 15 2015...

CLIMATE NORMAL PERIOD 1981 TO 2010
CLIMATE RECORD PERIOD 1941 TO 2015


WEATHER ITEM   OBSERVED TIME   RECORD YEAR NORMAL DEPARTURE LAST
                VALUE   (LST)  VALUE       VALUE  FROM      YEAR
                                                  NORMAL
..................................................................
TEMPERATURE (F)
 YESTERDAY
  MAXIMUM         85   1148 AM  98    1947  78      7       70
  MINIMUM         61    459 AM  44    1950  59      2       52
  AVERAGE         73                        68      5       61

PRECIPITATION (IN)
  YESTERDAY        0.17          1.47 1929   0.10   0.07      T
                                      1929
                                      2011
  MONTH TO DATE    1.49                      1.56  -0.07     7.11
  SINCE JUN 1      9.15                      8.96   0.19    17.53
  SINCE JAN 1     25.76                     28.16  -2.40    36.75

SNOWFALL (IN)
  YESTERDAY        0.0           0.0  2002   0.0    0.0      0.0
                                      2001
                                      2000
  MONTH TO DATE    0.0                       0.0    0.0      0.0
  SINCE JUN 1      0.0                       0.0    0.0      0.0
  SINCE JUL 1      0.0                       0.0    0.0      0.0
  SNOW DEPTH       0

DEGREE DAYS
 HEATING
  YESTERDAY        0                         1     -1        4
  MONTH TO DATE    0                         6     -6        5
  SINCE JUN 1    154                       129     25       82
  SINCE JUL 1     10                        23    -13        5

 COOLING
  YESTERDAY        8                         4      4        0
  MONTH TO DATE   63                        68     -5       43
  SINCE JUN 1    249                       269    -20      258
  SINCE JAN 1    289                       276     13      258
..................................................................


WIND (MPH)
  RESULTANT WIND SPEED   2   RESULTANT WIND DIRECTION   S (180)
  HIGHEST WIND SPEED    28   HIGHEST WIND DIRECTION     N (350)
  HIGHEST GUST SPEED    43   HIGHEST GUST DIRECTION     N (10)
  AVERAGE WIND SPEED     4.1


SKY COVER
  AVERAGE SKY COVER 0.5


WEATHER CONDITIONS
 THE FOLLOWING WEATHER WAS RECORDED YESTERDAY.
  THUNDERSTORM
  HEAVY RAIN
  RAIN
  LIGHT RAIN
  FOG


RELATIVE HUMIDITY (PERCENT)
 HIGHEST    97           900 PM
 LOWEST     58          1200 PM
 AVERAGE    78

..........................................................


THE PORTLAND ME CLIMATE NORMALS FOR TODAY
                         NORMAL    RECORD    YEAR
 MAXIMUM TEMPERATURE (F)   78        95      1959
 MINIMUM TEMPERATURE (F)   59        43      1964


SUNRISE AND SUNSET
AUGUST 16 2015........SUNRISE   547 AM EDT   SUNSET   744 PM EDT
AUGUST 17 2015........SUNRISE   548 AM EDT   SUNSET   742 PM EDT


-  INDICATES NEGATIVE NUMBERS.
R  INDICATES RECORD WAS SET OR TIED.
MM INDICATES DATA IS MISSING.
T  INDICATES TRACE AMOUNT.




$$
