000
CDUS41 KGYX 022141
CLIPWM


CLIMATE REPORT
NATIONAL WEATHER SERVICE GRAY ME
441 PM EST THU FEB 2 2017


...................................

...THE PORTLAND ME CLIMATE SUMMARY FOR FEBRUARY 2 2017...
VALID TODAY AS OF 0400 PM LOCAL TIME.

CLIMATE NORMAL PERIOD 1981 TO 2010
CLIMATE RECORD PERIOD 1941 TO 2017


WEATHER ITEM   OBSERVED TIME   RECORD YEAR NORMAL DEPARTURE LAST
                VALUE   (LST)  VALUE       VALUE  FROM      YEAR
                                                  NORMAL
..................................................................
TEMPERATURE (F)
 TODAY
  MAXIMUM         38    130 PM  48    2016  32      6       48
                                      1981
  MINIMUM         21    547 AM -22    1961  14      7       25
  AVERAGE         30                        23      7       37

PRECIPITATION (IN)
  TODAY            T             1.90 1902   0.11  -0.11     0.00
  MONTH TO DATE    0.03                      0.22  -0.19     0.00
  SINCE DEC 1      8.99                      7.62   1.37     8.71
  SINCE JAN 1      3.68                      3.60   0.08     3.37

SNOWFALL (IN)
  TODAY            T            13.7  1911   0.5   -0.5      0.0
  MONTH TO DATE    0.4                       1.0   -0.6      0.0
  SINCE DEC 1     26.3                      33.4   -7.1     20.5
  SINCE JUL 1     26.8                      35.3   -8.5     20.5
  SNOW DEPTH       T

DEGREE DAYS
 HEATING
  TODAY           35                        42     -7       28
  MONTH TO DATE   73                        84    -11       48
  SINCE DEC 1   2291                      2529   -238     2049
  SINCE JUL 1   3543                      4020   -477     3295

 COOLING
  TODAY            0                         0      0        0
  MONTH TO DATE    0                         0      0        0
  SINCE DEC 1      0                         0      0        0
  SINCE JAN 1      0                         0      0        0
..................................................................


WIND (MPH)
  HIGHEST WIND SPEED    25   HIGHEST WIND DIRECTION     W (280)
  HIGHEST GUST SPEED    34   HIGHEST GUST DIRECTION     W (280)
  AVERAGE WIND SPEED     8.7


SKY COVER
  POSSIBLE SUNSHINE  MM
  AVERAGE SKY COVER 0.3


WEATHER CONDITIONS
 THE FOLLOWING WEATHER WAS RECORDED TODAY.
  NO SIGNIFICANT WEATHER WAS OBSERVED.


RELATIVE HUMIDITY (PERCENT)
 HIGHEST    88           400 AM
 LOWEST     41           400 PM
 AVERAGE    65

..........................................................


THE PORTLAND ME CLIMATE NORMALS FOR TOMORROW
                         NORMAL    RECORD    YEAR
 MAXIMUM TEMPERATURE (F)   32        59      1991
 MINIMUM TEMPERATURE (F)   14       -25      1971


SUNRISE AND SUNSET
FEBRUARY  2 2017......SUNRISE   656 AM EST   SUNSET   454 PM EST
FEBRUARY  3 2017......SUNRISE   655 AM EST   SUNSET   455 PM EST


-  INDICATES NEGATIVE NUMBERS.
R  INDICATES RECORD WAS SET OR TIED.
MM INDICATES DATA IS MISSING.
T  INDICATES TRACE AMOUNT.




$$
