335
CDUS41 KGYX 042142
CLIPWM


CLIMATE REPORT
NATIONAL WEATHER SERVICE GRAY ME
442 PM EST WED JAN 4 2017


...................................

...THE PORTLAND ME CLIMATE SUMMARY FOR JANUARY 4 2017...
VALID TODAY AS OF 0400 PM LOCAL TIME.

CLIMATE NORMAL PERIOD 1981 TO 2010
CLIMATE RECORD PERIOD 1941 TO 2017


WEATHER ITEM   OBSERVED TIME   RECORD YEAR NORMAL DEPARTURE LAST
                VALUE   (LST)  VALUE       VALUE  FROM      YEAR
                                                  NORMAL
..................................................................
TEMPERATURE (F)
 TODAY
  MAXIMUM         45    244 PM  64    1950  32     13       31
  MINIMUM         32    557 AM -18    1981  14     18        8
  AVERAGE         39                        23     16       20

PRECIPITATION (IN)
  TODAY            0.11          1.66 1982   0.11   0.00     0.00
  MONTH TO DATE    1.17                      0.45   0.72     0.01
  SINCE DEC 1      6.48                      4.47   2.01     5.35
  SINCE JAN 1      1.17                      0.45   0.72     0.01

SNOWFALL (IN)
  TODAY            0.0          14.5  1923   0.6   -0.6      0.0
  MONTH TO DATE    T                         2.4   -2.4      0.3
  SINCE DEC 1     18.9                      15.6    3.3      7.6
  SINCE JUL 1     19.4                      17.5    1.9      7.6
  SNOW DEPTH       2

DEGREE DAYS
 HEATING
  TODAY           26                        42    -16       45
  MONTH TO DATE  129                       166    -37      138
  SINCE DEC 1   1264                      1287    -23      969
  SINCE JUL 1   2516                      2778   -262     2215

 COOLING
  TODAY            0                         0      0        0
  MONTH TO DATE    0                         0      0        0
  SINCE DEC 1      0                         0      0        0
  SINCE JAN 1      0                         0      0        0
..................................................................


WIND (MPH)
  HIGHEST WIND SPEED    17   HIGHEST WIND DIRECTION     N (10)
  HIGHEST GUST SPEED    24   HIGHEST GUST DIRECTION     N (10)
  AVERAGE WIND SPEED     9.9


SKY COVER
  POSSIBLE SUNSHINE  MM
  AVERAGE SKY COVER 0.9


WEATHER CONDITIONS
 THE FOLLOWING WEATHER WAS RECORDED TODAY.
  LIGHT RAIN
  SNOW
  FOG


RELATIVE HUMIDITY (PERCENT)
 HIGHEST    96           300 AM
 LOWEST     70           200 PM
 AVERAGE    83

..........................................................


THE PORTLAND ME CLIMATE NORMALS FOR TOMORROW
                         NORMAL    RECORD    YEAR
 MAXIMUM TEMPERATURE (F)   32        60      1993
 MINIMUM TEMPERATURE (F)   14       -13      1981


SUNRISE AND SUNSET
JANUARY  4 2017.......SUNRISE   715 AM EST   SUNSET   418 PM EST
JANUARY  5 2017.......SUNRISE   715 AM EST   SUNSET   419 PM EST


-  INDICATES NEGATIVE NUMBERS.
R  INDICATES RECORD WAS SET OR TIED.
MM INDICATES DATA IS MISSING.
T  INDICATES TRACE AMOUNT.




$$
