000
CDUS41 KGYX 090802
CLIPWM


CLIMATE REPORT
NATIONAL WEATHER SERVICE GRAY ME
401 AM EDT MON OCT 9 2017


...................................

...THE PORTLAND ME CLIMATE SUMMARY FOR OCTOBER 8 2017...

CLIMATE NORMAL PERIOD 1981 TO 2010
CLIMATE RECORD PERIOD 1941 TO 2017


WEATHER ITEM   OBSERVED TIME   RECORD YEAR NORMAL DEPARTURE LAST
                VALUE   (LST)  VALUE       VALUE  FROM      YEAR
                                                  NORMAL
..................................................................
TEMPERATURE (F)
 YESTERDAY
  MAXIMUM         73    235 PM  81    2011  62     11       65
                                      1947
  MINIMUM         62   1159 PM  24    1954  41     21       47
  AVERAGE         68                        51     17       56

PRECIPITATION (IN)
  YESTERDAY        0.12          4.43 2005   0.16  -0.04     0.00
  MONTH TO DATE    0.15                      1.21  -1.06     0.35
  SINCE SEP 1      2.38                      4.90  -2.52     1.21
  SINCE JAN 1     33.08                     34.64  -1.56    24.74

SNOWFALL (IN)
  YESTERDAY        0.0           T    2001   0.0    0.0      0.0
                                      1888
  MONTH TO DATE    0.0                       0.0    0.0      0.0
  SINCE SEP 1      0.0                       0.0    0.0      0.0
  SINCE JUL 1      0.0                       0.0    0.0      0.0
  SNOW DEPTH       0

DEGREE DAYS
 HEATING
  YESTERDAY        0                        14    -14        9
  MONTH TO DATE   57                        99    -42       79
  SINCE SEP 1    125                       275   -150      176
  SINCE JUL 1    158                       320   -162      190

 COOLING
  YESTERDAY        3                         0      3        0
  MONTH TO DATE    3                         0      3        0
  SINCE SEP 1     68                        30     38       68
  SINCE JAN 1    432                       358     74      553
..................................................................


WIND (MPH)
  RESULTANT WIND SPEED   8   RESULTANT WIND DIRECTION   S (190)
  HIGHEST WIND SPEED    18   HIGHEST WIND DIRECTION     S (170)
  HIGHEST GUST SPEED    30   HIGHEST GUST DIRECTION     S (170)
  AVERAGE WIND SPEED     8.8


SKY COVER
  AVERAGE SKY COVER 0.6


WEATHER CONDITIONS
 THE FOLLOWING WEATHER WAS RECORDED YESTERDAY.
  RAIN
  LIGHT RAIN
  FOG
  FOG W/VISIBILITY <= 1/4 MILE


RELATIVE HUMIDITY (PERCENT)
 HIGHEST   100          1200 AM
 LOWEST     84           200 PM
 AVERAGE    92

..........................................................


THE PORTLAND ME CLIMATE NORMALS FOR TODAY
                         NORMAL    RECORD    YEAR
 MAXIMUM TEMPERATURE (F)   61        85      2011
 MINIMUM TEMPERATURE (F)   41        22      1953


SUNRISE AND SUNSET
OCTOBER  9 2017.......SUNRISE   648 AM EDT   SUNSET   608 PM EDT
OCTOBER 10 2017.......SUNRISE   650 AM EDT   SUNSET   606 PM EDT


-  INDICATES NEGATIVE NUMBERS.
R  INDICATES RECORD WAS SET OR TIED.
MM INDICATES DATA IS MISSING.
T  INDICATES TRACE AMOUNT.




$$
