000
CDUS41 KGYX 102148
CLIPWM


CLIMATE REPORT
NATIONAL WEATHER SERVICE GRAY ME
448 PM EST THU NOV 10 2016


...................................

...THE PORTLAND ME CLIMATE SUMMARY FOR NOVEMBER 10 2016...
VALID TODAY AS OF 0400 PM LOCAL TIME.

CLIMATE NORMAL PERIOD 1981 TO 2010
CLIMATE RECORD PERIOD 1941 TO 2016


WEATHER ITEM   OBSERVED TIME   RECORD YEAR NORMAL DEPARTURE LAST
                VALUE   (LST)  VALUE       VALUE  FROM      YEAR
                                                  NORMAL
..................................................................
TEMPERATURE (F)
 TODAY
  MAXIMUM         49   1253 PM  64    2009  50     -1       53
  MINIMUM         26    648 AM  15    1995  33     -7       29
  AVERAGE         38                        41     -3       41

PRECIPITATION (IN)
  TODAY            0.00          4.70 1990   0.16  -0.16     0.00
  MONTH TO DATE    0.80                      1.69  -0.89     0.03
  SINCE SEP 1     10.02                     10.25  -0.23     9.45
  SINCE JAN 1     33.55                     39.99  -6.44    36.21

SNOWFALL (IN)
  TODAY            0.0           6.2  1898   0.1   -0.1      0.0
  MONTH TO DATE    0.0                       0.3   -0.3      0.0
  SINCE SEP 1      0.0                       0.3   -0.3      0.0
  SINCE JUL 1      0.0                       0.3   -0.3      0.0
  SNOW DEPTH       0

DEGREE DAYS
 HEATING
  TODAY           27                        24      3       24
  MONTH TO DATE  217                       224     -7      151
  SINCE SEP 1    759                       903   -144      720
  SINCE JUL 1    773                       948   -175      730

 COOLING
  TODAY            0                         0      0        0
  MONTH TO DATE    0                         0      0        0
  SINCE SEP 1     68                        31     37       97
  SINCE JAN 1    553                       359    194      492
..................................................................


WIND (MPH)
  HIGHEST WIND SPEED    14   HIGHEST WIND DIRECTION     S (190)
  HIGHEST GUST SPEED    17   HIGHEST GUST DIRECTION     S (170)
  AVERAGE WIND SPEED     4.8


SKY COVER
  POSSIBLE SUNSHINE  MM
  AVERAGE SKY COVER 0.3


WEATHER CONDITIONS
 THE FOLLOWING WEATHER WAS RECORDED TODAY.
  NO SIGNIFICANT WEATHER WAS OBSERVED.


RELATIVE HUMIDITY (PERCENT)
 HIGHEST    85           500 AM
 LOWEST     45           400 PM
 AVERAGE    65

..........................................................


THE PORTLAND ME CLIMATE NORMALS FOR TOMORROW
                         NORMAL    RECORD    YEAR
 MAXIMUM TEMPERATURE (F)   50        65      2002
 MINIMUM TEMPERATURE (F)   32        11      1956


SUNRISE AND SUNSET
NOVEMBER 10 2016......SUNRISE   629 AM EST   SUNSET   421 PM EST
NOVEMBER 11 2016......SUNRISE   631 AM EST   SUNSET   419 PM EST


-  INDICATES NEGATIVE NUMBERS.
R  INDICATES RECORD WAS SET OR TIED.
MM INDICATES DATA IS MISSING.
T  INDICATES TRACE AMOUNT.




$$
