000
CDUS41 KGYX 180916
CLIPWM


CLIMATE REPORT
NATIONAL WEATHER SERVICE GRAY ME
416 AM EST WED FEB 18 2015


...................................

...THE PORTLAND ME CLIMATE SUMMARY FOR FEBRUARY 17 2015...

CLIMATE NORMAL PERIOD 1981 TO 2010
CLIMATE RECORD PERIOD 1941 TO 2015


WEATHER ITEM   OBSERVED TIME   RECORD YEAR NORMAL DEPARTURE LAST
                VALUE   (LST)  VALUE       VALUE  FROM      YEAR
                                                  NORMAL
..................................................................
TEMPERATURE (F)
 YESTERDAY
  MAXIMUM         21    236 PM  58    1981  35    -14       25
  MINIMUM          0    501 AM -19    1943  17    -17        7
  AVERAGE         11                        26    -15       16

PRECIPITATION (IN)
  YESTERDAY        0.00          1.25 1954   0.12  -0.12     0.00
  MONTH TO DATE    2.24                      1.91   0.33     2.45
  SINCE DEC 1     13.18                      9.31   3.87    10.94
  SINCE JAN 1      6.91                      5.29   1.62     6.50

SNOWFALL (IN)
  YESTERDAY        0.0          10.6  1952   0.4   -0.4      0.0
  MONTH TO DATE   25.0                       7.5   17.5     24.6
  SINCE DEC 1     69.3                      39.9   29.4     68.4
  SINCE JUL 1     79.6                      41.8   37.8     68.9
  SNOW DEPTH      20

DEGREE DAYS
 HEATING
  YESTERDAY       54                        39     15       49
  MONTH TO DATE  898                       693    205      747
  SINCE DEC 1   3214                      3138     76     3340
  SINCE JUL 1   4525                      4629   -104     4791

 COOLING
  YESTERDAY        0                         0      0        0
  MONTH TO DATE    0                         0      0        0
  SINCE DEC 1      0                         0      0        0
  SINCE JAN 1      0                         0      0        0
..................................................................


WIND (MPH)
  RESULTANT WIND SPEED   1   RESULTANT WIND DIRECTION  NW (330)
  HIGHEST WIND SPEED    10   HIGHEST WIND DIRECTION     E (70)
  HIGHEST GUST SPEED    12   HIGHEST GUST DIRECTION    NE (60)
  AVERAGE WIND SPEED     3.0


SKY COVER
  AVERAGE SKY COVER 0.7


WEATHER CONDITIONS
 THE FOLLOWING WEATHER WAS RECORDED YESTERDAY.
  NO SIGNIFICANT WEATHER WAS OBSERVED.


RELATIVE HUMIDITY (PERCENT)
 HIGHEST    67           900 PM
 LOWEST     37           100 PM
 AVERAGE    52

..........................................................


THE PORTLAND ME CLIMATE NORMALS FOR TODAY
                         NORMAL    RECORD    YEAR
 MAXIMUM TEMPERATURE (F)   35        60      1981
 MINIMUM TEMPERATURE (F)   17       -16      1958


SUNRISE AND SUNSET
FEBRUARY 18 2015......SUNRISE   636 AM EST   SUNSET   515 PM EST
FEBRUARY 19 2015......SUNRISE   634 AM EST   SUNSET   517 PM EST


-  INDICATES NEGATIVE NUMBERS.
R  INDICATES RECORD WAS SET OR TIED.
MM INDICATES DATA IS MISSING.
T  INDICATES TRACE AMOUNT.




$$
