216
CDUS41 KGYX 220833
CLIPWM


CLIMATE REPORT
NATIONAL WEATHER SERVICE GRAY ME
433 AM EDT WED APR 22 2015


...................................

...THE PORTLAND ME CLIMATE SUMMARY FOR APRIL 21 2015...

CLIMATE NORMAL PERIOD 1981 TO 2010
CLIMATE RECORD PERIOD 1941 TO 2015


WEATHER ITEM   OBSERVED TIME   RECORD YEAR NORMAL DEPARTURE LAST
                VALUE   (LST)  VALUE       VALUE  FROM      YEAR
                                                  NORMAL
..................................................................
TEMPERATURE (F)
 YESTERDAY
  MAXIMUM         63    415 PM  85    1957  56      7       55
  MINIMUM         41   1153 PM  23    1962  37      4       34
  AVERAGE         52                        46      6       45

PRECIPITATION (IN)
  YESTERDAY        1.49          4.21 1991   0.13   1.36     0.00
  MONTH TO DATE    4.86                      3.03   1.83     2.32
  SINCE MAR 1      6.65                      7.27  -0.62     6.63
  SINCE JAN 1     14.13                     13.90   0.23    14.95

SNOWFALL (IN)
  YESTERDAY        0.0           1.5  1940   0.1   -0.1      0.0
  MONTH TO DATE    2.9                       2.6    0.3      1.2
  SINCE MAR 1      5.3                      15.3  -10.0      4.9
  SINCE JUL 1     94.5                      61.7   32.8     83.4
  SNOW DEPTH       0

DEGREE DAYS
 HEATING
  YESTERDAY       13                        19     -6       20
  MONTH TO DATE  455                       473    -18      482
  SINCE MAR 1   1525                      1449     76     1652
  SINCE JUL 1   6579                      6491     88     6891

 COOLING
  YESTERDAY        0                         0      0        0
  MONTH TO DATE    0                         0      0        0
  SINCE MAR 1      0                         0      0        0
  SINCE JAN 1      0                         0      0        0
..................................................................


WIND (MPH)
  RESULTANT WIND SPEED   0   RESULTANT WIND DIRECTION   S (200)
  HIGHEST WIND SPEED    21   HIGHEST WIND DIRECTION     E (110)
  HIGHEST GUST SPEED    39   HIGHEST GUST DIRECTION     E (90)
  AVERAGE WIND SPEED     6.8


SKY COVER
  AVERAGE SKY COVER 0.8


WEATHER CONDITIONS
 THE FOLLOWING WEATHER WAS RECORDED YESTERDAY.
  THUNDERSTORM
  HEAVY RAIN
  RAIN
  LIGHT RAIN
  FOG
  HAZE


RELATIVE HUMIDITY (PERCENT)
 HIGHEST    93          1200 AM
 LOWEST     49           600 PM
 AVERAGE    71

..........................................................


THE PORTLAND ME CLIMATE NORMALS FOR TODAY
                         NORMAL    RECORD    YEAR
 MAXIMUM TEMPERATURE (F)   56        82      1977
 MINIMUM TEMPERATURE (F)   37        22      1959


SUNRISE AND SUNSET
APRIL 22 2015.........SUNRISE   548 AM EDT   SUNSET   733 PM EDT
APRIL 23 2015.........SUNRISE   546 AM EDT   SUNSET   734 PM EDT


-  INDICATES NEGATIVE NUMBERS.
R  INDICATES RECORD WAS SET OR TIED.
MM INDICATES DATA IS MISSING.
T  INDICATES TRACE AMOUNT.




$$
