000
CDUS41 KGYX 110807
CLIPWM


CLIMATE REPORT
NATIONAL WEATHER SERVICE GRAY ME
406 AM EDT MON APR 11 2016


...................................

...THE PORTLAND ME CLIMATE SUMMARY FOR APRIL 10 2016...

CLIMATE NORMAL PERIOD 1981 TO 2010
CLIMATE RECORD PERIOD 1941 TO 2016


WEATHER ITEM   OBSERVED TIME   RECORD YEAR NORMAL DEPARTURE LAST
                VALUE   (LST)  VALUE       VALUE  FROM      YEAR
                                                  NORMAL
..................................................................
TEMPERATURE (F)
 YESTERDAY
  MAXIMUM         47    359 PM  73    1955  51     -4       43
  MINIMUM         27    549 AM  17    1977  33     -6       34
  AVERAGE         37                        42     -5       39

PRECIPITATION (IN)
  YESTERDAY        0.00          2.88 1980   0.15  -0.15     0.38
  MONTH TO DATE    0.70                      1.47  -0.77     1.02
  SINCE MAR 1      5.07                      5.71  -0.64     2.81
  SINCE JAN 1     12.61                     12.34   0.27    10.29

SNOWFALL (IN)
  YESTERDAY        0.0          15.0  1906   0.1   -0.1      0.0
  MONTH TO DATE    1.5                       1.6   -0.1      2.9
  SINCE MAR 1      8.6                      14.3   -5.7      5.3
  SINCE JUL 1     49.6                      60.7  -11.1     94.5
  SNOW DEPTH       0

DEGREE DAYS
 HEATING
  YESTERDAY       28                        23      5       26
  MONTH TO DATE  276                       245     31      275
  SINCE MAR 1   1112                      1221   -109     1345
  SINCE JUL 1   5403                      6263   -860     6399

 COOLING
  YESTERDAY        0                         0      0        0
  MONTH TO DATE    0                         0      0        0
  SINCE MAR 1      0                         0      0        0
  SINCE JAN 1      0                         0      0        0
..................................................................


WIND (MPH)
  RESULTANT WIND SPEED   8   RESULTANT WIND DIRECTION  NW (310)
  HIGHEST WIND SPEED    22   HIGHEST WIND DIRECTION    NW (330)
  HIGHEST GUST SPEED    28   HIGHEST GUST DIRECTION     N (340)
  AVERAGE WIND SPEED     9.6


SKY COVER
  AVERAGE SKY COVER 0.1


WEATHER CONDITIONS
 THE FOLLOWING WEATHER WAS RECORDED YESTERDAY.
  NO SIGNIFICANT WEATHER WAS OBSERVED.


RELATIVE HUMIDITY (PERCENT)
 HIGHEST    50           200 AM
 LOWEST     19           100 PM
 AVERAGE    35

..........................................................


THE PORTLAND ME CLIMATE NORMALS FOR TODAY
                         NORMAL    RECORD    YEAR
 MAXIMUM TEMPERATURE (F)   52        77      1947
 MINIMUM TEMPERATURE (F)   33        17      1948


SUNRISE AND SUNSET
APRIL 11 2016.........SUNRISE   605 AM EDT   SUNSET   721 PM EDT
APRIL 12 2016.........SUNRISE   603 AM EDT   SUNSET   722 PM EDT


-  INDICATES NEGATIVE NUMBERS.
R  INDICATES RECORD WAS SET OR TIED.
MM INDICATES DATA IS MISSING.
T  INDICATES TRACE AMOUNT.




$$
