100
CDUS41 KGYX 050907
CLIPWM


CLIMATE REPORT
NATIONAL WEATHER SERVICE GRAY ME
407 AM EST FRI FEB 5 2016


...................................

...THE PORTLAND ME CLIMATE SUMMARY FOR FEBRUARY 4 2016...

CLIMATE NORMAL PERIOD 1981 TO 2010
CLIMATE RECORD PERIOD 1941 TO 2016


WEATHER ITEM   OBSERVED TIME   RECORD YEAR NORMAL DEPARTURE LAST
                VALUE   (LST)  VALUE       VALUE  FROM      YEAR
                                                  NORMAL
..................................................................
TEMPERATURE (F)
 YESTERDAY
  MAXIMUM         55R   141 PM  50    1991  32     23       35
  MINIMUM         38    456 AM -19    1971  14     24       -2
  AVERAGE         47                        23     24       17

PRECIPITATION (IN)
  YESTERDAY        T             1.42 1911   0.11  -0.11     0.06
  MONTH TO DATE    0.79                      0.43   0.36     0.95
  SINCE DEC 1      9.50                      7.83   1.67    11.89
  SINCE JAN 1      4.16                      3.81   0.35     5.62

SNOWFALL (IN)
  YESTERDAY        0.0          15.1  1882   0.5   -0.5      0.8
  MONTH TO DATE    T                         1.9   -1.9      9.9
  SINCE DEC 1     20.5                      34.3  -13.8     54.2
  SINCE JUL 1     20.5                      36.2  -15.7     64.5
  SNOW DEPTH       0

DEGREE DAYS
 HEATING
  YESTERDAY       18                        42    -24       48
  MONTH TO DATE   90                       168    -78      212
  SINCE DEC 1   2091                      2613   -522     2528
  SINCE JUL 1   3337                      4104   -767     3839

 COOLING
  YESTERDAY        0                         0      0        0
  MONTH TO DATE    0                         0      0        0
  SINCE DEC 1      0                         0      0        0
  SINCE JAN 1      0                         0      0        0
..................................................................


WIND (MPH)
  RESULTANT WIND SPEED   3   RESULTANT WIND DIRECTION   W (280)
  HIGHEST WIND SPEED    15   HIGHEST WIND DIRECTION     W (260)
  HIGHEST GUST SPEED    20   HIGHEST GUST DIRECTION     W (270)
  AVERAGE WIND SPEED     4.8


SKY COVER
  AVERAGE SKY COVER 0.8


WEATHER CONDITIONS
 THE FOLLOWING WEATHER WAS RECORDED YESTERDAY.
  LIGHT RAIN
  FOG


RELATIVE HUMIDITY (PERCENT)
 HIGHEST   100          1200 AM
 LOWEST     46           200 PM
 AVERAGE    73

..........................................................


THE PORTLAND ME CLIMATE NORMALS FOR TODAY
                         NORMAL    RECORD    YEAR
 MAXIMUM TEMPERATURE (F)   33        51      2005
 MINIMUM TEMPERATURE (F)   14       -13      1978


SUNRISE AND SUNSET
FEBRUARY  5 2016......SUNRISE   654 AM EST   SUNSET   457 PM EST
FEBRUARY  6 2016......SUNRISE   653 AM EST   SUNSET   459 PM EST


-  INDICATES NEGATIVE NUMBERS.
R  INDICATES RECORD WAS SET OR TIED.
MM INDICATES DATA IS MISSING.
T  INDICATES TRACE AMOUNT.




$$
