000
CDUS41 KGYX 240803
CLIPWM


CLIMATE REPORT
NATIONAL WEATHER SERVICE GRAY ME
402 AM EDT SUN JUL 24 2016


...................................

...THE PORTLAND ME CLIMATE SUMMARY FOR JULY 23 2016...

CLIMATE NORMAL PERIOD 1981 TO 2010
CLIMATE RECORD PERIOD 1941 TO 2016


WEATHER ITEM   OBSERVED TIME   RECORD YEAR NORMAL DEPARTURE LAST
                VALUE   (LST)  VALUE       VALUE  FROM      YEAR
                                                  NORMAL
..................................................................
TEMPERATURE (F)
 YESTERDAY
  MAXIMUM         89    108 PM  96    1978  79     10       78
  MINIMUM         67   1159 PM  45    1976  60      7       57
  AVERAGE         78                        70      8       68

PRECIPITATION (IN)
  YESTERDAY        0.01          1.11 1876   0.12  -0.11      T
  MONTH TO DATE    1.29                      2.69  -1.40     1.05
  SINCE JUN 1      5.71                      6.48  -0.77     7.45
  SINCE JAN 1     21.22                     25.68  -4.46    24.06

SNOWFALL (IN)
  YESTERDAY        0.0           0.0  2002   0.0    0.0      0.0
                                      2001
                                      2000
  MONTH TO DATE    0.0                       0.0    0.0      0.0
  SINCE JUN 1      0.0                       0.0    0.0      0.0
  SINCE JUL 1      0.0                       0.0    0.0      0.0
  SNOW DEPTH       0

DEGREE DAYS
 HEATING
  YESTERDAY        0                         0      0        0
  MONTH TO DATE   13                        12      1        6
  SINCE JUN 1     79                       118    -39      150
  SINCE JUL 1     13                        12      1        6

 COOLING
  YESTERDAY       13                         5      8        3
  MONTH TO DATE  144                       105     39       95
  SINCE JUN 1    176                       162     14      138
  SINCE JAN 1    192                       169     23      178
..................................................................


WIND (MPH)
  RESULTANT WIND SPEED   3   RESULTANT WIND DIRECTION  NW (310)
  HIGHEST WIND SPEED    46   HIGHEST WIND DIRECTION     N (340)
  HIGHEST GUST SPEED    52   HIGHEST GUST DIRECTION     N (340)
  AVERAGE WIND SPEED     6.4


SKY COVER
  AVERAGE SKY COVER 0.5


WEATHER CONDITIONS
 THE FOLLOWING WEATHER WAS RECORDED YESTERDAY.
  THUNDERSTORM
  FOG


RELATIVE HUMIDITY (PERCENT)
 HIGHEST    90           300 AM
 LOWEST     43           100 PM
 AVERAGE    67

..........................................................


THE PORTLAND ME CLIMATE NORMALS FOR TODAY
                         NORMAL    RECORD    YEAR
 MAXIMUM TEMPERATURE (F)   79        95      1987
 MINIMUM TEMPERATURE (F)   60        49      1997


SUNRISE AND SUNSET
JULY 24 2016..........SUNRISE   523 AM EDT   SUNSET   812 PM EDT
JULY 25 2016..........SUNRISE   524 AM EDT   SUNSET   811 PM EDT


-  INDICATES NEGATIVE NUMBERS.
R  INDICATES RECORD WAS SET OR TIED.
MM INDICATES DATA IS MISSING.
T  INDICATES TRACE AMOUNT.




$$
