000
CDUS41 KGYX 182042
CLIPWM


CLIMATE REPORT
NATIONAL WEATHER SERVICE GRAY ME
442 PM EDT THU SEP 18 2014


...................................

...THE PORTLAND ME CLIMATE SUMMARY FOR SEPTEMBER 18 2014...
VALID TODAY AS OF 0400 PM LOCAL TIME.

CLIMATE NORMAL PERIOD 1981 TO 2010
CLIMATE RECORD PERIOD 1941 TO 2014


WEATHER ITEM   OBSERVED TIME   RECORD YEAR NORMAL DEPARTURE LAST
                VALUE   (LST)  VALUE       VALUE  FROM      YEAR
                                                  NORMAL
..................................................................
TEMPERATURE (F)
 TODAY
  MAXIMUM         71   1256 PM  90    1955  69      2       70
  MINIMUM         44    500 AM  32    1961  50     -6       42
  AVERAGE         58                        59     -1       56

PRECIPITATION (IN)
  TODAY            T             1.65 2004   0.12  -0.12     0.00
  MONTH TO DATE    0.53                      2.05  -1.52     6.38
  SINCE SEP 1      0.53                      2.05  -1.52     6.38
  SINCE JAN 1     38.73                     31.79   6.94    34.60

SNOWFALL (IN)
  TODAY            0.0           0.0  2002   0.0    0.0      0.0
                                      2001
                                      2000
  MONTH TO DATE    0.0                       0.0    0.0      0.0
  SINCE SEP 1      0.0                       0.0    0.0      0.0
  SINCE JUL 1      0.0                       0.0    0.0      0.0
  SNOW DEPTH       0

DEGREE DAYS
 HEATING
  TODAY            7                         6      1        9
  MONTH TO DATE   90                        71     19       82
  SINCE SEP 1     90                        71     19       82
  SINCE JUL 1    114                       116     -2      100

 COOLING
  TODAY            0                         1     -1        0
  MONTH TO DATE   42                        25     17       37
  SINCE SEP 1     42                        25     17       37
  SINCE JAN 1    340                       353    -13      454
..................................................................


WIND (MPH)
  HIGHEST WIND SPEED    15   HIGHEST WIND DIRECTION    NW (330)
  HIGHEST GUST SPEED    20   HIGHEST GUST DIRECTION     N (340)
  AVERAGE WIND SPEED     4.6


SKY COVER
  POSSIBLE SUNSHINE  MM
  AVERAGE SKY COVER 0.3


WEATHER CONDITIONS
 THE FOLLOWING WEATHER WAS RECORDED TODAY.
  FOG


RELATIVE HUMIDITY (PERCENT)
 HIGHEST    93          1200 AM
 LOWEST     41           100 PM
 AVERAGE    67

..........................................................


THE PORTLAND ME CLIMATE NORMALS FOR TOMORROW
                         NORMAL    RECORD    YEAR
 MAXIMUM TEMPERATURE (F)   69        87      1983
 MINIMUM TEMPERATURE (F)   49        31      1964


SUNRISE AND SUNSET
SEPTEMBER 18 2014.....SUNRISE   624 AM EDT   SUNSET   646 PM EDT
SEPTEMBER 19 2014.....SUNRISE   625 AM EDT   SUNSET   644 PM EDT


-  INDICATES NEGATIVE NUMBERS.
R  INDICATES RECORD WAS SET OR TIED.
MM INDICATES DATA IS MISSING.
T  INDICATES TRACE AMOUNT.




$$
