624
CDUS41 KGYX 272044
CLIPWM


CLIMATE REPORT
NATIONAL WEATHER SERVICE GRAY ME
444 PM EDT THU APR 27 2017


...................................

...THE PORTLAND ME CLIMATE SUMMARY FOR APRIL 27 2017...
VALID TODAY AS OF 0400 PM LOCAL TIME.

CLIMATE NORMAL PERIOD 1981 TO 2010
CLIMATE RECORD PERIOD 1941 TO 2017


WEATHER ITEM   OBSERVED TIME   RECORD YEAR NORMAL DEPARTURE LAST
                VALUE   (LST)  VALUE       VALUE  FROM      YEAR
                                                  NORMAL
..................................................................
TEMPERATURE (F)
 TODAY
  MAXIMUM         59        MM  84    1990  58      1       56
  MINIMUM         48        MM  25    1958  38     10       27
  AVERAGE         54                        48      6       42

PRECIPITATION (IN)
  TODAY            T             3.59 1979   0.15  -0.15     0.00
  MONTH TO DATE    6.04                      3.88   2.16     1.56
  SINCE MAR 1      9.54                      8.12   1.42     5.93
  SINCE JAN 1     17.74                     14.75   2.99    13.47

SNOWFALL (IN)
  TODAY            0.0           0.4  1993   0.0    0.0      0.0
  MONTH TO DATE    7.9                       2.7    5.2      3.7
  SINCE MAR 1     29.1                      15.4   13.7     10.8
  SINCE JUL 1     95.3                      61.8   33.5     51.8
  SNOW DEPTH       0

DEGREE DAYS
 HEATING
  TODAY           11                        17     -6       23
  MONTH TO DATE  515                       580    -65      593
  SINCE MAR 1   1629                      1556     73     1429
  SINCE JUL 1   6107                      6598   -491     5720

 COOLING
  TODAY            0                         0      0        0
  MONTH TO DATE    2                         0      2        0
  SINCE MAR 1      2                         0      2        0
  SINCE JAN 1      2                         0      2        0
..................................................................


WIND (MPH)
  HIGHEST WIND SPEED    10   HIGHEST WIND DIRECTION     E (100)
  HIGHEST GUST SPEED    16   HIGHEST GUST DIRECTION    NE (60)
  AVERAGE WIND SPEED     5.8


SKY COVER
  POSSIBLE SUNSHINE  MM
  AVERAGE SKY COVER 1.0


WEATHER CONDITIONS
 THE FOLLOWING WEATHER WAS RECORDED TODAY.
  LIGHT RAIN
  FOG


RELATIVE HUMIDITY (PERCENT)
 HIGHEST   100           200 AM
 LOWEST     86           200 PM
 AVERAGE    93

..........................................................


THE PORTLAND ME CLIMATE NORMALS FOR TOMORROW
                         NORMAL    RECORD    YEAR
 MAXIMUM TEMPERATURE (F)   58        92      2009
 MINIMUM TEMPERATURE (F)   39        24      1947


SUNRISE AND SUNSET
APRIL 27 2017.........SUNRISE   539 AM EDT   SUNSET   739 PM EDT
APRIL 28 2017.........SUNRISE   538 AM EDT   SUNSET   740 PM EDT


-  INDICATES NEGATIVE NUMBERS.
R  INDICATES RECORD WAS SET OR TIED.
MM INDICATES DATA IS MISSING.
T  INDICATES TRACE AMOUNT.




$$
