000
CDUS41 KGYX 290802
CLIPWM


CLIMATE REPORT
NATIONAL WEATHER SERVICE GRAY ME
401 AM EDT FRI MAY 29 2015


...................................

...THE PORTLAND ME CLIMATE SUMMARY FOR MAY 28 2015...

CLIMATE NORMAL PERIOD 1981 TO 2010
CLIMATE RECORD PERIOD 1941 TO 2015


WEATHER ITEM   OBSERVED TIME   RECORD YEAR NORMAL DEPARTURE LAST
                VALUE   (LST)  VALUE       VALUE  FROM      YEAR
                                                  NORMAL
..................................................................
TEMPERATURE (F)
 YESTERDAY
  MAXIMUM         80    229 PM  90    1988  67     13       52
  MINIMUM         64   1159 PM  35    1968  48     16       39
  AVERAGE         72                        58     14       46

PRECIPITATION (IN)
  YESTERDAY        0.37          1.88 1906   0.12   0.25     0.24
  MONTH TO DATE    1.36                      3.62  -2.26     3.68
  SINCE MAR 1      8.18                     12.18  -4.00    10.71
  SINCE JAN 1     15.66                     18.81  -3.15    19.03

SNOWFALL (IN)
  YESTERDAY        0.0           0.0  2002   0.0    0.0      0.0
                                      2001
                                      2000
  MONTH TO DATE    0.0                       0.1   -0.1       T
  SINCE MAR 1      5.3                      15.6  -10.3      4.9
  SINCE JUL 1     94.5                      62.0   32.5     83.4
  SNOW DEPTH       0

DEGREE DAYS
 HEATING
  YESTERDAY        0                         8     -8       19
  MONTH TO DATE  203                       331   -128      272
  SINCE MAR 1   1875                      1937    -62     2084
  SINCE JUL 1   6929                      6979    -50     7323

 COOLING
  YESTERDAY        7                         1      6        0
  MONTH TO DATE   33                         1     32        0
  SINCE MAR 1     33                         1     32        0
  SINCE JAN 1     33                         1     32        0
..................................................................


WIND (MPH)
  RESULTANT WIND SPEED   4   RESULTANT WIND DIRECTION   S (190)
  HIGHEST WIND SPEED    21   HIGHEST WIND DIRECTION     S (180)
  HIGHEST GUST SPEED    30   HIGHEST GUST DIRECTION     S (170)
  AVERAGE WIND SPEED     7.8


SKY COVER
  AVERAGE SKY COVER 0.4


WEATHER CONDITIONS
 THE FOLLOWING WEATHER WAS RECORDED YESTERDAY.
  THUNDERSTORM
  HEAVY RAIN
  RAIN
  LIGHT RAIN
  FOG


RELATIVE HUMIDITY (PERCENT)
 HIGHEST    93           400 AM
 LOWEST     58           200 PM
 AVERAGE    76

..........................................................


THE PORTLAND ME CLIMATE NORMALS FOR TODAY
                         NORMAL    RECORD    YEAR
 MAXIMUM TEMPERATURE (F)   68        90      1998
 MINIMUM TEMPERATURE (F)   48        35      1964


SUNRISE AND SUNSET
MAY 29 2015...........SUNRISE   505 AM EDT   SUNSET   813 PM EDT
MAY 30 2015...........SUNRISE   504 AM EDT   SUNSET   814 PM EDT


-  INDICATES NEGATIVE NUMBERS.
R  INDICATES RECORD WAS SET OR TIED.
MM INDICATES DATA IS MISSING.
T  INDICATES TRACE AMOUNT.




$$
