000
CDUS41 KGYX 260903
CLIPWM


CLIMATE REPORT
NATIONAL WEATHER SERVICE GRAY ME
403 AM EST WED NOV 26 2014


...................................

...THE PORTLAND ME CLIMATE SUMMARY FOR NOVEMBER 25 2014...

CLIMATE NORMAL PERIOD 1981 TO 2010
CLIMATE RECORD PERIOD 1941 TO 2014


WEATHER ITEM   OBSERVED TIME   RECORD YEAR NORMAL DEPARTURE LAST
                VALUE   (LST)  VALUE       VALUE  FROM      YEAR
                                                  NORMAL
..................................................................
TEMPERATURE (F)
 YESTERDAY
  MAXIMUM         64R   124 AM  61    1953  45     19       31
  MINIMUM         45   1159 PM   9    2000  28     17       17
  AVERAGE         55                        36     19       24

PRECIPITATION (IN)
  YESTERDAY        0.00          2.51 1983   0.15  -0.15     0.00
  MONTH TO DATE    2.65                      4.17  -1.52     0.82
  SINCE SEP 1     10.09                     12.73  -2.64     8.62
  SINCE JAN 1     48.29                     42.47   5.82    36.84

SNOWFALL (IN)
  YESTERDAY        0.0           9.2  1938   0.1   -0.1      0.0
  MONTH TO DATE    1.7                       1.2    0.5       T
  SINCE SEP 1      1.7                       1.2    0.5       T
  SINCE JUL 1      1.7                       1.2    0.5       T
  SNOW DEPTH       0

DEGREE DAYS
 HEATING
  YESTERDAY       10                        29    -19       41
  MONTH TO DATE  609                       619    -10      643
  SINCE SEP 1   1119                      1298   -179     1257
  SINCE JUL 1   1143                      1343   -200     1275

 COOLING
  YESTERDAY        0                         0      0        0
  MONTH TO DATE    0                         0      0        0
  SINCE SEP 1     53                        31     22       37
  SINCE JAN 1    351                       359     -8      454
..................................................................


WIND (MPH)
  RESULTANT WIND SPEED   9   RESULTANT WIND DIRECTION  SW (230)
  HIGHEST WIND SPEED    20   HIGHEST WIND DIRECTION    SW (240)
  HIGHEST GUST SPEED    27   HIGHEST GUST DIRECTION    SW (240)
  AVERAGE WIND SPEED     9.2


SKY COVER
  AVERAGE SKY COVER 0.5


WEATHER CONDITIONS
 THE FOLLOWING WEATHER WAS RECORDED YESTERDAY.
  NO SIGNIFICANT WEATHER WAS OBSERVED.


RELATIVE HUMIDITY (PERCENT)
 HIGHEST    86           600 AM
 LOWEST     27           300 PM
 AVERAGE    57

..........................................................


THE PORTLAND ME CLIMATE NORMALS FOR TODAY
                         NORMAL    RECORD    YEAR
 MAXIMUM TEMPERATURE (F)   44        60      1988
 MINIMUM TEMPERATURE (F)   28        12      1957


SUNRISE AND SUNSET
NOVEMBER 26 2014......SUNRISE   649 AM EST   SUNSET   408 PM EST
NOVEMBER 27 2014......SUNRISE   650 AM EST   SUNSET   407 PM EST


-  INDICATES NEGATIVE NUMBERS.
R  INDICATES RECORD WAS SET OR TIED.
MM INDICATES DATA IS MISSING.
T  INDICATES TRACE AMOUNT.




$$
