000
CDUS41 KGYX 142141
CLIPWM


CLIMATE REPORT
NATIONAL WEATHER SERVICE GRAY ME
441 PM EST SUN JAN 14 2018


...................................

...THE PORTLAND ME CLIMATE SUMMARY FOR JANUARY 14 2018...
VALID TODAY AS OF 0400 PM LOCAL TIME.

CLIMATE NORMAL PERIOD 1981 TO 2010
CLIMATE RECORD PERIOD 1941 TO 2018


WEATHER ITEM   OBSERVED TIME   RECORD YEAR NORMAL DEPARTURE LAST
                VALUE   (LST)  VALUE       VALUE  FROM      YEAR
                                                  NORMAL
..................................................................
TEMPERATURE (F)
 TODAY
  MAXIMUM         20    259 PM  59    2013  31    -11       25
  MINIMUM         12    735 AM -16    1954  13     -1       10
                                      1957
  AVERAGE         16                        22     -6       18

PRECIPITATION (IN)
  TODAY            T             1.49 1978   0.11  -0.11     0.00
  MONTH TO DATE    1.97                      1.55   0.42     1.82
  SINCE DEC 1      5.43                      5.57  -0.14     7.13
  SINCE JAN 1      1.97                      1.55   0.42     1.82

SNOWFALL (IN)
  TODAY            T            10.5  2008   0.6   -0.6      0.0
  MONTH TO DATE   12.1                       8.8    3.3      1.2
  SINCE DEC 1     33.5                      22.0   11.5     20.1
  SINCE JUL 1     33.6                      23.9    9.7     20.6
  SNOW DEPTH       1

DEGREE DAYS
 HEATING
  TODAY           49                        43      6       47
  MONTH TO DATE  662                       592     70      519
  SINCE DEC 1   1945                      1713    232     1654
  SINCE JUL 1   3110                      3204    -94     2906

 COOLING
  TODAY            0                         0      0        0
  MONTH TO DATE    0                         0      0        0
  SINCE DEC 1      0                         0      0        0
  SINCE JAN 1      0                         0      0        0
..................................................................


WIND (MPH)
  HIGHEST WIND SPEED    16   HIGHEST WIND DIRECTION    NW (320)
  HIGHEST GUST SPEED    23   HIGHEST GUST DIRECTION     N (340)
  AVERAGE WIND SPEED     8.9


SKY COVER
  POSSIBLE SUNSHINE  MM
  AVERAGE SKY COVER 0.4


WEATHER CONDITIONS
 THE FOLLOWING WEATHER WAS RECORDED TODAY.
  NO SIGNIFICANT WEATHER WAS OBSERVED.


RELATIVE HUMIDITY (PERCENT)
 HIGHEST    67          1200 AM
 LOWEST     35           200 PM
 AVERAGE    51

..........................................................


THE PORTLAND ME CLIMATE NORMALS FOR TOMORROW
                         NORMAL    RECORD    YEAR
 MAXIMUM TEMPERATURE (F)   31        51      1995
 MINIMUM TEMPERATURE (F)   13       -18      1957


SUNRISE AND SUNSET
JANUARY 14 2018.......SUNRISE   712 AM EST   SUNSET   429 PM EST
JANUARY 15 2018.......SUNRISE   712 AM EST   SUNSET   430 PM EST


-  INDICATES NEGATIVE NUMBERS.
R  INDICATES RECORD WAS SET OR TIED.
MM INDICATES DATA IS MISSING.
T  INDICATES TRACE AMOUNT.




$$
