000
CDUS41 KGYX 232045
CLIPWM


CLIMATE REPORT
NATIONAL WEATHER SERVICE GRAY ME
445 PM EDT THU MAR 23 2017


...................................

...THE PORTLAND ME CLIMATE SUMMARY FOR MARCH 23 2017...
VALID TODAY AS OF 0400 PM LOCAL TIME.

CLIMATE NORMAL PERIOD 1981 TO 2010
CLIMATE RECORD PERIOD 1941 TO 2017


WEATHER ITEM   OBSERVED TIME   RECORD YEAR NORMAL DEPARTURE LAST
                VALUE   (LST)  VALUE       VALUE  FROM      YEAR
                                                  NORMAL
..................................................................
TEMPERATURE (F)
 TODAY
  MAXIMUM         34    256 PM  70    2012  44    -10       52
  MINIMUM         14    523 AM  11    1959  27    -13       37
  AVERAGE         24                        36    -12       45

PRECIPITATION (IN)
  TODAY            0.00          2.44 2010   0.16  -0.16     0.00
  MONTH TO DATE    1.79                      3.09  -1.30     3.23
  SINCE MAR 1      1.79                      3.09  -1.30     3.23
  SINCE JAN 1      9.99                      9.72   0.27    10.77

SNOWFALL (IN)
  TODAY            0.0           6.0  2001   0.3   -0.3      0.0
  MONTH TO DATE   17.6                      10.4    7.2      6.8
  SINCE MAR 1     17.6                      10.4    7.2      6.8
  SINCE JUL 1     83.8                      56.8   27.0     47.8
  SNOW DEPTH       7

DEGREE DAYS
 HEATING
  TODAY           41                        29     12       20
  MONTH TO DATE  873                       754    119      628
  SINCE MAR 1    873                       754    119      628
  SINCE JUL 1   5351                      5796   -445     4919

 COOLING
  TODAY            0                         0      0        0
  MONTH TO DATE    0                         0      0        0
  SINCE MAR 1      0                         0      0        0
  SINCE JAN 1      0                         0      0        0
..................................................................


WIND (MPH)
  HIGHEST WIND SPEED    26   HIGHEST WIND DIRECTION    NW (330)
  HIGHEST GUST SPEED    39   HIGHEST GUST DIRECTION    NW (330)
  AVERAGE WIND SPEED    13.7


SKY COVER
  POSSIBLE SUNSHINE  MM
  AVERAGE SKY COVER 0.0


WEATHER CONDITIONS
 THE FOLLOWING WEATHER WAS RECORDED TODAY.
  NO SIGNIFICANT WEATHER WAS OBSERVED.


RELATIVE HUMIDITY (PERCENT)
 HIGHEST    44           500 AM
 LOWEST     25           200 PM
 AVERAGE    35

..........................................................


THE PORTLAND ME CLIMATE NORMALS FOR TOMORROW
                         NORMAL    RECORD    YEAR
 MAXIMUM TEMPERATURE (F)   45        63      1987
 MINIMUM TEMPERATURE (F)   28        11      2014


SUNRISE AND SUNSET
MARCH 23 2017.........SUNRISE   639 AM EDT   SUNSET   658 PM EDT
MARCH 24 2017.........SUNRISE   637 AM EDT   SUNSET   659 PM EDT


-  INDICATES NEGATIVE NUMBERS.
R  INDICATES RECORD WAS SET OR TIED.
MM INDICATES DATA IS MISSING.
T  INDICATES TRACE AMOUNT.




$$
