750
CDUS41 KGYX 052143
CLIPWM


CLIMATE REPORT
NATIONAL WEATHER SERVICE GRAY ME
443 PM EST MON DEC 5 2016


...................................

...THE PORTLAND ME CLIMATE SUMMARY FOR DECEMBER 5 2016...
VALID TODAY AS OF 0400 PM LOCAL TIME.

CLIMATE NORMAL PERIOD 1981 TO 2010
CLIMATE RECORD PERIOD 1941 TO 2016


WEATHER ITEM   OBSERVED TIME   RECORD YEAR NORMAL DEPARTURE LAST
                VALUE   (LST)  VALUE       VALUE  FROM      YEAR
                                                  NORMAL
..................................................................
TEMPERATURE (F)
 TODAY
  MAXIMUM         30    259 PM  60    2001  41    -11       51
  MINIMUM         20    323 AM   7    1989  25     -5       25
  AVERAGE         25                        33     -8       38

PRECIPITATION (IN)
  TODAY            0.15          1.42 1900   0.14   0.01     0.00
  MONTH TO DATE    1.27                      0.70   0.57     0.52
  SINCE DEC 1      1.27                      0.70   0.57     0.52
  SINCE JAN 1     38.08                     43.93  -5.85    39.00

SNOWFALL (IN)
  TODAY            1.1           6.8  1927   0.3    0.8      0.0
  MONTH TO DATE    1.1                       1.3   -0.2      0.0
  SINCE DEC 1      1.1                       1.3   -0.2      0.0
  SINCE JUL 1      1.6                       3.2   -1.6       T
  SNOW DEPTH       0

DEGREE DAYS
 HEATING
  TODAY           40                        32      8       27
  MONTH TO DATE  138                       157    -19      141
  SINCE DEC 1    138                       157    -19      141
  SINCE JUL 1   1390                      1648   -258     1387

 COOLING
  TODAY            0                         0      0        0
  MONTH TO DATE    0                         0      0        0
  SINCE DEC 1      0                         0      0        0
  SINCE JAN 1    553                       359    194      492
..................................................................


WIND (MPH)
  HIGHEST WIND SPEED     9   HIGHEST WIND DIRECTION    NE (30)
  HIGHEST GUST SPEED    12   HIGHEST GUST DIRECTION    NE (30)
  AVERAGE WIND SPEED     4.5


SKY COVER
  POSSIBLE SUNSHINE  MM
  AVERAGE SKY COVER 0.7


WEATHER CONDITIONS
 THE FOLLOWING WEATHER WAS RECORDED TODAY.
  SNOW
  LIGHT SNOW
  FOG


RELATIVE HUMIDITY (PERCENT)
 HIGHEST    92          1200 PM
 LOWEST     68           100 AM
 AVERAGE    80

..........................................................


THE PORTLAND ME CLIMATE NORMALS FOR TOMORROW
                         NORMAL    RECORD    YEAR
 MAXIMUM TEMPERATURE (F)   41        71      2001
 MINIMUM TEMPERATURE (F)   24         4      1940


SUNRISE AND SUNSET
DECEMBER  5 2016......SUNRISE   659 AM EST   SUNSET   405 PM EST
DECEMBER  6 2016......SUNRISE   700 AM EST   SUNSET   404 PM EST


-  INDICATES NEGATIVE NUMBERS.
R  INDICATES RECORD WAS SET OR TIED.
MM INDICATES DATA IS MISSING.
T  INDICATES TRACE AMOUNT.




$$
