000
CDUS41 KGYX 190805
CLIPWM


CLIMATE REPORT
NATIONAL WEATHER SERVICE GRAY ME
405 AM EDT TUE AUG 19 2014


...................................

...THE PORTLAND ME CLIMATE SUMMARY FOR AUGUST 18 2014...

CLIMATE NORMAL PERIOD 1981 TO 2010
CLIMATE RECORD PERIOD 1941 TO 2014


WEATHER ITEM   OBSERVED TIME   RECORD YEAR NORMAL DEPARTURE LAST
                VALUE   (LST)  VALUE       VALUE  FROM      YEAR
                                                  NORMAL
..................................................................
TEMPERATURE (F)
 YESTERDAY
  MAXIMUM         74    200 PM  94    1987  78     -4       75
  MINIMUM         55   1159 PM  42    1957  58     -3       54
  AVERAGE         65                        68     -3       65

PRECIPITATION (IN)
  YESTERDAY        0.01          2.15 1887   0.10  -0.09     0.00
  MONTH TO DATE    7.13                      1.86   5.27     1.46
  SINCE JUN 1     17.55                      9.26   8.29    12.14
  SINCE JAN 1     36.77                     28.46   8.31    27.94

SNOWFALL (IN)
  YESTERDAY        0.0           0.0  2002   0.0    0.0      0.0
                                      2001
                                      2000
  MONTH TO DATE    0.0                       0.0    0.0      0.0
  SINCE JUN 1      0.0                       0.0    0.0      0.0
  SINCE JUL 1      0.0                       0.0    0.0      0.0
  SNOW DEPTH       0

DEGREE DAYS
 HEATING
  YESTERDAY        0                         1     -1        0
  MONTH TO DATE    5                         9     -4       10
  SINCE JUN 1     82                       132    -50       98
  SINCE JUL 1      5                        26    -21       17

 COOLING
  YESTERDAY        0                         4     -4        0
  MONTH TO DATE   44                        80    -36       29
  SINCE JUN 1    259                       281    -22      329
  SINCE JAN 1    259                       288    -29      344
..................................................................


WIND (MPH)
  RESULTANT WIND SPEED   6   RESULTANT WIND DIRECTION  NW (320)
  HIGHEST WIND SPEED    17   HIGHEST WIND DIRECTION    NW (310)
  HIGHEST GUST SPEED    24   HIGHEST GUST DIRECTION     N (340)
  AVERAGE WIND SPEED     7.3


SKY COVER
  AVERAGE SKY COVER 0.5


WEATHER CONDITIONS
 THE FOLLOWING WEATHER WAS RECORDED YESTERDAY.
  LIGHT RAIN
  FOG


RELATIVE HUMIDITY (PERCENT)
 HIGHEST    87           600 AM
 LOWEST     46           200 PM
 AVERAGE    67

..........................................................


THE PORTLAND ME CLIMATE NORMALS FOR TODAY
                         NORMAL    RECORD    YEAR
 MAXIMUM TEMPERATURE (F)   78        90      2009
                                             1947
 MINIMUM TEMPERATURE (F)   58        43      1958


SUNRISE AND SUNSET
AUGUST 19 2014........SUNRISE   550 AM EDT   SUNSET   739 PM EDT
AUGUST 20 2014........SUNRISE   551 AM EDT   SUNSET   737 PM EDT


-  INDICATES NEGATIVE NUMBERS.
R  INDICATES RECORD WAS SET OR TIED.
MM INDICATES DATA IS MISSING.
T  INDICATES TRACE AMOUNT.




$$
