000
CDUS41 KGYX 290810
CLIPWM


CLIMATE REPORT
NATIONAL WEATHER SERVICE GRAY ME
409 AM EDT SUN MAY 29 2016


...................................

...THE PORTLAND ME CLIMATE SUMMARY FOR MAY 28 2016...

CLIMATE NORMAL PERIOD 1981 TO 2010
CLIMATE RECORD PERIOD 1941 TO 2016


WEATHER ITEM   OBSERVED TIME   RECORD YEAR NORMAL DEPARTURE LAST
                VALUE   (LST)  VALUE       VALUE  FROM      YEAR
                                                  NORMAL
..................................................................
TEMPERATURE (F)
 YESTERDAY
  MAXIMUM         87   1214 PM  90    1988  67     20       80
  MINIMUM         52    448 AM  35    1968  48      4       64
  AVERAGE         70                        58     12       72

PRECIPITATION (IN)
  YESTERDAY        0.00          1.88 1906   0.12  -0.12     0.37
  MONTH TO DATE    1.95                      3.62  -1.67     1.36
  SINCE MAR 1      7.88                     12.18  -4.30     8.18
  SINCE JAN 1     15.42                     18.81  -3.39    15.66

SNOWFALL (IN)
  YESTERDAY        0.0           0.0  2002   0.0    0.0      0.0
                                      2001
                                      2000
  MONTH TO DATE    0.0                       0.1   -0.1      0.0
  SINCE MAR 1     10.8                      15.6   -4.8      5.3
  SINCE JUL 1     51.8                      62.0  -10.2     94.5
  SNOW DEPTH       0

DEGREE DAYS
 HEATING
  YESTERDAY        0                         8     -8        0
  MONTH TO DATE  312                       331    -19      203
  SINCE MAR 1   1813                      1937   -124     1875
  SINCE JUL 1   6104                      6979   -875     6929

 COOLING
  YESTERDAY        5                         1      4        7
  MONTH TO DATE    7                         1      6       33
  SINCE MAR 1      7                         1      6       33
  SINCE JAN 1      7                         1      6       33
..................................................................


WIND (MPH)
  RESULTANT WIND SPEED   3   RESULTANT WIND DIRECTION  SE (140)
  HIGHEST WIND SPEED    16   HIGHEST WIND DIRECTION     E (90)
  HIGHEST GUST SPEED    20   HIGHEST GUST DIRECTION     E (90)
  AVERAGE WIND SPEED     5.8


SKY COVER
  AVERAGE SKY COVER 0.6


WEATHER CONDITIONS
 THE FOLLOWING WEATHER WAS RECORDED YESTERDAY.
  FOG
  FOG W/VISIBILITY <= 1/4 MILE


RELATIVE HUMIDITY (PERCENT)
 HIGHEST   100           300 AM
 LOWEST     51          1100 AM
 AVERAGE    76

..........................................................


THE PORTLAND ME CLIMATE NORMALS FOR TODAY
                         NORMAL    RECORD    YEAR
 MAXIMUM TEMPERATURE (F)   68        90      1998
 MINIMUM TEMPERATURE (F)   48        35      1964


SUNRISE AND SUNSET
MAY 29 2016...........SUNRISE   504 AM EDT   SUNSET   814 PM EDT
MAY 30 2016...........SUNRISE   504 AM EDT   SUNSET   815 PM EDT


-  INDICATES NEGATIVE NUMBERS.
R  INDICATES RECORD WAS SET OR TIED.
MM INDICATES DATA IS MISSING.
T  INDICATES TRACE AMOUNT.




$$
