000
CDUS41 KGYX 110935
CLIPWM


CLIMATE REPORT
NATIONAL WEATHER SERVICE GRAY ME
434 AM EST THU FEB 11 2016


...................................

...THE PORTLAND ME CLIMATE SUMMARY FOR FEBRUARY 10 2016...

CLIMATE NORMAL PERIOD 1981 TO 2010
CLIMATE RECORD PERIOD 1941 TO 2016


WEATHER ITEM   OBSERVED TIME   RECORD YEAR NORMAL DEPARTURE LAST
                VALUE   (LST)  VALUE       VALUE  FROM      YEAR
                                                  NORMAL
..................................................................
TEMPERATURE (F)
 YESTERDAY
  MAXIMUM         34    405 PM  52    1955  34      0       30
  MINIMUM         13    134 AM -19    1948  15     -2       11
  AVERAGE         24                        24      0       21

PRECIPITATION (IN)
  YESTERDAY        0.00          2.95 1885   0.11  -0.11     0.13
  MONTH TO DATE    1.62                      1.08   0.54     1.95
  SINCE DEC 1     10.33                      8.48   1.85    12.89
  SINCE JAN 1      4.99                      4.46   0.53     6.62

SNOWFALL (IN)
  YESTERDAY        0.0           9.0  2005   0.5   -0.5      1.7
  MONTH TO DATE   14.0                       4.6    9.4     21.8
  SINCE DEC 1     34.5                      37.0   -2.5     66.1
  SINCE JUL 1     34.5                      38.9   -4.4     76.4
  SNOW DEPTH       6

DEGREE DAYS
 HEATING
  YESTERDAY       41                        41      0       44
  MONTH TO DATE  327                       415    -88      510
  SINCE DEC 1   2328                      2860   -532     2826
  SINCE JUL 1   3574                      4351   -777     4137

 COOLING
  YESTERDAY        0                         0      0        0
  MONTH TO DATE    0                         0      0        0
  SINCE DEC 1      0                         0      0        0
  SINCE JAN 1      0                         0      0        0
..................................................................


WIND (MPH)
  RESULTANT WIND SPEED   3   RESULTANT WIND DIRECTION  SW (220)
  HIGHEST WIND SPEED    10   HIGHEST WIND DIRECTION     S (160)
  HIGHEST GUST SPEED    14   HIGHEST GUST DIRECTION     W (250)
  AVERAGE WIND SPEED     4.4


SKY COVER
  AVERAGE SKY COVER 0.8


WEATHER CONDITIONS
 THE FOLLOWING WEATHER WAS RECORDED YESTERDAY.
  NO SIGNIFICANT WEATHER WAS OBSERVED.


RELATIVE HUMIDITY (PERCENT)
 HIGHEST    88          1200 AM
 LOWEST     66          1200 PM
 AVERAGE    77

..........................................................


THE PORTLAND ME CLIMATE NORMALS FOR TODAY
                         NORMAL    RECORD    YEAR
 MAXIMUM TEMPERATURE (F)   34        52      1981
 MINIMUM TEMPERATURE (F)   15       -17      1948


SUNRISE AND SUNSET
FEBRUARY 11 2016......SUNRISE   646 AM EST   SUNSET   505 PM EST
FEBRUARY 12 2016......SUNRISE   645 AM EST   SUNSET   507 PM EST


-  INDICATES NEGATIVE NUMBERS.
R  INDICATES RECORD WAS SET OR TIED.
MM INDICATES DATA IS MISSING.
T  INDICATES TRACE AMOUNT.




$$
