000
CDUS41 KGYX 240802
CLIPWM


CLIMATE REPORT
NATIONAL WEATHER SERVICE GRAY ME
401 AM EDT MON APR 24 2017


...................................

...THE PORTLAND ME CLIMATE SUMMARY FOR APRIL 23 2017...

CLIMATE NORMAL PERIOD 1981 TO 2010
CLIMATE RECORD PERIOD 1941 TO 2017


WEATHER ITEM   OBSERVED TIME   RECORD YEAR NORMAL DEPARTURE LAST
                VALUE   (LST)  VALUE       VALUE  FROM      YEAR
                                                  NORMAL
..................................................................
TEMPERATURE (F)
 YESTERDAY
  MAXIMUM         60        MM  81    2007  56      4       64
  MINIMUM         34        MM  22    1947  37     -3       43
  AVERAGE         47                        47      0       54

PRECIPITATION (IN)
  YESTERDAY        0.00          3.13 2012   0.14  -0.14     0.01
  MONTH TO DATE    4.19                      3.31   0.88     1.16
  SINCE MAR 1      7.69                      7.55   0.14     5.53
  SINCE JAN 1     15.89                     14.18   1.71    13.07

SNOWFALL (IN)
  YESTERDAY        0.0           6.1  1956   0.0    0.0      0.0
  MONTH TO DATE    7.9                       2.6    5.3      1.5
  SINCE MAR 1     29.1                      15.3   13.8      8.6
  SINCE JUL 1     95.3                      61.7   33.6     49.6
  SNOW DEPTH       0

DEGREE DAYS
 HEATING
  YESTERDAY       18                        18      0       11
  MONTH TO DATE  453                       510    -57      503
  SINCE MAR 1   1567                      1486     81     1339
  SINCE JUL 1   6045                      6528   -483     5630

 COOLING
  YESTERDAY        0                         0      0        0
  MONTH TO DATE    2                         0      2        0
  SINCE MAR 1      2                         0      2        0
  SINCE JAN 1      2                         0      2        0
..................................................................


WIND (MPH)
  RESULTANT WIND SPEED   5   RESULTANT WIND DIRECTION  SW (220)
  HIGHEST WIND SPEED    15   HIGHEST WIND DIRECTION     S (190)
  HIGHEST GUST SPEED    31   HIGHEST GUST DIRECTION     S (170)
  AVERAGE WIND SPEED     8.3


SKY COVER
  AVERAGE SKY COVER 0.2


WEATHER CONDITIONS
 THE FOLLOWING WEATHER WAS RECORDED YESTERDAY.
  FOG
  FOG W/VISIBILITY <= 1/4 MILE


RELATIVE HUMIDITY (PERCENT)
 HIGHEST   100           400 AM
 LOWEST     43          1200 PM
 AVERAGE    72

..........................................................


THE PORTLAND ME CLIMATE NORMALS FOR TODAY
                         NORMAL    RECORD    YEAR
 MAXIMUM TEMPERATURE (F)   57        75      2001
                                             1994
 MINIMUM TEMPERATURE (F)   37        25      1945


SUNRISE AND SUNSET
APRIL 24 2017.........SUNRISE   544 AM EDT   SUNSET   736 PM EDT
APRIL 25 2017.........SUNRISE   542 AM EDT   SUNSET   737 PM EDT


-  INDICATES NEGATIVE NUMBERS.
R  INDICATES RECORD WAS SET OR TIED.
MM INDICATES DATA IS MISSING.
T  INDICATES TRACE AMOUNT.




$$
