000
CDUS41 KGYX 272047
CLIPWM


CLIMATE REPORT
NATIONAL WEATHER SERVICE GRAY ME
447 PM EDT SAT JUN 27 2015


...................................

...THE PORTLAND ME CLIMATE SUMMARY FOR JUNE 27 2015...
VALID TODAY AS OF 0400 PM LOCAL TIME.

CLIMATE NORMAL PERIOD 1981 TO 2010
CLIMATE RECORD PERIOD 1941 TO 2015


WEATHER ITEM   OBSERVED TIME   RECORD YEAR NORMAL DEPARTURE LAST
                VALUE   (LST)  VALUE       VALUE  FROM      YEAR
                                                  NORMAL
..................................................................
TEMPERATURE (F)
 TODAY
  MAXIMUM         70   1147 AM  97    1941  77     -7       78
  MINIMUM         49    425 AM  45    1965  57     -8       53
  AVERAGE         60                        67     -7       66

PRECIPITATION (IN)
  TODAY            0.00          1.50 1970   0.11  -0.11     0.00
  MONTH TO DATE    4.82                      3.46   1.36     4.30
  SINCE JUN 1      4.82                      3.46   1.36     4.30
  SINCE JAN 1     21.43                     22.66  -1.23    23.52

SNOWFALL (IN)
  TODAY            0.0           0.0  2002   0.0    0.0      0.0
                                      2001
                                      2000
  MONTH TO DATE    0.0                       0.0    0.0      0.0
  SINCE JUN 1      0.0                       0.0    0.0      0.0
  SINCE JUL 1     94.5                      61.9   32.6     83.4
  SNOW DEPTH       0

DEGREE DAYS
 HEATING
  TODAY            5                         1      4        0
  MONTH TO DATE  130                       102     28       77
  SINCE JUN 1    130                       102     28       77
  SINCE JUL 1   7062                      7103    -41     7438

 COOLING
  TODAY            0                         3     -3        1
  MONTH TO DATE   39                        49    -10       39
  SINCE JUN 1     39                        49    -10       39
  SINCE JAN 1     79                        56     23       39
..................................................................


WIND (MPH)
  HIGHEST WIND SPEED    12   HIGHEST WIND DIRECTION     E (80)
  HIGHEST GUST SPEED    13   HIGHEST GUST DIRECTION     E (90)
  AVERAGE WIND SPEED     4.0


SKY COVER
  POSSIBLE SUNSHINE  MM
  AVERAGE SKY COVER 0.4


WEATHER CONDITIONS
 THE FOLLOWING WEATHER WAS RECORDED TODAY.
  NO SIGNIFICANT WEATHER WAS OBSERVED.


RELATIVE HUMIDITY (PERCENT)
 HIGHEST   100           300 AM
 LOWEST     57           200 PM
 AVERAGE    79

..........................................................


THE PORTLAND ME CLIMATE NORMALS FOR TOMORROW
                         NORMAL    RECORD    YEAR
 MAXIMUM TEMPERATURE (F)   77        98      1991
 MINIMUM TEMPERATURE (F)   57        42      1995


SUNRISE AND SUNSET
JUNE 27 2015..........SUNRISE   502 AM EDT   SUNSET   827 PM EDT
JUNE 28 2015..........SUNRISE   502 AM EDT   SUNSET   827 PM EDT


-  INDICATES NEGATIVE NUMBERS.
R  INDICATES RECORD WAS SET OR TIED.
MM INDICATES DATA IS MISSING.
T  INDICATES TRACE AMOUNT.




$$
