000
CDUS41 KGYX 290806
CLIPWM


CLIMATE REPORT
NATIONAL WEATHER SERVICE GRAY ME
406 AM EDT MON AUG 29 2016


...................................

...THE PORTLAND ME CLIMATE SUMMARY FOR AUGUST 28 2016...

CLIMATE NORMAL PERIOD 1981 TO 2010
CLIMATE RECORD PERIOD 1941 TO 2016


WEATHER ITEM   OBSERVED TIME   RECORD YEAR NORMAL DEPARTURE LAST
                VALUE   (LST)  VALUE       VALUE  FROM      YEAR
                                                  NORMAL
..................................................................
TEMPERATURE (F)
 YESTERDAY
  MAXIMUM         79   1130 AM  98    1948  76      3       77
  MINIMUM         59    509 AM  39    1957  56      3       55
  AVERAGE         69                        66      3       66

PRECIPITATION (IN)
  YESTERDAY        0.00          1.76 1871   0.10  -0.10     0.00
  MONTH TO DATE    1.90                      2.85  -0.95     2.49
  SINCE JUN 1      8.02                     10.25  -2.23    10.15
  SINCE JAN 1     23.53                     29.45  -5.92    26.76

SNOWFALL (IN)
  YESTERDAY        0.0           0.0  2002   0.0    0.0      0.0
                                      2001
                                      2000
  MONTH TO DATE    0.0                       0.0    0.0      0.0
  SINCE JUN 1      0.0                       0.0    0.0      0.0
  SINCE JUL 1      0.0                       0.0    0.0      0.0
  SNOW DEPTH       0

DEGREE DAYS
 HEATING
  YESTERDAY        0                         2     -2        0
  MONTH TO DATE    1                        21    -20        0
  SINCE JUN 1     80                       144    -64      154
  SINCE JUL 1     14                        38    -24       10

 COOLING
  YESTERDAY        4                         3      1        1
  MONTH TO DATE  204                       113     91      154
  SINCE JUN 1    452                       314    138      340
  SINCE JAN 1    468                       321    147      380
..................................................................


WIND (MPH)
  RESULTANT WIND SPEED   6   RESULTANT WIND DIRECTION   S (180)
  HIGHEST WIND SPEED    16   HIGHEST WIND DIRECTION     S (170)
  HIGHEST GUST SPEED    23   HIGHEST GUST DIRECTION     S (190)
  AVERAGE WIND SPEED     6.8


SKY COVER
  AVERAGE SKY COVER 0.4


WEATHER CONDITIONS
 THE FOLLOWING WEATHER WAS RECORDED YESTERDAY.
  NO SIGNIFICANT WEATHER WAS OBSERVED.


RELATIVE HUMIDITY (PERCENT)
 HIGHEST    93           600 AM
 LOWEST     45          1200 PM
 AVERAGE    69

..........................................................


THE PORTLAND ME CLIMATE NORMALS FOR TODAY
                         NORMAL    RECORD    YEAR
 MAXIMUM TEMPERATURE (F)   76        96      1953
 MINIMUM TEMPERATURE (F)   56        38      1941


SUNRISE AND SUNSET
AUGUST 29 2016........SUNRISE   602 AM EDT   SUNSET   721 PM EDT
AUGUST 30 2016........SUNRISE   603 AM EDT   SUNSET   719 PM EDT


-  INDICATES NEGATIVE NUMBERS.
R  INDICATES RECORD WAS SET OR TIED.
MM INDICATES DATA IS MISSING.
T  INDICATES TRACE AMOUNT.




$$
