000
CDUS41 KGYX 160802
CLIPWM


CLIMATE REPORT
NATIONAL WEATHER SERVICE GRAY ME
402 AM EDT TUE SEP 16 2014


...................................

...THE PORTLAND ME CLIMATE SUMMARY FOR SEPTEMBER 15 2014...

CLIMATE NORMAL PERIOD 1981 TO 2010
CLIMATE RECORD PERIOD 1941 TO 2014


WEATHER ITEM   OBSERVED TIME   RECORD YEAR NORMAL DEPARTURE LAST
                VALUE   (LST)  VALUE       VALUE  FROM      YEAR
                                                  NORMAL
..................................................................
TEMPERATURE (F)
 YESTERDAY
  MAXIMUM         64    150 PM  90    1993  70     -6       66
  MINIMUM         41    524 AM  29    1963  51    -10       46
  AVERAGE         53                        60     -7       56

PRECIPITATION (IN)
  YESTERDAY        0.00          2.32 1904   0.12  -0.12      T
  MONTH TO DATE    0.44                      1.67  -1.23     6.37
  SINCE SEP 1      0.44                      1.67  -1.23     6.37
  SINCE JAN 1     38.64                     31.41   7.23    34.59

SNOWFALL (IN)
  YESTERDAY        0.0           0.0  2002   0.0    0.0      0.0
                                      2001
                                      2000
  MONTH TO DATE    0.0                       0.0    0.0      0.0
  SINCE SEP 1      0.0                       0.0    0.0      0.0
  SINCE JUL 1      0.0                       0.0    0.0      0.0
  SNOW DEPTH       0

DEGREE DAYS
 HEATING
  YESTERDAY       12                         5      7        9
  MONTH TO DATE   62                        53      9       52
  SINCE SEP 1     62                        53      9       52
  SINCE JUL 1     86                        98    -12       70

 COOLING
  YESTERDAY        0                         1     -1        0
  MONTH TO DATE   42                        22     20       37
  SINCE SEP 1     42                        22     20       37
  SINCE JAN 1    340                       350    -10      454
..................................................................


WIND (MPH)
  RESULTANT WIND SPEED   1   RESULTANT WIND DIRECTION   W (270)
  HIGHEST WIND SPEED    13   HIGHEST WIND DIRECTION     S (160)
  HIGHEST GUST SPEED    16   HIGHEST GUST DIRECTION     S (160)
  AVERAGE WIND SPEED     4.9


SKY COVER
  AVERAGE SKY COVER 0.3


WEATHER CONDITIONS
 THE FOLLOWING WEATHER WAS RECORDED YESTERDAY.
  NO SIGNIFICANT WEATHER WAS OBSERVED.


RELATIVE HUMIDITY (PERCENT)
 HIGHEST    89           600 AM
 LOWEST     43           100 PM
 AVERAGE    66

..........................................................


THE PORTLAND ME CLIMATE NORMALS FOR TODAY
                         NORMAL    RECORD    YEAR
 MAXIMUM TEMPERATURE (F)   70        90      1941
 MINIMUM TEMPERATURE (F)   50        28      1964


SUNRISE AND SUNSET
SEPTEMBER 16 2014.....SUNRISE   622 AM EDT   SUNSET   650 PM EDT
SEPTEMBER 17 2014.....SUNRISE   623 AM EDT   SUNSET   648 PM EDT


-  INDICATES NEGATIVE NUMBERS.
R  INDICATES RECORD WAS SET OR TIED.
MM INDICATES DATA IS MISSING.
T  INDICATES TRACE AMOUNT.




$$
