000
CDUS41 KGYX 252144
CLIPWM


CLIMATE REPORT
NATIONAL WEATHER SERVICE GRAY ME
444 PM EST SUN FEB 25 2018


...................................

...THE PORTLAND ME CLIMATE SUMMARY FOR FEBRUARY 25 2018...
VALID TODAY AS OF 0400 PM LOCAL TIME.

CLIMATE NORMAL PERIOD 1981 TO 2010
CLIMATE RECORD PERIOD 1941 TO 2018


WEATHER ITEM   OBSERVED TIME   RECORD YEAR NORMAL DEPARTURE LAST
                VALUE   (LST)  VALUE       VALUE  FROM      YEAR
                                                  NORMAL
..................................................................
TEMPERATURE (F)
 TODAY
  MAXIMUM         35    949 AM  53    2016  37     -2       50
  MINIMUM         30    356 AM -13    1959  19     11       35
  AVERAGE         33                        28      5       43

PRECIPITATION (IN)
  TODAY            0.34          3.83 2010   0.13   0.21     0.25
  MONTH TO DATE    4.20                      2.86   1.34     4.41
  SINCE DEC 1     10.95                     10.26   0.69    13.37
  SINCE JAN 1      7.49                      6.24   1.25     8.06

SNOWFALL (IN)
  TODAY            1.6          15.5  1966   0.4    1.2      0.0
  MONTH TO DATE   17.9                      10.8    7.1     39.7
  SINCE DEC 1     58.1                      43.2   14.9     65.7
  SINCE JUL 1     58.2                      45.1   13.1     66.2
  SNOW DEPTH       2

DEGREE DAYS
 HEATING
  TODAY           32                        37     -5       22
  MONTH TO DATE  858                       997   -139      927
  SINCE DEC 1   3468                      3442     26     3145
  SINCE JUL 1   4633                      4933   -300     4397

 COOLING
  TODAY            0                         0      0        0
  MONTH TO DATE    0                         0      0        0
  SINCE DEC 1      0                         0      0        0
  SINCE JAN 1      0                         0      0        0
..................................................................


WIND (MPH)
  HIGHEST WIND SPEED    21   HIGHEST WIND DIRECTION     E (90)
  HIGHEST GUST SPEED    30   HIGHEST GUST DIRECTION     E (90)
  AVERAGE WIND SPEED    11.3


SKY COVER
  POSSIBLE SUNSHINE  MM
  AVERAGE SKY COVER 0.7


WEATHER CONDITIONS
 THE FOLLOWING WEATHER WAS RECORDED TODAY.
  RAIN
  LIGHT RAIN
  HEAVY SNOW
  SNOW
  LIGHT SNOW
  SLEET
  FOG
  FOG W/VISIBILITY <= 1/4 MILE


RELATIVE HUMIDITY (PERCENT)
 HIGHEST   100          1200 PM
 LOWEST     63           500 AM
 AVERAGE    82

..........................................................


THE PORTLAND ME CLIMATE NORMALS FOR TOMORROW
                         NORMAL    RECORD    YEAR
 MAXIMUM TEMPERATURE (F)   37        64      1957
 MINIMUM TEMPERATURE (F)   19       -13      1950


SUNRISE AND SUNSET
FEBRUARY 25 2018......SUNRISE   624 AM EST   SUNSET   525 PM EST
FEBRUARY 26 2018......SUNRISE   623 AM EST   SUNSET   526 PM EST


-  INDICATES NEGATIVE NUMBERS.
R  INDICATES RECORD WAS SET OR TIED.
MM INDICATES DATA IS MISSING.
T  INDICATES TRACE AMOUNT.




$$
