000
CDUS41 KGYX 270803
CLIPWM


CLIMATE REPORT
NATIONAL WEATHER SERVICE GRAY ME
403 AM EDT TUE SEP 27 2016


...................................

...THE PORTLAND ME CLIMATE SUMMARY FOR SEPTEMBER 26 2016...

CLIMATE NORMAL PERIOD 1981 TO 2010
CLIMATE RECORD PERIOD 1941 TO 2016


WEATHER ITEM   OBSERVED TIME   RECORD YEAR NORMAL DEPARTURE LAST
                VALUE   (LST)  VALUE       VALUE  FROM      YEAR
                                                  NORMAL
..................................................................
TEMPERATURE (F)
 YESTERDAY
  MAXIMUM         65   1236 PM  90    2007  66     -1       63
  MINIMUM         39    501 AM  27    1950  46     -7       41
  AVERAGE         52                        56     -4       52

PRECIPITATION (IN)
  YESTERDAY        0.00          2.21 2008   0.14  -0.14     0.00
  MONTH TO DATE    0.62                      3.10  -2.48     1.16
  SINCE SEP 1      0.62                      3.10  -2.48     1.16
  SINCE JAN 1     24.15                     32.84  -8.69    27.92

SNOWFALL (IN)
  YESTERDAY        0.0           0.0  2002   0.0    0.0      0.0
                                      2001
                                      2000
  MONTH TO DATE    0.0                       0.0    0.0      0.0
  SINCE SEP 1      0.0                       0.0    0.0      0.0
  SINCE JUL 1      0.0                       0.0    0.0      0.0
  SNOW DEPTH       0

DEGREE DAYS
 HEATING
  YESTERDAY       13                         9      4       13
  MONTH TO DATE   65                       134    -69       60
  SINCE SEP 1     65                       134    -69       60
  SINCE JUL 1     79                       179   -100       70

 COOLING
  YESTERDAY        0                         0      0        0
  MONTH TO DATE   68                        27     41       93
  SINCE SEP 1     68                        27     41       93
  SINCE JAN 1    553                       355    198      488
..................................................................


WIND (MPH)
  RESULTANT WIND SPEED   4   RESULTANT WIND DIRECTION  SW (240)
  HIGHEST WIND SPEED    15   HIGHEST WIND DIRECTION     S (160)
  HIGHEST GUST SPEED    20   HIGHEST GUST DIRECTION     S (170)
  AVERAGE WIND SPEED     6.6


SKY COVER
  AVERAGE SKY COVER 0.2


WEATHER CONDITIONS
 THE FOLLOWING WEATHER WAS RECORDED YESTERDAY.
  NO SIGNIFICANT WEATHER WAS OBSERVED.


RELATIVE HUMIDITY (PERCENT)
 HIGHEST    85           400 AM
 LOWEST     34          1200 PM
 AVERAGE    60

..........................................................


THE PORTLAND ME CLIMATE NORMALS FOR TODAY
                         NORMAL    RECORD    YEAR
 MAXIMUM TEMPERATURE (F)   66        84      2014
 MINIMUM TEMPERATURE (F)   46        29      1955


SUNRISE AND SUNSET
SEPTEMBER 27 2016.....SUNRISE   635 AM EDT   SUNSET   629 PM EDT
SEPTEMBER 28 2016.....SUNRISE   636 AM EDT   SUNSET   627 PM EDT


-  INDICATES NEGATIVE NUMBERS.
R  INDICATES RECORD WAS SET OR TIED.
MM INDICATES DATA IS MISSING.
T  INDICATES TRACE AMOUNT.




$$
