218
CDUS41 KGYX 100907
CLIPWM


CLIMATE REPORT
NATIONAL WEATHER SERVICE GRAY ME
407 AM EST WED FEB 10 2016


...................................

...THE PORTLAND ME CLIMATE SUMMARY FOR FEBRUARY 9 2016...

CLIMATE NORMAL PERIOD 1981 TO 2010
CLIMATE RECORD PERIOD 1941 TO 2016


WEATHER ITEM   OBSERVED TIME   RECORD YEAR NORMAL DEPARTURE LAST
                VALUE   (LST)  VALUE       VALUE  FROM      YEAR
                                                  NORMAL
..................................................................
TEMPERATURE (F)
 YESTERDAY
  MAXIMUM         26    402 PM  55    1990  33     -7       15
  MINIMUM         13    933 PM -15    1948  15     -2       10
  AVERAGE         20                        24     -4       13

PRECIPITATION (IN)
  YESTERDAY        0.06          1.90 1969   0.10  -0.04     0.40
  MONTH TO DATE    1.62                      0.97   0.65     1.82
  SINCE DEC 1     10.33                      8.37   1.96    12.76
  SINCE JAN 1      4.99                      4.35   0.64     6.49

SNOWFALL (IN)
  YESTERDAY        0.8          17.0  1969   0.4    0.4      4.8
  MONTH TO DATE   14.0                       4.1    9.9     20.1
  SINCE DEC 1     34.5                      36.5   -2.0     64.4
  SINCE JUL 1     34.5                      38.4   -3.9     74.7
  SNOW DEPTH       6

DEGREE DAYS
 HEATING
  YESTERDAY       45                        41      4       52
  MONTH TO DATE  286                       374    -88      466
  SINCE DEC 1   2287                      2819   -532     2782
  SINCE JUL 1   3533                      4310   -777     4093

 COOLING
  YESTERDAY        0                         0      0        0
  MONTH TO DATE    0                         0      0        0
  SINCE DEC 1      0                         0      0        0
  SINCE JAN 1      0                         0      0        0
..................................................................


WIND (MPH)
  RESULTANT WIND SPEED   6   RESULTANT WIND DIRECTION   N (10)
  HIGHEST WIND SPEED    18   HIGHEST WIND DIRECTION     N (20)
  HIGHEST GUST SPEED    22   HIGHEST GUST DIRECTION     N (20)
  AVERAGE WIND SPEED     6.0


SKY COVER
  AVERAGE SKY COVER 0.7


WEATHER CONDITIONS
 THE FOLLOWING WEATHER WAS RECORDED YESTERDAY.
  LIGHT SNOW
  FOG
  HAZE


RELATIVE HUMIDITY (PERCENT)
 HIGHEST    92           300 AM
 LOWEST     57           300 PM
 AVERAGE    75

..........................................................


THE PORTLAND ME CLIMATE NORMALS FOR TODAY
                         NORMAL    RECORD    YEAR
 MAXIMUM TEMPERATURE (F)   34        52      1955
 MINIMUM TEMPERATURE (F)   15       -19      1948


SUNRISE AND SUNSET
FEBRUARY 10 2016......SUNRISE   647 AM EST   SUNSET   504 PM EST
FEBRUARY 11 2016......SUNRISE   646 AM EST   SUNSET   505 PM EST


-  INDICATES NEGATIVE NUMBERS.
R  INDICATES RECORD WAS SET OR TIED.
MM INDICATES DATA IS MISSING.
T  INDICATES TRACE AMOUNT.




$$
