000
CDUS41 KGYX 300802
CLIPWM


CLIMATE REPORT
NATIONAL WEATHER SERVICE GRAY ME
401 AM EDT SAT MAY 30 2015


...................................

...THE PORTLAND ME CLIMATE SUMMARY FOR MAY 29 2015...

CLIMATE NORMAL PERIOD 1981 TO 2010
CLIMATE RECORD PERIOD 1941 TO 2015


WEATHER ITEM   OBSERVED TIME   RECORD YEAR NORMAL DEPARTURE LAST
                VALUE   (LST)  VALUE       VALUE  FROM      YEAR
                                                  NORMAL
..................................................................
TEMPERATURE (F)
 YESTERDAY
  MAXIMUM         77   1146 AM  90    1998  68      9       62
  MINIMUM         59   1159 PM  35    1964  48     11       39
  AVERAGE         68                        58     10       51

PRECIPITATION (IN)
  YESTERDAY        0.00          2.18 1984   0.13  -0.13     0.00
  MONTH TO DATE    1.36                      3.75  -2.39     3.68
  SINCE MAR 1      8.18                     12.31  -4.13    10.71
  SINCE JAN 1     15.66                     18.94  -3.28    19.03

SNOWFALL (IN)
  YESTERDAY        0.0           0.0  2002   0.0    0.0      0.0
                                      2001
                                      2000
  MONTH TO DATE    0.0                       0.1   -0.1       T
  SINCE MAR 1      5.3                      15.6  -10.3      4.9
  SINCE JUL 1     94.5                      62.0   32.5     83.4
  SNOW DEPTH       0

DEGREE DAYS
 HEATING
  YESTERDAY        0                         8     -8       14
  MONTH TO DATE  203                       339   -136      286
  SINCE MAR 1   1875                      1945    -70     2098
  SINCE JUL 1   6929                      6987    -58     7337

 COOLING
  YESTERDAY        3                         1      2        0
  MONTH TO DATE   36                         2     34        0
  SINCE MAR 1     36                         2     34        0
  SINCE JAN 1     36                         2     34        0
..................................................................


WIND (MPH)
  RESULTANT WIND SPEED   2   RESULTANT WIND DIRECTION   S (160)
  HIGHEST WIND SPEED    15   HIGHEST WIND DIRECTION    SE (150)
  HIGHEST GUST SPEED    18   HIGHEST GUST DIRECTION    SE (150)
  AVERAGE WIND SPEED     7.3


SKY COVER
  AVERAGE SKY COVER 0.7


WEATHER CONDITIONS
 THE FOLLOWING WEATHER WAS RECORDED YESTERDAY.
  FOG
  FOG W/VISIBILITY <= 1/4 MILE


RELATIVE HUMIDITY (PERCENT)
 HIGHEST    97           700 PM
 LOWEST     60          1100 AM
 AVERAGE    79

..........................................................


THE PORTLAND ME CLIMATE NORMALS FOR TODAY
                         NORMAL    RECORD    YEAR
 MAXIMUM TEMPERATURE (F)   68        86      2011
 MINIMUM TEMPERATURE (F)   49        33      1964


SUNRISE AND SUNSET
MAY 30 2015...........SUNRISE   504 AM EDT   SUNSET   814 PM EDT
MAY 31 2015...........SUNRISE   503 AM EDT   SUNSET   815 PM EDT


-  INDICATES NEGATIVE NUMBERS.
R  INDICATES RECORD WAS SET OR TIED.
MM INDICATES DATA IS MISSING.
T  INDICATES TRACE AMOUNT.




$$
